????

Your IP : 3.139.239.220


Current Path : /sata1/home/users/citiex/www/
Upload File :
Current File : /sata1/home/users/citiex/www/www.citiex.ru-access.log.txt

citiex@www.citiex.ru.log000644 000000 000120 00000115764 12537632167 015500 0ustar00rootwww000000 000000 213.180.206.196 - - [15/Jun/2015:00:32:43 +0300] "GET / HTTP/1.0" 200 27907 "-" "Mozilla/5.0 (compatible; YandexMetrika/2.0; +http://yandex.com/bots mtmon01g.yandex.ru)"
95.108.129.196 - - [15/Jun/2015:01:18:20 +0300] "GET / HTTP/1.0" 200 27907 "-" "Mozilla/5.0 (compatible; YandexMetrika/2.0; +http://yandex.com/bots mtmon01e.yandex.ru)"
188.143.234.66 - - [15/Jun/2015:02:19:30 +0300] "GET /administrator/ HTTP/1.0" 200 6774 "-" "Mozilla/5.0 (Windows NT 6.0; WOW64) AppleWebKit/537.1 (KHTML, like Gecko) Chrome/23.0.1271.17 Safari/537.11"
185.60.133.162 - - [15/Jun/2015:03:51:50 +0300] "GET / HTTP/1.0" 200 27926 "-" "-"
37.9.118.28 - - [15/Jun/2015:05:31:25 +0300] "GET / HTTP/1.0" 200 27907 "-" "Mozilla/5.0 (compatible; YandexMetrika/2.0; +http://yandex.com/bots mtmon01i.yandex.ru)"
46.4.89.35 - - [15/Jun/2015:05:50:44 +0300] "GET /robots.txt HTTP/1.0" 200 865 "-" "Mozilla/5.0 (compatible; MJ12bot/v1.4.5; http://www.majestic12.co.uk/bot.php?+)"
46.4.89.35 - - [15/Jun/2015:05:50:46 +0300] "GET /index.php/%d0%be-%d0%ba%d0%be%d0%bc%d0%bf%d0%b0%d0%bd%d0%b8%d0%b8 HTTP/1.0" 200 29072 "-" "Mozilla/5.0 (compatible; MJ12bot/v1.4.5; http://www.majestic12.co.uk/bot.php?+)"
46.4.89.35 - - [15/Jun/2015:05:50:50 +0300] "GET /robots.txt HTTP/1.0" 200 865 "-" "Mozilla/5.0 (compatible; MJ12bot/v1.4.5; http://www.majestic12.co.uk/bot.php?+)"
46.4.89.35 - - [15/Jun/2015:05:50:54 +0300] "GET /index.php/20-manufacturers/21-%d1%81%d0%be%d1%82%d1%80%d1%83%d0%b4%d0%bd%d0%b8%d1%87%d0%b5%d1%81%d1%82%d0%b2%d0%be-%d0%b0%d0%b3%d0%b5%d0%bd%d1%82%d1%81%d1%82%d0%b2%d0%b0-%d0%bd%d0%b5%d0%b4%d0%b2%d0%b8%d0%b6%d0%b8%d0%bc%d0%be%d1%81%d1%82%d0%b8 HTTP/1.0" 200 30871 "-" "Mozilla/5.0 (compatible; MJ12bot/v1.4.5; http://www.majestic12.co.uk/bot.php?+)"
46.4.89.35 - - [15/Jun/2015:05:50:56 +0300] "GET /index.php/20-manufacturers/22-%d1%81%d0%be%d1%82%d1%80%d1%83%d0%b4%d0%bd%d0%b8%d1%87%d0%b5%d1%81%d1%82%d0%b2%d0%be-%d0%be%d1%86%d0%b5%d0%bd%d0%be%d1%87%d0%bd%d1%8b%d0%b5-%d0%ba%d0%be%d0%bc%d0%bf%d0%b0%d0%bd%d0%b8%d0%b8 HTTP/1.0" 200 35162 "-" "Mozilla/5.0 (compatible; MJ12bot/v1.4.5; http://www.majestic12.co.uk/bot.php?+)"
46.4.89.35 - - [15/Jun/2015:05:51:01 +0300] "GET /index.php/21-2014-07-15-19-34-08/46-%d0%b7%d0%b0%d0%ba%d0%b0%d0%b7-%d0%be%d1%86%d0%b5%d0%bd%d0%ba%d0%b8 HTTP/1.0" 200 27447 "-" "Mozilla/5.0 (compatible; MJ12bot/v1.4.5; http://www.majestic12.co.uk/bot.php?+)"
213.180.206.196 - - [15/Jun/2015:06:47:37 +0300] "GET / HTTP/1.0" 200 27907 "-" "Mozilla/5.0 (compatible; YandexMetrika/2.0; +http://yandex.com/bots mtmon01g.yandex.ru)"
94.23.217.201 - - [15/Jun/2015:06:57:21 +0300] "GET / HTTP/1.0" 200 27907 "-" "Mozilla/5.0 (Windows NT 6.1; rv:34.0) Gecko/20100101 Firefox/34.0"
62.210.37.113 - - [15/Jun/2015:06:59:37 +0300] "GET / HTTP/1.0" 200 27907 "-" "Mozilla/5.0 (Windows NT 6.1; rv:34.0) Gecko/20100101 Firefox/34.0"
62.210.37.113 - - [15/Jun/2015:07:04:06 +0300] "GET / HTTP/1.0" 200 27907 "-" "Mozilla/5.0 (Windows NT 6.1; rv:34.0) Gecko/20100101 Firefox/34.0"
95.108.129.196 - - [15/Jun/2015:07:30:31 +0300] "GET / HTTP/1.0" 200 27907 "-" "Mozilla/5.0 (compatible; YandexMetrika/2.0; +http://yandex.com/bots mtmon01e.yandex.ru)"
213.180.206.198 - - [15/Jun/2015:07:59:02 +0300] "GET / HTTP/1.0" 200 27907 "-" "Mozilla/5.0 (compatible; YandexMetrika/2.0; +http://yandex.com/bots)"
66.249.65.218 - - [15/Jun/2015:10:23:54 +0300] "GET /robots.txt HTTP/1.0" 200 865 "-" "Mozilla/5.0 (compatible; Googlebot/2.1; +http://www.google.com/bot.html)"
66.249.65.211 - - [15/Jun/2015:10:23:54 +0300] "GET /index.php/template-features/%d0%b2%d0%b5%d1%81%d1%8c-%d0%bf%d0%b5%d1%80%d0%b5%d1%87%d0%b5%d0%bd%d1%8c-%d1%83%d1%81%d0%bb%d1%83%d0%b3-%d0%ba%d0%be%d0%bc%d0%bf%d0%b0%d0%bd%d0%b8%d0%b8/by-title?view=archive HTTP/1.0" 200 36636 "-" "Mozilla/5.0 (compatible; Googlebot/2.1; +http://www.google.com/bot.html)"
5.164.204.23 - - [15/Jun/2015:10:50:46 +0300] "GET /index.php/20-manufacturers/22-%d1%81%d0%be%d1%82%d1%80%d1%83%d0%b4%d0%bd%d0%b8%d1%87%d0%b5%d1%81%d1%82%d0%b2%d0%be-%d0%be%d1%86%d0%b5%d0%bd%d0%be%d1%87%d0%bd%d1%8b%d0%b5-%d0%ba%d0%be%d0%bc%d0%bf%d0%b0%d0%bd%d0%b8%d0%b8 HTTP/1.0" 200 35061 "-" "Mozilla/4.0 (compatible; MSIE 8.0; Windows NT 5.1; Trident/4.0; .NET4.0C; .NET4.0E; .NET CLR 2.0.50727; .NET CLR 3.0.4506.2152; .NET CLR 3.5.30729)"
5.164.204.23 - - [15/Jun/2015:10:50:46 +0300] "GET / HTTP/1.0" 200 27974 "-" "Mozilla/4.0 (compatible; MSIE 8.0; Windows NT 5.1; Trident/4.0; .NET4.0C; .NET4.0E; .NET CLR 2.0.50727; .NET CLR 3.0.4506.2152; .NET CLR 3.5.30729)"
37.9.118.28 - - [15/Jun/2015:11:43:36 +0300] "GET / HTTP/1.0" 200 27907 "-" "Mozilla/5.0 (compatible; YandexMetrika/2.0; +http://yandex.com/bots mtmon01i.yandex.ru)"
213.180.206.196 - - [15/Jun/2015:13:04:19 +0300] "GET / HTTP/1.0" 200 27907 "-" "Mozilla/5.0 (compatible; YandexMetrika/2.0; +http://yandex.com/bots mtmon01g.yandex.ru)"
95.108.129.196 - - [15/Jun/2015:13:45:54 +0300] "GET / HTTP/1.0" 200 27907 "-" "Mozilla/5.0 (compatible; YandexMetrika/2.0; +http://yandex.com/bots mtmon01e.yandex.ru)"
5.255.253.163 - - [15/Jun/2015:14:22:23 +0300] "GET /robots.txt HTTP/1.0" 200 865 "-" "Mozilla/5.0 (compatible; YandexBot/3.0; +http://yandex.com/bots)"
5.255.253.20 - - [15/Jun/2015:14:22:25 +0300] "GET / HTTP/1.0" 200 27907 "-" "Mozilla/5.0 (compatible; YandexBot/3.0; +http://yandex.com/bots)"
5.255.253.203 - - [15/Jun/2015:16:29:27 +0300] "GET /robots.txt HTTP/1.0" 200 865 "-" "Mozilla/5.0 (compatible; YandexBot/3.0; +http://yandex.com/bots)"
5.255.253.203 - - [15/Jun/2015:16:29:29 +0300] "GET / HTTP/1.0" 200 27907 "-" "Mozilla/5.0 (compatible; YandexBot/3.0; +http://yandex.com/bots)"
5.255.253.203 - - [15/Jun/2015:17:14:20 +0300] "GET / HTTP/1.0" 200 27907 "-" "Mozilla/5.0 (compatible; YandexBot/3.0; +http://yandex.com/bots)"
31.131.251.150 - - [15/Jun/2015:17:57:46 +0300] "GET / HTTP/1.0" 200 28066 "-" "-"
37.9.118.28 - - [15/Jun/2015:18:03:41 +0300] "GET / HTTP/1.0" 200 27907 "-" "Mozilla/5.0 (compatible; YandexMetrika/2.0; +http://yandex.com/bots mtmon01i.yandex.ru)"
213.180.206.196 - - [15/Jun/2015:19:07:57 +0300] "GET / HTTP/1.0" 200 27907 "-" "Mozilla/5.0 (compatible; YandexMetrika/2.0; +http://yandex.com/bots mtmon01g.yandex.ru)"
5.255.253.203 - - [15/Jun/2015:19:12:26 +0300] "GET / HTTP/1.0" 200 27907 "-" "Mozilla/5.0 (compatible; YandexBot/3.0; +http://yandex.com/bots)"
95.108.129.196 - - [15/Jun/2015:20:08:46 +0300] "GET / HTTP/1.0" 200 27907 "-" "Mozilla/5.0 (compatible; YandexMetrika/2.0; +http://yandex.com/bots mtmon01e.yandex.ru)"
5.255.253.203 - - [15/Jun/2015:21:09:51 +0300] "GET / HTTP/1.0" 200 27907 "-" "Mozilla/5.0 (compatible; YandexBot/3.0; +http://yandex.com/bots)"
198.245.51.90 - - [15/Jun/2015:21:29:55 +0300] "GET /robots.txt HTTP/1.0" 200 865 "-" "Mozilla/5.0 (compatible; MJ12bot/v1.4.5; http://www.majestic12.co.uk/bot.php?+)"
198.245.51.90 - - [15/Jun/2015:21:29:58 +0300] "GET /index.php/%d0%be-%d0%ba%d0%be%d0%bc%d0%bf%d0%b0%d0%bd%d0%b8%d0%b8/%d0%ba%d0%bb%d0%b8%d0%b5%d0%bd%d1%82%d1%8b-%d0%b8-%d0%bf%d0%b0%d1%80%d1%82%d0%bd%d0%b5%d1%80%d1%8b-%d0%ba%d0%be%d0%bc%d0%bf%d0%b0%d0%bd%d0%b8%d0%b8 HTTP/1.0" 200 26194 "-" "Mozilla/5.0 (compatible; MJ12bot/v1.4.5; http://www.majestic12.co.uk/bot.php?+)"
198.245.51.90 - - [15/Jun/2015:21:30:10 +0300] "GET /index.php/%d0%be-%d0%ba%d0%be%d0%bc%d0%bf%d0%b0%d0%bd%d0%b8%d0%b8/%d0%ba%d0%be%d0%bd%d1%82%d0%b0%d0%ba%d1%82%d0%bd%d0%b0%d1%8f-%d0%b8%d0%bd%d1%84%d0%be%d1%80%d0%bc%d0%b0%d1%86%d0%b8%d1%8f HTTP/1.0" 200 30454 "-" "Mozilla/5.0 (compatible; MJ12bot/v1.4.5; http://www.majestic12.co.uk/bot.php?+)"
198.245.51.90 - - [15/Jun/2015:21:30:27 +0300] "GET /index.php/%d0%be-%d0%ba%d0%be%d0%bc%d0%bf%d0%b0%d0%bd%d0%b8%d0%b8/%d0%bc%d0%b8%d1%81%d1%81%d0%b8%d1%8f-%d0%b8-%d0%bf%d1%80%d0%b8%d0%bd%d1%86%d0%b8%d0%bf-%d0%b4%d0%b5%d1%8f%d1%82%d0%b5%d0%bb%d1%8c%d0%bd%d0%be%d1%81%d1%82%d0%b8 HTTP/1.0" 200 30709 "-" "Mozilla/5.0 (compatible; MJ12bot/v1.4.5; http://www.majestic12.co.uk/bot.php?+)"
198.245.51.90 - - [15/Jun/2015:21:30:30 +0300] "GET /index.php/%d0%be-%d0%ba%d0%be%d0%bc%d0%bf%d0%b0%d0%bd%d0%b8%d0%b8/login-form HTTP/1.0" 200 33255 "-" "Mozilla/5.0 (compatible; MJ12bot/v1.4.5; http://www.majestic12.co.uk/bot.php?+)"
198.245.51.90 - - [15/Jun/2015:21:30:38 +0300] "GET /index.php/%d0%be-%d0%ba%d0%be%d0%bc%d0%bf%d0%b0%d0%bd%d0%b8%d0%b8/login-form/b2jcontact HTTP/1.0" 200 33271 "-" "Mozilla/5.0 (compatible; MJ12bot/v1.4.5; http://www.majestic12.co.uk/bot.php?+)"
198.245.51.90 - - [15/Jun/2015:21:30:43 +0300] "GET /index.php/%d0%be-%d0%ba%d0%be%d0%bc%d0%bf%d0%b0%d0%bd%d0%b8%d0%b8/module-positions HTTP/1.0" 200 23918 "-" "Mozilla/5.0 (compatible; MJ12bot/v1.4.5; http://www.majestic12.co.uk/bot.php?+)"
198.245.51.90 - - [15/Jun/2015:21:30:44 +0300] "GET /index.php/15-%d0%ba%d0%be%d0%bc%d0%bf%d0%b0%d0%bd%d0%b8%d1%8f HTTP/1.0" 200 42320 "-" "Mozilla/5.0 (compatible; MJ12bot/v1.4.5; http://www.majestic12.co.uk/bot.php?+)"
198.245.51.90 - - [15/Jun/2015:21:30:50 +0300] "GET /index.php/15-%d0%ba%d0%be%d0%bc%d0%bf%d0%b0%d0%bd%d0%b8%d1%8f/36-vestibulum-id-ligula-porta-felis-euismod-semper HTTP/1.0" 200 25796 "-" "Mozilla/5.0 (compatible; MJ12bot/v1.4.5; http://www.majestic12.co.uk/bot.php?+)"
198.245.51.90 - - [15/Jun/2015:21:30:56 +0300] "GET /index.php/15-%d0%ba%d0%be%d0%bc%d0%bf%d0%b0%d0%bd%d0%b8%d1%8f/5-page-break-example HTTP/1.0" 200 23266 "-" "Mozilla/5.0 (compatible; MJ12bot/v1.4.5; http://www.majestic12.co.uk/bot.php?+)"
198.245.51.90 - - [15/Jun/2015:21:31:10 +0300] "GET /index.php/15-%d0%ba%d0%be%d0%bc%d0%bf%d0%b0%d0%bd%d0%b8%d1%8f?format=feed&type=atom HTTP/1.0" 200 76711 "-" "Mozilla/5.0 (compatible; MJ12bot/v1.4.5; http://www.majestic12.co.uk/bot.php?+)"
198.245.51.90 - - [15/Jun/2015:21:31:21 +0300] "GET /index.php/15-%d0%ba%d0%be%d0%bc%d0%bf%d0%b0%d0%bd%d0%b8%d1%8f?format=feed&type=rss HTTP/1.0" 200 37897 "-" "Mozilla/5.0 (compatible; MJ12bot/v1.4.5; http://www.majestic12.co.uk/bot.php?+)"
198.245.51.90 - - [15/Jun/2015:21:31:31 +0300] "GET /index.php/15-%d0%ba%d0%be%d0%bc%d0%bf%d0%b0%d0%bd%d0%b8%d1%8f?limitstart=0 HTTP/1.0" 200 42333 "-" "Mozilla/5.0 (compatible; MJ12bot/v1.4.5; http://www.majestic12.co.uk/bot.php?+)"
198.245.51.90 - - [15/Jun/2015:21:31:42 +0300] "GET /index.php/15-%d0%ba%d0%be%d0%bc%d0%bf%d0%b0%d0%bd%d0%b8%d1%8f?start=5 HTTP/1.0" 200 44156 "-" "Mozilla/5.0 (compatible; MJ12bot/v1.4.5; http://www.majestic12.co.uk/bot.php?+)"
198.245.51.90 - - [15/Jun/2015:21:31:53 +0300] "GET /index.php/20-manufacturers/13-%d1%81%d0%be%d1%82%d1%80%d1%83%d0%b4%d0%bd%d0%b8%d1%87%d0%b5%d1%81%d1%82%d0%b2%d0%be-%d0%b8%d0%bd%d0%be%d1%81%d1%82%d1%80%d0%b0%d0%bd%d0%bd%d1%8b%d0%b5-%d0%b3%d1%80%d0%b0%d0%b6%d0%b4%d0%b0%d0%bd%d0%b5-%d0%b8-%d0%be%d1%80%d0%b3%d0%b0%d0%bd%d0%b8%d0%b7%d0%b0%d1%86%d0%b8%d0%b8 HTTP/1.0" 200 31663 "-" "Mozilla/5.0 (compatible; MJ12bot/v1.4.5; http://www.majestic12.co.uk/bot.php?+)"
198.245.51.90 - - [15/Jun/2015:21:32:02 +0300] "GET /index.php/20-manufacturers/18-%d1%81%d0%be%d1%82%d1%80%d1%83%d0%b4%d0%bd%d0%b8%d1%87%d0%b5%d1%81%d1%82%d0%b2%d0%be-%d1%81%d1%83%d0%b4%d0%be%d0%b2%d1%8b%d0%b5-%d0%b1%d1%80%d0%be%d0%ba%d0%b5%d1%80%d1%8b HTTP/1.0" 200 29006 "-" "Mozilla/5.0 (compatible; MJ12bot/v1.4.5; http://www.majestic12.co.uk/bot.php?+)"
198.245.51.90 - - [15/Jun/2015:21:32:20 +0300] "GET /index.php/20-manufacturers/19-%d1%81%d0%be%d1%82%d1%80%d1%83%d0%b4%d0%bd%d0%b8%d1%87%d0%b5%d1%81%d1%82%d0%b2%d0%be-%d1%81%d1%82%d1%80%d0%b0%d1%85%d0%be%d0%b2%d1%8b%d0%b5-%d0%ba%d0%be%d0%bc%d0%bf%d0%b0%d0%bd%d0%b8%d0%b8 HTTP/1.0" 200 30229 "-" "Mozilla/5.0 (compatible; MJ12bot/v1.4.5; http://www.majestic12.co.uk/bot.php?+)"
198.245.51.90 - - [15/Jun/2015:21:32:33 +0300] "GET /index.php/20-manufacturers/20-%d1%81%d0%be%d1%82%d1%80%d1%83%d0%b4%d0%bd%d0%b8%d1%87%d0%b5%d1%81%d1%82%d0%b2%d0%be-%d0%b1%d0%b0%d0%bd%d0%ba%d0%b8-%d0%b8-%d0%ba%d1%80%d0%b5%d0%b4%d0%b8%d1%82%d0%bd%d1%8b%d0%b5-%d1%83%d1%87%d1%80%d0%b5%d0%b6%d0%b4%d0%b5%d0%bd%d0%b8%d1%8f HTTP/1.0" 200 33792 "-" "Mozilla/5.0 (compatible; MJ12bot/v1.4.5; http://www.majestic12.co.uk/bot.php?+)"
198.245.51.90 - - [15/Jun/2015:21:32:43 +0300] "GET /index.php/20-manufacturers/21-%d1%81%d0%be%d1%82%d1%80%d1%83%d0%b4%d0%bd%d0%b8%d1%87%d0%b5%d1%81%d1%82%d0%b2%d0%be-%d0%b0%d0%b3%d0%b5%d0%bd%d1%82%d1%81%d1%82%d0%b2%d0%b0-%d0%bd%d0%b5%d0%b4%d0%b2%d0%b8%d0%b6%d0%b8%d0%bc%d0%be%d1%81%d1%82%d0%b8 HTTP/1.0" 200 30703 "-" "Mozilla/5.0 (compatible; MJ12bot/v1.4.5; http://www.majestic12.co.uk/bot.php?+)"
198.245.51.90 - - [15/Jun/2015:21:32:50 +0300] "GET /index.php/20-manufacturers/22-%d1%81%d0%be%d1%82%d1%80%d1%83%d0%b4%d0%bd%d0%b8%d1%87%d0%b5%d1%81%d1%82%d0%b2%d0%be-%d0%be%d1%86%d0%b5%d0%bd%d0%be%d1%87%d0%bd%d1%8b%d0%b5-%d0%ba%d0%be%d0%bc%d0%bf%d0%b0%d0%bd%d0%b8%d0%b8 HTTP/1.0" 200 34994 "-" "Mozilla/5.0 (compatible; MJ12bot/v1.4.5; http://www.majestic12.co.uk/bot.php?+)"
198.245.51.90 - - [15/Jun/2015:21:32:59 +0300] "GET /index.php/21-2014-07-15-19-34-08/46-%d0%b7%d0%b0%d0%ba%d0%b0%d0%b7-%d0%be%d1%86%d0%b5%d0%bd%d0%ba%d0%b8 HTTP/1.0" 200 27287 "-" "Mozilla/5.0 (compatible; MJ12bot/v1.4.5; http://www.majestic12.co.uk/bot.php?+)"
198.245.51.90 - - [15/Jun/2015:21:33:03 +0300] "GET /index.php/component/content/15-%d0%ba%d0%be%d0%bc%d0%bf%d0%b0%d0%bd%d0%b8%d1%8f/5-page-break-example?Itemid=144 HTTP/1.0" 500 1961 "-" "Mozilla/5.0 (compatible; MJ12bot/v1.4.5; http://www.majestic12.co.uk/bot.php?+)"
198.245.51.90 - - [15/Jun/2015:21:33:07 +0300] "GET /index.php/component/content/21-2014-07-15-19-34-08/46-%d0%b7%d0%b0%d0%ba%d0%b0%d0%b7-%d0%be%d1%86%d0%b5%d0%bd%d0%ba%d0%b8?Itemid=175 HTTP/1.0" 500 1961 "-" "Mozilla/5.0 (compatible; MJ12bot/v1.4.5; http://www.majestic12.co.uk/bot.php?+)"
198.245.51.90 - - [15/Jun/2015:21:33:11 +0300] "GET /index.php/template-features/%d0%b2%d0%b5%d1%81%d1%8c-%d0%bf%d0%b5%d1%80%d0%b5%d1%87%d0%b5%d0%bd%d1%8c-%d1%83%d1%81%d0%bb%d1%83%d0%b3-%d0%ba%d0%be%d0%bc%d0%bf%d0%b0%d0%bd%d0%b8%d0%b8 HTTP/1.0" 200 30815 "-" "Mozilla/5.0 (compatible; MJ12bot/v1.4.5; http://www.majestic12.co.uk/bot.php?+)"
198.245.51.90 - - [15/Jun/2015:21:33:44 +0300] "GET /index.php/template-features/%d0%b2%d0%b5%d1%81%d1%8c-%d0%bf%d0%b5%d1%80%d0%b5%d1%87%d0%b5%d0%bd%d1%8c-%d1%83%d1%81%d0%bb%d1%83%d0%b3-%d0%ba%d0%be%d0%bc%d0%bf%d0%b0%d0%bd%d0%b8%d0%b8/2013-04-26-17-20-57 HTTP/1.0" 200 44089 "-" "Mozilla/5.0 (compatible; MJ12bot/v1.4.5; http://www.majestic12.co.uk/bot.php?+)"
198.245.51.90 - - [15/Jun/2015:21:33:50 +0300] "GET /index.php/template-features/%d0%b2%d0%b5%d1%81%d1%8c-%d0%bf%d0%b5%d1%80%d0%b5%d1%87%d0%b5%d0%bd%d1%8c-%d1%83%d1%81%d0%bb%d1%83%d0%b3-%d0%ba%d0%be%d0%bc%d0%bf%d0%b0%d0%bd%d0%b8%d0%b8/archived-articles HTTP/1.0" 200 37776 "-" "Mozilla/5.0 (compatible; MJ12bot/v1.4.5; http://www.majestic12.co.uk/bot.php?+)"
198.245.51.90 - - [15/Jun/2015:21:34:00 +0300] "GET /index.php/template-features/%d0%b2%d0%b5%d1%81%d1%8c-%d0%bf%d0%b5%d1%80%d0%b5%d1%87%d0%b5%d0%bd%d1%8c-%d1%83%d1%81%d0%bb%d1%83%d0%b3-%d0%ba%d0%be%d0%bc%d0%bf%d0%b0%d0%bd%d0%b8%d0%b8/by-author HTTP/1.0" 200 41542 "-" "Mozilla/5.0 (compatible; MJ12bot/v1.4.5; http://www.majestic12.co.uk/bot.php?+)"
198.245.51.90 - - [15/Jun/2015:21:34:09 +0300] "GET /index.php/template-features/%d0%b2%d0%b5%d1%81%d1%8c-%d0%bf%d0%b5%d1%80%d0%b5%d1%87%d0%b5%d0%bd%d1%8c-%d1%83%d1%81%d0%bb%d1%83%d0%b3-%d0%ba%d0%be%d0%bc%d0%bf%d0%b0%d0%bd%d0%b8%d0%b8/by-hits HTTP/1.0" 200 43934 "-" "Mozilla/5.0 (compatible; MJ12bot/v1.4.5; http://www.majestic12.co.uk/bot.php?+)"
198.245.51.90 - - [15/Jun/2015:21:34:24 +0300] "GET /index.php/template-features/%d0%b2%d0%b5%d1%81%d1%8c-%d0%bf%d0%b5%d1%80%d0%b5%d1%87%d0%b5%d0%bd%d1%8c-%d1%83%d1%81%d0%bb%d1%83%d0%b3-%d0%ba%d0%be%d0%bc%d0%bf%d0%b0%d0%bd%d0%b8%d0%b8/by-title HTTP/1.0" 200 44007 "-" "Mozilla/5.0 (compatible; MJ12bot/v1.4.5; http://www.majestic12.co.uk/bot.php?+)"
198.245.51.90 - - [15/Jun/2015:21:34:31 +0300] "GET /index.php/template-features/%d0%b2%d0%b5%d1%81%d1%8c-%d0%bf%d0%b5%d1%80%d0%b5%d1%87%d0%b5%d0%bd%d1%8c-%d1%83%d1%81%d0%bb%d1%83%d0%b3-%d0%ba%d0%be%d0%bc%d0%bf%d0%b0%d0%bd%d0%b8%d0%b8/category-blog HTTP/1.0" 200 41258 "-" "Mozilla/5.0 (compatible; MJ12bot/v1.4.5; http://www.majestic12.co.uk/bot.php?+)"
198.245.51.90 - - [15/Jun/2015:21:34:33 +0300] "GET /index.php/template-features/%d0%b2%d0%b5%d1%81%d1%8c-%d0%bf%d0%b5%d1%80%d0%b5%d1%87%d0%b5%d0%bd%d1%8c-%d1%83%d1%81%d0%bb%d1%83%d0%b3-%d0%ba%d0%be%d0%bc%d0%bf%d0%b0%d0%bd%d0%b8%d0%b8/category-list HTTP/1.0" 200 43305 "-" "Mozilla/5.0 (compatible; MJ12bot/v1.4.5; http://www.majestic12.co.uk/bot.php?+)"
198.245.51.90 - - [15/Jun/2015:21:34:37 +0300] "GET /index.php/template-features/%d0%b2%d0%b5%d1%81%d1%8c-%d0%bf%d0%b5%d1%80%d0%b5%d1%87%d0%b5%d0%bd%d1%8c-%d1%83%d1%81%d0%bb%d1%83%d0%b3-%d0%ba%d0%be%d0%bc%d0%bf%d0%b0%d0%bd%d0%b8%d0%b8/featured-articles HTTP/1.0" 200 42376 "-" "Mozilla/5.0 (compatible; MJ12bot/v1.4.5; http://www.majestic12.co.uk/bot.php?+)"
198.245.51.90 - - [15/Jun/2015:21:34:42 +0300] "GET /index.php/template-features/%d0%b2%d0%b5%d1%81%d1%8c-%d0%bf%d0%b5%d1%80%d0%b5%d1%87%d0%b5%d0%bd%d1%8c-%d1%83%d1%81%d0%bb%d1%83%d0%b3-%d0%ba%d0%be%d0%bc%d0%bf%d0%b0%d0%bd%d0%b8%d0%b8/featured-contacts HTTP/1.0" 200 40915 "-" "Mozilla/5.0 (compatible; MJ12bot/v1.4.5; http://www.majestic12.co.uk/bot.php?+)"
198.245.51.90 - - [15/Jun/2015:21:34:45 +0300] "GET /index.php/template-features/%d0%b2%d0%b5%d1%81%d1%8c-%d0%bf%d0%b5%d1%80%d0%b5%d1%87%d0%b5%d0%bd%d1%8c-%d1%83%d1%81%d0%bb%d1%83%d0%b3-%d0%ba%d0%be%d0%bc%d0%bf%d0%b0%d0%bd%d0%b8%d0%b8/password-reset HTTP/1.0" 200 43913 "-" "Mozilla/5.0 (compatible; MJ12bot/v1.4.5; http://www.majestic12.co.uk/bot.php?+)"
198.245.51.90 - - [15/Jun/2015:21:34:50 +0300] "GET /index.php/template-features/%d0%b2%d0%b5%d1%81%d1%8c-%d0%bf%d0%b5%d1%80%d0%b5%d1%87%d0%b5%d0%bd%d1%8c-%d1%83%d1%81%d0%bb%d1%83%d0%b3-%d0%ba%d0%be%d0%bc%d0%bf%d0%b0%d0%bd%d0%b8%d0%b8/registration-form HTTP/1.0" 200 42500 "-" "Mozilla/5.0 (compatible; MJ12bot/v1.4.5; http://www.majestic12.co.uk/bot.php?+)"
198.245.51.90 - - [15/Jun/2015:21:34:57 +0300] "GET /index.php/template-features/%d0%b2%d0%b5%d1%81%d1%8c-%d0%bf%d0%b5%d1%80%d0%b5%d1%87%d0%b5%d0%bd%d1%8c-%d1%83%d1%81%d0%bb%d1%83%d0%b3-%d0%ba%d0%be%d0%bc%d0%bf%d0%b0%d0%bd%d0%b8%d0%b8/single-contact HTTP/1.0" 200 40664 "-" "Mozilla/5.0 (compatible; MJ12bot/v1.4.5; http://www.majestic12.co.uk/bot.php?+)"
198.245.51.90 - - [15/Jun/2015:21:35:07 +0300] "GET /index.php/template-features/%d0%b2%d0%b5%d1%81%d1%8c-%d0%bf%d0%b5%d1%80%d0%b5%d1%87%d0%b5%d0%bd%d1%8c-%d1%83%d1%81%d0%bb%d1%83%d0%b3-%d0%ba%d0%be%d0%bc%d0%bf%d0%b0%d0%bd%d0%b8%d0%b8/submit-a-web-link HTTP/1.0" 200 42954 "-" "Mozilla/5.0 (compatible; MJ12bot/v1.4.5; http://www.majestic12.co.uk/bot.php?+)"
198.245.51.90 - - [15/Jun/2015:21:35:20 +0300] "GET /index.php/template-features/%d0%b2%d0%b5%d1%81%d1%8c-%d0%bf%d0%b5%d1%80%d0%b5%d1%87%d0%b5%d0%bd%d1%8c-%d1%83%d1%81%d0%bb%d1%83%d0%b3-%d0%ba%d0%be%d0%bc%d0%bf%d0%b0%d0%bd%d0%b8%d0%b8/username-reminder-request HTTP/1.0" 200 40036 "-" "Mozilla/5.0 (compatible; MJ12bot/v1.4.5; http://www.majestic12.co.uk/bot.php?+)"
198.245.51.90 - - [15/Jun/2015:21:35:25 +0300] "GET /index.php/template-features/%d1%83%d1%81%d0%bb%d1%83%d0%b3%d0%b8-%d0%b3%d0%be%d1%81%d1%83%d0%b4%d0%b0%d1%80%d1%81%d1%82%d0%b2%d0%b5%d0%bd%d0%bd%d1%8b%d0%bc-%d1%83%d1%87%d1%80%d0%b5%d0%b6%d0%b4%d0%b5%d0%bd%d0%b8%d1%8f%d0%bc HTTP/1.0" 200 34121 "-" "Mozilla/5.0 (compatible; MJ12bot/v1.4.5; http://www.majestic12.co.uk/bot.php?+)"
198.245.51.90 - - [15/Jun/2015:21:35:33 +0300] "GET /index.php/template-features/%d1%83%d1%81%d0%bb%d1%83%d0%b3%d0%b8-%d0%ba%d0%be%d0%bc%d0%bf%d0%b0%d0%bd%d0%b8%d1%8f%d0%bc HTTP/1.0" 200 36007 "-" "Mozilla/5.0 (compatible; MJ12bot/v1.4.5; http://www.majestic12.co.uk/bot.php?+)"
198.245.51.90 - - [15/Jun/2015:21:35:55 +0300] "GET /index.php/template-features/%d1%83%d1%81%d0%bb%d1%83%d0%b3%d0%b8-%d0%ba%d0%be%d0%bc%d0%bf%d0%b0%d0%bd%d0%b8%d1%8f%d0%bc/user-profile HTTP/1.0" 200 52233 "-" "Mozilla/5.0 (compatible; MJ12bot/v1.4.5; http://www.majestic12.co.uk/bot.php?+)"
198.245.51.90 - - [15/Jun/2015:21:36:00 +0300] "GET /index.php/template-features/%d1%83%d1%81%d0%bb%d1%83%d0%b3%d0%b8-%d1%87%d0%b0%d1%81%d1%82%d0%bd%d1%8b%d0%bc-%d0%bb%d0%b8%d1%86%d0%b0%d0%bc HTTP/1.0" 200 34930 "-" "Mozilla/5.0 (compatible; MJ12bot/v1.4.5; http://www.majestic12.co.uk/bot.php?+)"
198.245.51.90 - - [15/Jun/2015:21:36:03 +0300] "GET /index.php/template-features/%d1%83%d1%81%d0%bb%d1%83%d0%b3%d0%b8-%d1%87%d0%b0%d1%81%d1%82%d0%bd%d1%8b%d0%bc-%d0%bb%d0%b8%d1%86%d0%b0%d0%bc/single-article HTTP/1.0" 200 39943 "-" "Mozilla/5.0 (compatible; MJ12bot/v1.4.5; http://www.majestic12.co.uk/bot.php?+)"
198.245.51.90 - - [15/Jun/2015:21:36:18 +0300] "GET /index.php/template-features/%d0%b2%d0%b5%d1%81%d1%8c-%d0%bf%d0%b5%d1%80%d0%b5%d1%87%d0%b5%d0%bd%d1%8c-%d1%83%d1%81%d0%bb%d1%83%d0%b3-%d0%ba%d0%be%d0%bc%d0%bf%d0%b0%d0%bd%d0%b8%d0%b8/by-title?id=15:archive-article-i HTTP/1.0" 404 1961 "-" "Mozilla/5.0 (compatible; MJ12bot/v1.4.5; http://www.majestic12.co.uk/bot.php?+)"
198.245.51.90 - - [15/Jun/2015:21:36:23 +0300] "GET /index.php/template-features/%d0%b2%d0%b5%d1%81%d1%8c-%d0%bf%d0%b5%d1%80%d0%b5%d1%87%d0%b5%d0%bd%d1%8c-%d1%83%d1%81%d0%bb%d1%83%d0%b3-%d0%ba%d0%be%d0%bc%d0%bf%d0%b0%d0%bd%d0%b8%d0%b8/by-title?id=16:archive-article-ii HTTP/1.0" 404 1961 "-" "Mozilla/5.0 (compatible; MJ12bot/v1.4.5; http://www.majestic12.co.uk/bot.php?+)"
198.245.51.90 - - [15/Jun/2015:21:36:25 +0300] "GET /index.php/template-features/%d0%b2%d0%b5%d1%81%d1%8c-%d0%bf%d0%b5%d1%80%d0%b5%d1%87%d0%b5%d0%bd%d1%8c-%d1%83%d1%81%d0%bb%d1%83%d0%b3-%d0%ba%d0%be%d0%bc%d0%bf%d0%b0%d0%bd%d0%b8%d0%b8/by-title?id=17:archive-article-iii HTTP/1.0" 404 1961 "-" "Mozilla/5.0 (compatible; MJ12bot/v1.4.5; http://www.majestic12.co.uk/bot.php?+)"
198.245.51.90 - - [15/Jun/2015:21:36:27 +0300] "GET /index.php/template-features/%d0%b2%d0%b5%d1%81%d1%8c-%d0%bf%d0%b5%d1%80%d0%b5%d1%87%d0%b5%d0%bd%d1%8c-%d1%83%d1%81%d0%bb%d1%83%d0%b3-%d0%ba%d0%be%d0%bc%d0%bf%d0%b0%d0%bd%d0%b8%d0%b8/by-title?view=archive HTTP/1.0" 200 36496 "-" "Mozilla/5.0 (compatible; MJ12bot/v1.4.5; http://www.majestic12.co.uk/bot.php?+)"
198.245.51.90 - - [15/Jun/2015:21:36:29 +0300] "GET /index.php/template-features/%d0%b2%d0%b5%d1%81%d1%8c-%d0%bf%d0%b5%d1%80%d0%b5%d1%87%d0%b5%d0%bd%d1%8c-%d1%83%d1%81%d0%bb%d1%83%d0%b3-%d0%ba%d0%be%d0%bc%d0%bf%d0%b0%d0%bd%d0%b8%d0%b8/single-news-feed HTTP/1.0" 404 1961 "-" "Mozilla/5.0 (compatible; MJ12bot/v1.4.5; http://www.majestic12.co.uk/bot.php?+)"
198.245.51.90 - - [15/Jun/2015:21:36:31 +0300] "GET /index.php/%d0%be-%d0%ba%d0%be%d0%bc%d0%bf%d0%b0%d0%bd%d0%b8%d0%b8 HTTP/1.0" 200 29072 "-" "Mozilla/5.0 (compatible; MJ12bot/v1.4.5; http://www.majestic12.co.uk/bot.php?+)"
198.245.51.90 - - [15/Jun/2015:21:36:36 +0300] "GET /index.php/%d0%be-%d0%ba%d0%be%d0%bc%d0%bf%d0%b0%d0%bd%d0%b8%d0%b8/login-form/b2jcontact?bid=1 HTTP/1.0" 200 33283 "-" "Mozilla/5.0 (compatible; MJ12bot/v1.4.5; http://www.majestic12.co.uk/bot.php?+)"
198.245.51.90 - - [15/Jun/2015:21:36:43 +0300] "GET /index.php/%d0%be-%d0%ba%d0%be%d0%bc%d0%bf%d0%b0%d0%bd%d0%b8%d0%b8/%d0%ba%d0%be%d0%bc%d0%b0%d0%bd%d0%b4%d0%b0-%d0%be%d1%86%d0%b5%d0%bd%d1%89%d0%b8%d0%ba%d0%be%d0%b2-%d0%b8-%d0%ba%d0%be%d0%bd%d1%81%d1%83%d0%bb%d1%8c%d1%82%d0%b0%d0%bd%d1%82%d0%be%d0%b2 HTTP/1.0" 200 27192 "-" "Mozilla/5.0 (compatible; MJ12bot/v1.4.5; http://www.majestic12.co.uk/bot.php?+)"
198.245.51.90 - - [15/Jun/2015:21:37:12 +0300] "GET /robots.txt HTTP/1.0" 200 865 "-" "Mozilla/5.0 (compatible; MJ12bot/v1.4.5; http://www.majestic12.co.uk/bot.php?+)"
198.245.51.90 - - [15/Jun/2015:21:37:28 +0300] "GET /index.php/%d0%be-%d0%ba%d0%be%d0%bc%d0%bf%d0%b0%d0%bd%d0%b8%d0%b8 HTTP/1.0" 200 29216 "-" "Mozilla/5.0 (compatible; MJ12bot/v1.4.5; http://www.majestic12.co.uk/bot.php?+)"
198.245.51.90 - - [15/Jun/2015:21:37:35 +0300] "GET /index.php/%d0%be-%d0%ba%d0%be%d0%bc%d0%bf%d0%b0%d0%bd%d0%b8%d0%b8/%d0%ba%d0%bb%d0%b8%d0%b5%d0%bd%d1%82%d1%8b-%d0%b8-%d0%bf%d0%b0%d1%80%d1%82%d0%bd%d0%b5%d1%80%d1%8b-%d0%ba%d0%be%d0%bc%d0%bf%d0%b0%d0%bd%d0%b8%d0%b8 HTTP/1.0" 200 26338 "-" "Mozilla/5.0 (compatible; MJ12bot/v1.4.5; http://www.majestic12.co.uk/bot.php?+)"
198.245.51.90 - - [15/Jun/2015:21:37:47 +0300] "GET /index.php/%d0%be-%d0%ba%d0%be%d0%bc%d0%bf%d0%b0%d0%bd%d0%b8%d0%b8/%d0%ba%d0%be%d0%bd%d1%82%d0%b0%d0%ba%d1%82%d0%bd%d0%b0%d1%8f-%d0%b8%d0%bd%d1%84%d0%be%d1%80%d0%bc%d0%b0%d1%86%d0%b8%d1%8f HTTP/1.0" 200 30598 "-" "Mozilla/5.0 (compatible; MJ12bot/v1.4.5; http://www.majestic12.co.uk/bot.php?+)"
198.245.51.90 - - [15/Jun/2015:21:39:50 +0300] "GET /index.php/%d0%be-%d0%ba%d0%be%d0%bc%d0%bf%d0%b0%d0%bd%d0%b8%d0%b8/%d0%bc%d0%b8%d1%81%d1%81%d0%b8%d1%8f-%d0%b8-%d0%bf%d1%80%d0%b8%d0%bd%d1%86%d0%b8%d0%bf-%d0%b4%d0%b5%d1%8f%d1%82%d0%b5%d0%bb%d1%8c%d0%bd%d0%be%d1%81%d1%82%d0%b8 HTTP/1.0" 200 30853 "-" "Mozilla/5.0 (compatible; MJ12bot/v1.4.5; http://www.majestic12.co.uk/bot.php?+)"
198.245.51.90 - - [15/Jun/2015:21:39:58 +0300] "GET /index.php/%d0%be-%d0%ba%d0%be%d0%bc%d0%bf%d0%b0%d0%bd%d0%b8%d0%b8/login-form HTTP/1.0" 200 33395 "-" "Mozilla/5.0 (compatible; MJ12bot/v1.4.5; http://www.majestic12.co.uk/bot.php?+)"
198.245.51.90 - - [15/Jun/2015:21:40:01 +0300] "GET /index.php/%d0%be-%d0%ba%d0%be%d0%bc%d0%bf%d0%b0%d0%bd%d0%b8%d0%b8/login-form/b2jcontact HTTP/1.0" 200 33411 "-" "Mozilla/5.0 (compatible; MJ12bot/v1.4.5; http://www.majestic12.co.uk/bot.php?+)"
198.245.51.90 - - [15/Jun/2015:21:40:07 +0300] "GET /index.php/%d0%be-%d0%ba%d0%be%d0%bc%d0%bf%d0%b0%d0%bd%d0%b8%d0%b8/module-positions HTTP/1.0" 200 24062 "-" "Mozilla/5.0 (compatible; MJ12bot/v1.4.5; http://www.majestic12.co.uk/bot.php?+)"
198.245.51.90 - - [15/Jun/2015:21:40:11 +0300] "GET /index.php/15-%d0%ba%d0%be%d0%bc%d0%bf%d0%b0%d0%bd%d0%b8%d1%8f HTTP/1.0" 200 42460 "-" "Mozilla/5.0 (compatible; MJ12bot/v1.4.5; http://www.majestic12.co.uk/bot.php?+)"
198.245.51.90 - - [15/Jun/2015:21:40:17 +0300] "GET /index.php/15-%d0%ba%d0%be%d0%bc%d0%bf%d0%b0%d0%bd%d0%b8%d1%8f/36-vestibulum-id-ligula-porta-felis-euismod-semper HTTP/1.0" 200 25940 "-" "Mozilla/5.0 (compatible; MJ12bot/v1.4.5; http://www.majestic12.co.uk/bot.php?+)"
198.245.51.90 - - [15/Jun/2015:21:40:22 +0300] "GET /index.php/15-%d0%ba%d0%be%d0%bc%d0%bf%d0%b0%d0%bd%d0%b8%d1%8f/5-page-break-example HTTP/1.0" 200 23410 "-" "Mozilla/5.0 (compatible; MJ12bot/v1.4.5; http://www.majestic12.co.uk/bot.php?+)"
198.245.51.90 - - [15/Jun/2015:21:40:30 +0300] "GET /index.php/15-%d0%ba%d0%be%d0%bc%d0%bf%d0%b0%d0%bd%d0%b8%d1%8f?format=feed&type=atom HTTP/1.0" 200 76787 "-" "Mozilla/5.0 (compatible; MJ12bot/v1.4.5; http://www.majestic12.co.uk/bot.php?+)"
198.245.51.90 - - [15/Jun/2015:21:40:39 +0300] "GET /index.php/15-%d0%ba%d0%be%d0%bc%d0%bf%d0%b0%d0%bd%d0%b8%d1%8f?format=feed&type=rss HTTP/1.0" 200 38017 "-" "Mozilla/5.0 (compatible; MJ12bot/v1.4.5; http://www.majestic12.co.uk/bot.php?+)"
198.245.51.90 - - [15/Jun/2015:21:40:47 +0300] "GET /index.php/15-%d0%ba%d0%be%d0%bc%d0%bf%d0%b0%d0%bd%d0%b8%d1%8f?limitstart=0 HTTP/1.0" 200 42473 "-" "Mozilla/5.0 (compatible; MJ12bot/v1.4.5; http://www.majestic12.co.uk/bot.php?+)"
198.245.51.90 - - [15/Jun/2015:21:40:54 +0300] "GET /index.php/15-%d0%ba%d0%be%d0%bc%d0%bf%d0%b0%d0%bd%d0%b8%d1%8f?start=5 HTTP/1.0" 200 44296 "-" "Mozilla/5.0 (compatible; MJ12bot/v1.4.5; http://www.majestic12.co.uk/bot.php?+)"
198.245.51.90 - - [15/Jun/2015:21:41:06 +0300] "GET /index.php/20-manufacturers/13-%d1%81%d0%be%d1%82%d1%80%d1%83%d0%b4%d0%bd%d0%b8%d1%87%d0%b5%d1%81%d1%82%d0%b2%d0%be-%d0%b8%d0%bd%d0%be%d1%81%d1%82%d1%80%d0%b0%d0%bd%d0%bd%d1%8b%d0%b5-%d0%b3%d1%80%d0%b0%d0%b6%d0%b4%d0%b0%d0%bd%d0%b5-%d0%b8-%d0%be%d1%80%d0%b3%d0%b0%d0%bd%d0%b8%d0%b7%d0%b0%d1%86%d0%b8%d0%b8 HTTP/1.0" 200 31831 "-" "Mozilla/5.0 (compatible; MJ12bot/v1.4.5; http://www.majestic12.co.uk/bot.php?+)"
198.245.51.90 - - [15/Jun/2015:21:41:14 +0300] "GET /index.php/20-manufacturers/18-%d1%81%d0%be%d1%82%d1%80%d1%83%d0%b4%d0%bd%d0%b8%d1%87%d0%b5%d1%81%d1%82%d0%b2%d0%be-%d1%81%d1%83%d0%b4%d0%be%d0%b2%d1%8b%d0%b5-%d0%b1%d1%80%d0%be%d0%ba%d0%b5%d1%80%d1%8b HTTP/1.0" 200 29166 "-" "Mozilla/5.0 (compatible; MJ12bot/v1.4.5; http://www.majestic12.co.uk/bot.php?+)"
198.245.51.90 - - [15/Jun/2015:21:41:22 +0300] "GET /index.php/20-manufacturers/19-%d1%81%d0%be%d1%82%d1%80%d1%83%d0%b4%d0%bd%d0%b8%d1%87%d0%b5%d1%81%d1%82%d0%b2%d0%be-%d1%81%d1%82%d1%80%d0%b0%d1%85%d0%be%d0%b2%d1%8b%d0%b5-%d0%ba%d0%be%d0%bc%d0%bf%d0%b0%d0%bd%d0%b8%d0%b8 HTTP/1.0" 200 30397 "-" "Mozilla/5.0 (compatible; MJ12bot/v1.4.5; http://www.majestic12.co.uk/bot.php?+)"
198.245.51.90 - - [15/Jun/2015:21:41:28 +0300] "GET /index.php/20-manufacturers/20-%d1%81%d0%be%d1%82%d1%80%d1%83%d0%b4%d0%bd%d0%b8%d1%87%d0%b5%d1%81%d1%82%d0%b2%d0%be-%d0%b1%d0%b0%d0%bd%d0%ba%d0%b8-%d0%b8-%d0%ba%d1%80%d0%b5%d0%b4%d0%b8%d1%82%d0%bd%d1%8b%d0%b5-%d1%83%d1%87%d1%80%d0%b5%d0%b6%d0%b4%d0%b5%d0%bd%d0%b8%d1%8f HTTP/1.0" 200 33960 "-" "Mozilla/5.0 (compatible; MJ12bot/v1.4.5; http://www.majestic12.co.uk/bot.php?+)"
198.245.51.90 - - [15/Jun/2015:21:41:31 +0300] "GET /index.php/21-2014-07-15-19-34-08/46-%d0%b7%d0%b0%d0%ba%d0%b0%d0%b7-%d0%be%d1%86%d0%b5%d0%bd%d0%ba%d0%b8 HTTP/1.0" 200 27447 "-" "Mozilla/5.0 (compatible; MJ12bot/v1.4.5; http://www.majestic12.co.uk/bot.php?+)"
198.245.51.90 - - [15/Jun/2015:21:41:34 +0300] "GET /index.php/component/content/15-%d0%ba%d0%be%d0%bc%d0%bf%d0%b0%d0%bd%d0%b8%d1%8f/5-page-break-example?Itemid=144 HTTP/1.0" 500 1969 "-" "Mozilla/5.0 (compatible; MJ12bot/v1.4.5; http://www.majestic12.co.uk/bot.php?+)"
198.245.51.90 - - [15/Jun/2015:21:41:36 +0300] "GET /index.php/component/content/21-2014-07-15-19-34-08/46-%d0%b7%d0%b0%d0%ba%d0%b0%d0%b7-%d0%be%d1%86%d0%b5%d0%bd%d0%ba%d0%b8?Itemid=175 HTTP/1.0" 500 1969 "-" "Mozilla/5.0 (compatible; MJ12bot/v1.4.5; http://www.majestic12.co.uk/bot.php?+)"
198.245.51.90 - - [15/Jun/2015:21:41:46 +0300] "GET /index.php/template-features/%d0%b2%d0%b5%d1%81%d1%8c-%d0%bf%d0%b5%d1%80%d0%b5%d1%87%d0%b5%d0%bd%d1%8c-%d1%83%d1%81%d0%bb%d1%83%d0%b3-%d0%ba%d0%be%d0%bc%d0%bf%d0%b0%d0%bd%d0%b8%d0%b8 HTTP/1.0" 200 30975 "-" "Mozilla/5.0 (compatible; MJ12bot/v1.4.5; http://www.majestic12.co.uk/bot.php?+)"
198.245.51.90 - - [15/Jun/2015:21:42:00 +0300] "GET /index.php/template-features/%d0%b2%d0%b5%d1%81%d1%8c-%d0%bf%d0%b5%d1%80%d0%b5%d1%87%d0%b5%d0%bd%d1%8c-%d1%83%d1%81%d0%bb%d1%83%d0%b3-%d0%ba%d0%be%d0%bc%d0%bf%d0%b0%d0%bd%d0%b8%d0%b8/2013-04-26-17-20-57 HTTP/1.0" 200 44249 "-" "Mozilla/5.0 (compatible; MJ12bot/v1.4.5; http://www.majestic12.co.uk/bot.php?+)"
198.245.51.90 - - [15/Jun/2015:21:42:10 +0300] "GET /index.php/template-features/%d0%b2%d0%b5%d1%81%d1%8c-%d0%bf%d0%b5%d1%80%d0%b5%d1%87%d0%b5%d0%bd%d1%8c-%d1%83%d1%81%d0%bb%d1%83%d0%b3-%d0%ba%d0%be%d0%bc%d0%bf%d0%b0%d0%bd%d0%b8%d0%b8/archived-articles HTTP/1.0" 200 37936 "-" "Mozilla/5.0 (compatible; MJ12bot/v1.4.5; http://www.majestic12.co.uk/bot.php?+)"
198.245.51.90 - - [15/Jun/2015:21:42:18 +0300] "GET /index.php/template-features/%d0%b2%d0%b5%d1%81%d1%8c-%d0%bf%d0%b5%d1%80%d0%b5%d1%87%d0%b5%d0%bd%d1%8c-%d1%83%d1%81%d0%bb%d1%83%d0%b3-%d0%ba%d0%be%d0%bc%d0%bf%d0%b0%d0%bd%d0%b8%d0%b8/by-author HTTP/1.0" 200 41702 "-" "Mozilla/5.0 (compatible; MJ12bot/v1.4.5; http://www.majestic12.co.uk/bot.php?+)"
198.245.51.90 - - [15/Jun/2015:21:42:29 +0300] "GET /index.php/template-features/%d0%b2%d0%b5%d1%81%d1%8c-%d0%bf%d0%b5%d1%80%d0%b5%d1%87%d0%b5%d0%bd%d1%8c-%d1%83%d1%81%d0%bb%d1%83%d0%b3-%d0%ba%d0%be%d0%bc%d0%bf%d0%b0%d0%bd%d0%b8%d0%b8/by-hits HTTP/1.0" 200 44094 "-" "Mozilla/5.0 (compatible; MJ12bot/v1.4.5; http://www.majestic12.co.uk/bot.php?+)"
198.245.51.90 - - [15/Jun/2015:21:42:39 +0300] "GET /index.php/template-features/%d0%b2%d0%b5%d1%81%d1%8c-%d0%bf%d0%b5%d1%80%d0%b5%d1%87%d0%b5%d0%bd%d1%8c-%d1%83%d1%81%d0%bb%d1%83%d0%b3-%d0%ba%d0%be%d0%bc%d0%bf%d0%b0%d0%bd%d0%b8%d0%b8/by-title HTTP/1.0" 200 44167 "-" "Mozilla/5.0 (compatible; MJ12bot/v1.4.5; http://www.majestic12.co.uk/bot.php?+)"
198.245.51.90 - - [15/Jun/2015:21:42:42 +0300] "GET /index.php/template-features/%d0%b2%d0%b5%d1%81%d1%8c-%d0%bf%d0%b5%d1%80%d0%b5%d1%87%d0%b5%d0%bd%d1%8c-%d1%83%d1%81%d0%bb%d1%83%d0%b3-%d0%ba%d0%be%d0%bc%d0%bf%d0%b0%d0%bd%d0%b8%d0%b8/category-blog HTTP/1.0" 200 41418 "-" "Mozilla/5.0 (compatible; MJ12bot/v1.4.5; http://www.majestic12.co.uk/bot.php?+)"
198.245.51.90 - - [15/Jun/2015:21:42:54 +0300] "GET /index.php/template-features/%d0%b2%d0%b5%d1%81%d1%8c-%d0%bf%d0%b5%d1%80%d0%b5%d1%87%d0%b5%d0%bd%d1%8c-%d1%83%d1%81%d0%bb%d1%83%d0%b3-%d0%ba%d0%be%d0%bc%d0%bf%d0%b0%d0%bd%d0%b8%d0%b8/category-list HTTP/1.0" 200 43465 "-" "Mozilla/5.0 (compatible; MJ12bot/v1.4.5; http://www.majestic12.co.uk/bot.php?+)"
198.245.51.90 - - [15/Jun/2015:21:43:00 +0300] "GET /index.php/template-features/%d0%b2%d0%b5%d1%81%d1%8c-%d0%bf%d0%b5%d1%80%d0%b5%d1%87%d0%b5%d0%bd%d1%8c-%d1%83%d1%81%d0%bb%d1%83%d0%b3-%d0%ba%d0%be%d0%bc%d0%bf%d0%b0%d0%bd%d0%b8%d0%b8/featured-articles HTTP/1.0" 200 42536 "-" "Mozilla/5.0 (compatible; MJ12bot/v1.4.5; http://www.majestic12.co.uk/bot.php?+)"
198.245.51.90 - - [15/Jun/2015:21:43:14 +0300] "GET /index.php/template-features/%d0%b2%d0%b5%d1%81%d1%8c-%d0%bf%d0%b5%d1%80%d0%b5%d1%87%d0%b5%d0%bd%d1%8c-%d1%83%d1%81%d0%bb%d1%83%d0%b3-%d0%ba%d0%be%d0%bc%d0%bf%d0%b0%d0%bd%d0%b8%d0%b8/featured-contacts HTTP/1.0" 200 41075 "-" "Mozilla/5.0 (compatible; MJ12bot/v1.4.5; http://www.majestic12.co.uk/bot.php?+)"
198.245.51.90 - - [15/Jun/2015:21:43:26 +0300] "GET /index.php/template-features/%d0%b2%d0%b5%d1%81%d1%8c-%d0%bf%d0%b5%d1%80%d0%b5%d1%87%d0%b5%d0%bd%d1%8c-%d1%83%d1%81%d0%bb%d1%83%d0%b3-%d0%ba%d0%be%d0%bc%d0%bf%d0%b0%d0%bd%d0%b8%d0%b8/password-reset HTTP/1.0" 200 44073 "-" "Mozilla/5.0 (compatible; MJ12bot/v1.4.5; http://www.majestic12.co.uk/bot.php?+)"
198.245.51.90 - - [15/Jun/2015:21:43:40 +0300] "GET /index.php/template-features/%d0%b2%d0%b5%d1%81%d1%8c-%d0%bf%d0%b5%d1%80%d0%b5%d1%87%d0%b5%d0%bd%d1%8c-%d1%83%d1%81%d0%bb%d1%83%d0%b3-%d0%ba%d0%be%d0%bc%d0%bf%d0%b0%d0%bd%d0%b8%d0%b8/registration-form HTTP/1.0" 200 42660 "-" "Mozilla/5.0 (compatible; MJ12bot/v1.4.5; http://www.majestic12.co.uk/bot.php?+)"
198.245.51.90 - - [15/Jun/2015:21:44:08 +0300] "GET /index.php/template-features/%d0%b2%d0%b5%d1%81%d1%8c-%d0%bf%d0%b5%d1%80%d0%b5%d1%87%d0%b5%d0%bd%d1%8c-%d1%83%d1%81%d0%bb%d1%83%d0%b3-%d0%ba%d0%be%d0%bc%d0%bf%d0%b0%d0%bd%d0%b8%d0%b8/single-contact HTTP/1.0" 200 40824 "-" "Mozilla/5.0 (compatible; MJ12bot/v1.4.5; http://www.majestic12.co.uk/bot.php?+)"
198.245.51.90 - - [15/Jun/2015:21:44:11 +0300] "GET /index.php/template-features/%d0%b2%d0%b5%d1%81%d1%8c-%d0%bf%d0%b5%d1%80%d0%b5%d1%87%d0%b5%d0%bd%d1%8c-%d1%83%d1%81%d0%bb%d1%83%d0%b3-%d0%ba%d0%be%d0%bc%d0%bf%d0%b0%d0%bd%d0%b8%d0%b8/submit-a-web-link HTTP/1.0" 200 43114 "-" "Mozilla/5.0 (compatible; MJ12bot/v1.4.5; http://www.majestic12.co.uk/bot.php?+)"
198.245.51.90 - - [15/Jun/2015:21:44:14 +0300] "GET /index.php/template-features/%d0%b2%d0%b5%d1%81%d1%8c-%d0%bf%d0%b5%d1%80%d0%b5%d1%87%d0%b5%d0%bd%d1%8c-%d1%83%d1%81%d0%bb%d1%83%d0%b3-%d0%ba%d0%be%d0%bc%d0%bf%d0%b0%d0%bd%d0%b8%d0%b8/username-reminder-request HTTP/1.0" 200 40196 "-" "Mozilla/5.0 (compatible; MJ12bot/v1.4.5; http://www.majestic12.co.uk/bot.php?+)"
198.245.51.90 - - [15/Jun/2015:21:44:30 +0300] "GET /index.php/template-features/%d1%83%d1%81%d0%bb%d1%83%d0%b3%d0%b8-%d0%b3%d0%be%d1%81%d1%83%d0%b4%d0%b0%d1%80%d1%81%d1%82%d0%b2%d0%b5%d0%bd%d0%bd%d1%8b%d0%bc-%d1%83%d1%87%d1%80%d0%b5%d0%b6%d0%b4%d0%b5%d0%bd%d0%b8%d1%8f%d0%bc HTTP/1.0" 200 34281 "-" "Mozilla/5.0 (compatible; MJ12bot/v1.4.5; http://www.majestic12.co.uk/bot.php?+)"
198.245.51.90 - - [15/Jun/2015:21:44:40 +0300] "GET /index.php/template-features/%d1%83%d1%81%d0%bb%d1%83%d0%b3%d0%b8-%d0%ba%d0%be%d0%bc%d0%bf%d0%b0%d0%bd%d0%b8%d1%8f%d0%bc HTTP/1.0" 200 36167 "-" "Mozilla/5.0 (compatible; MJ12bot/v1.4.5; http://www.majestic12.co.uk/bot.php?+)"
198.245.51.90 - - [15/Jun/2015:21:44:48 +0300] "GET /index.php/template-features/%d1%83%d1%81%d0%bb%d1%83%d0%b3%d0%b8-%d0%ba%d0%be%d0%bc%d0%bf%d0%b0%d0%bd%d0%b8%d1%8f%d0%bc/user-profile HTTP/1.0" 200 52393 "-" "Mozilla/5.0 (compatible; MJ12bot/v1.4.5; http://www.majestic12.co.uk/bot.php?+)"
198.245.51.90 - - [15/Jun/2015:21:45:05 +0300] "GET /index.php/template-features/%d1%83%d1%81%d0%bb%d1%83%d0%b3%d0%b8-%d1%87%d0%b0%d1%81%d1%82%d0%bd%d1%8b%d0%bc-%d0%bb%d0%b8%d1%86%d0%b0%d0%bc HTTP/1.0" 200 35090 "-" "Mozilla/5.0 (compatible; MJ12bot/v1.4.5; http://www.majestic12.co.uk/bot.php?+)"
198.245.51.90 - - [15/Jun/2015:21:45:18 +0300] "GET /index.php/template-features/%d1%83%d1%81%d0%bb%d1%83%d0%b3%d0%b8-%d1%87%d0%b0%d1%81%d1%82%d0%bd%d1%8b%d0%bc-%d0%bb%d0%b8%d1%86%d0%b0%d0%bc/single-article HTTP/1.0" 200 40103 "-" "Mozilla/5.0 (compatible; MJ12bot/v1.4.5; http://www.majestic12.co.uk/bot.php?+)"
198.245.51.90 - - [15/Jun/2015:21:45:20 +0300] "GET /index.php/template-features/%d0%b2%d0%b5%d1%81%d1%8c-%d0%bf%d0%b5%d1%80%d0%b5%d1%87%d0%b5%d0%bd%d1%8c-%d1%83%d1%81%d0%bb%d1%83%d0%b3-%d0%ba%d0%be%d0%bc%d0%bf%d0%b0%d0%bd%d0%b8%d0%b8/by-title?id=15:archive-article-i HTTP/1.0" 404 1969 "-" "Mozilla/5.0 (compatible; MJ12bot/v1.4.5; http://www.majestic12.co.uk/bot.php?+)"
198.245.51.90 - - [15/Jun/2015:21:45:24 +0300] "GET /index.php/template-features/%d0%b2%d0%b5%d1%81%d1%8c-%d0%bf%d0%b5%d1%80%d0%b5%d1%87%d0%b5%d0%bd%d1%8c-%d1%83%d1%81%d0%bb%d1%83%d0%b3-%d0%ba%d0%be%d0%bc%d0%bf%d0%b0%d0%bd%d0%b8%d0%b8/by-title?id=16:archive-article-ii HTTP/1.0" 404 1969 "-" "Mozilla/5.0 (compatible; MJ12bot/v1.4.5; http://www.majestic12.co.uk/bot.php?+)"
198.245.51.90 - - [15/Jun/2015:21:45:27 +0300] "GET /index.php/template-features/%d0%b2%d0%b5%d1%81%d1%8c-%d0%bf%d0%b5%d1%80%d0%b5%d1%87%d0%b5%d0%bd%d1%8c-%d1%83%d1%81%d0%bb%d1%83%d0%b3-%d0%ba%d0%be%d0%bc%d0%bf%d0%b0%d0%bd%d0%b8%d0%b8/by-title?id=17:archive-article-iii HTTP/1.0" 404 1969 "-" "Mozilla/5.0 (compatible; MJ12bot/v1.4.5; http://www.majestic12.co.uk/bot.php?+)"
198.245.51.90 - - [15/Jun/2015:21:45:34 +0300] "GET /index.php/template-features/%d0%b2%d0%b5%d1%81%d1%8c-%d0%bf%d0%b5%d1%80%d0%b5%d1%87%d0%b5%d0%bd%d1%8c-%d1%83%d1%81%d0%bb%d1%83%d0%b3-%d0%ba%d0%be%d0%bc%d0%bf%d0%b0%d0%bd%d0%b8%d0%b8/by-title?view=archive HTTP/1.0" 200 36636 "-" "Mozilla/5.0 (compatible; MJ12bot/v1.4.5; http://www.majestic12.co.uk/bot.php?+)"
198.245.51.90 - - [15/Jun/2015:21:45:40 +0300] "GET /index.php/template-features/%d0%b2%d0%b5%d1%81%d1%8c-%d0%bf%d0%b5%d1%80%d0%b5%d1%87%d0%b5%d0%bd%d1%8c-%d1%83%d1%81%d0%bb%d1%83%d0%b3-%d0%ba%d0%be%d0%bc%d0%bf%d0%b0%d0%bd%d0%b8%d0%b8/single-news-feed HTTP/1.0" 404 1969 "-" "Mozilla/5.0 (compatible; MJ12bot/v1.4.5; http://www.majestic12.co.uk/bot.php?+)"
198.245.51.90 - - [15/Jun/2015:21:45:53 +0300] "GET /index.php/%d0%be-%d0%ba%d0%be%d0%bc%d0%bf%d0%b0%d0%bd%d0%b8%d0%b8/login-form/b2jcontact?bid=1 HTTP/1.0" 200 33423 "-" "Mozilla/5.0 (compatible; MJ12bot/v1.4.5; http://www.majestic12.co.uk/bot.php?+)"
198.245.51.90 - - [15/Jun/2015:21:46:02 +0300] "GET /index.php/%d0%be-%d0%ba%d0%be%d0%bc%d0%bf%d0%b0%d0%bd%d0%b8%d0%b8/%d0%ba%d0%be%d0%bc%d0%b0%d0%bd%d0%b4%d0%b0-%d0%be%d1%86%d0%b5%d0%bd%d1%89%d0%b8%d0%ba%d0%be%d0%b2-%d0%b8-%d0%ba%d0%be%d0%bd%d1%81%d1%83%d0%bb%d1%8c%d1%82%d0%b0%d0%bd%d1%82%d0%be%d0%b2 HTTP/1.0" 200 27336 "-" "Mozilla/5.0 (compatible; MJ12bot/v1.4.5; http://www.majestic12.co.uk/bot.php?+)"
91.221.70.27 - - [15/Jun/2015:22:08:59 +0300] "GET /index.php/template-features/xd0xb2xd0xb5xd1x81xd1x8c-xd0xbfxd0xb5xd1x80xd0xb5xd1x87xd0xb5xd0xbdxd1x8c-xd1x83xd1x81xd0xbbxd1x83xd0xb3-xd0xbaxd0xbexd0xbcxd0xbfxd0xb0xd0xbdxd0xb8xd0xb8/featured-contacts HTTP/1.0" 200 41065 "-" "Mozilla/5.0 (compatible; MSIE 10.0; Windows NT 6.1; WOW64; Trident/6.0)"
109.236.90.141 - - [15/Jun/2015:22:22:59 +0300] "GET /administrator/index.php HTTP/1.0" 200 6774 "-" "Mozilla/5.0 (Windows NT 5.1; rv:29.0) Gecko/20100101 Firefox/29.0"
109.236.90.141 - - [15/Jun/2015:22:23:00 +0300] "POST /administrator/index.php HTTP/1.0" 303 - "-" "Mozilla/5.0 (Windows NT 5.1; rv:29.0) Gecko/20100101 Firefox/29.0"
109.236.90.141 - - [15/Jun/2015:22:23:01 +0300] "GET /administrator/index.php HTTP/1.0" 200 6992 "-" "Mozilla/5.0 (Windows NT 5.1; rv:29.0) Gecko/20100101 Firefox/29.0"
5.255.253.203 - - [15/Jun/2015:23:24:22 +0300] "GET / HTTP/1.0" 200 27907 "-" "Mozilla/5.0 (compatible; YandexBot/3.0; +http://yandex.com/bots)"
citiex@www.citiex.ru.log000644 000000 000120 00000116504 12540104600 015445 0ustar00rootwww000000 000000 37.9.118.28 - - [16/Jun/2015:00:17:30 +0300] "GET / HTTP/1.0" 200 27907 "-" "Mozilla/5.0 (compatible; YandexMetrika/2.0; +http://yandex.com/bots mtmon01i.yandex.ru)"
207.46.13.56 - - [16/Jun/2015:00:29:20 +0300] "GET /robots.txt HTTP/1.0" 200 865 "-" "Mozilla/5.0 (compatible; bingbot/2.0; +http://www.bing.com/bingbot.htm)"
207.46.13.56 - - [16/Jun/2015:00:29:41 +0300] "GET /index.php/template-features/%d1%83%d1%81%d0%bb%d1%83%d0%b3%d0%b8-%d0%ba%d0%be%d0%bc%d0%bf%d0%b0%d0%bd%d0%b8%d1%8f%d0%bc HTTP/1.0" 200 36007 "-" "Mozilla/5.0 (compatible; bingbot/2.0; +http://www.bing.com/bingbot.htm)"
213.180.206.196 - - [16/Jun/2015:01:22:05 +0300] "GET / HTTP/1.0" 200 27907 "-" "Mozilla/5.0 (compatible; YandexMetrika/2.0; +http://yandex.com/bots mtmon01g.yandex.ru)"
5.255.253.203 - - [16/Jun/2015:02:10:41 +0300] "GET / HTTP/1.0" 200 27907 "-" "Mozilla/5.0 (compatible; YandexBot/3.0; +http://yandex.com/bots)"
95.108.129.196 - - [16/Jun/2015:02:25:56 +0300] "GET / HTTP/1.0" 200 27907 "-" "Mozilla/5.0 (compatible; YandexMetrika/2.0; +http://yandex.com/bots mtmon01e.yandex.ru)"
66.249.65.225 - - [16/Jun/2015:03:00:41 +0300] "GET / HTTP/1.0" 200 28047 "-" "Mozilla/5.0 (compatible; Googlebot/2.1; +http://www.google.com/bot.html)"
185.60.133.162 - - [16/Jun/2015:03:56:36 +0300] "GET / HTTP/1.0" 200 27926 "-" "-"
5.255.253.127 - - [16/Jun/2015:04:12:06 +0300] "GET / HTTP/1.0" 200 27907 "-" "Mozilla/5.0 (compatible; YandexBot/3.0; +http://yandex.com/bots)"
37.9.118.28 - - [16/Jun/2015:06:33:29 +0300] "GET / HTTP/1.0" 200 27907 "-" "Mozilla/5.0 (compatible; YandexMetrika/2.0; +http://yandex.com/bots mtmon01i.yandex.ru)"
5.255.253.203 - - [16/Jun/2015:06:35:22 +0300] "GET /robots.txt HTTP/1.0" 200 865 "-" "Mozilla/5.0 (compatible; YandexBot/3.0; +http://yandex.com/bots)"
5.255.253.203 - - [16/Jun/2015:06:35:24 +0300] "GET / HTTP/1.0" 200 27907 "-" "Mozilla/5.0 (compatible; YandexBot/3.0; +http://yandex.com/bots)"
213.180.206.196 - - [16/Jun/2015:07:35:49 +0300] "GET / HTTP/1.0" 200 27907 "-" "Mozilla/5.0 (compatible; YandexMetrika/2.0; +http://yandex.com/bots mtmon01g.yandex.ru)"
213.180.206.198 - - [16/Jun/2015:08:03:28 +0300] "GET / HTTP/1.0" 200 27907 "-" "Mozilla/5.0 (compatible; YandexMetrika/2.0; +http://yandex.com/bots)"
95.108.129.196 - - [16/Jun/2015:08:32:25 +0300] "GET / HTTP/1.0" 200 27907 "-" "Mozilla/5.0 (compatible; YandexMetrika/2.0; +http://yandex.com/bots mtmon01e.yandex.ru)"
74.111.12.201 - - [16/Jun/2015:08:35:56 +0300] "GET /robots.txt HTTP/1.0" 200 865 "-" "Mozilla/5.0 (compatible; MJ12bot/v1.4.5; http://www.majestic12.co.uk/bot.php?+)"
74.111.12.201 - - [16/Jun/2015:08:35:57 +0300] "GET /index.php/%d0%be-%d0%ba%d0%be%d0%bc%d0%bf%d0%b0%d0%bd%d0%b8%d0%b8 HTTP/1.0" 200 29072 "-" "Mozilla/5.0 (compatible; MJ12bot/v1.4.5; http://www.majestic12.co.uk/bot.php?+)"
74.111.12.201 - - [16/Jun/2015:08:36:00 +0300] "GET /robots.txt HTTP/1.0" 200 865 "-" "Mozilla/5.0 (compatible; MJ12bot/v1.4.5; http://www.majestic12.co.uk/bot.php?+)"
74.111.12.201 - - [16/Jun/2015:08:36:03 +0300] "GET /index.php/20-manufacturers/21-%d1%81%d0%be%d1%82%d1%80%d1%83%d0%b4%d0%bd%d0%b8%d1%87%d0%b5%d1%81%d1%82%d0%b2%d0%be-%d0%b0%d0%b3%d0%b5%d0%bd%d1%82%d1%81%d1%82%d0%b2%d0%b0-%d0%bd%d0%b5%d0%b4%d0%b2%d0%b8%d0%b6%d0%b8%d0%bc%d0%be%d1%81%d1%82%d0%b8 HTTP/1.0" 200 30871 "-" "Mozilla/5.0 (compatible; MJ12bot/v1.4.5; http://www.majestic12.co.uk/bot.php?+)"
5.255.253.203 - - [16/Jun/2015:08:44:29 +0300] "GET / HTTP/1.0" 200 27907 "-" "Mozilla/5.0 (compatible; YandexBot/3.0; +http://yandex.com/bots)"
46.28.110.100 - - [16/Jun/2015:09:07:09 +0300] "GET /robots.txt HTTP/1.0" 200 865 "-" "Mozilla/5.0 (compatible; MJ12bot/v1.4.5; http://www.majestic12.co.uk/bot.php?+)"
46.28.110.100 - - [16/Jun/2015:09:07:11 +0300] "GET /index.php/%d0%be-%d0%ba%d0%be%d0%bc%d0%bf%d0%b0%d0%bd%d0%b8%d0%b8 HTTP/1.0" 200 29072 "-" "Mozilla/5.0 (compatible; MJ12bot/v1.4.5; http://www.majestic12.co.uk/bot.php?+)"
46.28.110.100 - - [16/Jun/2015:09:07:13 +0300] "GET /robots.txt HTTP/1.0" 200 865 "-" "Mozilla/5.0 (compatible; MJ12bot/v1.4.5; http://www.majestic12.co.uk/bot.php?+)"
46.28.110.100 - - [16/Jun/2015:09:07:15 +0300] "GET /index.php/%d0%be-%d0%ba%d0%be%d0%bc%d0%bf%d0%b0%d0%bd%d0%b8%d0%b8/%d0%ba%d0%bb%d0%b8%d0%b5%d0%bd%d1%82%d1%8b-%d0%b8-%d0%bf%d0%b0%d1%80%d1%82%d0%bd%d0%b5%d1%80%d1%8b-%d0%ba%d0%be%d0%bc%d0%bf%d0%b0%d0%bd%d0%b8%d0%b8 HTTP/1.0" 200 26194 "-" "Mozilla/5.0 (compatible; MJ12bot/v1.4.5; http://www.majestic12.co.uk/bot.php?+)"
46.28.110.100 - - [16/Jun/2015:09:07:17 +0300] "GET /index.php/%d0%be-%d0%ba%d0%be%d0%bc%d0%bf%d0%b0%d0%bd%d0%b8%d0%b8/%d0%ba%d0%be%d0%bd%d1%82%d0%b0%d0%ba%d1%82%d0%bd%d0%b0%d1%8f-%d0%b8%d0%bd%d1%84%d0%be%d1%80%d0%bc%d0%b0%d1%86%d0%b8%d1%8f HTTP/1.0" 200 30454 "-" "Mozilla/5.0 (compatible; MJ12bot/v1.4.5; http://www.majestic12.co.uk/bot.php?+)"
46.28.110.100 - - [16/Jun/2015:09:07:20 +0300] "GET /index.php/%d0%be-%d0%ba%d0%be%d0%bc%d0%bf%d0%b0%d0%bd%d0%b8%d0%b8/%d0%bc%d0%b8%d1%81%d1%81%d0%b8%d1%8f-%d0%b8-%d0%bf%d1%80%d0%b8%d0%bd%d1%86%d0%b8%d0%bf-%d0%b4%d0%b5%d1%8f%d1%82%d0%b5%d0%bb%d1%8c%d0%bd%d0%be%d1%81%d1%82%d0%b8 HTTP/1.0" 200 30709 "-" "Mozilla/5.0 (compatible; MJ12bot/v1.4.5; http://www.majestic12.co.uk/bot.php?+)"
46.28.110.100 - - [16/Jun/2015:09:07:22 +0300] "GET /index.php/%d0%be-%d0%ba%d0%be%d0%bc%d0%bf%d0%b0%d0%bd%d0%b8%d0%b8/login-form HTTP/1.0" 200 33255 "-" "Mozilla/5.0 (compatible; MJ12bot/v1.4.5; http://www.majestic12.co.uk/bot.php?+)"
46.28.110.100 - - [16/Jun/2015:09:07:25 +0300] "GET /index.php/%d0%be-%d0%ba%d0%be%d0%bc%d0%bf%d0%b0%d0%bd%d0%b8%d0%b8/login-form/b2jcontact HTTP/1.0" 200 33271 "-" "Mozilla/5.0 (compatible; MJ12bot/v1.4.5; http://www.majestic12.co.uk/bot.php?+)"
46.28.110.100 - - [16/Jun/2015:09:07:29 +0300] "GET /index.php/%d0%be-%d0%ba%d0%be%d0%bc%d0%bf%d0%b0%d0%bd%d0%b8%d0%b8/module-positions HTTP/1.0" 200 23918 "-" "Mozilla/5.0 (compatible; MJ12bot/v1.4.5; http://www.majestic12.co.uk/bot.php?+)"
46.28.110.100 - - [16/Jun/2015:09:07:30 +0300] "GET /robots.txt HTTP/1.0" 200 865 "-" "Mozilla/5.0 (compatible; MJ12bot/v1.4.5; http://www.majestic12.co.uk/bot.php?+)"
46.28.110.100 - - [16/Jun/2015:09:07:33 +0300] "GET /index.php/15-%d0%ba%d0%be%d0%bc%d0%bf%d0%b0%d0%bd%d0%b8%d1%8f HTTP/1.0" 200 42320 "-" "Mozilla/5.0 (compatible; MJ12bot/v1.4.5; http://www.majestic12.co.uk/bot.php?+)"
46.28.110.100 - - [16/Jun/2015:09:07:36 +0300] "GET /index.php/15-%d0%ba%d0%be%d0%bc%d0%bf%d0%b0%d0%bd%d0%b8%d1%8f/36-vestibulum-id-ligula-porta-felis-euismod-semper HTTP/1.0" 200 25796 "-" "Mozilla/5.0 (compatible; MJ12bot/v1.4.5; http://www.majestic12.co.uk/bot.php?+)"
46.28.110.100 - - [16/Jun/2015:09:07:38 +0300] "GET /index.php/15-%d0%ba%d0%be%d0%bc%d0%bf%d0%b0%d0%bd%d0%b8%d1%8f/5-page-break-example HTTP/1.0" 200 23266 "-" "Mozilla/5.0 (compatible; MJ12bot/v1.4.5; http://www.majestic12.co.uk/bot.php?+)"
46.28.110.100 - - [16/Jun/2015:09:07:42 +0300] "GET /index.php/15-%d0%ba%d0%be%d0%bc%d0%bf%d0%b0%d0%bd%d0%b8%d1%8f?format=feed&type=atom HTTP/1.0" 200 76711 "-" "Mozilla/5.0 (compatible; MJ12bot/v1.4.5; http://www.majestic12.co.uk/bot.php?+)"
46.28.110.100 - - [16/Jun/2015:09:07:45 +0300] "GET /index.php/15-%d0%ba%d0%be%d0%bc%d0%bf%d0%b0%d0%bd%d0%b8%d1%8f?format=feed&type=rss HTTP/1.0" 200 37897 "-" "Mozilla/5.0 (compatible; MJ12bot/v1.4.5; http://www.majestic12.co.uk/bot.php?+)"
46.28.110.100 - - [16/Jun/2015:09:07:48 +0300] "GET /index.php/15-%d0%ba%d0%be%d0%bc%d0%bf%d0%b0%d0%bd%d0%b8%d1%8f?limitstart=0 HTTP/1.0" 200 42333 "-" "Mozilla/5.0 (compatible; MJ12bot/v1.4.5; http://www.majestic12.co.uk/bot.php?+)"
46.28.110.100 - - [16/Jun/2015:09:07:51 +0300] "GET /index.php/15-%d0%ba%d0%be%d0%bc%d0%bf%d0%b0%d0%bd%d0%b8%d1%8f?start=5 HTTP/1.0" 200 44156 "-" "Mozilla/5.0 (compatible; MJ12bot/v1.4.5; http://www.majestic12.co.uk/bot.php?+)"
46.28.110.100 - - [16/Jun/2015:09:07:54 +0300] "GET /index.php/20-manufacturers/13-%d1%81%d0%be%d1%82%d1%80%d1%83%d0%b4%d0%bd%d0%b8%d1%87%d0%b5%d1%81%d1%82%d0%b2%d0%be-%d0%b8%d0%bd%d0%be%d1%81%d1%82%d1%80%d0%b0%d0%bd%d0%bd%d1%8b%d0%b5-%d0%b3%d1%80%d0%b0%d0%b6%d0%b4%d0%b0%d0%bd%d0%b5-%d0%b8-%d0%be%d1%80%d0%b3%d0%b0%d0%bd%d0%b8%d0%b7%d0%b0%d1%86%d0%b8%d0%b8 HTTP/1.0" 200 31663 "-" "Mozilla/5.0 (compatible; MJ12bot/v1.4.5; http://www.majestic12.co.uk/bot.php?+)"
46.28.110.100 - - [16/Jun/2015:09:07:58 +0300] "GET /index.php/20-manufacturers/18-%d1%81%d0%be%d1%82%d1%80%d1%83%d0%b4%d0%bd%d0%b8%d1%87%d0%b5%d1%81%d1%82%d0%b2%d0%be-%d1%81%d1%83%d0%b4%d0%be%d0%b2%d1%8b%d0%b5-%d0%b1%d1%80%d0%be%d0%ba%d0%b5%d1%80%d1%8b HTTP/1.0" 200 29006 "-" "Mozilla/5.0 (compatible; MJ12bot/v1.4.5; http://www.majestic12.co.uk/bot.php?+)"
46.28.110.100 - - [16/Jun/2015:09:08:01 +0300] "GET /index.php/20-manufacturers/19-%d1%81%d0%be%d1%82%d1%80%d1%83%d0%b4%d0%bd%d0%b8%d1%87%d0%b5%d1%81%d1%82%d0%b2%d0%be-%d1%81%d1%82%d1%80%d0%b0%d1%85%d0%be%d0%b2%d1%8b%d0%b5-%d0%ba%d0%be%d0%bc%d0%bf%d0%b0%d0%bd%d0%b8%d0%b8 HTTP/1.0" 200 30229 "-" "Mozilla/5.0 (compatible; MJ12bot/v1.4.5; http://www.majestic12.co.uk/bot.php?+)"
46.28.110.100 - - [16/Jun/2015:09:08:04 +0300] "GET /index.php/20-manufacturers/20-%d1%81%d0%be%d1%82%d1%80%d1%83%d0%b4%d0%bd%d0%b8%d1%87%d0%b5%d1%81%d1%82%d0%b2%d0%be-%d0%b1%d0%b0%d0%bd%d0%ba%d0%b8-%d0%b8-%d0%ba%d1%80%d0%b5%d0%b4%d0%b8%d1%82%d0%bd%d1%8b%d0%b5-%d1%83%d1%87%d1%80%d0%b5%d0%b6%d0%b4%d0%b5%d0%bd%d0%b8%d1%8f HTTP/1.0" 200 33792 "-" "Mozilla/5.0 (compatible; MJ12bot/v1.4.5; http://www.majestic12.co.uk/bot.php?+)"
