46.28.110.100 - - [16/Jun/2015:09:08:07 +0300] "GET /index.php/20-manufacturers/21-%d1%81%d0%be%d1%82%d1%80%d1%83%d0%b4%d0%bd%d0%b8%d1%87%d0%b5%d1%81%d1%82%d0%b2%d0%be-%d0%b0%d0%b3%d0%b5%d0%bd%d1%82%d1%81%d1%82%d0%b2%d0%b0-%d0%bd%d0%b5%d0%b4%d0%b2%d0%b8%d0%b6%d0%b8%d0%bc%d0%be%d1%81%d1%82%d0%b8 HTTP/1.0" 200 30703 "-" "Mozilla/5.0 (compatible; MJ12bot/v1.4.5; http://www.majestic12.co.uk/bot.php?+)"
46.28.110.100 - - [16/Jun/2015:09:08:10 +0300] "GET /index.php/20-manufacturers/22-%d1%81%d0%be%d1%82%d1%80%d1%83%d0%b4%d0%bd%d0%b8%d1%87%d0%b5%d1%81%d1%82%d0%b2%d0%be-%d0%be%d1%86%d0%b5%d0%bd%d0%be%d1%87%d0%bd%d1%8b%d0%b5-%d0%ba%d0%be%d0%bc%d0%bf%d0%b0%d0%bd%d0%b8%d0%b8 HTTP/1.0" 200 34994 "-" "Mozilla/5.0 (compatible; MJ12bot/v1.4.5; http://www.majestic12.co.uk/bot.php?+)"
46.28.110.100 - - [16/Jun/2015:09:08:13 +0300] "GET /index.php/21-2014-07-15-19-34-08/46-%d0%b7%d0%b0%d0%ba%d0%b0%d0%b7-%d0%be%d1%86%d0%b5%d0%bd%d0%ba%d0%b8 HTTP/1.0" 200 27287 "-" "Mozilla/5.0 (compatible; MJ12bot/v1.4.5; http://www.majestic12.co.uk/bot.php?+)"
46.28.110.100 - - [16/Jun/2015:09:08:16 +0300] "GET /index.php/component/content/15-%d0%ba%d0%be%d0%bc%d0%bf%d0%b0%d0%bd%d0%b8%d1%8f/5-page-break-example?Itemid=144 HTTP/1.0" 500 1961 "-" "Mozilla/5.0 (compatible; MJ12bot/v1.4.5; http://www.majestic12.co.uk/bot.php?+)"
46.28.110.100 - - [16/Jun/2015:09:08:19 +0300] "GET /index.php/component/content/21-2014-07-15-19-34-08/46-%d0%b7%d0%b0%d0%ba%d0%b0%d0%b7-%d0%be%d1%86%d0%b5%d0%bd%d0%ba%d0%b8?Itemid=175 HTTP/1.0" 500 1961 "-" "Mozilla/5.0 (compatible; MJ12bot/v1.4.5; http://www.majestic12.co.uk/bot.php?+)"
46.28.110.100 - - [16/Jun/2015:09:08:22 +0300] "GET /index.php/template-features/%d0%b2%d0%b5%d1%81%d1%8c-%d0%bf%d0%b5%d1%80%d0%b5%d1%87%d0%b5%d0%bd%d1%8c-%d1%83%d1%81%d0%bb%d1%83%d0%b3-%d0%ba%d0%be%d0%bc%d0%bf%d0%b0%d0%bd%d0%b8%d0%b8 HTTP/1.0" 200 30815 "-" "Mozilla/5.0 (compatible; MJ12bot/v1.4.5; http://www.majestic12.co.uk/bot.php?+)"
46.28.110.100 - - [16/Jun/2015:09:08:25 +0300] "GET /index.php/template-features/%d0%b2%d0%b5%d1%81%d1%8c-%d0%bf%d0%b5%d1%80%d0%b5%d1%87%d0%b5%d0%bd%d1%8c-%d1%83%d1%81%d0%bb%d1%83%d0%b3-%d0%ba%d0%be%d0%bc%d0%bf%d0%b0%d0%bd%d0%b8%d0%b8/2013-04-26-17-20-57 HTTP/1.0" 200 44089 "-" "Mozilla/5.0 (compatible; MJ12bot/v1.4.5; http://www.majestic12.co.uk/bot.php?+)"
46.28.110.100 - - [16/Jun/2015:09:08:28 +0300] "GET /index.php/template-features/%d0%b2%d0%b5%d1%81%d1%8c-%d0%bf%d0%b5%d1%80%d0%b5%d1%87%d0%b5%d0%bd%d1%8c-%d1%83%d1%81%d0%bb%d1%83%d0%b3-%d0%ba%d0%be%d0%bc%d0%bf%d0%b0%d0%bd%d0%b8%d0%b8/archived-articles HTTP/1.0" 200 37776 "-" "Mozilla/5.0 (compatible; MJ12bot/v1.4.5; http://www.majestic12.co.uk/bot.php?+)"
46.28.110.100 - - [16/Jun/2015:09:08:32 +0300] "GET /index.php/template-features/%d0%b2%d0%b5%d1%81%d1%8c-%d0%bf%d0%b5%d1%80%d0%b5%d1%87%d0%b5%d0%bd%d1%8c-%d1%83%d1%81%d0%bb%d1%83%d0%b3-%d0%ba%d0%be%d0%bc%d0%bf%d0%b0%d0%bd%d0%b8%d0%b8/by-author HTTP/1.0" 200 41542 "-" "Mozilla/5.0 (compatible; MJ12bot/v1.4.5; http://www.majestic12.co.uk/bot.php?+)"
46.28.110.100 - - [16/Jun/2015:09:08:35 +0300] "GET /index.php/template-features/%d0%b2%d0%b5%d1%81%d1%8c-%d0%bf%d0%b5%d1%80%d0%b5%d1%87%d0%b5%d0%bd%d1%8c-%d1%83%d1%81%d0%bb%d1%83%d0%b3-%d0%ba%d0%be%d0%bc%d0%bf%d0%b0%d0%bd%d0%b8%d0%b8/by-hits HTTP/1.0" 200 43934 "-" "Mozilla/5.0 (compatible; MJ12bot/v1.4.5; http://www.majestic12.co.uk/bot.php?+)"
46.28.110.100 - - [16/Jun/2015:09:08:37 +0300] "GET /index.php/template-features/%d0%b2%d0%b5%d1%81%d1%8c-%d0%bf%d0%b5%d1%80%d0%b5%d1%87%d0%b5%d0%bd%d1%8c-%d1%83%d1%81%d0%bb%d1%83%d0%b3-%d0%ba%d0%be%d0%bc%d0%bf%d0%b0%d0%bd%d0%b8%d0%b8/by-title HTTP/1.0" 200 44007 "-" "Mozilla/5.0 (compatible; MJ12bot/v1.4.5; http://www.majestic12.co.uk/bot.php?+)"
46.28.110.100 - - [16/Jun/2015:09:08:41 +0300] "GET /index.php/template-features/%d0%b2%d0%b5%d1%81%d1%8c-%d0%bf%d0%b5%d1%80%d0%b5%d1%87%d0%b5%d0%bd%d1%8c-%d1%83%d1%81%d0%bb%d1%83%d0%b3-%d0%ba%d0%be%d0%bc%d0%bf%d0%b0%d0%bd%d0%b8%d0%b8/category-blog HTTP/1.0" 200 41258 "-" "Mozilla/5.0 (compatible; MJ12bot/v1.4.5; http://www.majestic12.co.uk/bot.php?+)"
46.28.110.100 - - [16/Jun/2015:09:08:44 +0300] "GET /index.php/template-features/%d0%b2%d0%b5%d1%81%d1%8c-%d0%bf%d0%b5%d1%80%d0%b5%d1%87%d0%b5%d0%bd%d1%8c-%d1%83%d1%81%d0%bb%d1%83%d0%b3-%d0%ba%d0%be%d0%bc%d0%bf%d0%b0%d0%bd%d0%b8%d0%b8/category-list HTTP/1.0" 200 43305 "-" "Mozilla/5.0 (compatible; MJ12bot/v1.4.5; http://www.majestic12.co.uk/bot.php?+)"
46.28.110.100 - - [16/Jun/2015:09:08:49 +0300] "GET /index.php/template-features/%d0%b2%d0%b5%d1%81%d1%8c-%d0%bf%d0%b5%d1%80%d0%b5%d1%87%d0%b5%d0%bd%d1%8c-%d1%83%d1%81%d0%bb%d1%83%d0%b3-%d0%ba%d0%be%d0%bc%d0%bf%d0%b0%d0%bd%d0%b8%d0%b8/featured-articles HTTP/1.0" 200 42376 "-" "Mozilla/5.0 (compatible; MJ12bot/v1.4.5; http://www.majestic12.co.uk/bot.php?+)"
46.28.110.100 - - [16/Jun/2015:09:08:51 +0300] "GET /index.php/template-features/%d0%b2%d0%b5%d1%81%d1%8c-%d0%bf%d0%b5%d1%80%d0%b5%d1%87%d0%b5%d0%bd%d1%8c-%d1%83%d1%81%d0%bb%d1%83%d0%b3-%d0%ba%d0%be%d0%bc%d0%bf%d0%b0%d0%bd%d0%b8%d0%b8/featured-contacts HTTP/1.0" 200 40915 "-" "Mozilla/5.0 (compatible; MJ12bot/v1.4.5; http://www.majestic12.co.uk/bot.php?+)"
46.28.110.100 - - [16/Jun/2015:09:08:55 +0300] "GET /index.php/template-features/%d0%b2%d0%b5%d1%81%d1%8c-%d0%bf%d0%b5%d1%80%d0%b5%d1%87%d0%b5%d0%bd%d1%8c-%d1%83%d1%81%d0%bb%d1%83%d0%b3-%d0%ba%d0%be%d0%bc%d0%bf%d0%b0%d0%bd%d0%b8%d0%b8/password-reset HTTP/1.0" 200 43913 "-" "Mozilla/5.0 (compatible; MJ12bot/v1.4.5; http://www.majestic12.co.uk/bot.php?+)"
46.28.110.100 - - [16/Jun/2015:09:08:58 +0300] "GET /index.php/template-features/%d0%b2%d0%b5%d1%81%d1%8c-%d0%bf%d0%b5%d1%80%d0%b5%d1%87%d0%b5%d0%bd%d1%8c-%d1%83%d1%81%d0%bb%d1%83%d0%b3-%d0%ba%d0%be%d0%bc%d0%bf%d0%b0%d0%bd%d0%b8%d0%b8/registration-form HTTP/1.0" 200 42500 "-" "Mozilla/5.0 (compatible; MJ12bot/v1.4.5; http://www.majestic12.co.uk/bot.php?+)"
46.28.110.100 - - [16/Jun/2015:09:09:01 +0300] "GET /index.php/template-features/%d0%b2%d0%b5%d1%81%d1%8c-%d0%bf%d0%b5%d1%80%d0%b5%d1%87%d0%b5%d0%bd%d1%8c-%d1%83%d1%81%d0%bb%d1%83%d0%b3-%d0%ba%d0%be%d0%bc%d0%bf%d0%b0%d0%bd%d0%b8%d0%b8/single-contact HTTP/1.0" 200 40664 "-" "Mozilla/5.0 (compatible; MJ12bot/v1.4.5; http://www.majestic12.co.uk/bot.php?+)"
46.28.110.100 - - [16/Jun/2015:09:09:04 +0300] "GET /index.php/template-features/%d0%b2%d0%b5%d1%81%d1%8c-%d0%bf%d0%b5%d1%80%d0%b5%d1%87%d0%b5%d0%bd%d1%8c-%d1%83%d1%81%d0%bb%d1%83%d0%b3-%d0%ba%d0%be%d0%bc%d0%bf%d0%b0%d0%bd%d0%b8%d0%b8/submit-a-web-link HTTP/1.0" 200 42954 "-" "Mozilla/5.0 (compatible; MJ12bot/v1.4.5; http://www.majestic12.co.uk/bot.php?+)"
46.28.110.100 - - [16/Jun/2015:09:09:08 +0300] "GET /index.php/template-features/%d0%b2%d0%b5%d1%81%d1%8c-%d0%bf%d0%b5%d1%80%d0%b5%d1%87%d0%b5%d0%bd%d1%8c-%d1%83%d1%81%d0%bb%d1%83%d0%b3-%d0%ba%d0%be%d0%bc%d0%bf%d0%b0%d0%bd%d0%b8%d0%b8/username-reminder-request HTTP/1.0" 200 40036 "-" "Mozilla/5.0 (compatible; MJ12bot/v1.4.5; http://www.majestic12.co.uk/bot.php?+)"
46.28.110.100 - - [16/Jun/2015:09:09:10 +0300] "GET /index.php/template-features/%d1%83%d1%81%d0%bb%d1%83%d0%b3%d0%b8-%d0%b3%d0%be%d1%81%d1%83%d0%b4%d0%b0%d1%80%d1%81%d1%82%d0%b2%d0%b5%d0%bd%d0%bd%d1%8b%d0%bc-%d1%83%d1%87%d1%80%d0%b5%d0%b6%d0%b4%d0%b5%d0%bd%d0%b8%d1%8f%d0%bc HTTP/1.0" 200 34121 "-" "Mozilla/5.0 (compatible; MJ12bot/v1.4.5; http://www.majestic12.co.uk/bot.php?+)"
46.28.110.100 - - [16/Jun/2015:09:09:13 +0300] "GET /index.php/template-features/%d1%83%d1%81%d0%bb%d1%83%d0%b3%d0%b8-%d0%ba%d0%be%d0%bc%d0%bf%d0%b0%d0%bd%d0%b8%d1%8f%d0%bc HTTP/1.0" 200 36007 "-" "Mozilla/5.0 (compatible; MJ12bot/v1.4.5; http://www.majestic12.co.uk/bot.php?+)"
46.28.110.100 - - [16/Jun/2015:09:09:16 +0300] "GET /index.php/template-features/%d1%83%d1%81%d0%bb%d1%83%d0%b3%d0%b8-%d0%ba%d0%be%d0%bc%d0%bf%d0%b0%d0%bd%d0%b8%d1%8f%d0%bc/user-profile HTTP/1.0" 200 52233 "-" "Mozilla/5.0 (compatible; MJ12bot/v1.4.5; http://www.majestic12.co.uk/bot.php?+)"
46.28.110.100 - - [16/Jun/2015:09:09:19 +0300] "GET /index.php/template-features/%d1%83%d1%81%d0%bb%d1%83%d0%b3%d0%b8-%d1%87%d0%b0%d1%81%d1%82%d0%bd%d1%8b%d0%bc-%d0%bb%d0%b8%d1%86%d0%b0%d0%bc HTTP/1.0" 200 34930 "-" "Mozilla/5.0 (compatible; MJ12bot/v1.4.5; http://www.majestic12.co.uk/bot.php?+)"
46.28.110.100 - - [16/Jun/2015:09:09:22 +0300] "GET /index.php/template-features/%d1%83%d1%81%d0%bb%d1%83%d0%b3%d0%b8-%d1%87%d0%b0%d1%81%d1%82%d0%bd%d1%8b%d0%bc-%d0%bb%d0%b8%d1%86%d0%b0%d0%bc/single-article HTTP/1.0" 200 39943 "-" "Mozilla/5.0 (compatible; MJ12bot/v1.4.5; http://www.majestic12.co.uk/bot.php?+)"
46.28.110.100 - - [16/Jun/2015:09:09:25 +0300] "GET /index.php/template-features/%d0%b2%d0%b5%d1%81%d1%8c-%d0%bf%d0%b5%d1%80%d0%b5%d1%87%d0%b5%d0%bd%d1%8c-%d1%83%d1%81%d0%bb%d1%83%d0%b3-%d0%ba%d0%be%d0%bc%d0%bf%d0%b0%d0%bd%d0%b8%d0%b8/by-title?id=15:archive-article-i HTTP/1.0" 404 1955 "-" "Mozilla/5.0 (compatible; MJ12bot/v1.4.5; http://www.majestic12.co.uk/bot.php?+)"
46.28.110.100 - - [16/Jun/2015:09:09:28 +0300] "GET /index.php/template-features/%d0%b2%d0%b5%d1%81%d1%8c-%d0%bf%d0%b5%d1%80%d0%b5%d1%87%d0%b5%d0%bd%d1%8c-%d1%83%d1%81%d0%bb%d1%83%d0%b3-%d0%ba%d0%be%d0%bc%d0%bf%d0%b0%d0%bd%d0%b8%d0%b8/by-title?id=16:archive-article-ii HTTP/1.0" 404 1961 "-" "Mozilla/5.0 (compatible; MJ12bot/v1.4.5; http://www.majestic12.co.uk/bot.php?+)"
46.28.110.100 - - [16/Jun/2015:09:09:31 +0300] "GET /index.php/template-features/%d0%b2%d0%b5%d1%81%d1%8c-%d0%bf%d0%b5%d1%80%d0%b5%d1%87%d0%b5%d0%bd%d1%8c-%d1%83%d1%81%d0%bb%d1%83%d0%b3-%d0%ba%d0%be%d0%bc%d0%bf%d0%b0%d0%bd%d0%b8%d0%b8/by-title?id=17:archive-article-iii HTTP/1.0" 404 1949 "-" "Mozilla/5.0 (compatible; MJ12bot/v1.4.5; http://www.majestic12.co.uk/bot.php?+)"
46.28.110.100 - - [16/Jun/2015:09:09:33 +0300] "GET /index.php/template-features/%d0%b2%d0%b5%d1%81%d1%8c-%d0%bf%d0%b5%d1%80%d0%b5%d1%87%d0%b5%d0%bd%d1%8c-%d1%83%d1%81%d0%bb%d1%83%d0%b3-%d0%ba%d0%be%d0%bc%d0%bf%d0%b0%d0%bd%d0%b8%d0%b8/by-title?view=archive HTTP/1.0" 200 36496 "-" "Mozilla/5.0 (compatible; MJ12bot/v1.4.5; http://www.majestic12.co.uk/bot.php?+)"
46.28.110.100 - - [16/Jun/2015:09:09:37 +0300] "GET /index.php/template-features/%d0%b2%d0%b5%d1%81%d1%8c-%d0%bf%d0%b5%d1%80%d0%b5%d1%87%d0%b5%d0%bd%d1%8c-%d1%83%d1%81%d0%bb%d1%83%d0%b3-%d0%ba%d0%be%d0%bc%d0%bf%d0%b0%d0%bd%d0%b8%d0%b8/single-news-feed HTTP/1.0" 404 1961 "-" "Mozilla/5.0 (compatible; MJ12bot/v1.4.5; http://www.majestic12.co.uk/bot.php?+)"
46.28.110.100 - - [16/Jun/2015:09:09:39 +0300] "GET /index.php/%d0%be-%d0%ba%d0%be%d0%bc%d0%bf%d0%b0%d0%bd%d0%b8%d0%b8/login-form/b2jcontact?bid=1 HTTP/1.0" 200 33283 "-" "Mozilla/5.0 (compatible; MJ12bot/v1.4.5; http://www.majestic12.co.uk/bot.php?+)"
46.28.110.100 - - [16/Jun/2015:09:09:43 +0300] "GET /index.php/%d0%be-%d0%ba%d0%be%d0%bc%d0%bf%d0%b0%d0%bd%d0%b8%d0%b8/%d0%ba%d0%be%d0%bc%d0%b0%d0%bd%d0%b4%d0%b0-%d0%be%d1%86%d0%b5%d0%bd%d1%89%d0%b8%d0%ba%d0%be%d0%b2-%d0%b8-%d0%ba%d0%be%d0%bd%d1%81%d1%83%d0%bb%d1%8c%d1%82%d0%b0%d0%bd%d1%82%d0%be%d0%b2 HTTP/1.0" 200 27192 "-" "Mozilla/5.0 (compatible; MJ12bot/v1.4.5; http://www.majestic12.co.uk/bot.php?+)"
46.28.110.100 - - [16/Jun/2015:09:09:45 +0300] "GET /robots.txt HTTP/1.0" 200 865 "-" "Mozilla/5.0 (compatible; MJ12bot/v1.4.5; http://www.majestic12.co.uk/bot.php?+)"
46.28.110.100 - - [16/Jun/2015:09:09:51 +0300] "GET /index.php/%d0%be-%d0%ba%d0%be%d0%bc%d0%bf%d0%b0%d0%bd%d0%b8%d0%b8/%d0%ba%d0%bb%d0%b8%d0%b5%d0%bd%d1%82%d1%8b-%d0%b8-%d0%bf%d0%b0%d1%80%d1%82%d0%bd%d0%b5%d1%80%d1%8b-%d0%ba%d0%be%d0%bc%d0%bf%d0%b0%d0%bd%25 HTTP/1.0" 404 1969 "-" "Mozilla/5.0 (compatible; MJ12bot/v1.4.5; http://www.majestic12.co.uk/bot.php?+)"
46.28.110.100 - - [16/Jun/2015:09:09:53 +0300] "GET /index.php/%d0%be-%d0%ba%d0%be%d0%bc%d0%bf%d0%b0%d0%bd%d0%b8%d0%b8 HTTP/1.0" 200 29216 "-" "Mozilla/5.0 (compatible; MJ12bot/v1.4.5; http://www.majestic12.co.uk/bot.php?+)"
46.28.110.100 - - [16/Jun/2015:09:09:57 +0300] "GET /index.php/%d0%be-%d0%ba%d0%be%d0%bc%d0%bf%d0%b0%d0%bd%d0%b8%d0%b8/%d0%ba%d0%bb%d0%b8%d0%b5%d0%bd%d1%82%d1%8b-%d0%b8-%d0%bf%d0%b0%d1%80%d1%82%d0%bd%d0%b5%d1%80%d1%8b-%d0%ba%d0%be%d0%bc%d0%bf%d0%b0%d0%bd%d0%b8%d0%b8 HTTP/1.0" 200 26338 "-" "Mozilla/5.0 (compatible; MJ12bot/v1.4.5; http://www.majestic12.co.uk/bot.php?+)"
46.28.110.100 - - [16/Jun/2015:09:10:00 +0300] "GET /index.php/%d0%be-%d0%ba%d0%be%d0%bc%d0%bf%d0%b0%d0%bd%d0%b8%d0%b8/%d0%ba%d0%be%d0%bd%d1%82%d0%b0%d0%ba%d1%82%d0%bd%d0%b0%d1%8f-%d0%b8%d0%bd%d1%84%d0%be%d1%80%d0%bc%d0%b0%d1%86%d0%b8%d1%8f HTTP/1.0" 200 30598 "-" "Mozilla/5.0 (compatible; MJ12bot/v1.4.5; http://www.majestic12.co.uk/bot.php?+)"
46.28.110.100 - - [16/Jun/2015:09:10:02 +0300] "GET /index.php/%d0%be-%d0%ba%d0%be%d0%bc%d0%bf%d0%b0%d0%bd%d0%b8%d0%b8/%d0%bc%d0%b8%d1%81%d1%81%d0%b8%d1%8f-%d0%b8-%d0%bf%d1%80%d0%b8%d0%bd%d1%86%d0%b8%d0%bf-%d0%b4%d0%b5%d1%8f%d1%82%d0%b5%d0%bb%d1%8c%d0%bd%d0%be%d1%81%d1%82%d0%b8 HTTP/1.0" 200 30853 "-" "Mozilla/5.0 (compatible; MJ12bot/v1.4.5; http://www.majestic12.co.uk/bot.php?+)"
46.28.110.100 - - [16/Jun/2015:09:10:05 +0300] "GET /index.php/%d0%be-%d0%ba%d0%be%d0%bc%d0%bf%d0%b0%d0%bd%d0%b8%d0%b8/login-form HTTP/1.0" 200 33395 "-" "Mozilla/5.0 (compatible; MJ12bot/v1.4.5; http://www.majestic12.co.uk/bot.php?+)"
46.28.110.100 - - [16/Jun/2015:09:10:09 +0300] "GET /index.php/%d0%be-%d0%ba%d0%be%d0%bc%d0%bf%d0%b0%d0%bd%d0%b8%d0%b8/login-form/b2jcontact HTTP/1.0" 200 33411 "-" "Mozilla/5.0 (compatible; MJ12bot/v1.4.5; http://www.majestic12.co.uk/bot.php?+)"
46.28.110.100 - - [16/Jun/2015:09:10:12 +0300] "GET /index.php/%d0%be-%d0%ba%d0%be%d0%bc%d0%bf%d0%b0%d0%bd%d0%b8%d0%b8/module-positions HTTP/1.0" 200 24062 "-" "Mozilla/5.0 (compatible; MJ12bot/v1.4.5; http://www.majestic12.co.uk/bot.php?+)"
46.28.110.100 - - [16/Jun/2015:09:10:15 +0300] "GET /index.php/15-%d0%ba%d0%be%d0%bc%d0%bf%d0%b0%d0%bd%d0%b8%d1%8f HTTP/1.0" 200 42460 "-" "Mozilla/5.0 (compatible; MJ12bot/v1.4.5; http://www.majestic12.co.uk/bot.php?+)"
46.28.110.100 - - [16/Jun/2015:09:10:18 +0300] "GET /index.php/15-%d0%ba%d0%be%d0%bc%d0%bf%d0%b0%d0%bd%d0%b8%d1%8f/36-vestibulum-id-ligula-porta-felis-euismod-semper HTTP/1.0" 200 25940 "-" "Mozilla/5.0 (compatible; MJ12bot/v1.4.5; http://www.majestic12.co.uk/bot.php?+)"
46.28.110.100 - - [16/Jun/2015:09:10:21 +0300] "GET /index.php/15-%d0%ba%d0%be%d0%bc%d0%bf%d0%b0%d0%bd%d0%b8%d1%8f/5-page-break-example HTTP/1.0" 200 23410 "-" "Mozilla/5.0 (compatible; MJ12bot/v1.4.5; http://www.majestic12.co.uk/bot.php?+)"
46.28.110.100 - - [16/Jun/2015:09:10:24 +0300] "GET /index.php/15-%d0%ba%d0%be%d0%bc%d0%bf%d0%b0%d0%bd%d0%b8%d1%8f?format=feed&type=atom HTTP/1.0" 200 76787 "-" "Mozilla/5.0 (compatible; MJ12bot/v1.4.5; http://www.majestic12.co.uk/bot.php?+)"
46.28.110.100 - - [16/Jun/2015:09:10:25 +0300] "GET /robots.txt HTTP/1.0" 200 865 "-" "Mozilla/5.0 (compatible; MJ12bot/v1.4.5; http://www.majestic12.co.uk/bot.php?+)"
46.28.110.100 - - [16/Jun/2015:09:10:29 +0300] "GET /index.php/15-%d0%ba%d0%be%d0%bc%d0%bf%d0%b0%d0%bd%d0%b8%d1%8f?format=feed&type=rss HTTP/1.0" 200 38017 "-" "Mozilla/5.0 (compatible; MJ12bot/v1.4.5; http://www.majestic12.co.uk/bot.php?+)"
46.28.110.100 - - [16/Jun/2015:09:10:31 +0300] "GET /index.php/15-%d0%ba%d0%be%d0%bc%d0%bf%d0%b0%d0%bd%d0%b8%d1%8f?limitstart=0 HTTP/1.0" 200 42473 "-" "Mozilla/5.0 (compatible; MJ12bot/v1.4.5; http://www.majestic12.co.uk/bot.php?+)"
46.28.110.100 - - [16/Jun/2015:09:10:35 +0300] "GET /index.php/15-%d0%ba%d0%be%d0%bc%d0%bf%d0%b0%d0%bd%d0%b8%d1%8f?start=5 HTTP/1.0" 200 44296 "-" "Mozilla/5.0 (compatible; MJ12bot/v1.4.5; http://www.majestic12.co.uk/bot.php?+)"
46.28.110.100 - - [16/Jun/2015:09:10:38 +0300] "GET /index.php/20-manufacturers/13-%d1%81%d0%be%d1%82%d1%80%d1%83%d0%b4%d0%bd%d0%b8%d1%87%d0%b5%d1%81%d1%82%d0%b2%d0%be-%d0%b8%d0%bd%d0%be%d1%81%d1%82%d1%80%d0%b0%d0%bd%d0%bd%d1%8b%d0%b5-%d0%b3%d1%80%d0%b0%d0%b6%d0%b4%d0%b0%d0%bd%d0%b5-%d0%b8-%d0%be%d1%80%d0%b3%d0%b0%d0%bd%d0%b8%d0%b7%d0%b0%d1%86%d0%b8%d0%b8 HTTP/1.0" 200 31831 "-" "Mozilla/5.0 (compatible; MJ12bot/v1.4.5; http://www.majestic12.co.uk/bot.php?+)"
46.28.110.100 - - [16/Jun/2015:09:10:41 +0300] "GET /index.php/20-manufacturers/18-%d1%81%d0%be%d1%82%d1%80%d1%83%d0%b4%d0%bd%d0%b8%d1%87%d0%b5%d1%81%d1%82%d0%b2%d0%be-%d1%81%d1%83%d0%b4%d0%be%d0%b2%d1%8b%d0%b5-%d0%b1%d1%80%d0%be%d0%ba%d0%b5%d1%80%d1%8b HTTP/1.0" 200 29166 "-" "Mozilla/5.0 (compatible; MJ12bot/v1.4.5; http://www.majestic12.co.uk/bot.php?+)"
46.28.110.100 - - [16/Jun/2015:09:10:44 +0300] "GET /index.php/20-manufacturers/19-%d1%81%d0%be%d1%82%d1%80%d1%83%d0%b4%d0%bd%d0%b8%d1%87%d0%b5%d1%81%d1%82%d0%b2%d0%be-%d1%81%d1%82%d1%80%d0%b0%d1%85%d0%be%d0%b2%d1%8b%d0%b5-%d0%ba%d0%be%d0%bc%d0%bf%d0%b0%d0%bd%d0%b8%d0%b8 HTTP/1.0" 200 30397 "-" "Mozilla/5.0 (compatible; MJ12bot/v1.4.5; http://www.majestic12.co.uk/bot.php?+)"
46.28.110.100 - - [16/Jun/2015:09:10:47 +0300] "GET /index.php/20-manufacturers/20-%d1%81%d0%be%d1%82%d1%80%d1%83%d0%b4%d0%bd%d0%b8%d1%87%d0%b5%d1%81%d1%82%d0%b2%d0%be-%d0%b1%d0%b0%d0%bd%d0%ba%d0%b8-%d0%b8-%d0%ba%d1%80%d0%b5%d0%b4%d0%b8%d1%82%d0%bd%d1%8b%d0%b5-%d1%83%d1%87%d1%80%d0%b5%d0%b6%d0%b4%d0%b5%d0%bd%d0%b8%d1%8f HTTP/1.0" 200 33960 "-" "Mozilla/5.0 (compatible; MJ12bot/v1.4.5; http://www.majestic12.co.uk/bot.php?+)"
46.28.110.100 - - [16/Jun/2015:09:10:50 +0300] "GET /index.php/20-manufacturers/21-%d1%81%d0%be%d1%82%d1%80%d1%83%d0%b4%d0%bd%d0%b8%d1%87%d0%b5%d1%81%d1%82%d0%b2%d0%be-%d0%b0%d0%b3%d0%b5%d0%bd%d1%82%d1%81%d1%82%d0%b2%d0%b0-%d0%bd%d0%b5%d0%b4%d0%b2%d0%b8%d0%b6%d0%b8%d0%bc%d0%be%d1%81%d1%82%d0%b8 HTTP/1.0" 200 30871 "-" "Mozilla/5.0 (compatible; MJ12bot/v1.4.5; http://www.majestic12.co.uk/bot.php?+)"
46.28.110.100 - - [16/Jun/2015:09:10:53 +0300] "GET /index.php/20-manufacturers/22-%d1%81%d0%be%d1%82%d1%80%d1%83%d0%b4%d0%bd%d0%b8%d1%87%d0%b5%d1%81%d1%82%d0%b2%d0%be-%d0%be%d1%86%d0%b5%d0%bd%d0%be%d1%87%d0%bd%d1%8b%d0%b5-%d0%ba%d0%be%d0%bc%d0%bf%d0%b0%d0%bd%d0%b8%d0%b8 HTTP/1.0" 200 35162 "-" "Mozilla/5.0 (compatible; MJ12bot/v1.4.5; http://www.majestic12.co.uk/bot.php?+)"
46.28.110.100 - - [16/Jun/2015:09:10:56 +0300] "GET /index.php/21-2014-07-15-19-34-08/46-%d0%b7%d0%b0%d0%ba%d0%b0%d0%b7-%d0%be%d1%86%d0%b5%d0%bd%d0%ba%d0%b8 HTTP/1.0" 200 27447 "-" "Mozilla/5.0 (compatible; MJ12bot/v1.4.5; http://www.majestic12.co.uk/bot.php?+)"
46.28.110.100 - - [16/Jun/2015:09:11:00 +0300] "GET /index.php/component/content/15-%d0%ba%d0%be%d0%bc%d0%bf%d0%b0%d0%bd%d0%b8%d1%8f/5-page-break-example?Itemid=144 HTTP/1.0" 500 1969 "-" "Mozilla/5.0 (compatible; MJ12bot/v1.4.5; http://www.majestic12.co.uk/bot.php?+)"
46.28.110.100 - - [16/Jun/2015:09:11:03 +0300] "GET /index.php/component/content/21-2014-07-15-19-34-08/46-%d0%b7%d0%b0%d0%ba%d0%b0%d0%b7-%d0%be%d1%86%d0%b5%d0%bd%d0%ba%d0%b8?Itemid=175 HTTP/1.0" 500 1969 "-" "Mozilla/5.0 (compatible; MJ12bot/v1.4.5; http://www.majestic12.co.uk/bot.php?+)"
46.28.110.100 - - [16/Jun/2015:09:11:06 +0300] "GET /index.php/template-features/%d0%b2%d0%b5%d1%81%d1%8c-%d0%bf%d0%b5%d1%80%d0%b5%d1%87%d0%b5%d0%bd%d1%8c-%d1%83%d1%81%d0%bb%d1%83%d0%b3-%d0%ba%d0%be%d0%bc%d0%bf%d0%b0%d0%bd%d0%b8%d0%b8 HTTP/1.0" 200 30975 "-" "Mozilla/5.0 (compatible; MJ12bot/v1.4.5; http://www.majestic12.co.uk/bot.php?+)"
46.28.110.100 - - [16/Jun/2015:09:11:10 +0300] "GET /index.php/template-features/%d0%b2%d0%b5%d1%81%d1%8c-%d0%bf%d0%b5%d1%80%d0%b5%d1%87%d0%b5%d0%bd%d1%8c-%d1%83%d1%81%d0%bb%d1%83%d0%b3-%d0%ba%d0%be%d0%bc%d0%bf%d0%b0%d0%bd%d0%b8%d0%b8/2013-04-26-17-20-57 HTTP/1.0" 200 44249 "-" "Mozilla/5.0 (compatible; MJ12bot/v1.4.5; http://www.majestic12.co.uk/bot.php?+)"
46.28.110.100 - - [16/Jun/2015:09:11:13 +0300] "GET /index.php/template-features/%d0%b2%d0%b5%d1%81%d1%8c-%d0%bf%d0%b5%d1%80%d0%b5%d1%87%d0%b5%d0%bd%d1%8c-%d1%83%d1%81%d0%bb%d1%83%d0%b3-%d0%ba%d0%be%d0%bc%d0%bf%d0%b0%d0%bd%d0%b8%d0%b8/archived-articles HTTP/1.0" 200 37936 "-" "Mozilla/5.0 (compatible; MJ12bot/v1.4.5; http://www.majestic12.co.uk/bot.php?+)"
46.28.110.100 - - [16/Jun/2015:09:11:16 +0300] "GET /index.php/template-features/%d0%b2%d0%b5%d1%81%d1%8c-%d0%bf%d0%b5%d1%80%d0%b5%d1%87%d0%b5%d0%bd%d1%8c-%d1%83%d1%81%d0%bb%d1%83%d0%b3-%d0%ba%d0%be%d0%bc%d0%bf%d0%b0%d0%bd%d0%b8%d0%b8/by-author HTTP/1.0" 200 41702 "-" "Mozilla/5.0 (compatible; MJ12bot/v1.4.5; http://www.majestic12.co.uk/bot.php?+)"
46.28.110.100 - - [16/Jun/2015:09:11:19 +0300] "GET /index.php/template-features/%d0%b2%d0%b5%d1%81%d1%8c-%d0%bf%d0%b5%d1%80%d0%b5%d1%87%d0%b5%d0%bd%d1%8c-%d1%83%d1%81%d0%bb%d1%83%d0%b3-%d0%ba%d0%be%d0%bc%d0%bf%d0%b0%d0%bd%d0%b8%d0%b8/by-hits HTTP/1.0" 200 44094 "-" "Mozilla/5.0 (compatible; MJ12bot/v1.4.5; http://www.majestic12.co.uk/bot.php?+)"
46.28.110.100 - - [16/Jun/2015:09:11:22 +0300] "GET /index.php/template-features/%d0%b2%d0%b5%d1%81%d1%8c-%d0%bf%d0%b5%d1%80%d0%b5%d1%87%d0%b5%d0%bd%d1%8c-%d1%83%d1%81%d0%bb%d1%83%d0%b3-%d0%ba%d0%be%d0%bc%d0%bf%d0%b0%d0%bd%d0%b8%d0%b8/by-title HTTP/1.0" 200 44167 "-" "Mozilla/5.0 (compatible; MJ12bot/v1.4.5; http://www.majestic12.co.uk/bot.php?+)"
46.28.110.100 - - [16/Jun/2015:09:11:24 +0300] "GET /index.php/template-features/%d0%b2%d0%b5%d1%81%d1%8c-%d0%bf%d0%b5%d1%80%d0%b5%d1%87%d0%b5%d0%bd%d1%8c-%d1%83%d1%81%d0%bb%d1%83%d0%b3-%d0%ba%d0%be%d0%bc%d0%bf%d0%b0%d0%bd%d0%b8%d0%b8/category-blog HTTP/1.0" 200 41418 "-" "Mozilla/5.0 (compatible; MJ12bot/v1.4.5; http://www.majestic12.co.uk/bot.php?+)"
46.28.110.100 - - [16/Jun/2015:09:11:27 +0300] "GET /index.php/template-features/%d0%b2%d0%b5%d1%81%d1%8c-%d0%bf%d0%b5%d1%80%d0%b5%d1%87%d0%b5%d0%bd%d1%8c-%d1%83%d1%81%d0%bb%d1%83%d0%b3-%d0%ba%d0%be%d0%bc%d0%bf%d0%b0%d0%bd%d0%b8%d0%b8/category-list HTTP/1.0" 200 43465 "-" "Mozilla/5.0 (compatible; MJ12bot/v1.4.5; http://www.majestic12.co.uk/bot.php?+)"
46.28.110.100 - - [16/Jun/2015:09:11:29 +0300] "GET /index.php/template-features/%d0%b2%d0%b5%d1%81%d1%8c-%d0%bf%d0%b5%d1%80%d0%b5%d1%87%d0%b5%d0%bd%d1%8c-%d1%83%d1%81%d0%bb%d1%83%d0%b3-%d0%ba%d0%be%d0%bc%d0%bf%d0%b0%d0%bd%d0%b8%d0%b8/featured-articles HTTP/1.0" 200 42536 "-" "Mozilla/5.0 (compatible; MJ12bot/v1.4.5; http://www.majestic12.co.uk/bot.php?+)"
46.28.110.100 - - [16/Jun/2015:09:11:32 +0300] "GET /index.php/template-features/%d0%b2%d0%b5%d1%81%d1%8c-%d0%bf%d0%b5%d1%80%d0%b5%d1%87%d0%b5%d0%bd%d1%8c-%d1%83%d1%81%d0%bb%d1%83%d0%b3-%d0%ba%d0%be%d0%bc%d0%bf%d0%b0%d0%bd%d0%b8%d0%b8/featured-contacts HTTP/1.0" 200 41075 "-" "Mozilla/5.0 (compatible; MJ12bot/v1.4.5; http://www.majestic12.co.uk/bot.php?+)"
46.28.110.100 - - [16/Jun/2015:09:11:35 +0300] "GET /index.php/template-features/%d0%b2%d0%b5%d1%81%d1%8c-%d0%bf%d0%b5%d1%80%d0%b5%d1%87%d0%b5%d0%bd%d1%8c-%d1%83%d1%81%d0%bb%d1%83%d0%b3-%d0%ba%d0%be%d0%bc%d0%bf%d0%b0%d0%bd%d0%b8%d0%b8/password-reset HTTP/1.0" 200 44073 "-" "Mozilla/5.0 (compatible; MJ12bot/v1.4.5; http://www.majestic12.co.uk/bot.php?+)"
46.28.110.100 - - [16/Jun/2015:09:11:39 +0300] "GET /index.php/template-features/%d0%b2%d0%b5%d1%81%d1%8c-%d0%bf%d0%b5%d1%80%d0%b5%d1%87%d0%b5%d0%bd%d1%8c-%d1%83%d1%81%d0%bb%d1%83%d0%b3-%d0%ba%d0%be%d0%bc%d0%bf%d0%b0%d0%bd%d0%b8%d0%b8/registration-form HTTP/1.0" 200 42660 "-" "Mozilla/5.0 (compatible; MJ12bot/v1.4.5; http://www.majestic12.co.uk/bot.php?+)"
46.28.110.100 - - [16/Jun/2015:09:11:42 +0300] "GET /index.php/template-features/%d0%b2%d0%b5%d1%81%d1%8c-%d0%bf%d0%b5%d1%80%d0%b5%d1%87%d0%b5%d0%bd%d1%8c-%d1%83%d1%81%d0%bb%d1%83%d0%b3-%d0%ba%d0%be%d0%bc%d0%bf%d0%b0%d0%bd%d0%b8%d0%b8/single-contact HTTP/1.0" 200 40824 "-" "Mozilla/5.0 (compatible; MJ12bot/v1.4.5; http://www.majestic12.co.uk/bot.php?+)"
46.28.110.100 - - [16/Jun/2015:09:11:46 +0300] "GET /index.php/template-features/%d0%b2%d0%b5%d1%81%d1%8c-%d0%bf%d0%b5%d1%80%d0%b5%d1%87%d0%b5%d0%bd%d1%8c-%d1%83%d1%81%d0%bb%d1%83%d0%b3-%d0%ba%d0%be%d0%bc%d0%bf%d0%b0%d0%bd%d0%b8%d0%b8/submit-a-web-link HTTP/1.0" 200 43114 "-" "Mozilla/5.0 (compatible; MJ12bot/v1.4.5; http://www.majestic12.co.uk/bot.php?+)"
46.28.110.100 - - [16/Jun/2015:09:11:49 +0300] "GET /index.php/template-features/%d0%b2%d0%b5%d1%81%d1%8c-%d0%bf%d0%b5%d1%80%d0%b5%d1%87%d0%b5%d0%bd%d1%8c-%d1%83%d1%81%d0%bb%d1%83%d0%b3-%d0%ba%d0%be%d0%bc%d0%bf%d0%b0%d0%bd%d0%b8%d0%b8/username-reminder-request HTTP/1.0" 200 40196 "-" "Mozilla/5.0 (compatible; MJ12bot/v1.4.5; http://www.majestic12.co.uk/bot.php?+)"
46.28.110.100 - - [16/Jun/2015:09:11:52 +0300] "GET /index.php/template-features/%d1%83%d1%81%d0%bb%d1%83%d0%b3%d0%b8-%d0%b3%d0%be%d1%81%d1%83%d0%b4%d0%b0%d1%80%d1%81%d1%82%d0%b2%d0%b5%d0%bd%d0%bd%d1%8b%d0%bc-%d1%83%d1%87%d1%80%d0%b5%d0%b6%d0%b4%d0%b5%d0%bd%d0%b8%d1%8f%d0%bc HTTP/1.0" 200 34281 "-" "Mozilla/5.0 (compatible; MJ12bot/v1.4.5; http://www.majestic12.co.uk/bot.php?+)"
46.28.110.100 - - [16/Jun/2015:09:11:55 +0300] "GET /index.php/template-features/%d1%83%d1%81%d0%bb%d1%83%d0%b3%d0%b8-%d0%ba%d0%be%d0%bc%d0%bf%d0%b0%d0%bd%d0%b8%d1%8f%d0%bc HTTP/1.0" 200 36167 "-" "Mozilla/5.0 (compatible; MJ12bot/v1.4.5; http://www.majestic12.co.uk/bot.php?+)"
46.28.110.100 - - [16/Jun/2015:09:11:57 +0300] "GET /robots.txt HTTP/1.0" 200 865 "-" "Mozilla/5.0 (compatible; MJ12bot/v1.4.5; http://www.majestic12.co.uk/bot.php?+)"
46.28.110.100 - - [16/Jun/2015:09:12:00 +0300] "GET /index.php/template-features/%d1%83%d1%81%d0%bb%d1%83%d0%b3%d0%b8-%d0%ba%d0%be%d0%bc%d0%bf%d0%b0%d0%bd%d0%b8%d1%8f%d0%bc/user-profile HTTP/1.0" 200 52393 "-" "Mozilla/5.0 (compatible; MJ12bot/v1.4.5; http://www.majestic12.co.uk/bot.php?+)"
46.28.110.100 - - [16/Jun/2015:09:12:03 +0300] "GET /index.php/template-features/%d1%83%d1%81%d0%bb%d1%83%d0%b3%d0%b8-%d1%87%d0%b0%d1%81%d1%82%d0%bd%d1%8b%d0%bc-%d0%bb%d0%b8%d1%86%d0%b0%d0%bc HTTP/1.0" 200 35090 "-" "Mozilla/5.0 (compatible; MJ12bot/v1.4.5; http://www.majestic12.co.uk/bot.php?+)"
46.28.110.100 - - [16/Jun/2015:09:12:06 +0300] "GET /index.php/template-features/%d1%83%d1%81%d0%bb%d1%83%d0%b3%d0%b8-%d1%87%d0%b0%d1%81%d1%82%d0%bd%d1%8b%d0%bc-%d0%bb%d0%b8%d1%86%d0%b0%d0%bc/single-article HTTP/1.0" 200 40103 "-" "Mozilla/5.0 (compatible; MJ12bot/v1.4.5; http://www.majestic12.co.uk/bot.php?+)"
46.28.110.100 - - [16/Jun/2015:09:12:08 +0300] "GET /index.php/template-features/%d0%b2%d0%b5%d1%81%d1%8c-%d0%bf%d0%b5%d1%80%d0%b5%d1%87%d0%b5%d0%bd%d1%8c-%d1%83%d1%81%d0%bb%d1%83%d0%b3-%d0%ba%d0%be%d0%bc%d0%bf%d0%b0%d0%bd%d0%b8%d0%b8/by-title?id=15:archive-article-i HTTP/1.0" 404 1969 "-" "Mozilla/5.0 (compatible; MJ12bot/v1.4.5; http://www.majestic12.co.uk/bot.php?+)"
46.28.110.100 - - [16/Jun/2015:09:12:14 +0300] "GET /index.php/template-features/%d0%b2%d0%b5%d1%81%d1%8c-%d0%bf%d0%b5%d1%80%d0%b5%d1%87%d0%b5%d0%bd%d1%8c-%d1%83%d1%81%d0%bb%d1%83%d0%b3-%d0%ba%d0%be%d0%bc%d0%bf%d0%b0%d0%bd%d0%b8%d0%b8/by-title?id=16:archive-article-ii HTTP/1.0" 404 1969 "-" "Mozilla/5.0 (compatible; MJ12bot/v1.4.5; http://www.majestic12.co.uk/bot.php?+)"
46.28.110.100 - - [16/Jun/2015:09:12:17 +0300] "GET /index.php/template-features/%d0%b2%d0%b5%d1%81%d1%8c-%d0%bf%d0%b5%d1%80%d0%b5%d1%87%d0%b5%d0%bd%d1%8c-%d1%83%d1%81%d0%bb%d1%83%d0%b3-%d0%ba%d0%be%d0%bc%d0%bf%d0%b0%d0%bd%d0%b8%d0%b8/by-title?id=17:archive-article-iii HTTP/1.0" 404 1969 "-" "Mozilla/5.0 (compatible; MJ12bot/v1.4.5; http://www.majestic12.co.uk/bot.php?+)"
46.28.110.100 - - [16/Jun/2015:09:12:19 +0300] "GET /index.php/template-features/%d0%b2%d0%b5%d1%81%d1%8c-%d0%bf%d0%b5%d1%80%d0%b5%d1%87%d0%b5%d0%bd%d1%8c-%d1%83%d1%81%d0%bb%d1%83%d0%b3-%d0%ba%d0%be%d0%bc%d0%bf%d0%b0%d0%bd%d0%b8%d0%b8/by-title?view=archive HTTP/1.0" 200 36636 "-" "Mozilla/5.0 (compatible; MJ12bot/v1.4.5; http://www.majestic12.co.uk/bot.php?+)"
46.28.110.100 - - [16/Jun/2015:09:12:22 +0300] "GET /index.php/template-features/%d0%b2%d0%b5%d1%81%d1%8c-%d0%bf%d0%b5%d1%80%d0%b5%d1%87%d0%b5%d0%bd%d1%8c-%d1%83%d1%81%d0%bb%d1%83%d0%b3-%d0%ba%d0%be%d0%bc%d0%bf%d0%b0%d0%bd%d0%b8%d0%b8/single-news-feed HTTP/1.0" 404 1969 "-" "Mozilla/5.0 (compatible; MJ12bot/v1.4.5; http://www.majestic12.co.uk/bot.php?+)"
46.28.110.100 - - [16/Jun/2015:09:12:25 +0300] "GET /index.php/%d0%be-%d0%ba%d0%be%d0%bc%d0%bf%d0%b0%d0%bd%d0%b8%d0%b8/login-form/b2jcontact?bid=1 HTTP/1.0" 200 33423 "-" "Mozilla/5.0 (compatible; MJ12bot/v1.4.5; http://www.majestic12.co.uk/bot.php?+)"
46.28.110.100 - - [16/Jun/2015:09:12:28 +0300] "GET /index.php/%d0%be-%d0%ba%d0%be%d0%bc%d0%bf%d0%b0%d0%bd%d0%b8%d0%b8/%d0%ba%d0%be%d0%bc%d0%b0%d0%bd%d0%b4%d0%b0-%d0%be%d1%86%d0%b5%d0%bd%d1%89%d0%b8%d0%ba%d0%be%d0%b2-%d0%b8-%d0%ba%d0%be%d0%bd%d1%81%d1%83%d0%bb%d1%8c%d1%82%d0%b0%d0%bd%d1%82%d0%be%d0%b2 HTTP/1.0" 200 27336 "-" "Mozilla/5.0 (compatible; MJ12bot/v1.4.5; http://www.majestic12.co.uk/bot.php?+)"
5.255.253.203 - - [16/Jun/2015:09:24:50 +0300] "GET /index.php/template-features/%d0%b2%d0%b5%d1%81%d1%8c-%d0%bf%d0%b5%d1%80%d0%b5%d1%87%d0%b5%d0%bd%d1%8c-%d1%83%d1%81%d0%bb%d1%83%d0%b3-%d0%ba%d0%be%d0%bc%d0%bf%d0%b0%d0%bd%d0%b8%d0%b8/featured-articles HTTP/1.0" 200 42376 "-" "Mozilla/5.0 (compatible; YandexBot/3.0; +http://yandex.com/bots)"
5.255.253.203 - - [16/Jun/2015:12:08:30 +0300] "GET / HTTP/1.0" 200 27907 "-" "Mozilla/5.0 (compatible; YandexBot/3.0; +http://yandex.com/bots)"
37.9.118.28 - - [16/Jun/2015:12:36:05 +0300] "GET / HTTP/1.0" 200 27907 "-" "Mozilla/5.0 (compatible; YandexMetrika/2.0; +http://yandex.com/bots mtmon01i.yandex.ru)"
213.180.206.196 - - [16/Jun/2015:13:56:24 +0300] "GET / HTTP/1.0" 200 27907 "-" "Mozilla/5.0 (compatible; YandexMetrika/2.0; +http://yandex.com/bots mtmon01g.yandex.ru)"
5.255.253.203 - - [16/Jun/2015:14:27:14 +0300] "GET / HTTP/1.0" 200 27907 "-" "Mozilla/5.0 (compatible; YandexBot/3.0; +http://yandex.com/bots)"
95.108.129.196 - - [16/Jun/2015:14:50:16 +0300] "GET / HTTP/1.0" 200 27907 "-" "Mozilla/5.0 (compatible; YandexMetrika/2.0; +http://yandex.com/bots mtmon01e.yandex.ru)"
5.255.253.202 - - [16/Jun/2015:18:02:27 +0300] "GET / HTTP/1.0" 200 27907 "-" "Mozilla/5.0 (compatible; YandexBot/3.0; +http://yandex.com/bots)"
37.9.118.28 - - [16/Jun/2015:18:44:10 +0300] "GET / HTTP/1.0" 200 27907 "-" "Mozilla/5.0 (compatible; YandexMetrika/2.0; +http://yandex.com/bots mtmon01i.yandex.ru)"
195.3.144.117 - - [16/Jun/2015:19:45:05 +0300] "GET /administrator/index.php HTTP/1.0" 200 6794 "-" "Mozilla/5.0 (Windows NT 6.1; WOW64) AppleWebKit/537.36 (KHTML, like Gecko) Chrome/36.0.1985.125 Safari/537.36"
157.55.39.43 - - [16/Jun/2015:19:49:21 +0300] "GET /index.php/k2/k2-item HTTP/1.0" 200 28457 "-" "Mozilla/5.0 (compatible; bingbot/2.0; +http://www.bing.com/bingbot.htm)"
213.180.206.196 - - [16/Jun/2015:20:07:41 +0300] "GET / HTTP/1.0" 200 27907 "-" "Mozilla/5.0 (compatible; YandexMetrika/2.0; +http://yandex.com/bots mtmon01g.yandex.ru)"
95.108.129.196 - - [16/Jun/2015:20:59:24 +0300] "GET / HTTP/1.0" 200 27907 "-" "Mozilla/5.0 (compatible; YandexMetrika/2.0; +http://yandex.com/bots mtmon01e.yandex.ru)"
5.255.253.203 - - [16/Jun/2015:21:35:26 +0300] "GET /robots.txt HTTP/1.0" 200 865 "-" "Mozilla/5.0 (compatible; YandexBot/3.0; +http://yandex.com/bots)"
5.255.253.127 - - [16/Jun/2015:21:35:28 +0300] "GET / HTTP/1.0" 200 27907 "-" "Mozilla/5.0 (compatible; YandexBot/3.0; +http://yandex.com/bots)"
5.255.253.203 - - [16/Jun/2015:23:39:27 +0300] "GET / HTTP/1.0" 200 27907 "-" "Mozilla/5.0 (compatible; YandexBot/3.0; +http://yandex.com/bots)"
citiex@www.citiex.ru.log000644 000000 000120 00000026650 12540350723 015460 0ustar00rootwww000000 000000 66.249.67.109 - - [17/Jun/2015:00:52:23 +0300] "GET /robots.txt HTTP/1.0" 200 865 "-" "Mozilla/5.0 (compatible; Googlebot/2.1; +http://www.google.com/bot.html)"
66.249.67.109 - - [17/Jun/2015:00:52:23 +0300] "GET /index.php/template-features/%d0%b2%d0%b5%d1%81%d1%8c-%d0%bf%d0%b5%d1%80%d0%b5%d1%87%d0%b5%d0%bd%d1%8c-%d1%83%d1%81%d0%bb%d1%83%d0%b3-%d0%ba%d0%be%d0%bc%d0%bf%d0%b0%d0%bd%d0%b8%d0%b8/single-contact HTTP/1.0" 200 40824 "-" "Mozilla/5.0 (compatible; Googlebot/2.1; +http://www.google.com/bot.html)"
37.9.118.28 - - [17/Jun/2015:00:53:18 +0300] "GET / HTTP/1.0" 200 27907 "-" "Mozilla/5.0 (compatible; YandexMetrika/2.0; +http://yandex.com/bots mtmon01i.yandex.ru)"
5.255.253.203 - - [17/Jun/2015:02:10:33 +0300] "GET / HTTP/1.0" 200 27907 "-" "Mozilla/5.0 (compatible; YandexBot/3.0; +http://yandex.com/bots)"
213.180.206.196 - - [17/Jun/2015:02:11:58 +0300] "GET / HTTP/1.0" 200 27907 "-" "Mozilla/5.0 (compatible; YandexMetrika/2.0; +http://yandex.com/bots mtmon01g.yandex.ru)"
94.181.180.194 - - [17/Jun/2015:03:01:09 +0300] "GET / HTTP/1.0" 200 27926 "-" "-"
95.108.129.196 - - [17/Jun/2015:03:07:14 +0300] "GET / HTTP/1.0" 200 27907 "-" "Mozilla/5.0 (compatible; YandexMetrika/2.0; +http://yandex.com/bots mtmon01e.yandex.ru)"
141.8.142.1 - - [17/Jun/2015:03:34:29 +0300] "GET /robots.txt HTTP/1.0" 200 865 "-" "Mozilla/5.0 (compatible; YandexBot/3.0; +http://yandex.com/bots)"
5.45.254.227 - - [17/Jun/2015:03:34:31 +0300] "GET / HTTP/1.0" 200 27907 "-" "Mozilla/5.0 (compatible; YandexBot/3.0; +http://yandex.com/bots)"
185.60.133.162 - - [17/Jun/2015:03:40:09 +0300] "GET / HTTP/1.0" 200 27926 "-" "-"
157.55.39.43 - - [17/Jun/2015:04:12:08 +0300] "GET /index.php/%d0%be-%d0%ba%d0%be%d0%bc%d0%bf%d0%b0%d0%bd%d0%b8%d0%b8/%d0%ba%d0%bb%d0%b8%d0%b5%d0%bd%d1%82%d1%8b-%d0%b8-%d0%bf%d0%b0%d1%80%d1%82%d0%bd%d0%b5%d1%80%d1%8b-%d0%ba%d0%be%d0%bc%d0%bf%d0%b0%d0%bd%d0%b8%d0%b8 HTTP/1.0" 200 26194 "-" "Mozilla/5.0 (compatible; bingbot/2.0; +http://www.bing.com/bingbot.htm)"
5.255.253.203 - - [17/Jun/2015:04:12:31 +0300] "GET / HTTP/1.0" 200 27907 "-" "Mozilla/5.0 (compatible; YandexBot/3.0; +http://yandex.com/bots)"
109.236.90.141 - - [17/Jun/2015:06:12:52 +0300] "GET /administrator/index.php HTTP/1.0" 200 6774 "-" "Mozilla/5.0 (Windows NT 5.1; rv:29.0) Gecko/20100101 Firefox/29.0"
109.236.90.141 - - [17/Jun/2015:06:12:53 +0300] "POST /administrator/index.php HTTP/1.0" 303 - "-" "Mozilla/5.0 (Windows NT 5.1; rv:29.0) Gecko/20100101 Firefox/29.0"
109.236.90.141 - - [17/Jun/2015:06:12:54 +0300] "GET /administrator/index.php HTTP/1.0" 200 6992 "-" "Mozilla/5.0 (Windows NT 5.1; rv:29.0) Gecko/20100101 Firefox/29.0"
5.45.254.227 - - [17/Jun/2015:06:14:06 +0300] "GET / HTTP/1.0" 200 27907 "-" "Mozilla/5.0 (compatible; YandexBot/3.0; +http://yandex.com/bots)"
37.9.118.28 - - [17/Jun/2015:07:04:53 +0300] "GET / HTTP/1.0" 200 27907 "-" "Mozilla/5.0 (compatible; YandexMetrika/2.0; +http://yandex.com/bots mtmon01i.yandex.ru)"
5.255.253.203 - - [17/Jun/2015:07:08:34 +0300] "GET / HTTP/1.0" 200 27907 "-" "Mozilla/5.0 (compatible; YandexBot/3.0; +http://yandex.com/bots)"
213.180.206.196 - - [17/Jun/2015:08:20:35 +0300] "GET / HTTP/1.0" 200 27907 "-" "Mozilla/5.0 (compatible; YandexMetrika/2.0; +http://yandex.com/bots mtmon01g.yandex.ru)"
91.219.65.253 - - [17/Jun/2015:08:53:20 +0300] "GET /administrator/index.php HTTP/1.0" 200 6774 "-" "Mozilla/5.0 (Windows NT 6.1; rv:19.0) Gecko/20100101 Firefox/19.0"
5.255.253.203 - - [17/Jun/2015:08:56:33 +0300] "GET / HTTP/1.0" 200 27907 "-" "Mozilla/5.0 (compatible; YandexBot/3.0; +http://yandex.com/bots)"
2.132.181.151 - - [17/Jun/2015:09:12:35 +0300] "GET /index.php/%d0%be-%d0%ba%d0%be%d0%bc%d0%bf%d0%b0%d0%bd%d0%b8%d0%b8/%d0%bc%d0%b8%d1%81%d1%81%d0%b8%d1%8f-%d0%b8-%d0%bf%d1%80%d0%b8%d0%bd%d1%86%d0%b8%d0%bf-%d0%b4%d0%b5%d1%8f%d1%82%d0%b5%d0%bb%d1%8c%d0%bd%d0%be%d1%81%d1%82%d0%b8 HTTP/1.0" 200 30853 "https://www.google.ru/" "Mozilla/5.0 (Windows NT 5.1) AppleWebKit/537.36 (KHTML, like Gecko) Chrome/43.0.2357.124 Safari/537.36"
2.132.181.151 - - [17/Jun/2015:09:13:25 +0300] "GET /index.php/%d0%be-%d0%ba%d0%be%d0%bc%d0%bf%d0%b0%d0%bd%d0%b8%d0%b8/%d0%bc%d0%b8%d1%81%d1%81%d0%b8%d1%8f-%d0%b8-%d0%bf%d1%80%d0%b8%d0%bd%d1%86%d0%b8%d0%bf-%d0%b4%d0%b5%d1%8f%d1%82%d0%b5%d0%bb%d1%8c%d0%bd%d0%be%d1%81%d1%82%d0%b8 HTTP/1.0" 200 30853 "https://www.google.ru/" "Mozilla/5.0 (Windows NT 5.1) AppleWebKit/537.36 (KHTML, like Gecko) Chrome/43.0.2357.124 Safari/537.36"
95.108.129.196 - - [17/Jun/2015:09:16:48 +0300] "GET / HTTP/1.0" 200 27907 "-" "Mozilla/5.0 (compatible; YandexMetrika/2.0; +http://yandex.com/bots mtmon01e.yandex.ru)"
5.255.253.203 - - [17/Jun/2015:11:04:53 +0300] "GET /robots.txt HTTP/1.0" 200 865 "-" "Mozilla/5.0 (compatible; YandexBot/3.0; +http://yandex.com/bots)"
37.140.188.35 - - [17/Jun/2015:11:04:55 +0300] "GET / HTTP/1.0" 200 27907 "-" "Mozilla/5.0 (compatible; YandexBot/3.0; +http://yandex.com/bots)"
176.9.38.197 - - [17/Jun/2015:12:56:49 +0300] "GET / HTTP/1.0" 200 27907 "http://CITIEX.RU/" "Opera/9.80 (Windows NT 6.1; WOW64; MRA 8.1 (build 6347)) Presto/2.12.388 Version/12.16"
157.55.39.244 - - [17/Jun/2015:13:11:30 +0300] "GET /robots.txt HTTP/1.0" 200 865 "-" "Mozilla/5.0 (compatible; bingbot/2.0; +http://www.bing.com/bingbot.htm)"
157.55.39.243 - - [17/Jun/2015:13:11:54 +0300] "GET /index.php/%d0%be-%d0%ba%d0%be%d0%bc%d0%bf%d0%b0%d0%bd%d0%b8%d0%b8/%d0%ba%d0%be%d0%bd%d1%82%d0%b0%d0%ba%d1%82%d0%bd%d0%b0%d1%8f-%d0%b8%d0%bd%d1%84%d0%be%d1%80%d0%bc%d0%b0%d1%86%d0%b8%d1%8f HTTP/1.0" 200 30454 "-" "Mozilla/5.0 (compatible; bingbot/2.0; +http://www.bing.com/bingbot.htm)"
37.9.118.28 - - [17/Jun/2015:13:13:28 +0300] "GET / HTTP/1.0" 200 27907 "-" "Mozilla/5.0 (compatible; YandexMetrika/2.0; +http://yandex.com/bots mtmon01i.yandex.ru)"
5.255.253.203 - - [17/Jun/2015:14:01:06 +0300] "GET / HTTP/1.0" 200 27907 "-" "Mozilla/5.0 (compatible; YandexBot/3.0; +http://yandex.com/bots)"
213.180.206.196 - - [17/Jun/2015:14:33:10 +0300] "GET / HTTP/1.0" 200 27907 "-" "Mozilla/5.0 (compatible; YandexMetrika/2.0; +http://yandex.com/bots mtmon01g.yandex.ru)"
5.255.253.203 - - [17/Jun/2015:14:53:19 +0300] "GET / HTTP/1.0" 200 27907 "-" "Mozilla/5.0 (compatible; YandexBot/3.0; +http://yandex.com/bots)"
213.180.206.198 - - [17/Jun/2015:15:18:05 +0300] "GET / HTTP/1.0" 200 27907 "-" "Mozilla/5.0 (compatible; YandexMetrika/2.0; +http://yandex.com/bots)"
95.108.129.196 - - [17/Jun/2015:15:31:01 +0300] "GET / HTTP/1.0" 200 27907 "-" "Mozilla/5.0 (compatible; YandexMetrika/2.0; +http://yandex.com/bots mtmon01e.yandex.ru)"
157.55.39.136 - - [17/Jun/2015:16:18:11 +0300] "GET /robots.txt HTTP/1.0" 200 865 "-" "Mozilla/5.0 (compatible; bingbot/2.0; +http://www.bing.com/bingbot.htm)"
198.27.66.194 - - [17/Jun/2015:16:40:49 +0300] "GET /robots.txt HTTP/1.0" 200 865 "-" "Mozilla/5.0 (compatible; MJ12bot/v1.4.5; http://www.majestic12.co.uk/bot.php?+)"
198.27.66.194 - - [17/Jun/2015:16:40:50 +0300] "GET /index.php/20-manufacturers/22-%d1%81%d0%be%d1%82%d1%80%d1%83%d0%b4%d0%bd%d0%b8%d1%87%d0%b5%d1%81%d1%82%d0%b2%d0%be-%d0%be%d1%86%d0%b5%d0%bd%d0%be%d1%87%d0%bd%d1%8b%d0%b5-%d0%ba%d0%be%d0%bc%d0%bf%d0%b0%d0%bd%d0%b8%d0%b8 HTTP/1.0" 200 35162 "-" "Mozilla/5.0 (compatible; MJ12bot/v1.4.5; http://www.majestic12.co.uk/bot.php?+)"
198.27.66.194 - - [17/Jun/2015:16:40:55 +0300] "GET /index.php/21-2014-07-15-19-34-08/46-%d0%b7%d0%b0%d0%ba%d0%b0%d0%b7-%d0%be%d1%86%d0%b5%d0%bd%d0%ba%d0%b8 HTTP/1.0" 200 27447 "-" "Mozilla/5.0 (compatible; MJ12bot/v1.4.5; http://www.majestic12.co.uk/bot.php?+)"
198.27.65.39 - - [17/Jun/2015:16:52:02 +0300] "GET /robots.txt HTTP/1.0" 200 865 "-" "Mozilla/5.0 (compatible; MJ12bot/v1.4.5; http://www.majestic12.co.uk/bot.php?+)"
198.27.65.39 - - [17/Jun/2015:16:52:04 +0300] "GET /index.php/%d0%be-%d0%ba%d0%be%d0%bc%d0%bf%d0%b0%d0%bd%d0%b8%d0%b8/%d0%ba%d0%bb%d0%b8%d0%b5%d0%bd%d1%82%d1%8b-%d0%b8-%d0%bf%d0%b0%d1%80%d1%82%d0%bd%d0%b5%d1%80%d1%8b-%d0%ba%d0%be%d0%bc%d0%bf%d0%b0%d0%bd%d0%b8%d0%b8 HTTP/1.0" 200 26194 "-" "Mozilla/5.0 (compatible; MJ12bot/v1.4.5; http://www.majestic12.co.uk/bot.php?+)"
78.46.96.19 - - [17/Jun/2015:17:33:28 +0300] "GET / HTTP/1.0" 200 27907 "-" "Mozilla/5.0 (Windows NT 6.1) AppleWebKit/537.36 (KHTML, like Gecko) Chrome/41.0.2228.0 Safari/537.36"
5.255.253.203 - - [17/Jun/2015:17:36:27 +0300] "GET / HTTP/1.0" 200 27907 "-" "Mozilla/5.0 (compatible; YandexBot/3.0; +http://yandex.com/bots)"
37.9.118.28 - - [17/Jun/2015:19:23:33 +0300] "GET / HTTP/1.0" 200 27907 "-" "Mozilla/5.0 (compatible; YandexMetrika/2.0; +http://yandex.com/bots mtmon01i.yandex.ru)"
5.255.253.203 - - [17/Jun/2015:19:39:31 +0300] "GET / HTTP/1.0" 200 27907 "-" "Mozilla/5.0 (compatible; YandexBot/3.0; +http://yandex.com/bots)"
213.180.206.196 - - [17/Jun/2015:20:43:01 +0300] "GET / HTTP/1.0" 200 27907 "-" "Mozilla/5.0 (compatible; YandexMetrika/2.0; +http://yandex.com/bots mtmon01g.yandex.ru)"
66.249.78.62 - - [17/Jun/2015:21:21:40 +0300] "GET /robots.txt HTTP/1.0" 200 865 "-" "Mozilla/5.0 (compatible; Googlebot/2.1; +http://www.google.com/bot.html)"
66.249.78.62 - - [17/Jun/2015:21:21:41 +0300] "GET /index.php/%d0%be-%d0%ba%d0%be%d0%bc%d0%bf%d0%b0%d0%bd%d0%b8%d0%b8/login-form HTTP/1.0" 200 33395 "-" "Mozilla/5.0 (compatible; Googlebot/2.1; +http://www.google.com/bot.html)"
66.249.78.76 - - [17/Jun/2015:21:22:58 +0300] "GET /index.php/%d0%be-%d0%ba%d0%be%d0%bc%d0%bf%d0%b0%d0%bd%d0%b8%d0%b8/login-form/loader/component/153/components/b2jcontact/css?bid=1 HTTP/1.0" 200 30262 "-" "Mozilla/5.0 (compatible; Googlebot/2.1; +http://www.google.com/bot.html)"
5.45.254.227 - - [17/Jun/2015:21:44:42 +0300] "GET /robots.txt HTTP/1.0" 200 865 "-" "Mozilla/5.0 (compatible; YandexBot/3.0; +http://yandex.com/bots)"
5.45.254.227 - - [17/Jun/2015:21:44:44 +0300] "GET / HTTP/1.0" 200 27907 "-" "Mozilla/5.0 (compatible; YandexBot/3.0; +http://yandex.com/bots)"
95.108.129.196 - - [17/Jun/2015:21:49:51 +0300] "GET / HTTP/1.0" 200 27907 "-" "Mozilla/5.0 (compatible; YandexMetrika/2.0; +http://yandex.com/bots mtmon01e.yandex.ru)"
5.255.253.127 - - [17/Jun/2015:22:02:27 +0300] "GET / HTTP/1.0" 200 27907 "-" "Mozilla/5.0 (compatible; YandexBot/3.0; +http://yandex.com/bots)"
157.55.39.167 - - [17/Jun/2015:22:37:53 +0300] "GET /index.php/template-features/%d1%83%d1%81%d0%bb%d1%83%d0%b3%d0%b8-%d0%b3%d0%be%d1%81%d1%83%d0%b4%d0%b0%d1%80%d1%81%d1%82%d0%b2%d0%b5%d0%bd%d0%bd%d1%8b%d0%bc-%d1%83%d1%87%d1%80%d0%b5%d0%b6%d0%b4%d0%b5%d0%bd%d0%b8%d1%8f%d0%bc HTTP/1.0" 200 34121 "-" "Mozilla/5.0 (compatible; bingbot/2.0; +http://www.bing.com/bingbot.htm)"
62.210.90.118 - - [17/Jun/2015:23:00:11 +0300] "GET /robots.txt HTTP/1.0" 200 865 "-" "Mozilla/5.0 (compatible; MJ12bot/v1.4.5; http://www.majestic12.co.uk/bot.php?+)"
62.210.90.118 - - [17/Jun/2015:23:00:12 +0300] "GET /index.php/21-2014-07-15-19-34-08/46-%d0%b7%d0%b0%d0%ba%d0%b0%d0%b7-%d0%be%d1%86%d0%b5%d0%bd%d0%ba%d0%b8 HTTP/1.0" 200 27447 "-" "Mozilla/5.0 (compatible; MJ12bot/v1.4.5; http://www.majestic12.co.uk/bot.php?+)"
62.210.90.118 - - [17/Jun/2015:23:00:14 +0300] "GET /index.php/21-2014-07-15-19-34-08?limitstart=0 HTTP/1.0" 200 69275 "-" "Mozilla/5.0 (compatible; MJ12bot/v1.4.5; http://www.majestic12.co.uk/bot.php?+)"
62.210.90.118 - - [17/Jun/2015:23:00:17 +0300] "GET /index.php/component/content/15-%d0%ba%d0%be%d0%bc%d0%bf%d0%b0%d0%bd%d0%b8%d1%8f/5-page-break-example?Itemid=144 HTTP/1.0" 500 1969 "-" "Mozilla/5.0 (compatible; MJ12bot/v1.4.5; http://www.majestic12.co.uk/bot.php?+)"
62.210.90.118 - - [17/Jun/2015:23:00:19 +0300] "GET /index.php/component/content/21-2014-07-15-19-34-08/46-%d0%b7%d0%b0%d0%ba%d0%b0%d0%b7-%d0%be%d1%86%d0%b5%d0%bd%d0%ba%d0%b8?Itemid=175 HTTP/1.0" 500 1969 "-" "Mozilla/5.0 (compatible; MJ12bot/v1.4.5; http://www.majestic12.co.uk/bot.php?+)"
citiex@www.citiex.ru.log000644 000000 000120 00000161074 12540624466 015470 0ustar00rootwww000000 000000 5.255.253.203 - - [18/Jun/2015:00:23:12 +0300] "GET /robots.txt HTTP/1.0" 200 865 "-" "Mozilla/5.0 (compatible; YandexBot/3.0; +http://yandex.com/bots)"
5.255.253.203 - - [18/Jun/2015:00:23:14 +0300] "GET / HTTP/1.0" 200 27907 "-" "Mozilla/5.0 (compatible; YandexBot/3.0; +http://yandex.com/bots)"
157.55.39.166 - - [18/Jun/2015:00:28:36 +0300] "GET /index.php/template-features/%d1%83%d1%81%d0%bb%d1%83%d0%b3%d0%b8-%d1%87%d0%b0%d1%81%d1%82%d0%bd%d1%8b%d0%bc-%d0%bb%d0%b8%d1%86%d0%b0%d0%bc HTTP/1.0" 200 34930 "-" "Mozilla/5.0 (compatible; bingbot/2.0; +http://www.bing.com/bingbot.htm)"
95.89.11.87 - - [18/Jun/2015:00:56:18 +0300] "GET /robots.txt HTTP/1.0" 200 865 "-" "Mozilla/5.0 (compatible; MJ12bot/v1.4.5; http://www.majestic12.co.uk/bot.php?+)"
95.89.11.87 - - [18/Jun/2015:00:56:20 +0300] "GET /index.php/%d0%be-%d0%ba%d0%be%d0%bc%d0%bf%d0%b0%d0%bd%d0%b8%d0%b8 HTTP/1.0" 200 29072 "-" "Mozilla/5.0 (compatible; MJ12bot/v1.4.5; http://www.majestic12.co.uk/bot.php?+)"
95.89.11.87 - - [18/Jun/2015:00:56:25 +0300] "GET /index.php/%d0%be-%d0%ba%d0%be%d0%bc%d0%bf%d0%b0%d0%bd%d0%b8%d0%b8/%d0%ba%d0%bb%d0%b8%d0%b5%d0%bd%d1%82%d1%8b-%d0%b8-%d0%bf%d0%b0%d1%80%d1%82%d0%bd%d0%b5%d1%80%d1%8b-%d0%ba%d0%be%d0%bc%d0%bf%d0%b0%d0%bd%d0%b8%d0%b8 HTTP/1.0" 200 26194 "-" "Mozilla/5.0 (compatible; MJ12bot/v1.4.5; http://www.majestic12.co.uk/bot.php?+)"
95.89.11.87 - - [18/Jun/2015:00:56:29 +0300] "GET /index.php/%d0%be-%d0%ba%d0%be%d0%bc%d0%bf%d0%b0%d0%bd%d0%b8%d0%b8/%d0%ba%d0%be%d0%bd%d1%82%d0%b0%d0%ba%d1%82%d0%bd%d0%b0%d1%8f-%d0%b8%d0%bd%d1%84%d0%be%d1%80%d0%bc%d0%b0%d1%86%d0%b8%d1%8f HTTP/1.0" 200 30454 "-" "Mozilla/5.0 (compatible; MJ12bot/v1.4.5; http://www.majestic12.co.uk/bot.php?+)"
95.89.11.87 - - [18/Jun/2015:00:56:35 +0300] "GET /index.php/%d0%be-%d0%ba%d0%be%d0%bc%d0%bf%d0%b0%d0%bd%d0%b8%d0%b8/%d0%bc%d0%b8%d1%81%d1%81%d0%b8%d1%8f-%d0%b8-%d0%bf%d1%80%d0%b8%d0%bd%d1%86%d0%b8%d0%bf-%d0%b4%d0%b5%d1%8f%d1%82%d0%b5%d0%bb%d1%8c%d0%bd%d0%be%d1%81%d1%82%d0%b8 HTTP/1.0" 200 30709 "-" "Mozilla/5.0 (compatible; MJ12bot/v1.4.5; http://www.majestic12.co.uk/bot.php?+)"
95.89.11.87 - - [18/Jun/2015:00:56:39 +0300] "GET /index.php/%d0%be-%d0%ba%d0%be%d0%bc%d0%bf%d0%b0%d0%bd%d0%b8%d0%b8/login-form HTTP/1.0" 200 33255 "-" "Mozilla/5.0 (compatible; MJ12bot/v1.4.5; http://www.majestic12.co.uk/bot.php?+)"
95.89.11.87 - - [18/Jun/2015:00:56:43 +0300] "GET /index.php/%d0%be-%d0%ba%d0%be%d0%bc%d0%bf%d0%b0%d0%bd%d0%b8%d0%b8/login-form/b2jcontact HTTP/1.0" 200 33271 "-" "Mozilla/5.0 (compatible; MJ12bot/v1.4.5; http://www.majestic12.co.uk/bot.php?+)"
95.89.11.87 - - [18/Jun/2015:00:56:47 +0300] "GET /index.php/%d0%be-%d0%ba%d0%be%d0%bc%d0%bf%d0%b0%d0%bd%d0%b8%d0%b8/module-positions HTTP/1.0" 200 23918 "-" "Mozilla/5.0 (compatible; MJ12bot/v1.4.5; http://www.majestic12.co.uk/bot.php?+)"
95.89.11.87 - - [18/Jun/2015:00:56:50 +0300] "GET /index.php/15-%d0%ba%d0%be%d0%bc%d0%bf%d0%b0%d0%bd%d0%b8%d1%8f HTTP/1.0" 200 42320 "-" "Mozilla/5.0 (compatible; MJ12bot/v1.4.5; http://www.majestic12.co.uk/bot.php?+)"
95.89.11.87 - - [18/Jun/2015:00:56:55 +0300] "GET /index.php/15-%d0%ba%d0%be%d0%bc%d0%bf%d0%b0%d0%bd%d0%b8%d1%8f/36-vestibulum-id-ligula-porta-felis-euismod-semper HTTP/1.0" 200 25796 "-" "Mozilla/5.0 (compatible; MJ12bot/v1.4.5; http://www.majestic12.co.uk/bot.php?+)"
95.89.11.87 - - [18/Jun/2015:00:57:02 +0300] "GET /index.php/15-%d0%ba%d0%be%d0%bc%d0%bf%d0%b0%d0%bd%d0%b8%d1%8f/5-page-break-example HTTP/1.0" 200 23266 "-" "Mozilla/5.0 (compatible; MJ12bot/v1.4.5; http://www.majestic12.co.uk/bot.php?+)"
95.89.11.87 - - [18/Jun/2015:00:57:07 +0300] "GET /index.php/15-%d0%ba%d0%be%d0%bc%d0%bf%d0%b0%d0%bd%d0%b8%d1%8f?format=feed&type=atom HTTP/1.0" 200 76711 "-" "Mozilla/5.0 (compatible; MJ12bot/v1.4.5; http://www.majestic12.co.uk/bot.php?+)"
95.89.11.87 - - [18/Jun/2015:00:57:11 +0300] "GET /index.php/15-%d0%ba%d0%be%d0%bc%d0%bf%d0%b0%d0%bd%d0%b8%d1%8f?format=feed&type=rss HTTP/1.0" 200 37897 "-" "Mozilla/5.0 (compatible; MJ12bot/v1.4.5; http://www.majestic12.co.uk/bot.php?+)"
95.89.11.87 - - [18/Jun/2015:00:57:16 +0300] "GET /index.php/15-%d0%ba%d0%be%d0%bc%d0%bf%d0%b0%d0%bd%d0%b8%d1%8f?limitstart=0 HTTP/1.0" 200 42333 "-" "Mozilla/5.0 (compatible; MJ12bot/v1.4.5; http://www.majestic12.co.uk/bot.php?+)"
95.89.11.87 - - [18/Jun/2015:00:57:20 +0300] "GET /index.php/15-%d0%ba%d0%be%d0%bc%d0%bf%d0%b0%d0%bd%d0%b8%d1%8f?start=5 HTTP/1.0" 200 44156 "-" "Mozilla/5.0 (compatible; MJ12bot/v1.4.5; http://www.majestic12.co.uk/bot.php?+)"
95.89.11.87 - - [18/Jun/2015:00:57:22 +0300] "GET /index.php/20-manufacturers/13-%d1%81%d0%be%d1%82%d1%80%d1%83%d0%b4%d0%bd%d0%b8%d1%87%d0%b5%d1%81%d1%82%d0%b2%d0%be-%d0%b8%d0%bd%d0%be%d1%81%d1%82%d1%80%d0%b0%d0%bd%d0%bd%d1%8b%d0%b5-%d0%b3%d1%80%d0%b0%d0%b6%d0%b4%d0%b0%d0%bd%d0%b5-%d0%b8-%d0%be%d1%80%d0%b3%d0%b0%d0%bd%d0%b8%d0%b7%d0%b0%d1%86%d0%b8%d0%b8 HTTP/1.0" 200 31663 "-" "Mozilla/5.0 (compatible; MJ12bot/v1.4.5; http://www.majestic12.co.uk/bot.php?+)"
95.89.11.87 - - [18/Jun/2015:00:57:28 +0300] "GET /index.php/20-manufacturers/18-%d1%81%d0%be%d1%82%d1%80%d1%83%d0%b4%d0%bd%d0%b8%d1%87%d0%b5%d1%81%d1%82%d0%b2%d0%be-%d1%81%d1%83%d0%b4%d0%be%d0%b2%d1%8b%d0%b5-%d0%b1%d1%80%d0%be%d0%ba%d0%b5%d1%80%d1%8b HTTP/1.0" 200 29006 "-" "Mozilla/5.0 (compatible; MJ12bot/v1.4.5; http://www.majestic12.co.uk/bot.php?+)"
95.89.11.87 - - [18/Jun/2015:00:57:31 +0300] "GET /index.php/20-manufacturers/19-%d1%81%d0%be%d1%82%d1%80%d1%83%d0%b4%d0%bd%d0%b8%d1%87%d0%b5%d1%81%d1%82%d0%b2%d0%be-%d1%81%d1%82%d1%80%d0%b0%d1%85%d0%be%d0%b2%d1%8b%d0%b5-%d0%ba%d0%be%d0%bc%d0%bf%d0%b0%d0%bd%d0%b8%d0%b8 HTTP/1.0" 200 30229 "-" "Mozilla/5.0 (compatible; MJ12bot/v1.4.5; http://www.majestic12.co.uk/bot.php?+)"
95.89.11.87 - - [18/Jun/2015:00:57:34 +0300] "GET /index.php/20-manufacturers/20-%d1%81%d0%be%d1%82%d1%80%d1%83%d0%b4%d0%bd%d0%b8%d1%87%d0%b5%d1%81%d1%82%d0%b2%d0%be-%d0%b1%d0%b0%d0%bd%d0%ba%d0%b8-%d0%b8-%d0%ba%d1%80%d0%b5%d0%b4%d0%b8%d1%82%d0%bd%d1%8b%d0%b5-%d1%83%d1%87%d1%80%d0%b5%d0%b6%d0%b4%d0%b5%d0%bd%d0%b8%d1%8f HTTP/1.0" 200 33792 "-" "Mozilla/5.0 (compatible; MJ12bot/v1.4.5; http://www.majestic12.co.uk/bot.php?+)"
95.89.11.87 - - [18/Jun/2015:00:57:39 +0300] "GET /index.php/20-manufacturers/21-%d1%81%d0%be%d1%82%d1%80%d1%83%d0%b4%d0%bd%d0%b8%d1%87%d0%b5%d1%81%d1%82%d0%b2%d0%be-%d0%b0%d0%b3%d0%b5%d0%bd%d1%82%d1%81%d1%82%d0%b2%d0%b0-%d0%bd%d0%b5%d0%b4%d0%b2%d0%b8%d0%b6%d0%b8%d0%bc%d0%be%d1%81%d1%82%d0%b8 HTTP/1.0" 200 30703 "-" "Mozilla/5.0 (compatible; MJ12bot/v1.4.5; http://www.majestic12.co.uk/bot.php?+)"
95.89.11.87 - - [18/Jun/2015:00:57:44 +0300] "GET /index.php/20-manufacturers/22-%d1%81%d0%be%d1%82%d1%80%d1%83%d0%b4%d0%bd%d0%b8%d1%87%d0%b5%d1%81%d1%82%d0%b2%d0%be-%d0%be%d1%86%d0%b5%d0%bd%d0%be%d1%87%d0%bd%d1%8b%d0%b5-%d0%ba%d0%be%d0%bc%d0%bf%d0%b0%d0%bd%d0%b8%d0%b8 HTTP/1.0" 200 34994 "-" "Mozilla/5.0 (compatible; MJ12bot/v1.4.5; http://www.majestic12.co.uk/bot.php?+)"
95.89.11.87 - - [18/Jun/2015:00:57:48 +0300] "GET /index.php/21-2014-07-15-19-34-08/46-%d0%b7%d0%b0%d0%ba%d0%b0%d0%b7-%d0%be%d1%86%d0%b5%d0%bd%d0%ba%d0%b8 HTTP/1.0" 200 27287 "-" "Mozilla/5.0 (compatible; MJ12bot/v1.4.5; http://www.majestic12.co.uk/bot.php?+)"
