136.243.5.87 - - [16/Jun/2015:06:31:18 +0300] "GET /slovar-terminov/slovar-ocenschika-samolety-i-vertolety-8/%d0%9f/posadochnyy-kurs-3881.html HTTP/1.0" 200 15047 "-" "Mozilla/5.0 (compatible; MJ12bot/v1.4.5; http://www.majestic12.co.uk/bot.php?+)"
136.243.5.87 - - [16/Jun/2015:06:31:20 +0300] "GET /slovar-terminov/slovar-ocenschika-samolety-i-vertolety-8/%d0%9f/postupatelnaya-skorost-3882.html HTTP/1.0" 200 15221 "-" "Mozilla/5.0 (compatible; MJ12bot/v1.4.5; http://www.majestic12.co.uk/bot.php?+)"
192.99.1.101 - - [16/Jun/2015:06:31:24 +0300] "GET /slovar-terminov/slovar-ocenschika-obschie-terminy-1/%d0%94/development-41.html HTTP/1.0" 200 14847 "-" "Mozilla/5.0 (compatible; MJ12bot/v1.4.5; http://www.majestic12.co.uk/bot.php?+)"
192.99.1.101 - - [16/Jun/2015:06:31:30 +0300] "GET /slovar-terminov/slovar-ocenschika-obschie-terminy-1/%d0%94/deyatelnost-ocenochnaya-47.html HTTP/1.0" 200 15074 "-" "Mozilla/5.0 (compatible; MJ12bot/v1.4.5; http://www.majestic12.co.uk/bot.php?+)"
192.99.1.101 - - [16/Jun/2015:06:31:33 +0300] "GET /slovar-terminov/slovar-ocenschika-obschie-terminy-1/%d0%94/deystvitelnyy-valovoy-dohod-42.html HTTP/1.0" 200 15209 "-" "Mozilla/5.0 (compatible; MJ12bot/v1.4.5; http://www.majestic12.co.uk/bot.php?+)"
136.243.5.87 - - [16/Jun/2015:06:31:37 +0300] "GET /slovar-terminov/slovar-ocenschika-samolety-i-vertolety-8/%d0%9f/prakticheskiy-potolok-3883.html HTTP/1.0" 200 15481 "-" "Mozilla/5.0 (compatible; MJ12bot/v1.4.5; http://www.majestic12.co.uk/bot.php?+)"
192.99.1.101 - - [16/Jun/2015:06:31:39 +0300] "GET /slovar-terminov/slovar-ocenschika-obschie-terminy-1/%d0%94/diskontirovanie-denezhnogo-potoka-51.html HTTP/1.0" 200 15125 "-" "Mozilla/5.0 (compatible; MJ12bot/v1.4.5; http://www.majestic12.co.uk/bot.php?+)"
136.243.5.87 - - [16/Jun/2015:06:31:39 +0300] "GET /slovar-terminov/slovar-ocenschika-samolety-i-vertolety-8/%d0%9f/predkrylki-3884.html HTTP/1.0" 200 15372 "-" "Mozilla/5.0 (compatible; MJ12bot/v1.4.5; http://www.majestic12.co.uk/bot.php?+)"
136.243.5.87 - - [16/Jun/2015:06:31:43 +0300] "GET /slovar-terminov/slovar-ocenschika-samolety-i-vertolety-8/%d0%9f/predkrylok-3885.html HTTP/1.0" 200 15484 "-" "Mozilla/5.0 (compatible; MJ12bot/v1.4.5; http://www.majestic12.co.uk/bot.php?+)"
192.99.1.101 - - [16/Jun/2015:06:31:44 +0300] "GET /slovar-terminov/slovar-ocenschika-obschie-terminy-1/%d0%94/diskontirovanie-v-ocenke-50.html HTTP/1.0" 200 14783 "-" "Mozilla/5.0 (compatible; MJ12bot/v1.4.5; http://www.majestic12.co.uk/bot.php?+)"
136.243.5.87 - - [16/Jun/2015:06:31:46 +0300] "GET /slovar-terminov/slovar-ocenschika-samolety-i-vertolety-8/%d0%9f/pribornaya-skorost-3886.html HTTP/1.0" 200 15727 "-" "Mozilla/5.0 (compatible; MJ12bot/v1.4.5; http://www.majestic12.co.uk/bot.php?+)"
192.99.1.101 - - [16/Jun/2015:06:31:47 +0300] "GET /slovar-terminov/slovar-ocenschika-obschie-terminy-1/%d0%94/diskontirovannyy-buduschiy-dohod-52.html HTTP/1.0" 200 14961 "-" "Mozilla/5.0 (compatible; MJ12bot/v1.4.5; http://www.majestic12.co.uk/bot.php?+)"
136.243.5.87 - - [16/Jun/2015:06:31:49 +0300] "GET /slovar-terminov/slovar-ocenschika-samolety-i-vertolety-8/%d0%9f/privodnaya-radiostanciya-3887.html HTTP/1.0" 200 15267 "-" "Mozilla/5.0 (compatible; MJ12bot/v1.4.5; http://www.majestic12.co.uk/bot.php?+)"
192.99.1.101 - - [16/Jun/2015:06:31:54 +0300] "GET /slovar-terminov/slovar-ocenschika-obschie-terminy-1/%d0%94/diversifikaciya-v-ocenke-48.html HTTP/1.0" 200 15409 "-" "Mozilla/5.0 (compatible; MJ12bot/v1.4.5; http://www.majestic12.co.uk/bot.php?+)"
136.243.5.87 - - [16/Jun/2015:06:31:58 +0300] "GET /slovar-terminov/slovar-ocenschika-samolety-i-vertolety-8/%d0%9f/priyomistost-dvigatelya-3888.html HTTP/1.0" 200 15193 "-" "Mozilla/5.0 (compatible; MJ12bot/v1.4.5; http://www.majestic12.co.uk/bot.php?+)"
192.99.1.101 - - [16/Jun/2015:06:31:59 +0300] "GET /slovar-terminov/slovar-ocenschika-obschie-terminy-1/%d0%94/dividendy-49.html HTTP/1.0" 200 15951 "-" "Mozilla/5.0 (compatible; MJ12bot/v1.4.5; http://www.majestic12.co.uk/bot.php?+)"
136.243.5.87 - - [16/Jun/2015:06:32:00 +0300] "GET /slovar-terminov/slovar-ocenschika-samolety-i-vertolety-8/%d0%9f/prodolnyy-kanal-upravleniya-samolyotom-3890.html HTTP/1.0" 200 15197 "-" "Mozilla/5.0 (compatible; MJ12bot/v1.4.5; http://www.majestic12.co.uk/bot.php?+)"
192.99.1.101 - - [16/Jun/2015:06:32:04 +0300] "GET /slovar-terminov/slovar-ocenschika-obschie-terminy-1/%d0%94/dogovor-kupli-prodazhi-/-kontrakt-na-prodazhu-53.html HTTP/1.0" 200 15950 "-" "Mozilla/5.0 (compatible; MJ12bot/v1.4.5; http://www.majestic12.co.uk/bot.php?+)"
136.243.5.87 - - [16/Jun/2015:06:32:05 +0300] "GET /slovar-terminov/slovar-ocenschika-samolety-i-vertolety-8/%d0%9f/prosadka-samolyota-3891.html HTTP/1.0" 200 15217 "-" "Mozilla/5.0 (compatible; MJ12bot/v1.4.5; http://www.majestic12.co.uk/bot.php?+)"
136.243.5.87 - - [16/Jun/2015:06:32:07 +0300] "GET /slovar-terminov/slovar-ocenschika-samolety-i-vertolety-8/%d0%9f/proverka-zayavitelya-3889.html HTTP/1.0" 200 15729 "-" "Mozilla/5.0 (compatible; MJ12bot/v1.4.5; http://www.majestic12.co.uk/bot.php?+)"
136.243.5.87 - - [16/Jun/2015:06:32:08 +0300] "GET /slovar-terminov/slovar-ocenschika-samolety-i-vertolety-8/%d0%9f/pryamotochnyy-vozdushn-3892.html HTTP/1.0" 200 15707 "-" "Mozilla/5.0 (compatible; MJ12bot/v1.4.5; http://www.majestic12.co.uk/bot.php?+)"
136.243.5.87 - - [16/Jun/2015:06:32:11 +0300] "GET /slovar-terminov/slovar-ocenschika-samolety-i-vertolety-8/%d0%9f/putevaya-skorost-3893.html HTTP/1.0" 200 15065 "-" "Mozilla/5.0 (compatible; MJ12bot/v1.4.5; http://www.majestic12.co.uk/bot.php?+)"
136.243.5.87 - - [16/Jun/2015:06:32:13 +0300] "GET /slovar-terminov/slovar-ocenschika-samolety-i-vertolety-8/%d0%a0/radionavigacionnaya-karta-3896.html HTTP/1.0" 200 16473 "-" "Mozilla/5.0 (compatible; MJ12bot/v1.4.5; http://www.majestic12.co.uk/bot.php?+)"
217.118.64.47 - - [16/Jun/2015:06:32:49 +0300] "GET /slovar-terminov/slovar-ocenschika-zemelnye-uchastki-4/%d0%ad/elementy-privedeniya-2618.html HTTP/1.0" 200 15744 "http://go.mail.ru/search?q=%20%D0%AD%D0%BB%D0%B5%D0%BC%D0%B5%D0%BD%D1%82%D1%8B%20%D0%BF%D1%80%D0%B8%D0%B2%D0%B5%D0%B4%D0%B5%D0%BD%D0%B8%D1%8F&sf=10" "Mozilla/5.0 (Windows NT 6.3; WOW64) AppleWebKit/537.36 (KHTML, like Gecko) Chrome/43.0.2357.124 Safari/537.36"
217.118.64.47 - - [16/Jun/2015:06:32:51 +0300] "GET /media/system/js/mootools.js HTTP/1.0" 200 74434 "http://citiex.com.ua/slovar-terminov/slovar-ocenschika-zemelnye-uchastki-4/%D0%AD/elementy-privedeniya-2618.html" "Mozilla/5.0 (Windows NT 6.3; WOW64) AppleWebKit/537.36 (KHTML, like Gecko) Chrome/43.0.2357.124 Safari/537.36"
217.118.64.47 - - [16/Jun/2015:06:32:52 +0300] "GET /cache/assets/ef65064a64c7ce9b4395600cb8db9f36.css HTTP/1.0" 200 41592 "http://citiex.com.ua/slovar-terminov/slovar-ocenschika-zemelnye-uchastki-4/%D0%AD/elementy-privedeniya-2618.html" "Mozilla/5.0 (Windows NT 6.3; WOW64) AppleWebKit/537.36 (KHTML, like Gecko) Chrome/43.0.2357.124 Safari/537.36"
217.118.64.47 - - [16/Jun/2015:06:32:52 +0300] "GET /templates/gk_aumi/lib/scripts/hltable.js HTTP/1.0" 200 3646 "http://citiex.com.ua/slovar-terminov/slovar-ocenschika-zemelnye-uchastki-4/%D0%AD/elementy-privedeniya-2618.html" "Mozilla/5.0 (Windows NT 6.3; WOW64) AppleWebKit/537.36 (KHTML, like Gecko) Chrome/43.0.2357.124 Safari/537.36"
217.118.64.47 - - [16/Jun/2015:06:32:52 +0300] "GET /templates/gk_aumi/lib/scripts/template_scripts.js HTTP/1.0" 200 2281 "http://citiex.com.ua/slovar-terminov/slovar-ocenschika-zemelnye-uchastki-4/%D0%AD/elementy-privedeniya-2618.html" "Mozilla/5.0 (Windows NT 6.3; WOW64) AppleWebKit/537.36 (KHTML, like Gecko) Chrome/43.0.2357.124 Safari/537.36"
217.118.64.47 - - [16/Jun/2015:06:32:52 +0300] "GET /templates/gk_aumi/lib/scripts/menu.php?style=suckerfish&width=1&height=1&opacity=1&animation=1&speed=250 HTTP/1.0" 200 253 "http://citiex.com.ua/slovar-terminov/slovar-ocenschika-zemelnye-uchastki-4/%D0%AD/elementy-privedeniya-2618.html" "Mozilla/5.0 (Windows NT 6.3; WOW64) AppleWebKit/537.36 (KHTML, like Gecko) Chrome/43.0.2357.124 Safari/537.36"
217.118.64.47 - - [16/Jun/2015:06:32:52 +0300] "GET /templates/gk_aumi/images/logo.png HTTP/1.0" 200 6149 "http://citiex.com.ua/slovar-terminov/slovar-ocenschika-zemelnye-uchastki-4/%D0%AD/elementy-privedeniya-2618.html" "Mozilla/5.0 (Windows NT 6.3; WOW64) AppleWebKit/537.36 (KHTML, like Gecko) Chrome/43.0.2357.124 Safari/537.36"
217.118.64.47 - - [16/Jun/2015:06:32:52 +0300] "GET /components/com_sh404sef/images/external-black.png HTTP/1.0" 200 3621 "http://citiex.com.ua/slovar-terminov/slovar-ocenschika-zemelnye-uchastki-4/%D0%AD/elementy-privedeniya-2618.html" "Mozilla/5.0 (Windows NT 6.3; WOW64) AppleWebKit/537.36 (KHTML, like Gecko) Chrome/43.0.2357.124 Safari/537.36"
217.118.64.47 - - [16/Jun/2015:06:32:52 +0300] "GET /templates/gk_aumi/images/bg_top.png HTTP/1.0" 200 321 "http://citiex.com.ua/cache/assets/ef65064a64c7ce9b4395600cb8db9f36.css" "Mozilla/5.0 (Windows NT 6.3; WOW64) AppleWebKit/537.36 (KHTML, like Gecko) Chrome/43.0.2357.124 Safari/537.36"
217.118.64.47 - - [16/Jun/2015:06:32:52 +0300] "GET /templates/gk_aumi/images/menu_li.png HTTP/1.0" 200 181 "http://citiex.com.ua/cache/assets/ef65064a64c7ce9b4395600cb8db9f36.css" "Mozilla/5.0 (Windows NT 6.3; WOW64) AppleWebKit/537.36 (KHTML, like Gecko) Chrome/43.0.2357.124 Safari/537.36"
217.118.64.47 - - [16/Jun/2015:06:32:52 +0300] "GET /templates/gk_aumi/images/bg_content_middle.png HTTP/1.0" 200 89 "http://citiex.com.ua/cache/assets/ef65064a64c7ce9b4395600cb8db9f36.css" "Mozilla/5.0 (Windows NT 6.3; WOW64) AppleWebKit/537.36 (KHTML, like Gecko) Chrome/43.0.2357.124 Safari/537.36"
217.118.64.47 - - [16/Jun/2015:06:32:52 +0300] "GET /templates/gk_aumi/images/bg_content_top.png HTTP/1.0" 200 133 "http://citiex.com.ua/cache/assets/ef65064a64c7ce9b4395600cb8db9f36.css" "Mozilla/5.0 (Windows NT 6.3; WOW64) AppleWebKit/537.36 (KHTML, like Gecko) Chrome/43.0.2357.124 Safari/537.36"
217.118.64.47 - - [16/Jun/2015:06:32:53 +0300] "GET /templates/gk_aumi/images/bg_footer.png HTTP/1.0" 200 325 "http://citiex.com.ua/cache/assets/ef65064a64c7ce9b4395600cb8db9f36.css" "Mozilla/5.0 (Windows NT 6.3; WOW64) AppleWebKit/537.36 (KHTML, like Gecko) Chrome/43.0.2357.124 Safari/537.36"
136.243.5.87 - - [16/Jun/2015:06:32:59 +0300] "GET /slovar-terminov/slovar-ocenschika-samolety-i-vertolety-8/%d0%a0/radiovysotomer-3895.html HTTP/1.0" 200 15404 "-" "Mozilla/5.0 (compatible; MJ12bot/v1.4.5; http://www.majestic12.co.uk/bot.php?+)"
217.118.64.47 - - [16/Jun/2015:06:33:00 +0300] "GET /templates/gk_aumi/favicon.ico HTTP/1.0" 200 1406 "http://citiex.com.ua/slovar-terminov/slovar-ocenschika-zemelnye-uchastki-4/%D0%AD/elementy-privedeniya-2618.html" "Mozilla/5.0 (Windows NT 6.3; WOW64) AppleWebKit/537.36 (KHTML, like Gecko) Chrome/43.0.2357.124 Safari/537.36"
136.243.5.87 - - [16/Jun/2015:06:33:01 +0300] "GET /slovar-terminov/slovar-ocenschika-samolety-i-vertolety-8/%d0%a0/raschalka-3898.html HTTP/1.0" 200 15132 "-" "Mozilla/5.0 (compatible; MJ12bot/v1.4.5; http://www.majestic12.co.uk/bot.php?+)"
91.192.148.231 - - [16/Jun/2015:06:33:02 +0300] "GET /robots.txt HTTP/1.0" 200 304 "-" "Mozilla/5.0 (compatible; BegunAdvertising/3.0; +http://begun.ru/begun/technology/indexer/)"
136.243.5.87 - - [16/Jun/2015:06:33:03 +0300] "GET /slovar-terminov/slovar-ocenschika-samolety-i-vertolety-8/%d0%a0/ravnosignalnaya-zona-kurso-glissadnoy-sistemy-3894.html HTTP/1.0" 200 15338 "-" "Mozilla/5.0 (compatible; MJ12bot/v1.4.5; http://www.majestic12.co.uk/bot.php?+)"
91.192.148.231 - - [16/Jun/2015:06:33:03 +0300] "GET /slovar-terminov/slovar-ocenschika-zemelnye-uchastki-4/%d0%ad/elementy-privedeniya-2618.html HTTP/1.0" 200 15744 "-" "Mozilla/5.0 (compatible; BegunAdvertising/3.0; +http://begun.ru/begun/technology/indexer/)"
217.118.64.47 - - [16/Jun/2015:06:33:05 +0300] "GET /templates/gk_aumi/images/menu_bullet.png HTTP/1.0" 200 104 "http://citiex.com.ua/cache/assets/ef65064a64c7ce9b4395600cb8db9f36.css" "Mozilla/5.0 (Windows NT 6.3; WOW64) AppleWebKit/537.36 (KHTML, like Gecko) Chrome/43.0.2357.124 Safari/537.36"
136.243.5.87 - - [16/Jun/2015:06:33:05 +0300] "GET /slovar-terminov/slovar-ocenschika-samolety-i-vertolety-8/%d0%a0/rayon-poiskovo-spasatelnyh-rabot-3897.html HTTP/1.0" 200 15435 "-" "Mozilla/5.0 (compatible; MJ12bot/v1.4.5; http://www.majestic12.co.uk/bot.php?+)"
136.243.5.87 - - [16/Jun/2015:06:33:11 +0300] "GET /slovar-terminov/slovar-ocenschika-samolety-i-vertolety-8/%d0%a0/revers-3899.html HTTP/1.0" 200 15156 "-" "Mozilla/5.0 (compatible; MJ12bot/v1.4.5; http://www.majestic12.co.uk/bot.php?+)"
136.243.5.87 - - [16/Jun/2015:06:33:20 +0300] "GET /slovar-terminov/slovar-ocenschika-samolety-i-vertolety-8/%d0%a0/revers-tyagi-3900.html HTTP/1.0" 200 15205 "-" "Mozilla/5.0 (compatible; MJ12bot/v1.4.5; http://www.majestic12.co.uk/bot.php?+)"
136.243.5.87 - - [16/Jun/2015:06:33:22 +0300] "GET /slovar-terminov/slovar-ocenschika-samolety-i-vertolety-8/%d0%a0/reysovaya-skorost-3903.html HTTP/1.0" 200 15057 "-" "Mozilla/5.0 (compatible; MJ12bot/v1.4.5; http://www.majestic12.co.uk/bot.php?+)"
136.243.5.87 - - [16/Jun/2015:06:33:26 +0300] "GET /slovar-terminov/slovar-ocenschika-samolety-i-vertolety-8/%d0%a0/rezhim-poleta-3901.html HTTP/1.0" 200 15489 "-" "Mozilla/5.0 (compatible; MJ12bot/v1.4.5; http://www.majestic12.co.uk/bot.php?+)"
136.243.5.87 - - [16/Jun/2015:06:33:31 +0300] "GET /slovar-terminov/slovar-ocenschika-samolety-i-vertolety-8/%d0%a0/rezhim-raboty-dvigateley-3902.html HTTP/1.0" 200 15506 "-" "Mozilla/5.0 (compatible; MJ12bot/v1.4.5; http://www.majestic12.co.uk/bot.php?+)"
136.243.5.87 - - [16/Jun/2015:06:33:33 +0300] "GET /slovar-terminov/slovar-ocenschika-samolety-i-vertolety-8/%d0%a0/rle-3904.html HTTP/1.0" 200 15302 "-" "Mozilla/5.0 (compatible; MJ12bot/v1.4.5; http://www.majestic12.co.uk/bot.php?+)"
136.243.5.87 - - [16/Jun/2015:06:33:36 +0300] "GET /slovar-terminov/slovar-ocenschika-samolety-i-vertolety-8/%d0%a0/rotativnyy-dvigatel-3905.html HTTP/1.0" 200 15193 "-" "Mozilla/5.0 (compatible; MJ12bot/v1.4.5; http://www.majestic12.co.uk/bot.php?+)"
136.243.5.87 - - [16/Jun/2015:06:33:39 +0300] "GET /slovar-terminov/slovar-ocenschika-samolety-i-vertolety-8/%d0%a0/rp-rukovoditel-polyotov-3906.html HTTP/1.0" 200 15490 "-" "Mozilla/5.0 (compatible; MJ12bot/v1.4.5; http://www.majestic12.co.uk/bot.php?+)"
136.243.5.87 - - [16/Jun/2015:06:33:42 +0300] "GET /slovar-terminov/slovar-ocenschika-samolety-i-vertolety-8/%d0%a0/rud-3907.html HTTP/1.0" 200 15026 "-" "Mozilla/5.0 (compatible; MJ12bot/v1.4.5; http://www.majestic12.co.uk/bot.php?+)"
136.243.5.87 - - [16/Jun/2015:06:33:44 +0300] "GET /slovar-terminov/slovar-ocenschika-samolety-i-vertolety-8/%d0%a0/rul-povorota-3909.html HTTP/1.0" 200 15157 "-" "Mozilla/5.0 (compatible; MJ12bot/v1.4.5; http://www.majestic12.co.uk/bot.php?+)"
136.243.5.87 - - [16/Jun/2015:06:33:46 +0300] "GET /slovar-terminov/slovar-ocenschika-samolety-i-vertolety-8/%d0%a0/rul-vysoty-3908.html HTTP/1.0" 200 15161 "-" "Mozilla/5.0 (compatible; MJ12bot/v1.4.5; http://www.majestic12.co.uk/bot.php?+)"
136.243.5.87 - - [16/Jun/2015:06:33:48 +0300] "GET /slovar-terminov/slovar-ocenschika-samolety-i-vertolety-8/%d0%a1/page-2.html HTTP/1.0" 200 20542 "-" "Mozilla/5.0 (compatible; MJ12bot/v1.4.5; http://www.majestic12.co.uk/bot.php?+)"
136.243.5.87 - - [16/Jun/2015:06:33:53 +0300] "GET /slovar-terminov/slovar-ocenschika-samolety-i-vertolety-8/%d0%a1/samolet-3910.html HTTP/1.0" 200 15140 "-" "Mozilla/5.0 (compatible; MJ12bot/v1.4.5; http://www.majestic12.co.uk/bot.php?+)"
136.243.5.87 - - [16/Jun/2015:06:33:55 +0300] "GET /slovar-terminov/slovar-ocenschika-samolety-i-vertolety-8/%d0%a1/samolyotovozhdenie-3911.html HTTP/1.0" 200 14992 "-" "Mozilla/5.0 (compatible; MJ12bot/v1.4.5; http://www.majestic12.co.uk/bot.php?+)"
136.243.5.87 - - [16/Jun/2015:06:33:57 +0300] "GET /slovar-terminov/slovar-ocenschika-samolety-i-vertolety-8/%d0%a1/sanitarnaya-norma-3912.html HTTP/1.0" 200 15197 "-" "Mozilla/5.0 (compatible; MJ12bot/v1.4.5; http://www.majestic12.co.uk/bot.php?+)"
136.243.5.87 - - [16/Jun/2015:06:33:59 +0300] "GET /slovar-terminov/slovar-ocenschika-samolety-i-vertolety-8/%d0%a1/sanitarno-zaschitnaya-zona-3913.html HTTP/1.0" 200 15566 "-" "Mozilla/5.0 (compatible; MJ12bot/v1.4.5; http://www.majestic12.co.uk/bot.php?+)"
136.243.5.87 - - [16/Jun/2015:06:34:01 +0300] "GET /slovar-terminov/slovar-ocenschika-samolety-i-vertolety-8/%d0%a1/sbornik-perechen-aeronavigacionnoy-informacii-3914.html HTTP/1.0" 200 16115 "-" "Mozilla/5.0 (compatible; MJ12bot/v1.4.5; http://www.majestic12.co.uk/bot.php?+)"
136.243.5.87 - - [16/Jun/2015:06:34:06 +0300] "GET /slovar-terminov/slovar-ocenschika-samolety-i-vertolety-8/%d0%a1/sertifikat-letnoy-godnosti-3919.html HTTP/1.0" 200 15244 "-" "Mozilla/5.0 (compatible; MJ12bot/v1.4.5; http://www.majestic12.co.uk/bot.php?+)"
136.243.5.87 - - [16/Jun/2015:06:34:08 +0300] "GET /slovar-terminov/slovar-ocenschika-samolety-i-vertolety-8/%d0%a1/sertifikat-na-aviacionnoe-oborudovanie-prednaznachennoe-dlya-raspredeleniya-veschestv-i-biologicheskih-ob-3920.html HTTP/1.0" 200 16167 "-" "Mozilla/5.0 (compatible; MJ12bot/v1.4.5; http://www.majestic12.co.uk/bot.php?+)"
136.243.5.87 - - [16/Jun/2015:06:34:10 +0300] "GET /slovar-terminov/slovar-ocenschika-samolety-i-vertolety-8/%d0%a1/sertifikat-sootvetstviya-dalee-sertifikat-ekspluatanta-3921.html HTTP/1.0" 200 15624 "-" "Mozilla/5.0 (compatible; MJ12bot/v1.4.5; http://www.majestic12.co.uk/bot.php?+)"
192.99.1.101 - - [16/Jun/2015:06:29:09 +0300] "GET /slovar-terminov/slovar-ocenschika-zemelnye-uchastki-4/%d0%ad/elementy-privedeniya-2618.html HTTP/1.0" 200 273 "-" "Mozilla/5.0 (compatible; MJ12bot/v1.4.5; http://www.majestic12.co.uk/bot.php?+)"
136.243.5.87 - - [16/Jun/2015:06:34:58 +0300] "GET /slovar-terminov/slovar-ocenschika-samolety-i-vertolety-8/%d0%a1/skolzhenie-samolyota-3922.html HTTP/1.0" 200 15391 "-" "Mozilla/5.0 (compatible; MJ12bot/v1.4.5; http://www.majestic12.co.uk/bot.php?+)"
136.243.5.87 - - [16/Jun/2015:06:35:08 +0300] "GET /slovar-terminov/slovar-ocenschika-samolety-i-vertolety-8/%d0%a1/skoropod-emnost-3923.html HTTP/1.0" 200 14958 "-" "Mozilla/5.0 (compatible; MJ12bot/v1.4.5; http://www.majestic12.co.uk/bot.php?+)"
136.243.5.87 - - [16/Jun/2015:06:35:13 +0300] "GET /slovar-terminov/slovar-ocenschika-samolety-i-vertolety-8/%d0%a1/sparennyy-razvorot-3924.html HTTP/1.0" 200 15225 "-" "Mozilla/5.0 (compatible; MJ12bot/v1.4.5; http://www.majestic12.co.uk/bot.php?+)"
136.243.5.87 - - [16/Jun/2015:06:35:14 +0300] "GET /slovar-terminov/slovar-ocenschika-samolety-i-vertolety-8/%d0%a1/spasanie-terpyaschih-bedstvie-3925.html HTTP/1.0" 200 15520 "-" "Mozilla/5.0 (compatible; MJ12bot/v1.4.5; http://www.majestic12.co.uk/bot.php?+)"
136.243.5.87 - - [16/Jun/2015:06:35:16 +0300] "GET /slovar-terminov/slovar-ocenschika-samolety-i-vertolety-8/%d0%a1/spasatelnaya-parashyutno-desantnaya-gruppa-3926.html HTTP/1.0" 200 15845 "-" "Mozilla/5.0 (compatible; MJ12bot/v1.4.5; http://www.majestic12.co.uk/bot.php?+)"
136.243.5.87 - - [16/Jun/2015:06:35:21 +0300] "GET /slovar-terminov/slovar-ocenschika-samolety-i-vertolety-8/%d0%a1/spasatelnye-raboty-3927.html HTTP/1.0" 200 16225 "-" "Mozilla/5.0 (compatible; MJ12bot/v1.4.5; http://www.majestic12.co.uk/bot.php?+)"
136.243.5.87 - - [16/Jun/2015:06:35:54 +0300] "GET /slovar-terminov/slovar-ocenschika-samolety-i-vertolety-8/%d0%a1/specialnyy-razdel-aerodinamiki-3928.html HTTP/1.0" 200 16166 "-" "Mozilla/5.0 (compatible; MJ12bot/v1.4.5; http://www.majestic12.co.uk/bot.php?+)"
136.243.5.87 - - [16/Jun/2015:06:35:59 +0300] "GET /slovar-terminov/slovar-ocenschika-samolety-i-vertolety-8/%d0%a1/sportivnyy-aviamodelizm-3929.html HTTP/1.0" 200 15897 "-" "Mozilla/5.0 (compatible; MJ12bot/v1.4.5; http://www.majestic12.co.uk/bot.php?+)"
136.243.5.87 - - [16/Jun/2015:06:36:01 +0300] "GET /slovar-terminov/slovar-ocenschika-samolety-i-vertolety-8/%d0%a1/sredinnaya-poverhnost-3930.html HTTP/1.0" 200 15255 "-" "Mozilla/5.0 (compatible; MJ12bot/v1.4.5; http://www.majestic12.co.uk/bot.php?+)"
136.243.5.87 - - [16/Jun/2015:06:36:03 +0300] "GET /slovar-terminov/slovar-ocenschika-samolety-i-vertolety-8/%d0%a1/sredstva-spaseniya-i-zhizneobespecheniya-3931.html HTTP/1.0" 200 15817 "-" "Mozilla/5.0 (compatible; MJ12bot/v1.4.5; http://www.majestic12.co.uk/bot.php?+)"
94.247.174.83 - - [16/Jun/2015:06:36:16 +0300] "GET / HTTP/1.0" 200 20170 "-" "Pingdom.com_bot_version_1.4_(http://www.pingdom.com/)"
136.243.5.87 - - [16/Jun/2015:06:36:36 +0300] "GET /slovar-terminov/slovar-ocenschika-samolety-i-vertolety-8/%d0%a1/ssos-3932.html HTTP/1.0" 200 14996 "-" "Mozilla/5.0 (compatible; MJ12bot/v1.4.5; http://www.majestic12.co.uk/bot.php?+)"
136.243.5.87 - - [16/Jun/2015:06:36:41 +0300] "GET /slovar-terminov/slovar-ocenschika-samolety-i-vertolety-8/%d0%a1/stabilizator-3933.html HTTP/1.0" 200 15724 "-" "Mozilla/5.0 (compatible; MJ12bot/v1.4.5; http://www.majestic12.co.uk/bot.php?+)"
136.243.5.87 - - [16/Jun/2015:06:36:44 +0300] "GET /slovar-terminov/slovar-ocenschika-samolety-i-vertolety-8/%d0%a1/stabilizator-letatelnogo-apparata-3934.html HTTP/1.0" 200 16590 "-" "Mozilla/5.0 (compatible; MJ12bot/v1.4.5; http://www.majestic12.co.uk/bot.php?+)"
136.243.5.87 - - [16/Jun/2015:06:36:53 +0300] "GET /slovar-terminov/slovar-ocenschika-samolety-i-vertolety-8/%d0%a1/stratosfera-3936.html HTTP/1.0" 200 15032 "-" "Mozilla/5.0 (compatible; MJ12bot/v1.4.5; http://www.majestic12.co.uk/bot.php?+)"
136.243.5.87 - - [16/Jun/2015:06:36:56 +0300] "GET /slovar-terminov/slovar-ocenschika-samolety-i-vertolety-8/%d0%a1/stringer-3937.html HTTP/1.0" 200 15642 "-" "Mozilla/5.0 (compatible; MJ12bot/v1.4.5; http://www.majestic12.co.uk/bot.php?+)"
136.243.5.87 - - [16/Jun/2015:06:36:58 +0300] "GET /slovar-terminov/slovar-ocenschika-samolety-i-vertolety-8/%d0%a1/stvor-vpp-3935.html HTTP/1.0" 200 15241 "-" "Mozilla/5.0 (compatible; MJ12bot/v1.4.5; http://www.majestic12.co.uk/bot.php?+)"
136.243.5.87 - - [16/Jun/2015:06:36:59 +0300] "GET /slovar-terminov/slovar-ocenschika-samolety-i-vertolety-8/%d0%a1/suzhenie-kryla-3938.html HTTP/1.0" 200 15027 "-" "Mozilla/5.0 (compatible; MJ12bot/v1.4.5; http://www.majestic12.co.uk/bot.php?+)"
136.243.5.87 - - [16/Jun/2015:06:37:02 +0300] "GET /slovar-terminov/slovar-ocenschika-samolety-i-vertolety-8/%d0%a1/sverhlegkie-letatelnye-apparaty-3915.html HTTP/1.0" 200 16100 "-" "Mozilla/5.0 (compatible; MJ12bot/v1.4.5; http://www.majestic12.co.uk/bot.php?+)"
136.243.5.87 - - [16/Jun/2015:06:37:48 +0300] "GET /slovar-terminov/slovar-ocenschika-samolety-i-vertolety-8/%d0%a1/svidetelstvo-ekspluatanta-aon-3917.html HTTP/1.0" 200 15260 "-" "Mozilla/5.0 (compatible; MJ12bot/v1.4.5; http://www.majestic12.co.uk/bot.php?+)"
136.243.5.87 - - [16/Jun/2015:06:37:51 +0300] "GET /slovar-terminov/slovar-ocenschika-samolety-i-vertolety-8/%d0%a1/svidetelstvo-o-gosudarstvennogo-registracii-grazhdanskogo-vozdushnogo-suda-rf-3916.html HTTP/1.0" 200 16513 "-" "Mozilla/5.0 (compatible; MJ12bot/v1.4.5; http://www.majestic12.co.uk/bot.php?+)"
136.243.5.87 - - [16/Jun/2015:06:37:54 +0300] "GET /slovar-terminov/slovar-ocenschika-samolety-i-vertolety-8/%d0%a1/svobodnonesuschee-krylo-3918.html HTTP/1.0" 200 15175 "-" "Mozilla/5.0 (compatible; MJ12bot/v1.4.5; http://www.majestic12.co.uk/bot.php?+)"
136.243.5.87 - - [16/Jun/2015:06:37:56 +0300] "GET /slovar-terminov/slovar-ocenschika-samolety-i-vertolety-8/%d0%a2/tangazh-ugol-tangazha-3939.html HTTP/1.0" 200 15142 "-" "Mozilla/5.0 (compatible; MJ12bot/v1.4.5; http://www.majestic12.co.uk/bot.php?+)"
136.243.5.87 - - [16/Jun/2015:06:37:59 +0300] "GET /slovar-terminov/slovar-ocenschika-samolety-i-vertolety-8/%d0%a2/tarirovka-priborov-3940.html HTTP/1.0" 200 15147 "-" "Mozilla/5.0 (compatible; MJ12bot/v1.4.5; http://www.majestic12.co.uk/bot.php?+)"
136.243.5.87 - - [16/Jun/2015:06:38:08 +0300] "GET /slovar-terminov/slovar-ocenschika-samolety-i-vertolety-8/%d0%a2/tehnicheskiy-aviamodelizm-pozvolyaet-reshat-nemalovazhnye-samostoyatelnye-zadachi-v-nauchn-3941.html HTTP/1.0" 200 17182 "-" "Mozilla/5.0 (compatible; MJ12bot/v1.4.5; http://www.majestic12.co.uk/bot.php?+)"
136.243.5.87 - - [16/Jun/2015:06:38:10 +0300] "GET /slovar-terminov/slovar-ocenschika-samolety-i-vertolety-8/%d0%a2/torec-vpp-porog-3942.html HTTP/1.0" 200 15136 "-" "Mozilla/5.0 (compatible; MJ12bot/v1.4.5; http://www.majestic12.co.uk/bot.php?+)"
136.243.5.87 - - [16/Jun/2015:06:38:11 +0300] "GET /slovar-terminov/slovar-ocenschika-samolety-i-vertolety-8/%d0%a2/transportno-ekspeditorskoe-obsluzhivanie-3944.html HTTP/1.0" 200 16272 "-" "Mozilla/5.0 (compatible; MJ12bot/v1.4.5; http://www.majestic12.co.uk/bot.php?+)"
136.243.5.87 - - [16/Jun/2015:06:38:13 +0300] "GET /slovar-terminov/slovar-ocenschika-samolety-i-vertolety-8/%d0%a2/traver-z-3943.html HTTP/1.0" 200 14883 "-" "Mozilla/5.0 (compatible; MJ12bot/v1.4.5; http://www.majestic12.co.uk/bot.php?+)"
136.243.5.87 - - [16/Jun/2015:06:38:16 +0300] "GET /slovar-terminov/slovar-ocenschika-samolety-i-vertolety-8/%d0%a2/trimmer-3945.html HTTP/1.0" 200 15432 "-" "Mozilla/5.0 (compatible; MJ12bot/v1.4.5; http://www.majestic12.co.uk/bot.php?+)"
136.243.5.87 - - [16/Jun/2015:06:38:49 +0300] "GET /slovar-terminov/slovar-ocenschika-samolety-i-vertolety-8/%d0%a2/tropopauza-3948.html HTTP/1.0" 200 15082 "-" "Mozilla/5.0 (compatible; MJ12bot/v1.4.5; http://www.majestic12.co.uk/bot.php?+)"
136.243.5.87 - - [16/Jun/2015:06:38:51 +0300] "GET /slovar-terminov/slovar-ocenschika-samolety-i-vertolety-8/%d0%a2/tyagovooruzhennost-3949.html HTTP/1.0" 200 15354 "-" "Mozilla/5.0 (compatible; MJ12bot/v1.4.5; http://www.majestic12.co.uk/bot.php?+)"
136.243.5.87 - - [16/Jun/2015:06:38:54 +0300] "GET /slovar-terminov/slovar-ocenschika-samolety-i-vertolety-8/%d0%a3/udelnaya-prochnost-3954.html HTTP/1.0" 200 15347 "-" "Mozilla/5.0 (compatible; MJ12bot/v1.4.5; http://www.majestic12.co.uk/bot.php?+)"
136.243.5.87 - - [16/Jun/2015:06:38:56 +0300] "GET /slovar-terminov/slovar-ocenschika-samolety-i-vertolety-8/%d0%a3/ugol-ataki-3950.html HTTP/1.0" 200 15891 "-" "Mozilla/5.0 (compatible; MJ12bot/v1.4.5; http://www.majestic12.co.uk/bot.php?+)"
136.243.5.87 - - [16/Jun/2015:06:38:58 +0300] "GET /slovar-terminov/slovar-ocenschika-samolety-i-vertolety-8/%d0%a3/ugol-ataki-kryla-3951.html HTTP/1.0" 200 15192 "-" "Mozilla/5.0 (compatible; MJ12bot/v1.4.5; http://www.majestic12.co.uk/bot.php?+)"
136.243.5.87 - - [16/Jun/2015:06:39:00 +0300] "GET /slovar-terminov/slovar-ocenschika-samolety-i-vertolety-8/%d0%a3/ugol-snosa-3952.html HTTP/1.0" 200 15337 "-" "Mozilla/5.0 (compatible; MJ12bot/v1.4.5; http://www.majestic12.co.uk/bot.php?+)"
136.243.5.87 - - [16/Jun/2015:06:39:02 +0300] "GET /slovar-terminov/slovar-ocenschika-samolety-i-vertolety-8/%d0%a3/ugol-strelovidnosti-kryla-3953.html HTTP/1.0" 200 15964 "-" "Mozilla/5.0 (compatible; MJ12bot/v1.4.5; http://www.majestic12.co.uk/bot.php?+)"
136.243.5.87 - - [16/Jun/2015:06:39:05 +0300] "GET /slovar-terminov/slovar-ocenschika-samolety-i-vertolety-8/%d0%a3/ustalost-konstrukcii-3955.html HTTP/1.0" 200 15311 "-" "Mozilla/5.0 (compatible; MJ12bot/v1.4.5; http://www.majestic12.co.uk/bot.php?+)"
136.243.5.87 - - [16/Jun/2015:06:39:06 +0300] "GET /slovar-terminov/slovar-ocenschika-samolety-i-vertolety-8/%d0%a3/ustoychivost-3956.html HTTP/1.0" 200 17622 "-" "Mozilla/5.0 (compatible; MJ12bot/v1.4.5; http://www.majestic12.co.uk/bot.php?+)"
136.243.5.87 - - [16/Jun/2015:06:39:08 +0300] "GET /slovar-terminov/slovar-ocenschika-samolety-i-vertolety-8/%d0%a3/utka-3957.html HTTP/1.0" 200 15140 "-" "Mozilla/5.0 (compatible; MJ12bot/v1.4.5; http://www.majestic12.co.uk/bot.php?+)"
136.243.5.87 - - [16/Jun/2015:06:39:13 +0300] "GET /slovar-terminov/slovar-ocenschika-samolety-i-vertolety-8/%d0%a4/flatter-3959.html HTTP/1.0" 200 15242 "-" "Mozilla/5.0 (compatible; MJ12bot/v1.4.5; http://www.majestic12.co.uk/bot.php?+)"
136.243.5.87 - - [16/Jun/2015:06:39:15 +0300] "GET /slovar-terminov/slovar-ocenschika-samolety-i-vertolety-8/%d0%a6/centroplan-3965.html HTTP/1.0" 200 15132 "-" "Mozilla/5.0 (compatible; MJ12bot/v1.4.5; http://www.majestic12.co.uk/bot.php?+)"
136.243.5.87 - - [16/Jun/2015:06:39:17 +0300] "GET /slovar-terminov/slovar-ocenschika-samolety-i-vertolety-8/%d0%a7/chistoe-krylo-3967.html HTTP/1.0" 200 15063 "-" "Mozilla/5.0 (compatible; MJ12bot/v1.4.5; http://www.majestic12.co.uk/bot.php?+)"
136.243.5.87 - - [16/Jun/2015:06:39:19 +0300] "GET /slovar-terminov/slovar-ocenschika-samolety-i-vertolety-8/%d0%a8/shag-vinta-3968.html HTTP/1.0" 200 15325 "-" "Mozilla/5.0 (compatible; MJ12bot/v1.4.5; http://www.majestic12.co.uk/bot.php?+)"
136.243.5.87 - - [16/Jun/2015:06:39:23 +0300] "GET /slovar-terminov/slovar-ocenschika-samolety-i-vertolety-8/%d0%a8/shtopor-3969.html HTTP/1.0" 200 15368 "-" "Mozilla/5.0 (compatible; MJ12bot/v1.4.5; http://www.majestic12.co.uk/bot.php?+)"
136.243.5.87 - - [16/Jun/2015:06:39:40 +0300] "GET /slovar-terminov/slovar-ocenschika-stroitelstvo-3/??.html HTTP/1.0" 404 14484 "-" "Mozilla/5.0 (compatible; MJ12bot/v1.4.5; http://www.majestic12.co.uk/bot.php?+)"
136.243.5.87 - - [16/Jun/2015:06:39:43 +0300] "GET /slovar-terminov/slovar-ocenschika-stroitelstvo-3/%c3%90%c2%a0%c3%90%c5%bd.html HTTP/1.0" 404 14552 "-" "Mozilla/5.0 (compatible; MJ12bot/v1.4.5; http://www.majestic12.co.uk/bot.php?+)"
136.243.5.87 - - [16/Jun/2015:06:39:46 +0300] "GET /slovar-terminov/slovar-ocenschika-stroitelstvo-3/%d0%90/adgeziya-972.html HTTP/1.0" 200 14978 "-" "Mozilla/5.0 (compatible; MJ12bot/v1.4.5; http://www.majestic12.co.uk/bot.php?+)"
136.243.5.87 - - [16/Jun/2015:06:39:49 +0300] "GET /slovar-terminov/slovar-ocenschika-stroitelstvo-3/%d0%90/aerirovannyy-legkiy-beton-alb-1020.html HTTP/1.0" 200 15495 "-" "Mozilla/5.0 (compatible; MJ12bot/v1.4.5; http://www.majestic12.co.uk/bot.php?+)"
136.243.5.87 - - [16/Jun/2015:06:39:51 +0300] "GET /slovar-terminov/slovar-ocenschika-stroitelstvo-3/%d0%90/agloporit-971.html HTTP/1.0" 200 15708 "-" "Mozilla/5.0 (compatible; MJ12bot/v1.4.5; http://www.majestic12.co.uk/bot.php?+)"
136.243.5.87 - - [16/Jun/2015:06:39:53 +0300] "GET /slovar-terminov/slovar-ocenschika-stroitelstvo-3/%d0%90/akmigran-975.html HTTP/1.0" 200 15736 "-" "Mozilla/5.0 (compatible; MJ12bot/v1.4.5; http://www.majestic12.co.uk/bot.php?+)"
136.243.5.87 - - [16/Jun/2015:06:39:55 +0300] "GET /slovar-terminov/slovar-ocenschika-stroitelstvo-3/%d0%90/akt-priemki-skrytyh-rabot-976.html HTTP/1.0" 200 15749 "-" "Mozilla/5.0 (compatible; MJ12bot/v1.4.5; http://www.majestic12.co.uk/bot.php?+)"
136.243.5.87 - - [16/Jun/2015:06:39:57 +0300] "GET /slovar-terminov/slovar-ocenschika-stroitelstvo-3/%d0%90/akusticheskaya-shtukaturka-978.html HTTP/1.0" 200 15669 "-" "Mozilla/5.0 (compatible; MJ12bot/v1.4.5; http://www.majestic12.co.uk/bot.php?+)"
136.243.5.87 - - [16/Jun/2015:06:39:59 +0300] "GET /slovar-terminov/slovar-ocenschika-stroitelstvo-3/%d0%90/akusticheskie-materialy-979.html HTTP/1.0" 200 15919 "-" "Mozilla/5.0 (compatible; MJ12bot/v1.4.5; http://www.majestic12.co.uk/bot.php?+)"
136.243.5.87 - - [16/Jun/2015:06:40:01 +0300] "GET /slovar-terminov/slovar-ocenschika-stroitelstvo-3/%d0%90/akveduk-974.html HTTP/1.0" 200 15834 "-" "Mozilla/5.0 (compatible; MJ12bot/v1.4.5; http://www.majestic12.co.uk/bot.php?+)"
136.243.5.87 - - [16/Jun/2015:06:40:04 +0300] "GET /slovar-terminov/slovar-ocenschika-stroitelstvo-3/%d0%90/albedo-984.html HTTP/1.0" 200 15400 "-" "Mozilla/5.0 (compatible; MJ12bot/v1.4.5; http://www.majestic12.co.uk/bot.php?+)"
136.243.5.87 - - [16/Jun/2015:06:40:07 +0300] "GET /slovar-terminov/slovar-ocenschika-stroitelstvo-3/%d0%90/alebastr-980.html HTTP/1.0" 200 15206 "-" "Mozilla/5.0 (compatible; MJ12bot/v1.4.5; http://www.majestic12.co.uk/bot.php?+)"
136.243.5.87 - - [16/Jun/2015:06:40:08 +0300] "GET /slovar-terminov/slovar-ocenschika-stroitelstvo-3/%d0%90/alkidnye-kraski-981.html HTTP/1.0" 200 15461 "-" "Mozilla/5.0 (compatible; MJ12bot/v1.4.5; http://www.majestic12.co.uk/bot.php?+)"
136.243.5.87 - - [16/Jun/2015:06:40:41 +0300] "GET /slovar-terminov/slovar-ocenschika-stroitelstvo-3/%d0%90/allei-982.html HTTP/1.0" 200 15150 "-" "Mozilla/5.0 (compatible; MJ12bot/v1.4.5; http://www.majestic12.co.uk/bot.php?+)"
136.243.5.87 - - [16/Jun/2015:06:40:46 +0300] "GET /slovar-terminov/slovar-ocenschika-stroitelstvo-3/%d0%90/aluplast-983.html HTTP/1.0" 200 14980 "-" "Mozilla/5.0 (compatible; MJ12bot/v1.4.5; http://www.majestic12.co.uk/bot.php?+)"
136.243.5.87 - - [16/Jun/2015:06:40:49 +0300] "GET /slovar-terminov/slovar-ocenschika-stroitelstvo-3/%d0%90/andezit-987.html HTTP/1.0" 200 15372 "-" "Mozilla/5.0 (compatible; MJ12bot/v1.4.5; http://www.majestic12.co.uk/bot.php?+)"
136.243.5.87 - - [16/Jun/2015:06:40:53 +0300] "GET /slovar-terminov/slovar-ocenschika-stroitelstvo-3/%d0%90/angidrit-985.html HTTP/1.0" 200 16092 "-" "Mozilla/5.0 (compatible; MJ12bot/v1.4.5; http://www.majestic12.co.uk/bot.php?+)"
136.243.5.87 - - [16/Jun/2015:06:40:55 +0300] "GET /slovar-terminov/slovar-ocenschika-stroitelstvo-3/%d0%90/angob-986.html HTTP/1.0" 200 15558 "-" "Mozilla/5.0 (compatible; MJ12bot/v1.4.5; http://www.majestic12.co.uk/bot.php?+)"
136.243.5.87 - - [16/Jun/2015:06:40:57 +0300] "GET /slovar-terminov/slovar-ocenschika-stroitelstvo-3/%d0%90/anker-ankernyy-bolt-988.html HTTP/1.0" 200 15656 "-" "Mozilla/5.0 (compatible; MJ12bot/v1.4.5; http://www.majestic12.co.uk/bot.php?+)"
136.243.5.87 - - [16/Jun/2015:06:41:00 +0300] "GET /slovar-terminov/slovar-ocenschika-stroitelstvo-3/%d0%90/anodirovanie-989.html HTTP/1.0" 200 15346 "-" "Mozilla/5.0 (compatible; MJ12bot/v1.4.5; http://www.majestic12.co.uk/bot.php?+)"
136.243.5.87 - - [16/Jun/2015:06:41:02 +0300] "GET /slovar-terminov/slovar-ocenschika-stroitelstvo-3/%d0%90/antablement-990.html HTTP/1.0" 200 15280 "-" "Mozilla/5.0 (compatible; MJ12bot/v1.4.5; http://www.majestic12.co.uk/bot.php?+)"
136.243.5.87 - - [16/Jun/2015:06:41:11 +0300] "GET /slovar-terminov/slovar-ocenschika-stroitelstvo-3/%d0%90/antefiks-991.html HTTP/1.0" 200 15036 "-" "Mozilla/5.0 (compatible; MJ12bot/v1.4.5; http://www.majestic12.co.uk/bot.php?+)"
136.243.5.87 - - [16/Jun/2015:06:41:13 +0300] "GET /slovar-terminov/slovar-ocenschika-stroitelstvo-3/%d0%a0%d0%8e.html HTTP/1.0" 404 14544 "-" "Mozilla/5.0 (compatible; MJ12bot/v1.4.5; http://www.majestic12.co.uk/bot.php?+)"
204.152.200.42 - - [16/Jun/2015:06:41:16 +0300] "GET / HTTP/1.0" 200 20170 "-" "Pingdom.com_bot_version_1.4_(http://www.pingdom.com/)"
217.69.136.204 - - [16/Jun/2015:06:42:14 +0300] "GET /robots.txt HTTP/1.0" 200 304 "-" "Mozilla/5.0 (compatible; Linux x86_64; Mail.RU_Bot/2.0; +http://go.mail.ru/help/robots)"
96.31.66.245 - - [16/Jun/2015:06:46:16 +0300] "GET / HTTP/1.0" 200 20170 "-" "Pingdom.com_bot_version_1.4_(http://www.pingdom.com/)"
81.144.138.34 - - [16/Jun/2015:06:50:54 +0300] "GET /robots.txt HTTP/1.0" 200 304 "-" "Wotbox/2.01 (+http://www.wotbox.com/bot/)"
81.144.138.34 - - [16/Jun/2015:06:51:07 +0300] "GET / HTTP/1.0" 200 20565 "-" "Wotbox/2.01 (+http://www.wotbox.com/bot/)"
81.144.138.34 - - [16/Jun/2015:06:51:14 +0300] "GET / HTTP/1.0" 200 20565 "-" "Wotbox/2.01 (+http://www.wotbox.com/bot/)"
85.17.156.11 - - [16/Jun/2015:06:51:16 +0300] "GET / HTTP/1.0" 200 20170 "-" "Pingdom.com_bot_version_1.4_(http://www.pingdom.com/)"
81.144.138.34 - - [16/Jun/2015:06:51:23 +0300] "GET /kompaniya.html HTTP/1.0" 200 19706 "-" "Wotbox/2.01 (+http://www.wotbox.com/bot/)"
81.144.138.34 - - [16/Jun/2015:06:51:32 +0300] "GET /komanda-ocenshikov-i-konsultantov.html HTTP/1.0" 200 17734 "-" "Wotbox/2.01 (+http://www.wotbox.com/bot/)"
81.144.138.34 - - [16/Jun/2015:06:51:43 +0300] "GET /missiya-i-printsipy-deyatelnosti.html HTTP/1.0" 200 22469 "-" "Wotbox/2.01 (+http://www.wotbox.com/bot/)"
81.144.138.34 - - [16/Jun/2015:06:51:53 +0300] "GET /sertifikaty-i-nagrady.html HTTP/1.0" 200 14259 "-" "Wotbox/2.01 (+http://www.wotbox.com/bot/)"
81.144.138.34 - - [16/Jun/2015:06:52:01 +0300] "GET /klienty-i-partnery-kompanii.html HTTP/1.0" 200 16374 "-" "Wotbox/2.01 (+http://www.wotbox.com/bot/)"
81.144.138.34 - - [16/Jun/2015:06:52:11 +0300] "GET /kontaktnaya-informatsiya.html HTTP/1.0" 200 30878 "-" "Wotbox/2.01 (+http://www.wotbox.com/bot/)"
81.144.138.34 - - [16/Jun/2015:06:52:21 +0300] "GET /zakaz-ocenki.html HTTP/1.0" 200 28115 "-" "Wotbox/2.01 (+http://www.wotbox.com/bot/)"
81.144.138.34 - - [16/Jun/2015:06:52:29 +0300] "GET /uslugi.html HTTP/1.0" 200 23760 "-" "Wotbox/2.01 (+http://www.wotbox.com/bot/)"
81.144.138.34 - - [16/Jun/2015:06:52:37 +0300] "GET /uslugi-chastnym-litsam.html HTTP/1.0" 200 21258 "-" "Wotbox/2.01 (+http://www.wotbox.com/bot/)"
81.144.138.34 - - [16/Jun/2015:06:52:45 +0300] "GET /uslugi-kompaniyam.html HTTP/1.0" 200 23351 "-" "Wotbox/2.01 (+http://www.wotbox.com/bot/)"
81.144.138.34 - - [16/Jun/2015:06:52:53 +0300] "GET /uslugi-organizatsiyam-partneram.html HTTP/1.0" 200 19351 "-" "Wotbox/2.01 (+http://www.wotbox.com/bot/)"
81.144.138.34 - - [16/Jun/2015:06:53:02 +0300] "GET /uslugi-gosudarstvennym-uchrezhdeniyam.html HTTP/1.0" 200 20576 "-" "Wotbox/2.01 (+http://www.wotbox.com/bot/)"
81.144.138.34 - - [16/Jun/2015:06:53:10 +0300] "GET /ves-perechen-uslug-kompanii.html HTTP/1.0" 200 19312 "-" "Wotbox/2.01 (+http://www.wotbox.com/bot/)"
81.144.138.34 - - [16/Jun/2015:06:53:16 +0300] "GET /sotrudnichestvo.html HTTP/1.0" 200 17487 "-" "Wotbox/2.01 (+http://www.wotbox.com/bot/)"
81.144.138.34 - - [16/Jun/2015:06:53:24 +0300] "GET /stazhiruysya-v-citiex.html HTTP/1.0" 200 20899 "-" "Wotbox/2.01 (+http://www.wotbox.com/bot/)"
81.144.138.34 - - [16/Jun/2015:06:53:32 +0300] "GET /rabotay-v-citiex.html HTTP/1.0" 200 15285 "-" "Wotbox/2.01 (+http://www.wotbox.com/bot/)"
81.144.138.34 - - [16/Jun/2015:06:53:42 +0300] "GET /sotrudnichay-s-citiex.html HTTP/1.0" 200 15439 "-" "Wotbox/2.01 (+http://www.wotbox.com/bot/)"
81.144.138.34 - - [16/Jun/2015:06:53:49 +0300] "GET /citiex-journal/ HTTP/1.0" 200 21887 "-" "Wotbox/2.01 (+http://www.wotbox.com/bot/)"
81.144.138.34 - - [16/Jun/2015:06:53:56 +0300] "GET /citiex-ocenka-imushestva-i-konsalting.html HTTP/1.0" 200 16178 "-" "Wotbox/2.01 (+http://www.wotbox.com/bot/)"
81.144.138.34 - - [16/Jun/2015:06:54:04 +0300] "GET /tarify-na-uslugi-chastnym-litsam.html HTTP/1.0" 200 30971 "-" "Wotbox/2.01 (+http://www.wotbox.com/bot/)"
81.144.138.34 - - [16/Jun/2015:06:54:12 +0300] "GET /voprosy-po-ocenke-ot-chastnyh-lic.html HTTP/1.0" 200 27579 "-" "Wotbox/2.01 (+http://www.wotbox.com/bot/)"
81.144.138.34 - - [16/Jun/2015:06:54:21 +0300] "GET /tarify-na-uslugi-korporativnym-klientam.html HTTP/1.0" 200 48870 "-" "Wotbox/2.01 (+http://www.wotbox.com/bot/)"
81.144.138.34 - - [16/Jun/2015:06:54:30 +0300] "GET /voprosy-po-ocenke-ot-kompaniy.html HTTP/1.0" 200 27683 "-" "Wotbox/2.01 (+http://www.wotbox.com/bot/)"
81.144.138.34 - - [16/Jun/2015:06:54:40 +0300] "GET /sotrudnichestvo-banki-i-kreditnye-uchrezhdeniya.html HTTP/1.0" 200 20011 "-" "Wotbox/2.01 (+http://www.wotbox.com/bot/)"
81.144.138.34 - - [16/Jun/2015:06:54:49 +0300] "GET /sotrudnichestvo-sredstva-massovoy-informatsii.html HTTP/1.0" 200 14400 "-" "Wotbox/2.01 (+http://www.wotbox.com/bot/)"
81.144.138.34 - - [16/Jun/2015:06:54:56 +0300] "GET /sotrudnichestvo-strahovye-kompanii.html HTTP/1.0" 200 16480 "-" "Wotbox/2.01 (+http://www.wotbox.com/bot/)"
81.144.138.34 - - [16/Jun/2015:06:55:05 +0300] "GET /sotrudnichestvo-agentstva-nedvizhimosti.html HTTP/1.0" 200 16655 "-" "Wotbox/2.01 (+http://www.wotbox.com/bot/)"
81.144.138.34 - - [16/Jun/2015:06:55:14 +0300] "GET /sotrudnichestvo-otsenochnye-kompanii.html HTTP/1.0" 200 21225 "-" "Wotbox/2.01 (+http://www.wotbox.com/bot/)"
81.144.138.34 - - [16/Jun/2015:06:55:22 +0300] "GET /sotrudnichestvo-sudovye-brokery.html HTTP/1.0" 200 15397 "-" "Wotbox/2.01 (+http://www.wotbox.com/bot/)"
81.144.138.34 - - [16/Jun/2015:06:55:31 +0300] "GET /sotrudnichestvo-inostrannye-grazhdane-i-organizatsii.html HTTP/1.0" 200 17594 "-" "Wotbox/2.01 (+http://www.wotbox.com/bot/)"
81.144.138.34 - - [16/Jun/2015:06:55:39 +0300] "GET /citiex-journal.html HTTP/1.0" 200 15677 "-" "Wotbox/2.01 (+http://www.wotbox.com/bot/)"
81.144.138.34 - - [16/Jun/2015:06:55:46 +0300] "GET /sitemap.html HTTP/1.0" 200 36355 "-" "Wotbox/2.01 (+http://www.wotbox.com/bot/)"
81.144.138.34 - - [16/Jun/2015:06:55:54 +0300] "GET /polzovatelskoe-soglashenie.html HTTP/1.0" 200 27322 "-" "Wotbox/2.01 (+http://www.wotbox.com/bot/)"
81.144.138.34 - - [16/Jun/2015:06:56:02 +0300] "GET /kontaktnaya-informatsiya/pechat.html HTTP/1.0" 200 24076 "-" "Wotbox/2.01 (+http://www.wotbox.com/bot/)"
81.144.138.34 - - [16/Jun/2015:06:56:10 +0300] "GET /component/option,com_mailto/link,2189bdb80992cbdda919102eaf3f30482b1997b4/tmpl,component/ HTTP/1.0" 200 6793 "-" "Wotbox/2.01 (+http://www.wotbox.com/bot/)"
188.138.124.110 - - [16/Jun/2015:06:56:16 +0300] "GET / HTTP/1.0" 200 20170 "-" "Pingdom.com_bot_version_1.4_(http://www.pingdom.com/)"
81.144.138.34 - - [16/Jun/2015:06:56:17 +0300] "GET /uslugi-korporativnym-klientam.html HTTP/1.0" 200 22508 "-" "Wotbox/2.01 (+http://www.wotbox.com/bot/)"
81.144.138.34 - - [16/Jun/2015:06:56:25 +0300] "GET /indeksy-udorojaniya-za-may-2013.html HTTP/1.0" 200 22160 "-" "Wotbox/2.01 (+http://www.wotbox.com/bot/)"
81.144.138.34 - - [16/Jun/2015:06:56:35 +0300] "GET /indeksy-udorojaniya-za-aprel-2013.html HTTP/1.0" 200 21620 "-" "Wotbox/2.01 (+http://www.wotbox.com/bot/)"
81.144.138.34 - - [16/Jun/2015:06:56:44 +0300] "GET /indeksy-udorojaniya-za-mart-2013.html HTTP/1.0" 200 22173 "-" "Wotbox/2.01 (+http://www.wotbox.com/bot/)"
81.144.138.34 - - [16/Jun/2015:06:56:51 +0300] "GET /rynok-nedvijimosti-sevastopolya-na-mart-2013.html HTTP/1.0" 200 24313 "-" "Wotbox/2.01 (+http://www.wotbox.com/bot/)"
81.144.138.34 - - [16/Jun/2015:06:57:00 +0300] "GET /indeksy-udorojaniya-za-fevral-2013.html HTTP/1.0" 200 21341 "-" "Wotbox/2.01 (+http://www.wotbox.com/bot/)"
81.144.138.34 - - [16/Jun/2015:06:57:09 +0300] "GET /indeks-smr-na-1-yanvarya-2013-goda.html HTTP/1.0" 200 22156 "-" "Wotbox/2.01 (+http://www.wotbox.com/bot/)"
81.144.138.34 - - [16/Jun/2015:06:57:19 +0300] "GET /indeksy-udorojaniya-za-dekabr-2013.html HTTP/1.0" 200 21914 "-" "Wotbox/2.01 (+http://www.wotbox.com/bot/)"
81.144.138.34 - - [16/Jun/2015:06:57:27 +0300] "GET /rynok-nedvijimosti-sevastopolya-na-fevral-2013.html HTTP/1.0" 200 24232 "-" "Wotbox/2.01 (+http://www.wotbox.com/bot/)"
72.46.130.42 - - [16/Jun/2015:07:01:16 +0300] "GET / HTTP/1.0" 200 20170 "-" "Pingdom.com_bot_version_1.4_(http://www.pingdom.com/)"
157.55.39.47 - - [16/Jun/2015:07:05:33 +0300] "GET /slovar-terminov/slovar-ocenschika-nedvizhimost-i-ipoteka-2/A/asset-originator-391.html HTTP/1.0" 200 16870 "-" "Mozilla/5.0 (compatible; bingbot/2.0; +http://www.bing.com/bingbot.htm)"
178.255.153.2 - - [16/Jun/2015:07:06:16 +0300] "GET / HTTP/1.0" 200 20170 "-" "Pingdom.com_bot_version_1.4_(http://www.pingdom.com/)"
108.62.115.226 - - [16/Jun/2015:07:11:16 +0300] "GET / HTTP/1.0" 200 20170 "-" "Pingdom.com_bot_version_1.4_(http://www.pingdom.com/)"
184.75.209.18 - - [16/Jun/2015:07:16:16 +0300] "GET / HTTP/1.0" 200 20170 "-" "Pingdom.com_bot_version_1.4_(http://www.pingdom.com/)"
208.115.111.71 - - [16/Jun/2015:07:16:47 +0300] "GET /robots.txt HTTP/1.0" 200 304 "-" "Mozilla/5.0 (compatible; DotBot/1.1; http://www.opensiteexplorer.org/dotbot, help@moz.com)"
199.87.228.66 - - [16/Jun/2015:07:21:16 +0300] "GET / HTTP/1.0" 200 20170 "-" "Pingdom.com_bot_version_1.4_(http://www.pingdom.com/)"
178.151.143.163 - - [16/Jun/2015:07:24:07 +0300] "GET /robots.txt HTTP/1.0" 200 304 "-" "Mozilla/5.0 (compatible; MJ12bot/v1.4.5; http://www.majestic12.co.uk/bot.php?+)"
178.151.143.163 - - [16/Jun/2015:07:24:08 +0300] "GET /slovar-terminov/slovar-ocenschika-korabli-i-suda-7/%d0%a0/rubka-3635.html HTTP/1.0" 200 15700 "-" "Mozilla/5.0 (compatible; MJ12bot/v1.4.5; http://www.majestic12.co.uk/bot.php?+)"
178.151.143.163 - - [16/Jun/2015:07:24:11 +0300] "GET /slovar-terminov/slovar-ocenschika-korabli-i-suda-7/%d0%a0/rudovoz-3636.html HTTP/1.0" 200 16426 "-" "Mozilla/5.0 (compatible; MJ12bot/v1.4.5; http://www.majestic12.co.uk/bot.php?+)"
178.151.143.163 - - [16/Jun/2015:07:24:13 +0300] "GET /slovar-terminov/slovar-ocenschika-nedvizhimost-i-ipoteka-2/%d0%98/individualnyy-pensionnyy-schet-715.html HTTP/1.0" 200 18006 "-" "Mozilla/5.0 (compatible; MJ12bot/v1.4.5; http://www.majestic12.co.uk/bot.php?+)"
178.151.143.163 - - [16/Jun/2015:07:24:15 +0300] "GET /slovar-terminov/slovar-ocenschika-nedvizhimost-i-ipoteka-2/%d0%9c/maloletnie-766.html HTTP/1.0" 200 17112 "-" "Mozilla/5.0 (compatible; MJ12bot/v1.4.5; http://www.majestic12.co.uk/bot.php?+)"
178.151.143.163 - - [16/Jun/2015:07:24:17 +0300] "GET /slovar-terminov/slovar-ocenschika-nedvizhimost-i-ipoteka-2/%d0%9c/medved-769.html HTTP/1.0" 200 17448 "-" "Mozilla/5.0 (compatible; MJ12bot/v1.4.5; http://www.majestic12.co.uk/bot.php?+)"
178.151.143.163 - - [16/Jun/2015:07:24:19 +0300] "GET /slovar-terminov/slovar-ocenschika-nedvizhimost-i-ipoteka-2/%d0%9c/medvezhiy-rynok-s-770.html HTTP/1.0" 200 17022 "-" "Mozilla/5.0 (compatible; MJ12bot/v1.4.5; http://www.majestic12.co.uk/bot.php?+)"
178.151.143.163 - - [16/Jun/2015:07:24:21 +0300] "GET /slovar-terminov/slovar-ocenschika-nedvizhimost-i-ipoteka-2/%d0%9c/mena-771.html HTTP/1.0" 200 16818 "-" "Mozilla/5.0 (compatible; MJ12bot/v1.4.5; http://www.majestic12.co.uk/bot.php?+)"
178.151.143.163 - - [16/Jun/2015:07:24:23 +0300] "GET /slovar-terminov/slovar-ocenschika-nedvizhimost-i-ipoteka-2/%d0%9c/mikrorayon-772.html HTTP/1.0" 200 17536 "-" "Mozilla/5.0 (compatible; MJ12bot/v1.4.5; http://www.majestic12.co.uk/bot.php?+)"
178.151.143.163 - - [16/Jun/2015:07:24:25 +0300] "GET /slovar-terminov/slovar-ocenschika-nedvizhimost-i-ipoteka-2/%d0%9c/mirovaya-sdelka-773.html HTTP/1.0" 200 17197 "-" "Mozilla/5.0 (compatible; MJ12bot/v1.4.5; http://www.majestic12.co.uk/bot.php?+)"
178.151.143.163 - - [16/Jun/2015:07:24:27 +0300] "GET /slovar-terminov/slovar-ocenschika-nedvizhimost-i-ipoteka-2/%d0%9c/mnogocelevoy-kadastr-774.html HTTP/1.0" 200 16997 "-" "Mozilla/5.0 (compatible; MJ12bot/v1.4.5; http://www.majestic12.co.uk/bot.php?+)"
157.55.39.151 - - [16/Jun/2015:07:24:28 +0300] "GET /pismo-ob-indeksah-izmeneniya-stoimosti-po-sostoyaniyu-na-1-oktyabrya-2009-n-1219-2-911-2810-ot-28102009.html HTTP/1.0" 200 31982 "-" "Mozilla/5.0 (compatible; bingbot/2.0; +http://www.bing.com/bingbot.htm)"
178.151.143.163 - - [16/Jun/2015:07:24:29 +0300] "GET /slovar-terminov/slovar-ocenschika-nedvizhimost-i-ipoteka-2/%d0%9c/modeli-ipoteki-amerikanskaya-model-ipoteki-775.html HTTP/1.0" 200 18455 "-" "Mozilla/5.0 (compatible; MJ12bot/v1.4.5; http://www.majestic12.co.uk/bot.php?+)"
178.151.143.163 - - [16/Jun/2015:07:24:32 +0300] "GET /slovar-terminov/slovar-ocenschika-nedvizhimost-i-ipoteka-2/%d0%a2/titul-s-vozmozhnoy-otmenoy-906.html HTTP/1.0" 200 17801 "-" "Mozilla/5.0 (compatible; MJ12bot/v1.4.5; http://www.majestic12.co.uk/bot.php?+)"
178.151.143.163 - - [16/Jun/2015:07:24:34 +0300] "GET /slovar-terminov/slovar-ocenschika-nedvizhimost-i-ipoteka-2/%d0%a2/titulnyy-plan-908.html HTTP/1.0" 200 16837 "-" "Mozilla/5.0 (compatible; MJ12bot/v1.4.5; http://www.majestic12.co.uk/bot.php?+)"
178.151.143.163 - - [16/Jun/2015:07:24:36 +0300] "GET /slovar-terminov/slovar-ocenschika-nedvizhimost-i-ipoteka-2/%d0%a2/torgi-909.html HTTP/1.0" 200 18492 "-" "Mozilla/5.0 (compatible; MJ12bot/v1.4.5; http://www.majestic12.co.uk/bot.php?+)"
178.151.143.163 - - [16/Jun/2015:07:24:38 +0300] "GET /slovar-terminov/slovar-ocenschika-nedvizhimost-i-ipoteka-2/%d0%a2/torrens-ili-zemeln-910.html HTTP/1.0" 200 17758 "-" "Mozilla/5.0 (compatible; MJ12bot/v1.4.5; http://www.majestic12.co.uk/bot.php?+)"
178.151.143.163 - - [16/Jun/2015:07:24:40 +0300] "GET /slovar-terminov/slovar-ocenschika-nedvizhimost-i-ipoteka-2/%d0%a2/transfert-nedvizhimosti-911.html HTTP/1.0" 200 17823 "-" "Mozilla/5.0 (compatible; MJ12bot/v1.4.5; http://www.majestic12.co.uk/bot.php?+)"
178.151.143.163 - - [16/Jun/2015:07:24:42 +0300] "GET /slovar-terminov/slovar-ocenschika-nedvizhimost-i-ipoteka-2/%d0%a2/tretiy-rynok-914.html HTTP/1.0" 200 17003 "-" "Mozilla/5.0 (compatible; MJ12bot/v1.4.5; http://www.majestic12.co.uk/bot.php?+)"
178.151.143.163 - - [16/Jun/2015:07:24:44 +0300] "GET /slovar-terminov/slovar-ocenschika-nedvizhimost-i-ipoteka-2/%d0%a2/tretya-storona-915.html HTTP/1.0" 200 17925 "-" "Mozilla/5.0 (compatible; MJ12bot/v1.4.5; http://www.majestic12.co.uk/bot.php?+)"
178.151.143.163 - - [16/Jun/2015:07:24:46 +0300] "GET /slovar-terminov/slovar-ocenschika-nedvizhimost-i-ipoteka-2/%d0%a2/treyder-912.html HTTP/1.0" 200 16890 "-" "Mozilla/5.0 (compatible; MJ12bot/v1.4.5; http://www.majestic12.co.uk/bot.php?+)"
178.151.143.163 - - [16/Jun/2015:07:24:48 +0300] "GET /slovar-terminov/slovar-ocenschika-nedvizhimost-i-ipoteka-2/%d0%a2/treydery-913.html HTTP/1.0" 200 16822 "-" "Mozilla/5.0 (compatible; MJ12bot/v1.4.5; http://www.majestic12.co.uk/bot.php?+)"
178.151.143.163 - - [16/Jun/2015:07:24:50 +0300] "GET /slovar-terminov/slovar-ocenschika-nedvizhimost-i-ipoteka-2/%d0%a4/formy-sobstvennosti-na-zemlyu-939.html HTTP/1.0" 200 17543 "-" "Mozilla/5.0 (compatible; MJ12bot/v1.4.5; http://www.majestic12.co.uk/bot.php?+)"
178.151.143.163 - - [16/Jun/2015:07:24:52 +0300] "GET /slovar-terminov/slovar-ocenschika-nedvizhimost-i-ipoteka-2/%d0%a4/frontalnyy-fond-941.html HTTP/1.0" 200 17087 "-" "Mozilla/5.0 (compatible; MJ12bot/v1.4.5; http://www.majestic12.co.uk/bot.php?+)"
178.151.143.163 - - [16/Jun/2015:07:24:54 +0300] "GET /slovar-terminov/slovar-ocenschika-nedvizhimost-i-ipoteka-2/%d0%a4/fundamentalnye-issledovaniya-942.html HTTP/1.0" 200 17261 "-" "Mozilla/5.0 (compatible; MJ12bot/v1.4.5; http://www.majestic12.co.uk/bot.php?+)"
178.151.143.163 - - [16/Jun/2015:07:24:56 +0300] "GET /slovar-terminov/slovar-ocenschika-nedvizhimost-i-ipoteka-2/%d0%a4/fyuchersy-943.html HTTP/1.0" 200 17344 "-" "Mozilla/5.0 (compatible; MJ12bot/v1.4.5; http://www.majestic12.co.uk/bot.php?+)"
178.151.143.163 - - [16/Jun/2015:07:24:58 +0300] "GET /slovar-terminov/slovar-ocenschika-nedvizhimost-i-ipoteka-2/%d0%a5.html HTTP/1.0" 200 19271 "-" "Mozilla/5.0 (compatible; MJ12bot/v1.4.5; http://www.majestic12.co.uk/bot.php?+)"
