????

Your IP : 3.139.239.220


Current Path : /sata1/home/users/citiex/www/
Upload File :
Current File : /sata1/home/users/citiex/www/www.citiex.com.ua-access.log.txt

citiex@www.citiex.com.ua.log000644 000000 000120 00001412035 12537636260 016222 0ustar00rootwww000000 000000 85.17.156.11 - - [15/Jun/2015:00:01:16 +0300] "GET / HTTP/1.0" 200 20170 "-" "Pingdom.com_bot_version_1.4_(http://www.pingdom.com/)"
188.138.124.110 - - [15/Jun/2015:00:06:16 +0300] "GET / HTTP/1.0" 200 20170 "-" "Pingdom.com_bot_version_1.4_(http://www.pingdom.com/)"
72.46.130.42 - - [15/Jun/2015:00:11:16 +0300] "GET / HTTP/1.0" 200 20170 "-" "Pingdom.com_bot_version_1.4_(http://www.pingdom.com/)"
178.255.153.2 - - [15/Jun/2015:00:16:16 +0300] "GET / HTTP/1.0" 200 20170 "-" "Pingdom.com_bot_version_1.4_(http://www.pingdom.com/)"
66.249.65.142 - - [15/Jun/2015:00:20:05 +0300] "GET / HTTP/1.0" 200 20170 "-" "DoCoMo/2.0 N905i(c100;TB;W24H16) (compatible; Googlebot-Mobile/2.1; +http://www.google.com/bot.html)"
108.62.115.226 - - [15/Jun/2015:00:21:16 +0300] "GET / HTTP/1.0" 200 20170 "-" "Pingdom.com_bot_version_1.4_(http://www.pingdom.com/)"
5.255.253.169 - - [15/Jun/2015:00:24:33 +0300] "GET /slovar-terminov/slovar-ocenschika-stroitelstvo-3/all/page-42.html HTTP/1.0" 200 17772 "-" "Mozilla/5.0 (compatible; YandexBot/3.0; +http://yandex.com/bots)"
184.75.209.18 - - [15/Jun/2015:00:26:16 +0300] "GET / HTTP/1.0" 200 20170 "-" "Pingdom.com_bot_version_1.4_(http://www.pingdom.com/)"
199.87.228.66 - - [15/Jun/2015:00:31:16 +0300] "GET / HTTP/1.0" 200 20170 "-" "Pingdom.com_bot_version_1.4_(http://www.pingdom.com/)"
94.247.174.83 - - [15/Jun/2015:00:36:16 +0300] "GET / HTTP/1.0" 200 20170 "-" "Pingdom.com_bot_version_1.4_(http://www.pingdom.com/)"
204.152.200.42 - - [15/Jun/2015:00:41:16 +0300] "GET / HTTP/1.0" 200 20170 "-" "Pingdom.com_bot_version_1.4_(http://www.pingdom.com/)"
96.31.66.245 - - [15/Jun/2015:00:46:16 +0300] "GET / HTTP/1.0" 200 20170 "-" "Pingdom.com_bot_version_1.4_(http://www.pingdom.com/)"
157.55.39.47 - - [15/Jun/2015:00:47:18 +0300] "GET /slovar-ocenschika-nedvizhimost-i-ipoteka/slovar-ocenschika-nedvizhimost-i-ipoteka-2/all/page-3.html HTTP/1.0" 200 32606 "-" "Mozilla/5.0 (compatible; bingbot/2.0; +http://www.bing.com/bingbot.htm)"
85.17.156.11 - - [15/Jun/2015:00:51:16 +0300] "GET / HTTP/1.0" 200 20170 "-" "Pingdom.com_bot_version_1.4_(http://www.pingdom.com/)"
5.255.253.20 - - [15/Jun/2015:00:53:25 +0300] "GET /slovar-terminov/slovar-ocenschika-zemelnye-uchastki-4/%d0%9f/pogreshnost-sistematicheskaya-2331.html HTTP/1.0" 200 16668 "-" "Mozilla/5.0 (compatible; YandexBot/3.0; +http://yandex.com/bots)"
188.138.124.110 - - [15/Jun/2015:00:56:16 +0300] "GET / HTTP/1.0" 200 20170 "-" "Pingdom.com_bot_version_1.4_(http://www.pingdom.com/)"
72.46.130.42 - - [15/Jun/2015:01:01:16 +0300] "GET / HTTP/1.0" 200 20170 "-" "Pingdom.com_bot_version_1.4_(http://www.pingdom.com/)"
178.255.153.2 - - [15/Jun/2015:01:06:16 +0300] "GET / HTTP/1.0" 200 20170 "-" "Pingdom.com_bot_version_1.4_(http://www.pingdom.com/)"
66.249.65.149 - - [15/Jun/2015:01:06:18 +0300] "GET /robots.txt HTTP/1.0" 200 304 "-" "Mozilla/5.0 (compatible; Googlebot/2.1; +http://www.google.com/bot.html)"
66.249.65.149 - - [15/Jun/2015:01:06:18 +0300] "GET /zakarpatske-rv-fdmu.html HTTP/1.0" 200 27607 "-" "Mozilla/5.0 (iPhone; CPU iPhone OS 6_0 like Mac OS X) AppleWebKit/536.26 (KHTML, like Gecko) Version/6.0 Mobile/10A5376e Safari/8536.25 (compatible; Googlebot/2.1; +http://www.google.com/bot.html)"
157.55.39.47 - - [15/Jun/2015:01:06:53 +0300] "GET /indeks-cen-proizvoditeley-promyshlennoy-produkcii.html HTTP/1.0" 200 59084 "-" "Mozilla/5.0 (compatible; bingbot/2.0; +http://www.bing.com/bingbot.htm)"
108.62.115.226 - - [15/Jun/2015:01:11:16 +0300] "GET / HTTP/1.0" 200 20170 "-" "Pingdom.com_bot_version_1.4_(http://www.pingdom.com/)"
178.255.215.94 - - [15/Jun/2015:01:12:12 +0300] "GET /robots.txt HTTP/1.0" 200 304 "-" "Mozilla/5.0 (compatible; Exabot/3.0; +http://www.exabot.com/go/robot)"
178.255.215.94 - - [15/Jun/2015:01:12:12 +0300] "GET /sotrudnichestvo-banki-i-kreditnye-uchrezhdeniya.html HTTP/1.0" 200 20011 "-" "Mozilla/5.0 (compatible; Exabot/3.0; +http://www.exabot.com/go/robot)"
184.75.209.18 - - [15/Jun/2015:01:16:16 +0300] "GET / HTTP/1.0" 200 20170 "-" "Pingdom.com_bot_version_1.4_(http://www.pingdom.com/)"
199.87.228.66 - - [15/Jun/2015:01:21:16 +0300] "GET / HTTP/1.0" 200 20170 "-" "Pingdom.com_bot_version_1.4_(http://www.pingdom.com/)"
5.255.253.163 - - [15/Jun/2015:01:24:55 +0300] "GET /rus-1442.html HTTP/1.0" 200 67203 "-" "Mozilla/5.0 (compatible; YandexBot/3.0; +http://yandex.com/bots)"
94.247.174.83 - - [15/Jun/2015:01:26:16 +0300] "GET / HTTP/1.0" 200 20170 "-" "Pingdom.com_bot_version_1.4_(http://www.pingdom.com/)"
204.152.200.42 - - [15/Jun/2015:01:31:16 +0300] "GET / HTTP/1.0" 200 20170 "-" "Pingdom.com_bot_version_1.4_(http://www.pingdom.com/)"
96.31.66.245 - - [15/Jun/2015:01:36:16 +0300] "GET / HTTP/1.0" 200 20170 "-" "Pingdom.com_bot_version_1.4_(http://www.pingdom.com/)"
85.17.156.11 - - [15/Jun/2015:01:41:16 +0300] "GET / HTTP/1.0" 200 20170 "-" "Pingdom.com_bot_version_1.4_(http://www.pingdom.com/)"
188.138.124.110 - - [15/Jun/2015:01:46:16 +0300] "GET / HTTP/1.0" 200 20170 "-" "Pingdom.com_bot_version_1.4_(http://www.pingdom.com/)"
208.115.111.71 - - [15/Jun/2015:01:48:10 +0300] "GET /robots.txt HTTP/1.0" 200 304 "-" "Mozilla/5.0 (compatible; DotBot/1.1; http://www.opensiteexplorer.org/dotbot, help@moz.com)"
72.46.130.42 - - [15/Jun/2015:01:51:16 +0300] "GET / HTTP/1.0" 200 20170 "-" "Pingdom.com_bot_version_1.4_(http://www.pingdom.com/)"
157.55.39.47 - - [15/Jun/2015:01:53:58 +0300] "GET /uslugi-chastnym-litsam.html HTTP/1.0" 200 20524 "-" "Mozilla/5.0 (compatible; bingbot/2.0; +http://www.bing.com/bingbot.htm)"
178.255.153.2 - - [15/Jun/2015:01:56:16 +0300] "GET / HTTP/1.0" 200 20170 "-" "Pingdom.com_bot_version_1.4_(http://www.pingdom.com/)"
217.69.136.205 - - [15/Jun/2015:01:58:08 +0300] "GET /robots.txt HTTP/1.0" 200 304 "-" "Mozilla/5.0 (compatible; Linux x86_64; Mail.RU_Bot/2.0; +http://go.mail.ru/help/robots)"
108.62.115.226 - - [15/Jun/2015:02:01:16 +0300] "GET / HTTP/1.0" 200 20170 "-" "Pingdom.com_bot_version_1.4_(http://www.pingdom.com/)"
184.75.209.18 - - [15/Jun/2015:02:06:16 +0300] "GET / HTTP/1.0" 200 20170 "-" "Pingdom.com_bot_version_1.4_(http://www.pingdom.com/)"
199.87.228.66 - - [15/Jun/2015:02:11:16 +0300] "GET / HTTP/1.0" 200 20170 "-" "Pingdom.com_bot_version_1.4_(http://www.pingdom.com/)"
94.247.174.83 - - [15/Jun/2015:02:16:16 +0300] "GET / HTTP/1.0" 200 20170 "-" "Pingdom.com_bot_version_1.4_(http://www.pingdom.com/)"
5.255.253.163 - - [15/Jun/2015:02:17:50 +0300] "GET /1-obshie-voprosy-po-ocenke-imushestva/8.html?format=feed&lang=ru&limit=5&type=rss HTTP/1.0" 200 14358 "-" "Mozilla/5.0 (compatible; YandexBot/3.0; +http://yandex.com/bots)"
157.55.39.37 - - [15/Jun/2015:02:19:29 +0300] "GET /kramatorskoe-bti.html HTTP/1.0" 200 17658 "-" "Mozilla/5.0 (compatible; bingbot/2.0; +http://www.bing.com/bingbot.htm)"
204.152.200.42 - - [15/Jun/2015:02:21:16 +0300] "GET / HTTP/1.0" 200 20170 "-" "Pingdom.com_bot_version_1.4_(http://www.pingdom.com/)"
5.9.37.121 - - [15/Jun/2015:02:21:27 +0300] "GET /rus-606-xiv.html HTTP/1.0" 200 388695 "http://citiex.com.ua/rus-606-xiv.html" "Mozilla/5.0 (Windows NT 6.1) AppleWebKit/537.36 (KHTML, like Gecko) Chrome/37.0.2062.124 YaBrowser/14.10.2062.12061 Safari/537.36"
66.249.65.149 - - [15/Jun/2015:02:21:28 +0300] "GET /bukovinskiy-alyans.html HTTP/1.0" 200 27607 "-" "Mozilla/5.0 (iPhone; CPU iPhone OS 6_0 like Mac OS X) AppleWebKit/536.26 (KHTML, like Gecko) Version/6.0 Mobile/10A5376e Safari/8536.25 (compatible; Googlebot/2.1; +http://www.google.com/bot.html)"
96.31.66.245 - - [15/Jun/2015:02:26:16 +0300] "GET / HTTP/1.0" 200 20170 "-" "Pingdom.com_bot_version_1.4_(http://www.pingdom.com/)"
136.243.5.215 - - [15/Jun/2015:02:29:14 +0300] "GET /robots.txt HTTP/1.0" 200 304 "-" "Mozilla/5.0 (compatible; MJ12bot/v1.4.5; http://www.majestic12.co.uk/bot.php?+)"
136.243.5.215 - - [15/Jun/2015:02:29:16 +0300] "GET /slovar-terminov/slovar-ocenschika-samolety-i-vertolety-8/%d0%9e/ozp-3860.html HTTP/1.0" 200 14848 "-" "Mozilla/5.0 (compatible; MJ12bot/v1.4.5; http://www.majestic12.co.uk/bot.php?+)"
136.243.5.215 - - [15/Jun/2015:02:29:19 +0300] "GET /slovar-terminov/slovar-ocenschika-stroitelstvo-3/%d0%9a/page-4.html HTTP/1.0" 200 23912 "-" "Mozilla/5.0 (compatible; MJ12bot/v1.4.5; http://www.majestic12.co.uk/bot.php?+)"
136.243.5.215 - - [15/Jun/2015:02:29:21 +0300] "GET /slovar-terminov/slovar-ocenschika-stroitelstvo-3/%d0%9b/landshaft-1294.html HTTP/1.0" 200 16334 "-" "Mozilla/5.0 (compatible; MJ12bot/v1.4.5; http://www.majestic12.co.uk/bot.php?+)"
136.243.5.215 - - [15/Jun/2015:02:29:23 +0300] "GET /slovar-terminov/slovar-ocenschika-stroitelstvo-3/%d0%9f/potok-1491.html HTTP/1.0" 200 15220 "-" "Mozilla/5.0 (compatible; MJ12bot/v1.4.5; http://www.majestic12.co.uk/bot.php?+)"
136.243.5.215 - - [15/Jun/2015:02:29:25 +0300] "GET /slovar-terminov/slovar-ocenschika-stroitelstvo-3/%d0%9f/potrebitel-elektroenergii-1492.html HTTP/1.0" 200 15205 "-" "Mozilla/5.0 (compatible; MJ12bot/v1.4.5; http://www.majestic12.co.uk/bot.php?+)"
136.243.5.215 - - [15/Jun/2015:02:29:27 +0300] "GET /slovar-terminov/slovar-ocenschika-stroitelstvo-3/%d0%9f/poval-1461.html HTTP/1.0" 200 15496 "-" "Mozilla/5.0 (compatible; MJ12bot/v1.4.5; http://www.majestic12.co.uk/bot.php?+)"
136.243.5.215 - - [15/Jun/2015:02:29:28 +0300] "GET /robots.txt HTTP/1.0" 200 304 "-" "Mozilla/5.0 (compatible; MJ12bot/v1.4.5; http://www.majestic12.co.uk/bot.php?+)"
136.243.5.215 - - [15/Jun/2015:02:29:30 +0300] "GET /slovar-terminov/slovar-ocenschika-stroitelstvo-3/%d0%9f/predel-ognestoykosti-1493.html HTTP/1.0" 200 16137 "-" "Mozilla/5.0 (compatible; MJ12bot/v1.4.5; http://www.majestic12.co.uk/bot.php?+)"
136.243.5.215 - - [15/Jun/2015:02:29:32 +0300] "GET /slovar-terminov/slovar-ocenschika-stroitelstvo-3/%d0%9f/prichelina-1497.html HTTP/1.0" 200 15066 "-" "Mozilla/5.0 (compatible; MJ12bot/v1.4.5; http://www.majestic12.co.uk/bot.php?+)"
136.243.5.215 - - [15/Jun/2015:02:29:34 +0300] "GET /slovar-terminov/slovar-ocenschika-stroitelstvo-3/%d0%9f/prikvartirnyy-uchastok-1494.html HTTP/1.0" 200 15153 "-" "Mozilla/5.0 (compatible; MJ12bot/v1.4.5; http://www.majestic12.co.uk/bot.php?+)"
85.17.156.11 - - [15/Jun/2015:02:31:16 +0300] "GET / HTTP/1.0" 200 20170 "-" "Pingdom.com_bot_version_1.4_(http://www.pingdom.com/)"
188.138.124.110 - - [15/Jun/2015:02:36:16 +0300] "GET / HTTP/1.0" 200 20170 "-" "Pingdom.com_bot_version_1.4_(http://www.pingdom.com/)"
72.46.130.42 - - [15/Jun/2015:02:41:16 +0300] "GET / HTTP/1.0" 200 20170 "-" "Pingdom.com_bot_version_1.4_(http://www.pingdom.com/)"
178.255.153.2 - - [15/Jun/2015:02:46:16 +0300] "GET / HTTP/1.0" 200 20170 "-" "Pingdom.com_bot_version_1.4_(http://www.pingdom.com/)"
5.255.253.169 - - [15/Jun/2015:02:51:10 +0300] "GET /slovar-terminov/slovar-ocenschika-nedvizhimost-i-ipoteka-2/C/cash-flow-waterfall-vodopad-platezhey-411.html HTTP/1.0" 200 17539 "-" "Mozilla/5.0 (compatible; YandexBot/3.0; +http://yandex.com/bots)"
108.62.115.226 - - [15/Jun/2015:02:51:16 +0300] "GET / HTTP/1.0" 200 20170 "-" "Pingdom.com_bot_version_1.4_(http://www.pingdom.com/)"
123.125.71.86 - - [15/Jun/2015:02:55:52 +0300] "GET / HTTP/1.0" 200 20170 "-" "Mozilla/5.0 (Windows NT 5.1; rv:6.0.2) Gecko/20100101 Firefox/6.0.2"
184.75.209.18 - - [15/Jun/2015:02:56:16 +0300] "GET / HTTP/1.0" 200 20170 "-" "Pingdom.com_bot_version_1.4_(http://www.pingdom.com/)"
220.181.108.97 - - [15/Jun/2015:02:57:28 +0300] "GET / HTTP/1.0" 200 20170 "-" "Mozilla/5.0 (Windows NT 5.1; rv:6.0.2) Gecko/20100101 Firefox/6.0.2"
123.125.71.110 - - [15/Jun/2015:02:57:29 +0300] "GET / HTTP/1.0" 200 20170 "-" "Mozilla/5.0 (Windows NT 5.1; rv:6.0.2) Gecko/20100101 Firefox/6.0.2"
220.181.108.101 - - [15/Jun/2015:02:59:38 +0300] "GET / HTTP/1.0" 200 20170 "-" "Mozilla/5.0 (Windows NT 5.1; rv:6.0.2) Gecko/20100101 Firefox/6.0.2"
199.87.228.66 - - [15/Jun/2015:03:01:16 +0300] "GET / HTTP/1.0" 200 20170 "-" "Pingdom.com_bot_version_1.4_(http://www.pingdom.com/)"
188.32.255.221 - - [15/Jun/2015:03:05:13 +0300] "GET /ukr-1087-iv.html HTTP/1.0" 200 84159 "http://yandex.ru/clck/jsredir?from=yandex.ru%3Bsearch%3Bweb%3B%3B&text=&etext=719.lWC4QDi9sQlTHmcofJ1DeH1gqMb46q3VtOckveEjq-pSQe88_SwydENYgoxQO74HesZsn38wzeXuhqPWkwfC1a-3-y_RChtVzVNeH2AtXHtYhYHIWkE6gZBLA09o4ZqQF0M27N_TwpLYMELQXAf0gq54TGqjxb3ob_be2w8EAU8Fd_0QqjaQ3XMaFQR5VCzbdnQq_9aPDbqcSdFYntFiSrL-TEDz6rBbL71dQ7eHWO-C2seQ82Fkpg5MVX78ROkV.9f83c2691323f2f763bd621bca438e58c90053ff&uuid=&state=AiuY0DBWFJ4ePaEse6rgeAjgs2pI3DW9J0KiE5XNXd0dp0ZMwFHoviUoYa6nzP7MSi3gOS8hVmLxrob5JrCTbXR9uk_8eoFN-Oprdp9VD6QhkRaBgNT6cCeGpGFewI6NCT86Vef3-P3Al3vFJ0GoE5D3iFudGDRjGWQFjvM1KLm8cUUOLC5pdZue4vVqWZnsdjrXDBQV2IVFPgUu7OEDWQ&data=UlNrNmk5WktYejR0eWJFYk1LdmtxZ0IwM0xtOGFxVG5XOFNaM2VaM051Y010R25pbGlOVTVkZzRRYWhhRl84WUd0T1dvOU5idmlDeFB3Tm03eWxlT21Zb045N1pjVHlqRnBZYlFHLUZxN3hTOGp5QmhuMTIydw&b64e=2&sign=da6d50205ddb7aa34e5da95c8a591011&keyno=0&l10n=ru&cts=1434325387804&mc=5.53360586603" "Mozilla/4.0 (compatible; MSIE 8.0; Windows NT 5.1; Trident/4.0)"
188.32.255.221 - - [15/Jun/2015:03:05:20 +0300] "GET /cache/assets/15e1e423d7a27a0d8ee8e70b064c44eb.css HTTP/1.0" 200 44011 "http://citiex.com.ua/ukr-1087-iv.html" "Mozilla/4.0 (compatible; MSIE 8.0; Windows NT 5.1; Trident/4.0)"
188.32.255.221 - - [15/Jun/2015:03:05:20 +0300] "GET /media/system/js/caption.js HTTP/1.0" 200 1963 "http://citiex.com.ua/ukr-1087-iv.html" "Mozilla/4.0 (compatible; MSIE 8.0; Windows NT 5.1; Trident/4.0)"
188.32.255.221 - - [15/Jun/2015:03:05:20 +0300] "GET /media/system/js/mootools.js HTTP/1.0" 200 74434 "http://citiex.com.ua/ukr-1087-iv.html" "Mozilla/4.0 (compatible; MSIE 8.0; Windows NT 5.1; Trident/4.0)"
188.32.255.221 - - [15/Jun/2015:03:05:20 +0300] "GET /plugins/content/attachments_refresh.js HTTP/1.0" 200 1560 "http://citiex.com.ua/ukr-1087-iv.html" "Mozilla/4.0 (compatible; MSIE 8.0; Windows NT 5.1; Trident/4.0)"
188.32.255.221 - - [15/Jun/2015:03:05:21 +0300] "GET /media/system/js/modal.js HTTP/1.0" 200 10588 "http://citiex.com.ua/ukr-1087-iv.html" "Mozilla/4.0 (compatible; MSIE 8.0; Windows NT 5.1; Trident/4.0)"
188.32.255.221 - - [15/Jun/2015:03:05:21 +0300] "GET /templates/gk_aumi/lib/scripts/template_scripts.js HTTP/1.0" 200 2281 "http://citiex.com.ua/ukr-1087-iv.html" "Mozilla/4.0 (compatible; MSIE 8.0; Windows NT 5.1; Trident/4.0)"
188.32.255.221 - - [15/Jun/2015:03:05:21 +0300] "GET /templates/gk_aumi/lib/scripts/menu.php?style=suckerfish&width=1&height=1&opacity=1&animation=1&speed=250 HTTP/1.0" 200 253 "http://citiex.com.ua/ukr-1087-iv.html" "Mozilla/4.0 (compatible; MSIE 8.0; Windows NT 5.1; Trident/4.0)"
188.32.255.221 - - [15/Jun/2015:03:05:21 +0300] "GET /templates/gk_aumi/lib/scripts/hltable.js HTTP/1.0" 200 3646 "http://citiex.com.ua/ukr-1087-iv.html" "Mozilla/4.0 (compatible; MSIE 8.0; Windows NT 5.1; Trident/4.0)"
188.32.255.221 - - [15/Jun/2015:03:05:21 +0300] "GET /templates/gk_aumi/css/ie7_css.css HTTP/1.0" 200 678 "http://citiex.com.ua/ukr-1087-iv.html" "Mozilla/4.0 (compatible; MSIE 8.0; Windows NT 5.1; Trident/4.0)"
94.247.174.83 - - [15/Jun/2015:03:06:16 +0300] "GET / HTTP/1.0" 200 20170 "-" "Pingdom.com_bot_version_1.4_(http://www.pingdom.com/)"
208.115.111.71 - - [15/Jun/2015:03:10:08 +0300] "GET /uslugi-organizatsiyam-partneram.html HTTP/1.0" 200 19351 "-" "Mozilla/5.0 (compatible; DotBot/1.1; http://www.opensiteexplorer.org/dotbot, help@moz.com)"
204.152.200.42 - - [15/Jun/2015:03:11:16 +0300] "GET / HTTP/1.0" 200 20170 "-" "Pingdom.com_bot_version_1.4_(http://www.pingdom.com/)"
96.31.66.245 - - [15/Jun/2015:03:16:16 +0300] "GET / HTTP/1.0" 200 20170 "-" "Pingdom.com_bot_version_1.4_(http://www.pingdom.com/)"
85.17.156.11 - - [15/Jun/2015:03:21:16 +0300] "GET / HTTP/1.0" 200 20170 "-" "Pingdom.com_bot_version_1.4_(http://www.pingdom.com/)"
188.138.124.110 - - [15/Jun/2015:03:26:16 +0300] "GET / HTTP/1.0" 200 20170 "-" "Pingdom.com_bot_version_1.4_(http://www.pingdom.com/)"
72.46.130.42 - - [15/Jun/2015:03:31:16 +0300] "GET / HTTP/1.0" 200 20170 "-" "Pingdom.com_bot_version_1.4_(http://www.pingdom.com/)"
178.255.153.2 - - [15/Jun/2015:03:36:16 +0300] "GET / HTTP/1.0" 200 20170 "-" "Pingdom.com_bot_version_1.4_(http://www.pingdom.com/)"
108.62.115.226 - - [15/Jun/2015:03:41:16 +0300] "GET / HTTP/1.0" 200 20170 "-" "Pingdom.com_bot_version_1.4_(http://www.pingdom.com/)"
184.75.209.18 - - [15/Jun/2015:03:46:16 +0300] "GET / HTTP/1.0" 200 20170 "-" "Pingdom.com_bot_version_1.4_(http://www.pingdom.com/)"
199.87.228.66 - - [15/Jun/2015:03:51:16 +0300] "GET / HTTP/1.0" 200 20170 "-" "Pingdom.com_bot_version_1.4_(http://www.pingdom.com/)"
157.55.39.37 - - [15/Jun/2015:03:51:49 +0300] "GET /slovar-terminov/slovar-ocenschika-nedvizhimost-i-ipoteka-2/R/revolving-period-revolvernyy-period-519.html HTTP/1.0" 200 17134 "-" "Mozilla/5.0 (compatible; bingbot/2.0; +http://www.bing.com/bingbot.htm)"
94.247.174.83 - - [15/Jun/2015:03:56:16 +0300] "GET / HTTP/1.0" 200 20170 "-" "Pingdom.com_bot_version_1.4_(http://www.pingdom.com/)"
204.152.200.42 - - [15/Jun/2015:04:01:16 +0300] "GET / HTTP/1.0" 200 20170 "-" "Pingdom.com_bot_version_1.4_(http://www.pingdom.com/)"
96.31.66.245 - - [15/Jun/2015:04:06:16 +0300] "GET / HTTP/1.0" 200 20170 "-" "Pingdom.com_bot_version_1.4_(http://www.pingdom.com/)"
85.17.156.11 - - [15/Jun/2015:04:11:16 +0300] "GET / HTTP/1.0" 200 20170 "-" "Pingdom.com_bot_version_1.4_(http://www.pingdom.com/)"
66.249.65.142 - - [15/Jun/2015:04:15:01 +0300] "GET /sertifikaty-i-nagrady.html HTTP/1.0" 200 14235 "-" "DoCoMo/2.0 N905i(c100;TB;W24H16) (compatible; Googlebot-Mobile/2.1; +http://www.google.com/bot.html)"
188.138.124.110 - - [15/Jun/2015:04:16:16 +0300] "GET / HTTP/1.0" 200 20170 "-" "Pingdom.com_bot_version_1.4_(http://www.pingdom.com/)"
72.46.130.42 - - [15/Jun/2015:04:21:16 +0300] "GET / HTTP/1.0" 200 20170 "-" "Pingdom.com_bot_version_1.4_(http://www.pingdom.com/)"
66.249.65.156 - - [15/Jun/2015:04:23:00 +0300] "GET /shiryaevskoe-bti.html HTTP/1.0" 200 17638 "-" "Mozilla/5.0 (compatible; Googlebot/2.1; +http://www.google.com/bot.html)"
178.255.153.2 - - [15/Jun/2015:04:26:16 +0300] "GET / HTTP/1.0" 200 20170 "-" "Pingdom.com_bot_version_1.4_(http://www.pingdom.com/)"
108.62.115.226 - - [15/Jun/2015:04:31:16 +0300] "GET / HTTP/1.0" 200 20170 "-" "Pingdom.com_bot_version_1.4_(http://www.pingdom.com/)"
184.75.209.18 - - [15/Jun/2015:04:36:16 +0300] "GET / HTTP/1.0" 200 20170 "-" "Pingdom.com_bot_version_1.4_(http://www.pingdom.com/)"
199.87.228.66 - - [15/Jun/2015:04:41:16 +0300] "GET / HTTP/1.0" 200 20170 "-" "Pingdom.com_bot_version_1.4_(http://www.pingdom.com/)"
94.247.174.83 - - [15/Jun/2015:04:46:16 +0300] "GET / HTTP/1.0" 200 20170 "-" "Pingdom.com_bot_version_1.4_(http://www.pingdom.com/)"
204.152.200.42 - - [15/Jun/2015:04:51:16 +0300] "GET / HTTP/1.0" 200 20170 "-" "Pingdom.com_bot_version_1.4_(http://www.pingdom.com/)"
157.55.39.151 - - [15/Jun/2015:04:51:36 +0300] "GET /slovar-terminov/slovar-ocenschika-samolety-i-vertolety-8/%d0%9d/nazemnaya-poiskovo-spasatelnaya-komanda-3849.html HTTP/1.0" 200 16199 "-" "Mozilla/5.0 (compatible; bingbot/2.0; +http://www.bing.com/bingbot.htm)"
96.31.66.245 - - [15/Jun/2015:04:56:16 +0300] "GET / HTTP/1.0" 200 20170 "-" "Pingdom.com_bot_version_1.4_(http://www.pingdom.com/)"
85.17.156.11 - - [15/Jun/2015:05:01:16 +0300] "GET / HTTP/1.0" 200 20170 "-" "Pingdom.com_bot_version_1.4_(http://www.pingdom.com/)"
217.69.136.206 - - [15/Jun/2015:05:02:27 +0300] "GET /robots.txt HTTP/1.0" 200 304 "-" "Mozilla/5.0 (compatible; Linux x86_64; Mail.RU_Bot/2.0; +http://go.mail.ru/help/robots)"
188.138.124.110 - - [15/Jun/2015:05:06:16 +0300] "GET / HTTP/1.0" 200 20170 "-" "Pingdom.com_bot_version_1.4_(http://www.pingdom.com/)"
123.125.71.39 - - [15/Jun/2015:05:06:43 +0300] "GET / HTTP/1.0" 200 20170 "-" "Mozilla/5.0 (Windows NT 5.1; rv:6.0.2) Gecko/20100101 Firefox/6.0.2"
123.125.71.42 - - [15/Jun/2015:05:08:37 +0300] "GET / HTTP/1.0" 200 20170 "-" "Mozilla/5.0 (Windows NT 5.1; rv:6.0.2) Gecko/20100101 Firefox/6.0.2"
72.46.130.42 - - [15/Jun/2015:05:11:19 +0300] "GET / HTTP/1.0" 200 20170 "-" "Pingdom.com_bot_version_1.4_(http://www.pingdom.com/)"
220.181.108.78 - - [15/Jun/2015:05:12:21 +0300] "GET / HTTP/1.0" 200 20170 "-" "Mozilla/5.0 (Windows NT 5.1; rv:6.0.2) Gecko/20100101 Firefox/6.0.2"
220.181.108.118 - - [15/Jun/2015:05:14:19 +0300] "GET / HTTP/1.0" 200 20170 "-" "Mozilla/5.0 (Windows NT 5.1; rv:6.0.2) Gecko/20100101 Firefox/6.0.2"
178.255.153.2 - - [15/Jun/2015:05:16:16 +0300] "GET / HTTP/1.0" 200 20170 "-" "Pingdom.com_bot_version_1.4_(http://www.pingdom.com/)"
108.62.115.226 - - [15/Jun/2015:05:21:16 +0300] "GET / HTTP/1.0" 200 20170 "-" "Pingdom.com_bot_version_1.4_(http://www.pingdom.com/)"
184.75.209.18 - - [15/Jun/2015:05:26:16 +0300] "GET / HTTP/1.0" 200 20170 "-" "Pingdom.com_bot_version_1.4_(http://www.pingdom.com/)"
199.87.228.66 - - [15/Jun/2015:05:31:16 +0300] "GET / HTTP/1.0" 200 20170 "-" "Pingdom.com_bot_version_1.4_(http://www.pingdom.com/)"
157.55.39.47 - - [15/Jun/2015:05:33:06 +0300] "GET /profit-centr.html HTTP/1.0" 200 27607 "-" "Mozilla/5.0 (compatible; bingbot/2.0; +http://www.bing.com/bingbot.htm)"
94.247.174.83 - - [15/Jun/2015:05:36:16 +0300] "GET / HTTP/1.0" 200 20170 "-" "Pingdom.com_bot_version_1.4_(http://www.pingdom.com/)"
204.152.200.42 - - [15/Jun/2015:05:41:16 +0300] "GET / HTTP/1.0" 200 20170 "-" "Pingdom.com_bot_version_1.4_(http://www.pingdom.com/)"
5.255.253.163 - - [15/Jun/2015:05:42:37 +0300] "GET /robots.txt HTTP/1.0" 200 304 "-" "Mozilla/5.0 (compatible; YandexBot/3.0; +http://yandex.com/bots)"
5.255.253.163 - - [15/Jun/2015:05:42:39 +0300] "GET /templates/gk_aumi/favicon.ico HTTP/1.0" 200 1406 "-" "Mozilla/5.0 (compatible; YandexBot/3.0; +http://yandex.com/bots)"
66.249.65.142 - - [15/Jun/2015:05:43:51 +0300] "GET /index.php?option=com_content&view=article&id=216:indeks-cen-stroitelno-montajnyh-rabot-ukrainy&catid=38&Itemid=38 HTTP/1.0" 301 - "-" "Mozilla/5.0 (compatible; Googlebot/2.1; +http://www.google.com/bot.html)"
66.249.65.142 - - [15/Jun/2015:05:43:51 +0300] "GET /indeks-cen-stroitelno-montajnyh-rabot-ukrainy.html HTTP/1.0" 200 53249 "-" "Mozilla/5.0 (compatible; Googlebot/2.1; +http://www.google.com/bot.html)"
66.249.65.142 - - [15/Jun/2015:05:44:07 +0300] "GET /index.php?option=com_content&view=article&id=216:2010-12-01-04-31-56&catid=38 HTTP/1.0" 301 - "-" "Mozilla/5.0 (compatible; Googlebot/2.1; +http://www.google.com/bot.html)"
96.31.66.245 - - [15/Jun/2015:05:46:16 +0300] "GET / HTTP/1.0" 200 20170 "-" "Pingdom.com_bot_version_1.4_(http://www.pingdom.com/)"
157.55.39.136 - - [15/Jun/2015:05:48:35 +0300] "GET /slovar-terminov/slovar-ocenschika-stroitelstvo-3/%d0%a4.html HTTP/1.0" 200 27031 "-" "Mozilla/5.0 (compatible; bingbot/2.0; +http://www.bing.com/bingbot.htm)"
85.17.156.11 - - [15/Jun/2015:05:51:16 +0300] "GET / HTTP/1.0" 200 20170 "-" "Pingdom.com_bot_version_1.4_(http://www.pingdom.com/)"
66.249.65.149 - - [15/Jun/2015:05:52:00 +0300] "GET /polzovatelskoe-soglashenie.html HTTP/1.0" 200 27552 "-" "Mozilla/5.0 (compatible; Googlebot/2.1; +http://www.google.com/bot.html)"
66.249.65.149 - - [15/Jun/2015:05:52:32 +0300] "GET /sotrudnichestvo-otsenochnye-kompanii.html HTTP/1.0" 200 21201 "-" "Mozilla/5.0 (compatible; Googlebot/2.1; +http://www.google.com/bot.html)"
188.138.124.110 - - [15/Jun/2015:05:56:16 +0300] "GET / HTTP/1.0" 200 20170 "-" "Pingdom.com_bot_version_1.4_(http://www.pingdom.com/)"
208.115.111.71 - - [15/Jun/2015:06:00:20 +0300] "GET /robots.txt HTTP/1.0" 200 304 "-" "Mozilla/5.0 (compatible; DotBot/1.1; http://www.opensiteexplorer.org/dotbot, help@moz.com)"
72.46.130.42 - - [15/Jun/2015:06:01:16 +0300] "GET / HTTP/1.0" 200 20170 "-" "Pingdom.com_bot_version_1.4_(http://www.pingdom.com/)"
178.255.153.2 - - [15/Jun/2015:06:06:16 +0300] "GET / HTTP/1.0" 200 20170 "-" "Pingdom.com_bot_version_1.4_(http://www.pingdom.com/)"
108.62.115.226 - - [15/Jun/2015:06:11:16 +0300] "GET / HTTP/1.0" 200 20170 "-" "Pingdom.com_bot_version_1.4_(http://www.pingdom.com/)"
66.249.65.149 - - [15/Jun/2015:06:14:11 +0300] "GET /ocenka-jilogo-doma-ili-domovladeniya.html HTTP/1.0" 200 29624 "-" "SAMSUNG-SGH-E250/1.0 Profile/MIDP-2.0 Configuration/CLDC-1.1 UP.Browser/6.2.3.3.c.1.101 (GUI) MMP/2.0 (compatible; Googlebot-Mobile/2.1; +http://www.google.com/bot.html)"
184.75.209.18 - - [15/Jun/2015:06:16:16 +0300] "GET / HTTP/1.0" 200 20170 "-" "Pingdom.com_bot_version_1.4_(http://www.pingdom.com/)"
199.87.228.66 - - [15/Jun/2015:06:21:16 +0300] "GET / HTTP/1.0" 200 20170 "-" "Pingdom.com_bot_version_1.4_(http://www.pingdom.com/)"
157.55.39.37 - - [15/Jun/2015:06:22:21 +0300] "GET /rus-1087-iv.html HTTP/1.0" 200 86903 "-" "Mozilla/5.0 (compatible; bingbot/2.0; +http://www.bing.com/bingbot.htm)"
5.255.253.169 - - [15/Jun/2015:06:23:26 +0300] "GET /slovar-terminov/slovar-ocenschika-zemelnye-uchastki-4/%d0%9a/koordinaty-nebesnye-2151.html HTTP/1.0" 200 15524 "-" "Mozilla/5.0 (compatible; YandexBot/3.0; +http://yandex.com/bots)"
94.247.174.83 - - [15/Jun/2015:06:26:16 +0300] "GET / HTTP/1.0" 200 20170 "-" "Pingdom.com_bot_version_1.4_(http://www.pingdom.com/)"
157.55.39.37 - - [15/Jun/2015:06:29:56 +0300] "GET /pismo-otnositelno-indeksov-izmeneniya-rynochnoy-stoimosti-stroitelno-montazhnyh-rabot-produkcii-promyshlennogo-proizvodstva-i-oposredstvovannoy-stoimosti-stroitelstva-obektov-socialnogo-naznacheniya-sostoyaniem-na-1-oktyabrya-2008-n-98-900-ot-20102008.htm HTTP/1.0" 200 42881 "-" "Mozilla/5.0 (compatible; bingbot/2.0; +http://www.bing.com/bingbot.htm)"
217.69.136.208 - - [15/Jun/2015:06:31:02 +0300] "GET /robots.txt HTTP/1.0" 200 304 "-" "Mozilla/5.0 (compatible; Linux x86_64; Mail.RU_Bot/2.0; +http://go.mail.ru/help/robots)"
204.152.200.42 - - [15/Jun/2015:06:31:16 +0300] "GET / HTTP/1.0" 200 20170 "-" "Pingdom.com_bot_version_1.4_(http://www.pingdom.com/)"
96.31.66.245 - - [15/Jun/2015:06:36:16 +0300] "GET / HTTP/1.0" 200 20170 "-" "Pingdom.com_bot_version_1.4_(http://www.pingdom.com/)"
85.17.156.11 - - [15/Jun/2015:06:41:16 +0300] "GET / HTTP/1.0" 200 20170 "-" "Pingdom.com_bot_version_1.4_(http://www.pingdom.com/)"
188.138.124.110 - - [15/Jun/2015:06:46:16 +0300] "GET / HTTP/1.0" 200 20170 "-" "Pingdom.com_bot_version_1.4_(http://www.pingdom.com/)"
72.46.130.42 - - [15/Jun/2015:06:51:16 +0300] "GET / HTTP/1.0" 200 20170 "-" "Pingdom.com_bot_version_1.4_(http://www.pingdom.com/)"
66.249.65.149 - - [15/Jun/2015:06:56:05 +0300] "GET /uslugi-organizatsiyam-partneram.html HTTP/1.0" 200 19327 "-" "SAMSUNG-SGH-E250/1.0 Profile/MIDP-2.0 Configuration/CLDC-1.1 UP.Browser/6.2.3.3.c.1.101 (GUI) MMP/2.0 (compatible; Googlebot-Mobile/2.1; +http://www.google.com/bot.html)"
178.255.153.2 - - [15/Jun/2015:06:56:16 +0300] "GET / HTTP/1.0" 200 20170 "-" "Pingdom.com_bot_version_1.4_(http://www.pingdom.com/)"
91.214.84.155 - - [15/Jun/2015:06:58:32 +0300] "GET /rus-2299-iii.html HTTP/1.0" 200 233802 "-" "Mozilla/5.0 (Windows NT 6.1; WOW64; rv:38.0) Gecko/20100101 Firefox/38.0"
198.27.66.194 - - [15/Jun/2015:06:59:15 +0300] "GET /robots.txt HTTP/1.0" 200 304 "-" "Mozilla/5.0 (compatible; MJ12bot/v1.4.5; http://www.majestic12.co.uk/bot.php?+)"
198.27.66.194 - - [15/Jun/2015:06:59:25 +0300] "GET /slovar-terminov/slovar-ocenschika-nedvizhimost-i-ipoteka-2/%d0%90.html HTTP/1.0" 200 27691 "-" "Mozilla/5.0 (compatible; MJ12bot/v1.4.5; http://www.majestic12.co.uk/bot.php?+)"
198.27.66.194 - - [15/Jun/2015:06:59:29 +0300] "GET /slovar-terminov/slovar-ocenschika-nedvizhimost-i-ipoteka-2/%d0%91.html HTTP/1.0" 200 23852 "-" "Mozilla/5.0 (compatible; MJ12bot/v1.4.5; http://www.majestic12.co.uk/bot.php?+)"
198.27.66.194 - - [15/Jun/2015:06:59:35 +0300] "GET /slovar-terminov/slovar-ocenschika-nedvizhimost-i-ipoteka-2/%d0%92.html HTTP/1.0" 200 32737 "-" "Mozilla/5.0 (compatible; MJ12bot/v1.4.5; http://www.majestic12.co.uk/bot.php?+)"
198.27.66.194 - - [15/Jun/2015:06:59:46 +0300] "GET /slovar-terminov/slovar-ocenschika-obschie-terminy-1/%d0%90/attestaciya-professionalnyh-ocenschikov-11.html HTTP/1.0" 200 15345 "-" "Mozilla/5.0 (compatible; MJ12bot/v1.4.5; http://www.majestic12.co.uk/bot.php?+)"
198.27.66.194 - - [15/Jun/2015:06:59:52 +0300] "GET /slovar-terminov/slovar-ocenschika-obschie-terminy-1/%d0%91.html HTTP/1.0" 200 17998 "-" "Mozilla/5.0 (compatible; MJ12bot/v1.4.5; http://www.majestic12.co.uk/bot.php?+)"
108.62.115.226 - - [15/Jun/2015:07:01:16 +0300] "GET / HTTP/1.0" 200 20170 "-" "Pingdom.com_bot_version_1.4_(http://www.pingdom.com/)"
184.75.209.18 - - [15/Jun/2015:07:06:16 +0300] "GET / HTTP/1.0" 200 20170 "-" "Pingdom.com_bot_version_1.4_(http://www.pingdom.com/)"
199.87.228.66 - - [15/Jun/2015:07:11:16 +0300] "GET / HTTP/1.0" 200 20170 "-" "Pingdom.com_bot_version_1.4_(http://www.pingdom.com/)"
208.115.111.71 - - [15/Jun/2015:07:14:19 +0300] "GET /kompaniya.html HTTP/1.0" 200 19706 "-" "Mozilla/5.0 (compatible; DotBot/1.1; http://www.opensiteexplorer.org/dotbot, help@moz.com)"
94.247.174.83 - - [15/Jun/2015:07:16:16 +0300] "GET / HTTP/1.0" 200 20170 "-" "Pingdom.com_bot_version_1.4_(http://www.pingdom.com/)"
180.76.15.143 - - [15/Jun/2015:07:21:13 +0300] "GET /index.php?option=com_content&view=section&layout=blog&id=6&Itemid=123 HTTP/1.0" 301 - "-" "Mozilla/5.0 (compatible; Baiduspider/2.0; +http://www.baidu.com/search/spider.html)"
180.76.15.9 - - [15/Jun/2015:07:21:14 +0300] "GET /robots.txt HTTP/1.0" 200 304 "-" "Mozilla/5.0 (Windows NT 5.1; rv:6.0.2) Gecko/20100101 Firefox/6.0.2"
178.20.153.67 - - [15/Jun/2015:07:21:15 +0300] "GET /export/dohodnaya-sevastopol.xml HTTP/1.0" 200 1264 "-" "Mozilla/5.0 (compatible; Baiduspider/2.0; +http://www.baidu.com/search/spider.html)"
178.20.153.67 - - [15/Jun/2015:07:21:15 +0300] "GET /export/jilaya-sevastopol.xml HTTP/1.0" 200 1644 "-" "Mozilla/5.0 (compatible; Baiduspider/2.0; +http://www.baidu.com/search/spider.html)"
178.20.153.67 - - [15/Jun/2015:07:21:15 +0300] "GET /export/uchastki-sevastopol.xml HTTP/1.0" 200 523 "-" "Mozilla/5.0 (compatible; Baiduspider/2.0; +http://www.baidu.com/search/spider.html)"
180.76.15.27 - - [15/Jun/2015:07:21:14 +0300] "GET /citiex-journal/ HTTP/1.0" 200 38480 "-" "Mozilla/5.0 (compatible; Baiduspider/2.0; +http://www.baidu.com/search/spider.html)"
204.152.200.42 - - [15/Jun/2015:07:21:16 +0300] "GET / HTTP/1.0" 200 20170 "-" "Pingdom.com_bot_version_1.4_(http://www.pingdom.com/)"
157.55.39.47 - - [15/Jun/2015:07:21:30 +0300] "GET /slovar-terminov/slovar-ocenschika-obschie-terminy-1/%d0%91.html HTTP/1.0" 200 17962 "-" "Mozilla/5.0 (compatible; bingbot/2.0; +http://www.bing.com/bingbot.htm)"
5.255.253.210 - - [15/Jun/2015:07:25:18 +0300] "GET /slovar-ocenschika-stroitelstvo/slovar-ocenschika-stroitelstvo-3/all/page-27.html HTTP/1.0" 200 26710 "-" "Mozilla/5.0 (compatible; YandexBot/3.0; +http://yandex.com/bots)"
96.31.66.245 - - [15/Jun/2015:07:26:16 +0300] "GET / HTTP/1.0" 200 20170 "-" "Pingdom.com_bot_version_1.4_(http://www.pingdom.com/)"
157.55.39.37 - - [15/Jun/2015:07:26:54 +0300] "GET /sotrudnichestvo-agentstva-nedvizhimosti.html HTTP/1.0" 200 16631 "-" "Mozilla/5.0 (compatible; bingbot/2.0; +http://www.bing.com/bingbot.htm)"
195.154.163.223 - - [15/Jun/2015:07:27:43 +0300] "GET /robots.txt HTTP/1.0" 200 304 "-" "Mozilla/5.0 (compatible; MJ12bot/v1.4.5; http://www.majestic12.co.uk/bot.php?+)"
195.154.163.223 - - [15/Jun/2015:07:27:46 +0300] "GET /slovar-terminov/slovar-ocenschika-stroitelstvo-3/%d0%9b/levkas-1296.html HTTP/1.0" 200 15464 "-" "Mozilla/5.0 (compatible; MJ12bot/v1.4.5; http://www.majestic12.co.uk/bot.php?+)"
195.154.163.223 - - [15/Jun/2015:07:27:49 +0300] "GET /slovar-terminov/slovar-ocenschika-stroitelstvo-3/%d0%9f/piron-1440.html HTTP/1.0" 200 15072 "-" "Mozilla/5.0 (compatible; MJ12bot/v1.4.5; http://www.majestic12.co.uk/bot.php?+)"
195.154.163.223 - - [15/Jun/2015:07:27:53 +0300] "GET /slovar-terminov/slovar-ocenschika-stroitelstvo-3/%d0%9f/plafon-1447.html HTTP/1.0" 200 15180 "-" "Mozilla/5.0 (compatible; MJ12bot/v1.4.5; http://www.majestic12.co.uk/bot.php?+)"
195.154.163.223 - - [15/Jun/2015:07:27:55 +0300] "GET /slovar-terminov/slovar-ocenschika-stroitelstvo-3/%d0%9f/plastizol-1443.html HTTP/1.0" 200 15872 "-" "Mozilla/5.0 (compatible; MJ12bot/v1.4.5; http://www.majestic12.co.uk/bot.php?+)"
195.154.163.223 - - [15/Jun/2015:07:27:58 +0300] "GET /slovar-terminov/slovar-ocenschika-stroitelstvo-3/%d0%9f/plita-kamyshitovaya-1454.html HTTP/1.0" 200 15291 "-" "Mozilla/5.0 (compatible; MJ12bot/v1.4.5; http://www.majestic12.co.uk/bot.php?+)"
195.154.163.223 - - [15/Jun/2015:07:28:00 +0300] "GET /slovar-terminov/slovar-ocenschika-stroitelstvo-3/%d0%9f/ploschadka-1458.html HTTP/1.0" 200 15538 "-" "Mozilla/5.0 (compatible; MJ12bot/v1.4.5; http://www.majestic12.co.uk/bot.php?+)"
195.154.163.223 - - [15/Jun/2015:07:28:03 +0300] "GET /slovar-terminov/slovar-ocenschika-stroitelstvo-3/%d0%9f/podbalka-1463.html HTTP/1.0" 200 15248 "-" "Mozilla/5.0 (compatible; MJ12bot/v1.4.5; http://www.majestic12.co.uk/bot.php?+)"
195.154.163.223 - - [15/Jun/2015:07:28:07 +0300] "GET /slovar-terminov/slovar-ocenschika-stroitelstvo-3/%d0%9f/podklet-1465.html HTTP/1.0" 200 15106 "-" "Mozilla/5.0 (compatible; MJ12bot/v1.4.5; http://www.majestic12.co.uk/bot.php?+)"
195.154.163.223 - - [15/Jun/2015:07:28:12 +0300] "GET /slovar-terminov/slovar-ocenschika-stroitelstvo-3/%d0%9f/podkos-1466.html HTTP/1.0" 200 15482 "-" "Mozilla/5.0 (compatible; MJ12bot/v1.4.5; http://www.majestic12.co.uk/bot.php?+)"
195.154.163.223 - - [15/Jun/2015:07:28:17 +0300] "GET /slovar-terminov/slovar-ocenschika-stroitelstvo-3/%d0%9f/podmosti-1467.html HTTP/1.0" 200 15056 "-" "Mozilla/5.0 (compatible; MJ12bot/v1.4.5; http://www.majestic12.co.uk/bot.php?+)"
195.154.163.223 - - [15/Jun/2015:07:28:20 +0300] "GET /slovar-terminov/slovar-ocenschika-stroitelstvo-3/%d0%9f/podpornaya-stenka-1468.html HTTP/1.0" 200 15331 "-" "Mozilla/5.0 (compatible; MJ12bot/v1.4.5; http://www.majestic12.co.uk/bot.php?+)"
195.154.163.223 - - [15/Jun/2015:07:28:24 +0300] "GET /slovar-terminov/slovar-ocenschika-stroitelstvo-3/%d0%9f/podsos-kapillyarnyy-1469.html HTTP/1.0" 200 15003 "-" "Mozilla/5.0 (compatible; MJ12bot/v1.4.5; http://www.majestic12.co.uk/bot.php?+)"
195.154.163.223 - - [15/Jun/2015:07:28:26 +0300] "GET /slovar-terminov/slovar-ocenschika-stroitelstvo-3/%d0%9f/podstilayuschiy-sloy-pola-1470.html HTTP/1.0" 200 15406 "-" "Mozilla/5.0 (compatible; MJ12bot/v1.4.5; http://www.majestic12.co.uk/bot.php?+)"
195.154.163.223 - - [15/Jun/2015:07:28:29 +0300] "GET /slovar-terminov/slovar-ocenschika-stroitelstvo-3/%d0%9f/podvoloka-1464.html HTTP/1.0" 200 14916 "-" "Mozilla/5.0 (compatible; MJ12bot/v1.4.5; http://www.majestic12.co.uk/bot.php?+)"
195.154.163.223 - - [15/Jun/2015:07:28:33 +0300] "GET /slovar-terminov/slovar-ocenschika-stroitelstvo-3/%d0%9f/pogreb-1462.html HTTP/1.0" 200 15320 "-" "Mozilla/5.0 (compatible; MJ12bot/v1.4.5; http://www.majestic12.co.uk/bot.php?+)"
195.154.163.223 - - [15/Jun/2015:07:28:36 +0300] "GET /slovar-terminov/slovar-ocenschika-stroitelstvo-3/%d0%9f/pokrytie-cherdachnoe-1474.html HTTP/1.0" 200 15133 "-" "Mozilla/5.0 (compatible; MJ12bot/v1.4.5; http://www.majestic12.co.uk/bot.php?+)"
195.154.163.223 - - [15/Jun/2015:07:28:41 +0300] "GET /slovar-terminov/slovar-ocenschika-stroitelstvo-3/%d0%9f/pokrytie-gontovoe-bitumnoe-shingls-1471.html HTTP/1.0" 200 15523 "-" "Mozilla/5.0 (compatible; MJ12bot/v1.4.5; http://www.majestic12.co.uk/bot.php?+)"
195.154.163.223 - - [15/Jun/2015:07:28:46 +0300] "GET /slovar-terminov/slovar-ocenschika-stroitelstvo-3/%d0%9f/pokrytie-kpcr-1473.html HTTP/1.0" 200 16211 "-" "Mozilla/5.0 (compatible; MJ12bot/v1.4.5; http://www.majestic12.co.uk/bot.php?+)"
195.154.163.223 - - [15/Jun/2015:07:28:51 +0300] "GET /slovar-terminov/slovar-ocenschika-stroitelstvo-3/%d0%9f/pokrytie-zdaniya-1472.html HTTP/1.0" 200 15153 "-" "Mozilla/5.0 (compatible; MJ12bot/v1.4.5; http://www.majestic12.co.uk/bot.php?+)"
195.154.163.223 - - [15/Jun/2015:07:28:54 +0300] "GET /slovar-terminov/slovar-ocenschika-stroitelstvo-3/%d0%9f/pole-filtracii-1475.html HTTP/1.0" 200 15041 "-" "Mozilla/5.0 (compatible; MJ12bot/v1.4.5; http://www.majestic12.co.uk/bot.php?+)"
195.154.163.223 - - [15/Jun/2015:07:29:00 +0300] "GET /slovar-terminov/slovar-ocenschika-stroitelstvo-3/%d0%9f/pristroyka-1496.html HTTP/1.0" 200 15328 "-" "Mozilla/5.0 (compatible; MJ12bot/v1.4.5; http://www.majestic12.co.uk/bot.php?+)"
195.154.163.223 - - [15/Jun/2015:07:29:06 +0300] "GET /slovar-terminov/slovar-ocenschika-stroitelstvo-3/%d0%9f/proekt-1501.html HTTP/1.0" 200 14848 "-" "Mozilla/5.0 (compatible; MJ12bot/v1.4.5; http://www.majestic12.co.uk/bot.php?+)"
195.154.163.223 - - [15/Jun/2015:07:29:14 +0300] "GET /slovar-terminov/slovar-ocenschika-stroitelstvo-3/%d0%9f/proem-1502.html HTTP/1.0" 200 14934 "-" "Mozilla/5.0 (compatible; MJ12bot/v1.4.5; http://www.majestic12.co.uk/bot.php?+)"
195.154.163.223 - - [15/Jun/2015:07:29:24 +0300] "GET /slovar-terminov/slovar-ocenschika-stroitelstvo-3/%d0%a1/steklo-zakalennoe-stalinit-1597.html HTTP/1.0" 200 15332 "-" "Mozilla/5.0 (compatible; MJ12bot/v1.4.5; http://www.majestic12.co.uk/bot.php?+)"
195.154.163.223 - - [15/Jun/2015:07:29:28 +0300] "GET /slovar-terminov/slovar-ocenschika-stroitelstvo-3/%d0%a1/stretching-1607.html HTTP/1.0" 200 15492 "-" "Mozilla/5.0 (compatible; MJ12bot/v1.4.5; http://www.majestic12.co.uk/bot.php?+)"
195.154.163.223 - - [15/Jun/2015:07:29:35 +0300] "GET /slovar-terminov/slovar-ocenschika-stroitelstvo-3/%d0%a1/strochnaya-zastroyka-1614.html HTTP/1.0" 200 15257 "-" "Mozilla/5.0 (compatible; MJ12bot/v1.4.5; http://www.majestic12.co.uk/bot.php?+)"
195.154.163.223 - - [15/Jun/2015:07:29:40 +0300] "GET /slovar-terminov/slovar-ocenschika-stroitelstvo-3/%d0%a1/stroitelnye-izdeliya-1608.html HTTP/1.0" 200 15407 "-" "Mozilla/5.0 (compatible; MJ12bot/v1.4.5; http://www.majestic12.co.uk/bot.php?+)"
195.154.163.223 - - [15/Jun/2015:07:29:48 +0300] "GET /slovar-terminov/slovar-ocenschika-stroitelstvo-3/%d0%a1/stroitelnye-raboty-1609.html HTTP/1.0" 200 15263 "-" "Mozilla/5.0 (compatible; MJ12bot/v1.4.5; http://www.majestic12.co.uk/bot.php?+)"
195.154.163.223 - - [15/Jun/2015:07:29:51 +0300] "GET /slovar-terminov/slovar-ocenschika-stroitelstvo-3/%d0%a1/stroitelnyy-material-1610.html HTTP/1.0" 200 15317 "-" "Mozilla/5.0 (compatible; MJ12bot/v1.4.5; http://www.majestic12.co.uk/bot.php?+)"
195.154.163.223 - - [15/Jun/2015:07:29:53 +0300] "GET /slovar-terminov/slovar-ocenschika-stroitelstvo-3/%d0%a1/stroitelnyy-rastvor-1611.html HTTP/1.0" 200 16103 "-" "Mozilla/5.0 (compatible; MJ12bot/v1.4.5; http://www.majestic12.co.uk/bot.php?+)"
195.154.163.223 - - [15/Jun/2015:07:29:59 +0300] "GET /slovar-terminov/slovar-ocenschika-stroitelstvo-3/%d0%a1/stroitelstvo-v-stroitelstve-1612.html HTTP/1.0" 200 15580 "-" "Mozilla/5.0 (compatible; MJ12bot/v1.4.5; http://www.majestic12.co.uk/bot.php?+)"
195.154.163.223 - - [15/Jun/2015:07:30:05 +0300] "GET /slovar-terminov/slovar-ocenschika-stroitelstvo-3/%d0%a1/stuk.-styuk.-stukko-1615.html HTTP/1.0" 200 15385 "-" "Mozilla/5.0 (compatible; MJ12bot/v1.4.5; http://www.majestic12.co.uk/bot.php?+)"
85.17.156.11 - - [15/Jun/2015:07:31:16 +0300] "GET / HTTP/1.0" 200 20170 "-" "Pingdom.com_bot_version_1.4_(http://www.pingdom.com/)"
157.55.39.137 - - [15/Jun/2015:07:32:03 +0300] "GET /slovar-terminov/slovar-ocenschika-avtotransport-5/%d0%9d.html HTTP/1.0" 200 24846 "-" "Mozilla/5.0 (compatible; bingbot/2.0; +http://www.bing.com/bingbot.htm)"
180.76.15.30 - - [15/Jun/2015:07:34:00 +0300] "GET /slovar-terminov/slovar-ocenschika-avtotransport-5/S/self-levelizer-2706.html HTTP/1.0" 200 17109 "-" "Mozilla/5.0 (compatible; Baiduspider/2.0; +http://www.baidu.com/search/spider.html)"
188.138.124.110 - - [15/Jun/2015:07:36:16 +0300] "GET / HTTP/1.0" 200 20170 "-" "Pingdom.com_bot_version_1.4_(http://www.pingdom.com/)"
157.55.39.37 - - [15/Jun/2015:07:40:21 +0300] "GET /slovar-terminov/slovar-ocenschika-nedvizhimost-i-ipoteka-2/A/amortization-period-389.html HTTP/1.0" 200 17125 "-" "Mozilla/5.0 (compatible; bingbot/2.0; +http://www.bing.com/bingbot.htm)"
72.46.130.42 - - [15/Jun/2015:07:41:16 +0300] "GET / HTTP/1.0" 200 20170 "-" "Pingdom.com_bot_version_1.4_(http://www.pingdom.com/)"
178.255.153.2 - - [15/Jun/2015:07:46:16 +0300] "GET / HTTP/1.0" 200 20170 "-" "Pingdom.com_bot_version_1.4_(http://www.pingdom.com/)"
157.55.39.151 - - [15/Jun/2015:07:48:44 +0300] "GET /slovar-terminov/slovar-ocenschika-zemelnye-uchastki-4/%d0%ae.html HTTP/1.0" 200 15159 "-" "Mozilla/5.0 (compatible; bingbot/2.0; +http://www.bing.com/bingbot.htm)"
108.62.115.226 - - [15/Jun/2015:07:51:16 +0300] "GET / HTTP/1.0" 200 20170 "-" "Pingdom.com_bot_version_1.4_(http://www.pingdom.com/)"
184.75.209.18 - - [15/Jun/2015:07:56:16 +0300] "GET / HTTP/1.0" 200 20170 "-" "Pingdom.com_bot_version_1.4_(http://www.pingdom.com/)"
157.55.39.136 - - [15/Jun/2015:07:59:39 +0300] "GET /ocenka-obektov-nedvijimosti-pri-prodaje.html HTTP/1.0" 200 22192 "-" "Mozilla/5.0 (compatible; bingbot/2.0; +http://www.bing.com/bingbot.htm)"
217.69.136.203 - - [15/Jun/2015:08:01:13 +0300] "GET /robots.txt HTTP/1.0" 200 304 "-" "Mozilla/5.0 (compatible; Linux x86_64; Mail.RU_Bot/2.0; +http://go.mail.ru/help/robots)"
199.87.228.66 - - [15/Jun/2015:08:01:16 +0300] "GET / HTTP/1.0" 200 20170 "-" "Pingdom.com_bot_version_1.4_(http://www.pingdom.com/)"
94.247.174.83 - - [15/Jun/2015:08:06:16 +0300] "GET / HTTP/1.0" 200 20170 "-" "Pingdom.com_bot_version_1.4_(http://www.pingdom.com/)"
204.152.200.42 - - [15/Jun/2015:08:11:16 +0300] "GET / HTTP/1.0" 200 20170 "-" "Pingdom.com_bot_version_1.4_(http://www.pingdom.com/)"
96.31.66.245 - - [15/Jun/2015:08:16:16 +0300] "GET / HTTP/1.0" 200 20170 "-" "Pingdom.com_bot_version_1.4_(http://www.pingdom.com/)"
46.200.213.8 - - [15/Jun/2015:08:16:16 +0300] "GET /bti-ukrainy.html HTTP/1.0" 200 84405 "http://yandex.ua/clck/jsredir?from=yandex.ua%3Byandsearch%3Bweb%3B%3B&text=&etext=720.vYBuIfNIA5_T1riRYGc5_D5SEfdRswo0G_-dzP0jAwgwttKZLLCcshHma33eT03Cb55lqzzVNlug0MLqGzMreg.2ef7ac9d074ce3d907cc4b19730f21639bf9bc06&uuid=&state=PEtFfuTeVD5kpHnK9lio9ThluiZ1G4ojQRnDqP1wRIkdnIy1TZuw1A&data=UlNrNmk5WktYejR0eWJFYk1LdmtxZ0IwM0xtOGFxVG5XOFNaM2VaM051ZE5uNExFd2NvZkMzMzgxd3d2clkwTkdNZy1WcVVIbXo2ZC1XS2plSVhrVEh6LTFyZ1RWTTlXVEFaVWhkVmt4ZmpXcXlrLTNoY0pQZw&b64e=2&sign=54cfbd2b21ab531e88636d86f557383d&keyno=0&cst=AiuY0DBWFJ7IXge4WdYJQRJlt-zx8hWFkIK81CeIhVvl8h9QQLzcq-j4XWnvGyd03IEnbHVqTgnHBtXMjETcerFPnbPkDuB1iZhJ5VAsvDgsMueCwcT02-d49W8u08R4HCo2CqySKYMhOqk1ToXLy-IG3FJsLGBQas4FJxmCZ1RX4yZ4_cg2c12OBBBjsBk3v7prkxw3g9GONWrDPH8PwvLuwhcXFzt8dIEXhB6qZdgf--tMCT9tMwQ1nR1ekr5xEfqLknVdaaw_5y-k6mjR-CscNf4jUpjiU1HKM8WhBWrPzYkqdOBWfV9RglyX_t-NlO1T25Gos0qYWRKCaKT0qgWHWO4vEOaJMmMntobfutSmI3Qi4OTfGoGjKk8anylRw1L_yVHSrcfOMP0yqQbmxewuV8UrzKNwrK0zofCozMDunNc_lRuVIfVIfCKqmry4bNDIk7dflzyCVBRXSuWohC5L_llGiueC0WJqpW2hPHDp7yCvcY3nww&ref=cM777e4sMODZ_bseNIiUXGHUFc96C3BGMrDXJ-xmQeaXhqAWw8BjPWN5VN3ZdQXtdK57wgfld0RZJQ6Ceax0SsR5XAIZOM14HpqWmbLNSBV4FiV1JGeEZePDR4AInr4V3aF3XfA2kDoqT12WOAl0NpUgSHd4jxCmwhfwpJWN-XUhLpYc9lrEEdNnjIwrTXKoEWGBbN6ROicFtpy9DYwx1ENr0oqSLo1W7F_0bmc1lq_DO1jE8NzstI3W6wv3k7RWI_G8_-1SZm2T24SJHRsJmovXwaP7-IknQDVpPh5vZq3KHDryMBHkuQ&l10n=ru&cts=1434345376051&mc=4.512400646702278" "Mozilla/5.0 (Windows NT 6.1; WOW64) AppleWebKit/537.36 (KHTML, like Gecko) Chrome/40.0.2214.115 YaBrowser/15.2.2214.3645 Safari/537.36"
46.200.213.8 - - [15/Jun/2015:08:16:17 +0300] "GET /cache/assets/15e1e423d7a27a0d8ee8e70b064c44eb.css HTTP/1.0" 200 44011 "http://citiex.com.ua/bti-ukrainy.html" "Mozilla/5.0 (Windows NT 6.1; WOW64) AppleWebKit/537.36 (KHTML, like Gecko) Chrome/40.0.2214.115 YaBrowser/15.2.2214.3645 Safari/537.36"
46.200.213.8 - - [15/Jun/2015:08:16:17 +0300] "GET /media/system/js/mootools.js HTTP/1.0" 200 74434 "http://citiex.com.ua/bti-ukrainy.html" "Mozilla/5.0 (Windows NT 6.1; WOW64) AppleWebKit/537.36 (KHTML, like Gecko) Chrome/40.0.2214.115 YaBrowser/15.2.2214.3645 Safari/537.36"
46.200.213.8 - - [15/Jun/2015:08:16:17 +0300] "GET /media/system/js/caption.js HTTP/1.0" 200 1963 "http://citiex.com.ua/bti-ukrainy.html" "Mozilla/5.0 (Windows NT 6.1; WOW64) AppleWebKit/537.36 (KHTML, like Gecko) Chrome/40.0.2214.115 YaBrowser/15.2.2214.3645 Safari/537.36"
46.200.213.8 - - [15/Jun/2015:08:16:17 +0300] "GET /media/system/js/modal.js HTTP/1.0" 200 10588 "http://citiex.com.ua/bti-ukrainy.html" "Mozilla/5.0 (Windows NT 6.1; WOW64) AppleWebKit/537.36 (KHTML, like Gecko) Chrome/40.0.2214.115 YaBrowser/15.2.2214.3645 Safari/537.36"
46.200.213.8 - - [15/Jun/2015:08:16:17 +0300] "GET /plugins/content/attachments_refresh.js HTTP/1.0" 200 1560 "http://citiex.com.ua/bti-ukrainy.html" "Mozilla/5.0 (Windows NT 6.1; WOW64) AppleWebKit/537.36 (KHTML, like Gecko) Chrome/40.0.2214.115 YaBrowser/15.2.2214.3645 Safari/537.36"
46.200.213.8 - - [15/Jun/2015:08:16:17 +0300] "GET /templates/gk_aumi/lib/scripts/template_scripts.js HTTP/1.0" 200 2281 "http://citiex.com.ua/bti-ukrainy.html" "Mozilla/5.0 (Windows NT 6.1; WOW64) AppleWebKit/537.36 (KHTML, like Gecko) Chrome/40.0.2214.115 YaBrowser/15.2.2214.3645 Safari/537.36"
46.200.213.8 - - [15/Jun/2015:08:16:17 +0300] "GET /templates/gk_aumi/lib/scripts/hltable.js HTTP/1.0" 200 3646 "http://citiex.com.ua/bti-ukrainy.html" "Mozilla/5.0 (Windows NT 6.1; WOW64) AppleWebKit/537.36 (KHTML, like Gecko) Chrome/40.0.2214.115 YaBrowser/15.2.2214.3645 Safari/537.36"
46.200.213.8 - - [15/Jun/2015:08:16:18 +0300] "GET /templates/gk_aumi/lib/scripts/menu.php?style=suckerfish&width=1&height=1&opacity=1&animation=1&speed=250 HTTP/1.0" 200 253 "http://citiex.com.ua/bti-ukrainy.html" "Mozilla/5.0 (Windows NT 6.1; WOW64) AppleWebKit/537.36 (KHTML, like Gecko) Chrome/40.0.2214.115 YaBrowser/15.2.2214.3645 Safari/537.36"
46.200.213.8 - - [15/Jun/2015:08:16:18 +0300] "GET /templates/gk_aumi/images/logo.png HTTP/1.0" 200 6149 "http://citiex.com.ua/bti-ukrainy.html" "Mozilla/5.0 (Windows NT 6.1; WOW64) AppleWebKit/537.36 (KHTML, like Gecko) Chrome/40.0.2214.115 YaBrowser/15.2.2214.3645 Safari/537.36"
46.200.213.8 - - [15/Jun/2015:08:16:18 +0300] "GET /components/com_sh404sef/images/external-black.png HTTP/1.0" 200 3621 "http://citiex.com.ua/bti-ukrainy.html" "Mozilla/5.0 (Windows NT 6.1; WOW64) AppleWebKit/537.36 (KHTML, like Gecko) Chrome/40.0.2214.115 YaBrowser/15.2.2214.3645 Safari/537.36"
46.200.213.8 - - [15/Jun/2015:08:16:18 +0300] "GET /templates/gk_aumi/images/bg_top.png HTTP/1.0" 200 321 "http://citiex.com.ua/cache/assets/15e1e423d7a27a0d8ee8e70b064c44eb.css" "Mozilla/5.0 (Windows NT 6.1; WOW64) AppleWebKit/537.36 (KHTML, like Gecko) Chrome/40.0.2214.115 YaBrowser/15.2.2214.3645 Safari/537.36"
46.200.213.8 - - [15/Jun/2015:08:16:18 +0300] "GET /templates/gk_aumi/images/menu_li.png HTTP/1.0" 200 181 "http://citiex.com.ua/cache/assets/15e1e423d7a27a0d8ee8e70b064c44eb.css" "Mozilla/5.0 (Windows NT 6.1; WOW64) AppleWebKit/537.36 (KHTML, like Gecko) Chrome/40.0.2214.115 YaBrowser/15.2.2214.3645 Safari/537.36"
46.200.213.8 - - [15/Jun/2015:08:16:18 +0300] "GET /templates/gk_aumi/images/bg_content_middle.png HTTP/1.0" 200 89 "http://citiex.com.ua/cache/assets/15e1e423d7a27a0d8ee8e70b064c44eb.css" "Mozilla/5.0 (Windows NT 6.1; WOW64) AppleWebKit/537.36 (KHTML, like Gecko) Chrome/40.0.2214.115 YaBrowser/15.2.2214.3645 Safari/537.36"
46.200.213.8 - - [15/Jun/2015:08:16:18 +0300] "GET /templates/gk_aumi/images/bg_content_top.png HTTP/1.0" 200 133 "http://citiex.com.ua/cache/assets/15e1e423d7a27a0d8ee8e70b064c44eb.css" "Mozilla/5.0 (Windows NT 6.1; WOW64) AppleWebKit/537.36 (KHTML, like Gecko) Chrome/40.0.2214.115 YaBrowser/15.2.2214.3645 Safari/537.36"
46.200.213.8 - - [15/Jun/2015:08:16:18 +0300] "GET /templates/gk_aumi/images/bg_footer.png HTTP/1.0" 200 325 "http://citiex.com.ua/cache/assets/15e1e423d7a27a0d8ee8e70b064c44eb.css" "Mozilla/5.0 (Windows NT 6.1; WOW64) AppleWebKit/537.36 (KHTML, like Gecko) Chrome/40.0.2214.115 YaBrowser/15.2.2214.3645 Safari/537.36"
46.200.213.8 - - [15/Jun/2015:08:16:18 +0300] "GET /templates/gk_aumi/favicon.ico HTTP/1.0" 200 1406 "-" "Mozilla/5.0 (Windows NT 6.1; WOW64) AppleWebKit/537.36 (KHTML, like Gecko) Chrome/40.0.2214.115 YaBrowser/15.2.2214.3645 Safari/537.36"
66.249.65.149 - - [15/Jun/2015:08:18:33 +0300] "GET /ocenka-kvartiry-pri-prodaje.html HTTP/1.0" 200 32931 "-" "Mozilla/5.0 (compatible; Googlebot/2.1; +http://www.google.com/bot.html)"
85.17.156.11 - - [15/Jun/2015:08:21:16 +0300] "GET / HTTP/1.0" 200 20170 "-" "Pingdom.com_bot_version_1.4_(http://www.pingdom.com/)"
188.138.124.110 - - [15/Jun/2015:08:26:16 +0300] "GET / HTTP/1.0" 200 20170 "-" "Pingdom.com_bot_version_1.4_(http://www.pingdom.com/)"
5.255.253.163 - - [15/Jun/2015:08:28:48 +0300] "GET /bti-ukrainy.html HTTP/1.0" 200 84405 "-" "Mozilla/5.0 (compatible; YandexBot/3.0; +http://yandex.com/bots)"
72.46.130.42 - - [15/Jun/2015:08:31:16 +0300] "GET / HTTP/1.0" 200 20170 "-" "Pingdom.com_bot_version_1.4_(http://www.pingdom.com/)"
178.255.153.2 - - [15/Jun/2015:08:36:16 +0300] "GET / HTTP/1.0" 200 20170 "-" "Pingdom.com_bot_version_1.4_(http://www.pingdom.com/)"
82.145.223.124 - - [15/Jun/2015:08:37:12 +0300] "GET /templates/gk_aumi/favicon.ico HTTP/1.0" 200 1406 "-" "Opera/9.80 (Android; Opera Mini/7.5.35644/36.2297; U; ru) Presto/2.12.423 Version/12.16"
94.24.229.135 - - [15/Jun/2015:08:39:48 +0300] "GET /ocenka-kvartiry-pri-prodaje.html HTTP/1.0" 200 32931 "-" "Mozilla/5.0 (Macintosh; Intel Mac OS X 10_7_3) AppleWebKit/537.36 (KHTML, like Gecko) Chrome/32.0.1700.102 Safari/537.36"
108.62.115.226 - - [15/Jun/2015:08:41:16 +0300] "GET / HTTP/1.0" 200 20170 "-" "Pingdom.com_bot_version_1.4_(http://www.pingdom.com/)"
184.75.209.18 - - [15/Jun/2015:08:46:16 +0300] "GET / HTTP/1.0" 200 20170 "-" "Pingdom.com_bot_version_1.4_(http://www.pingdom.com/)"
199.87.228.66 - - [15/Jun/2015:08:51:16 +0300] "GET / HTTP/1.0" 200 20170 "-" "Pingdom.com_bot_version_1.4_(http://www.pingdom.com/)"
176.113.251.53 - - [15/Jun/2015:08:53:30 +0300] "GET /rus-2658-iii.html HTTP/1.0" 200 122715 "-" "Mozilla/5.0 (Windows NT 6.3; WOW64) AppleWebKit/537.36 (KHTML, like Gecko) Chrome/43.0.2357.124 Safari/537.36"
