178.151.143.163 - - [16/Jun/2015:07:30:49 +0300] "GET /slovar-terminov/slovar-ocenschika-obschie-terminy-1/%d0%a0/restituciya-284.html HTTP/1.0" 200 14853 "-" "Mozilla/5.0 (compatible; MJ12bot/v1.4.5; http://www.majestic12.co.uk/bot.php?+)"
178.151.143.163 - - [16/Jun/2015:07:30:51 +0300] "GET /slovar-terminov/slovar-ocenschika-obschie-terminy-1/%d0%a0/reversiya-276.html HTTP/1.0" 200 14817 "-" "Mozilla/5.0 (compatible; MJ12bot/v1.4.5; http://www.majestic12.co.uk/bot.php?+)"
178.151.143.163 - - [16/Jun/2015:07:30:53 +0300] "GET /slovar-terminov/slovar-ocenschika-obschie-terminy-1/%d0%a0/rielter-286.html HTTP/1.0" 200 14789 "-" "Mozilla/5.0 (compatible; MJ12bot/v1.4.5; http://www.majestic12.co.uk/bot.php?+)"
178.151.143.163 - - [16/Jun/2015:07:30:55 +0300] "GET /slovar-terminov/slovar-ocenschika-obschie-terminy-1/%d0%a0/risk-285.html HTTP/1.0" 200 14765 "-" "Mozilla/5.0 (compatible; MJ12bot/v1.4.5; http://www.majestic12.co.uk/bot.php?+)"
178.151.143.163 - - [16/Jun/2015:07:30:56 +0300] "GET /slovar-terminov/slovar-ocenschika-obschie-terminy-1/%d0%a1/sistema-torrensa-299.html HTTP/1.0" 200 17584 "-" "Mozilla/5.0 (compatible; MJ12bot/v1.4.5; http://www.majestic12.co.uk/bot.php?+)"
178.151.143.163 - - [16/Jun/2015:07:30:58 +0300] "GET /slovar-terminov/slovar-ocenschika-obschie-terminy-1/%d0%a1/slozhnyy-procent-300.html HTTP/1.0" 200 14884 "-" "Mozilla/5.0 (compatible; MJ12bot/v1.4.5; http://www.majestic12.co.uk/bot.php?+)"
178.151.143.163 - - [16/Jun/2015:07:31:00 +0300] "GET /slovar-terminov/slovar-ocenschika-obschie-terminy-1/%d0%a1/smeta-v-stroitelstve-301.html HTTP/1.0" 200 18935 "-" "Mozilla/5.0 (compatible; MJ12bot/v1.4.5; http://www.majestic12.co.uk/bot.php?+)"
178.151.143.163 - - [16/Jun/2015:07:31:02 +0300] "GET /slovar-terminov/slovar-ocenschika-obschie-terminy-1/%d0%a1/smetnye-raschety-na-otdelnye-vidy-zatrat-302.html HTTP/1.0" 200 15350 "-" "Mozilla/5.0 (compatible; MJ12bot/v1.4.5; http://www.majestic12.co.uk/bot.php?+)"
178.151.143.163 - - [16/Jun/2015:07:31:04 +0300] "GET /slovar-terminov/slovar-ocenschika-obschie-terminy-1/%d0%a1/smetnyy-raschet-303.html HTTP/1.0" 200 14942 "-" "Mozilla/5.0 (compatible; MJ12bot/v1.4.5; http://www.majestic12.co.uk/bot.php?+)"
178.151.143.163 - - [16/Jun/2015:07:31:06 +0300] "GET /slovar-terminov/slovar-ocenschika-obschie-terminy-1/%d0%a1/sobstvennost-304.html HTTP/1.0" 200 14891 "-" "Mozilla/5.0 (compatible; MJ12bot/v1.4.5; http://www.majestic12.co.uk/bot.php?+)"
178.151.143.163 - - [16/Jun/2015:07:31:08 +0300] "GET /slovar-terminov/slovar-ocenschika-obschie-terminy-1/%d0%a1/sobstvennost-intellektualnaya-305.html HTTP/1.0" 200 15556 "-" "Mozilla/5.0 (compatible; MJ12bot/v1.4.5; http://www.majestic12.co.uk/bot.php?+)"
178.151.143.163 - - [16/Jun/2015:07:31:10 +0300] "GET /slovar-terminov/slovar-ocenschika-obschie-terminy-1/%d0%a1/sobstvennost-s-ogranichennym-rynkom-306.html HTTP/1.0" 200 16492 "-" "Mozilla/5.0 (compatible; MJ12bot/v1.4.5; http://www.majestic12.co.uk/bot.php?+)"
178.151.143.163 - - [16/Jun/2015:07:31:12 +0300] "GET /slovar-terminov/slovar-ocenschika-obschie-terminy-1/%d0%a1/sooruzheniya-307.html HTTP/1.0" 200 15705 "-" "Mozilla/5.0 (compatible; MJ12bot/v1.4.5; http://www.majestic12.co.uk/bot.php?+)"
178.151.143.163 - - [16/Jun/2015:07:31:14 +0300] "GET /slovar-terminov/slovar-ocenschika-obschie-terminy-1/%d0%a1/sopostavimye-ceny-308.html HTTP/1.0" 200 15338 "-" "Mozilla/5.0 (compatible; MJ12bot/v1.4.5; http://www.majestic12.co.uk/bot.php?+)"
178.151.143.163 - - [16/Jun/2015:07:31:16 +0300] "GET /slovar-terminov/slovar-ocenschika-obschie-terminy-1/%d0%a1/specializirovannoe-imuschestvo-309.html HTTP/1.0" 200 15236 "-" "Mozilla/5.0 (compatible; MJ12bot/v1.4.5; http://www.majestic12.co.uk/bot.php?+)"
204.152.200.42 - - [16/Jun/2015:07:31:16 +0300] "GET / HTTP/1.0" 200 20170 "-" "Pingdom.com_bot_version_1.4_(http://www.pingdom.com/)"
178.151.143.163 - - [16/Jun/2015:07:31:18 +0300] "GET /slovar-terminov/slovar-ocenschika-obschie-terminy-1/%d0%a1/specialnaya-stoimost-310.html HTTP/1.0" 200 15192 "-" "Mozilla/5.0 (compatible; MJ12bot/v1.4.5; http://www.majestic12.co.uk/bot.php?+)"
178.151.143.163 - - [16/Jun/2015:07:31:20 +0300] "GET /slovar-terminov/slovar-ocenschika-obschie-terminy-1/%d0%a1/spros-311.html HTTP/1.0" 200 14899 "-" "Mozilla/5.0 (compatible; MJ12bot/v1.4.5; http://www.majestic12.co.uk/bot.php?+)"
178.151.143.163 - - [16/Jun/2015:07:31:22 +0300] "GET /slovar-terminov/slovar-ocenschika-obschie-terminy-1/%d0%a1/sravnitelnyy-podhod-312.html HTTP/1.0" 200 15162 "-" "Mozilla/5.0 (compatible; MJ12bot/v1.4.5; http://www.majestic12.co.uk/bot.php?+)"
178.151.143.163 - - [16/Jun/2015:07:31:24 +0300] "GET /slovar-terminov/slovar-ocenschika-obschie-terminy-1/%d0%a1/srok-ekonomicheskoy-zhizni-ob-ekta-314.html HTTP/1.0" 200 15598 "-" "Mozilla/5.0 (compatible; MJ12bot/v1.4.5; http://www.majestic12.co.uk/bot.php?+)"
178.151.143.163 - - [16/Jun/2015:07:31:26 +0300] "GET /slovar-terminov/slovar-ocenschika-obschie-terminy-1/%d0%a1/srok-ekonomicheskoy-zhizni-zemelnyh-uluchsh-313.html HTTP/1.0" 200 15975 "-" "Mozilla/5.0 (compatible; MJ12bot/v1.4.5; http://www.majestic12.co.uk/bot.php?+)"
178.151.143.163 - - [16/Jun/2015:07:31:28 +0300] "GET /slovar-terminov/slovar-ocenschika-obschie-terminy-1/%d0%a1/srok-ekspozicii-315.html HTTP/1.0" 200 15660 "-" "Mozilla/5.0 (compatible; MJ12bot/v1.4.5; http://www.majestic12.co.uk/bot.php?+)"
178.151.143.163 - - [16/Jun/2015:07:31:29 +0300] "GET /slovar-terminov/slovar-ocenschika-obschie-terminy-1/%d0%a1/stavka-bezriskovaya-317.html HTTP/1.0" 200 14596 "-" "Mozilla/5.0 (compatible; MJ12bot/v1.4.5; http://www.majestic12.co.uk/bot.php?+)"
178.151.143.163 - - [16/Jun/2015:07:31:32 +0300] "GET /slovar-terminov/slovar-ocenschika-obschie-terminy-1/%d0%a1/stavka-diskontirovaniya-318.html HTTP/1.0" 200 15884 "-" "Mozilla/5.0 (compatible; MJ12bot/v1.4.5; http://www.majestic12.co.uk/bot.php?+)"
178.151.143.163 - - [16/Jun/2015:07:31:33 +0300] "GET /slovar-terminov/slovar-ocenschika-obschie-terminy-1/%d0%a1/stavka-dohoda-na-investicii-320.html HTTP/1.0" 200 14958 "-" "Mozilla/5.0 (compatible; MJ12bot/v1.4.5; http://www.majestic12.co.uk/bot.php?+)"
178.151.143.163 - - [16/Jun/2015:07:31:35 +0300] "GET /slovar-terminov/slovar-ocenschika-obschie-terminy-1/%d0%a1/stavka-dohoda-vnutrennyaya-vnutrennyaya-norma-pribyli-319.html HTTP/1.0" 200 15174 "-" "Mozilla/5.0 (compatible; MJ12bot/v1.4.5; http://www.majestic12.co.uk/bot.php?+)"
178.151.143.163 - - [16/Jun/2015:07:31:37 +0300] "GET /slovar-terminov/slovar-ocenschika-obschie-terminy-1/%d0%a1/stavka-kapitalizacii-321.html HTTP/1.0" 200 14668 "-" "Mozilla/5.0 (compatible; MJ12bot/v1.4.5; http://www.majestic12.co.uk/bot.php?+)"
178.151.143.163 - - [16/Jun/2015:07:31:39 +0300] "GET /slovar-terminov/slovar-ocenschika-obschie-terminy-1/%d0%a1/stavka-procenta-322.html HTTP/1.0" 200 14834 "-" "Mozilla/5.0 (compatible; MJ12bot/v1.4.5; http://www.majestic12.co.uk/bot.php?+)"
178.151.143.163 - - [16/Jun/2015:07:31:41 +0300] "GET /slovar-terminov/slovar-ocenschika-obschie-terminy-1/%d0%a1/stavka-slozhnogo-procenta-323.html HTTP/1.0" 200 14985 "-" "Mozilla/5.0 (compatible; MJ12bot/v1.4.5; http://www.majestic12.co.uk/bot.php?+)"
178.151.143.163 - - [16/Jun/2015:07:31:43 +0300] "GET /slovar-terminov/slovar-ocenschika-obschie-terminy-1/%d0%a1/stoimost-324.html HTTP/1.0" 200 14707 "-" "Mozilla/5.0 (compatible; MJ12bot/v1.4.5; http://www.majestic12.co.uk/bot.php?+)"
5.255.253.203 - - [16/Jun/2015:07:33:19 +0300] "GET /robots.txt HTTP/1.0" 200 304 "-" "Mozilla/5.0 (compatible; YandexBot/3.0; +http://yandex.com/bots)"
37.140.188.35 - - [16/Jun/2015:07:33:21 +0300] "GET / HTTP/1.0" 200 20565 "-" "Mozilla/5.0 (compatible; YandexBot/3.0; +http://yandex.com/bots)"
96.31.66.245 - - [16/Jun/2015:07:36:16 +0300] "GET / HTTP/1.0" 200 20170 "-" "Pingdom.com_bot_version_1.4_(http://www.pingdom.com/)"
85.17.156.11 - - [16/Jun/2015:07:41:16 +0300] "GET / HTTP/1.0" 200 20170 "-" "Pingdom.com_bot_version_1.4_(http://www.pingdom.com/)"
188.138.124.110 - - [16/Jun/2015:07:46:16 +0300] "GET / HTTP/1.0" 200 20170 "-" "Pingdom.com_bot_version_1.4_(http://www.pingdom.com/)"
207.46.13.82 - - [16/Jun/2015:07:48:54 +0300] "GET /9-voprosy-po-nashey-rabote/2-ya-slyshal-chto-mozhno-sdelat-ocenku-bez-osmotra-obekta-vozmozhno-li-eto-u-vas.html HTTP/1.0" 200 27269 "-" "Mozilla/5.0 (compatible; bingbot/2.0; +http://www.bing.com/bingbot.htm)"
72.46.130.42 - - [16/Jun/2015:07:51:16 +0300] "GET / HTTP/1.0" 200 20170 "-" "Pingdom.com_bot_version_1.4_(http://www.pingdom.com/)"
178.255.153.2 - - [16/Jun/2015:07:56:16 +0300] "GET / HTTP/1.0" 200 20170 "-" "Pingdom.com_bot_version_1.4_(http://www.pingdom.com/)"
108.62.115.226 - - [16/Jun/2015:08:01:16 +0300] "GET / HTTP/1.0" 200 20170 "-" "Pingdom.com_bot_version_1.4_(http://www.pingdom.com/)"
184.75.209.18 - - [16/Jun/2015:08:06:16 +0300] "GET / HTTP/1.0" 200 20170 "-" "Pingdom.com_bot_version_1.4_(http://www.pingdom.com/)"
199.87.228.66 - - [16/Jun/2015:08:11:16 +0300] "GET / HTTP/1.0" 200 20170 "-" "Pingdom.com_bot_version_1.4_(http://www.pingdom.com/)"
217.69.136.203 - - [16/Jun/2015:08:13:42 +0300] "GET /robots.txt HTTP/1.0" 200 304 "-" "Mozilla/5.0 (compatible; Linux x86_64; Mail.RU_Bot/2.0; +http://go.mail.ru/help/robots)"
157.55.39.151 - - [16/Jun/2015:08:14:38 +0300] "GET /hmelnicke-rv-fdmu.html HTTP/1.0" 200 27607 "-" "Mozilla/5.0 (compatible; bingbot/2.0; +http://www.bing.com/bingbot.htm)"
157.55.39.152 - - [16/Jun/2015:08:15:50 +0300] "GET /uslugi-gosudarstvennym-uchrezhdeniyam.html HTTP/1.0" 200 20189 "-" "Mozilla/5.0 (compatible; bingbot/2.0; +http://www.bing.com/bingbot.htm)"
94.247.174.83 - - [16/Jun/2015:08:16:16 +0300] "GET / HTTP/1.0" 200 20170 "-" "Pingdom.com_bot_version_1.4_(http://www.pingdom.com/)"
204.152.200.42 - - [16/Jun/2015:08:21:16 +0300] "GET / HTTP/1.0" 200 20170 "-" "Pingdom.com_bot_version_1.4_(http://www.pingdom.com/)"
96.31.66.245 - - [16/Jun/2015:08:26:16 +0300] "GET / HTTP/1.0" 200 20170 "-" "Pingdom.com_bot_version_1.4_(http://www.pingdom.com/)"
207.46.13.82 - - [16/Jun/2015:08:28:17 +0300] "GET /rynok-nedvijimosti-sevastopolya-na-yanvar-2013.html HTTP/1.0" 200 24194 "-" "Mozilla/5.0 (compatible; bingbot/2.0; +http://www.bing.com/bingbot.htm)"
85.17.156.11 - - [16/Jun/2015:08:31:16 +0300] "GET / HTTP/1.0" 200 20170 "-" "Pingdom.com_bot_version_1.4_(http://www.pingdom.com/)"
188.138.124.110 - - [16/Jun/2015:08:36:16 +0300] "GET / HTTP/1.0" 200 20170 "-" "Pingdom.com_bot_version_1.4_(http://www.pingdom.com/)"
72.46.130.42 - - [16/Jun/2015:08:41:16 +0300] "GET / HTTP/1.0" 200 20170 "-" "Pingdom.com_bot_version_1.4_(http://www.pingdom.com/)"
208.115.111.71 - - [16/Jun/2015:08:44:07 +0300] "GET /index.php?option=com_content&view=article&id=969:promyshlenno-strahovoy-alyans&catid=46 HTTP/1.0" 301 - "-" "Mozilla/5.0 (compatible; DotBot/1.1; http://www.opensiteexplorer.org/dotbot, help@moz.com)"
178.255.153.2 - - [16/Jun/2015:08:46:16 +0300] "GET / HTTP/1.0" 200 20170 "-" "Pingdom.com_bot_version_1.4_(http://www.pingdom.com/)"
108.62.115.226 - - [16/Jun/2015:08:51:16 +0300] "GET / HTTP/1.0" 200 20170 "-" "Pingdom.com_bot_version_1.4_(http://www.pingdom.com/)"
184.75.209.18 - - [16/Jun/2015:08:56:16 +0300] "GET / HTTP/1.0" 200 20170 "-" "Pingdom.com_bot_version_1.4_(http://www.pingdom.com/)"
199.87.228.66 - - [16/Jun/2015:09:01:16 +0300] "GET / HTTP/1.0" 200 20170 "-" "Pingdom.com_bot_version_1.4_(http://www.pingdom.com/)"
94.247.174.83 - - [16/Jun/2015:09:06:16 +0300] "GET / HTTP/1.0" 200 20170 "-" "Pingdom.com_bot_version_1.4_(http://www.pingdom.com/)"
204.152.200.42 - - [16/Jun/2015:09:11:16 +0300] "GET / HTTP/1.0" 200 20170 "-" "Pingdom.com_bot_version_1.4_(http://www.pingdom.com/)"
96.31.66.245 - - [16/Jun/2015:09:16:16 +0300] "GET / HTTP/1.0" 200 20170 "-" "Pingdom.com_bot_version_1.4_(http://www.pingdom.com/)"
85.90.193.208 - - [16/Jun/2015:09:20:36 +0300] "GET /ocenka-zemli-i-zemelnyh-uchastkov.html HTTP/1.0" 200 27481 "http://www.google.com.ua/url?sa=t&rct=j&q=&esrc=s&source=web&cd=4&ved=0CFUQFjADahUKEwjgmPnKyJPGAhXB6HIKHco3AAA&url=http%3A%2F%2Fcitiex.com.ua%2Focenka-zemli-i-zemelnyh-uchastkov.html&ei=mr9_VeDjCsHRywPKbw&usg=AFQjCNHFj0a48UGZFbJkDZx7yu8orZratg&bvm=bv.96041959,d.bGQ" "Mozilla/5.0 (Windows NT 6.1; WOW64; rv:38.0) Gecko/20100101 Firefox/38.0"
85.90.193.208 - - [16/Jun/2015:09:20:37 +0300] "GET /cache/assets/15e1e423d7a27a0d8ee8e70b064c44eb.css HTTP/1.0" 200 44011 "http://citiex.com.ua/ocenka-zemli-i-zemelnyh-uchastkov.html" "Mozilla/5.0 (Windows NT 6.1; WOW64; rv:38.0) Gecko/20100101 Firefox/38.0"
85.90.193.208 - - [16/Jun/2015:09:20:37 +0300] "GET /templates/gk_aumi/lib/scripts/hltable.js HTTP/1.0" 200 3646 "http://citiex.com.ua/ocenka-zemli-i-zemelnyh-uchastkov.html" "Mozilla/5.0 (Windows NT 6.1; WOW64; rv:38.0) Gecko/20100101 Firefox/38.0"
85.90.193.208 - - [16/Jun/2015:09:20:37 +0300] "GET /media/system/js/mootools.js HTTP/1.0" 200 74434 "http://citiex.com.ua/ocenka-zemli-i-zemelnyh-uchastkov.html" "Mozilla/5.0 (Windows NT 6.1; WOW64; rv:38.0) Gecko/20100101 Firefox/38.0"
85.90.193.208 - - [16/Jun/2015:09:20:37 +0300] "GET /media/system/js/modal.js HTTP/1.0" 200 10588 "http://citiex.com.ua/ocenka-zemli-i-zemelnyh-uchastkov.html" "Mozilla/5.0 (Windows NT 6.1; WOW64; rv:38.0) Gecko/20100101 Firefox/38.0"
85.90.193.208 - - [16/Jun/2015:09:20:37 +0300] "GET /media/system/js/caption.js HTTP/1.0" 200 1963 "http://citiex.com.ua/ocenka-zemli-i-zemelnyh-uchastkov.html" "Mozilla/5.0 (Windows NT 6.1; WOW64; rv:38.0) Gecko/20100101 Firefox/38.0"
85.90.193.208 - - [16/Jun/2015:09:20:37 +0300] "GET /plugins/content/attachments_refresh.js HTTP/1.0" 200 1560 "http://citiex.com.ua/ocenka-zemli-i-zemelnyh-uchastkov.html" "Mozilla/5.0 (Windows NT 6.1; WOW64; rv:38.0) Gecko/20100101 Firefox/38.0"
85.90.193.208 - - [16/Jun/2015:09:20:37 +0300] "GET /templates/gk_aumi/lib/scripts/menu.php?style=suckerfish&width=1&height=1&opacity=1&animation=1&speed=250 HTTP/1.0" 200 253 "http://citiex.com.ua/ocenka-zemli-i-zemelnyh-uchastkov.html" "Mozilla/5.0 (Windows NT 6.1; WOW64; rv:38.0) Gecko/20100101 Firefox/38.0"
85.90.193.208 - - [16/Jun/2015:09:20:37 +0300] "GET /templates/gk_aumi/favicon.ico HTTP/1.0" 200 1406 "-" "Mozilla/5.0 (Windows NT 6.1; WOW64; rv:38.0) Gecko/20100101 Firefox/38.0"
85.90.193.208 - - [16/Jun/2015:09:20:37 +0300] "GET /templates/gk_aumi/images/logo.png HTTP/1.0" 200 6149 "http://citiex.com.ua/ocenka-zemli-i-zemelnyh-uchastkov.html" "Mozilla/5.0 (Windows NT 6.1; WOW64; rv:38.0) Gecko/20100101 Firefox/38.0"
85.90.193.208 - - [16/Jun/2015:09:20:37 +0300] "GET /components/com_sh404sef/images/external-black.png HTTP/1.0" 200 3621 "http://citiex.com.ua/ocenka-zemli-i-zemelnyh-uchastkov.html" "Mozilla/5.0 (Windows NT 6.1; WOW64; rv:38.0) Gecko/20100101 Firefox/38.0"
85.90.193.208 - - [16/Jun/2015:09:20:37 +0300] "GET /templates/gk_aumi/lib/scripts/template_scripts.js HTTP/1.0" 200 2281 "http://citiex.com.ua/ocenka-zemli-i-zemelnyh-uchastkov.html" "Mozilla/5.0 (Windows NT 6.1; WOW64; rv:38.0) Gecko/20100101 Firefox/38.0"
85.90.193.208 - - [16/Jun/2015:09:20:37 +0300] "GET /templates/gk_aumi/images/menu_li.png HTTP/1.0" 200 181 "http://citiex.com.ua/cache/assets/15e1e423d7a27a0d8ee8e70b064c44eb.css" "Mozilla/5.0 (Windows NT 6.1; WOW64; rv:38.0) Gecko/20100101 Firefox/38.0"
85.90.193.208 - - [16/Jun/2015:09:20:37 +0300] "GET /templates/gk_aumi/images/bullet.png HTTP/1.0" 200 2887 "http://citiex.com.ua/cache/assets/15e1e423d7a27a0d8ee8e70b064c44eb.css" "Mozilla/5.0 (Windows NT 6.1; WOW64; rv:38.0) Gecko/20100101 Firefox/38.0"
85.90.193.208 - - [16/Jun/2015:09:20:37 +0300] "GET /templates/gk_aumi/images/bg_content_middle.png HTTP/1.0" 200 89 "http://citiex.com.ua/cache/assets/15e1e423d7a27a0d8ee8e70b064c44eb.css" "Mozilla/5.0 (Windows NT 6.1; WOW64; rv:38.0) Gecko/20100101 Firefox/38.0"
85.90.193.208 - - [16/Jun/2015:09:20:37 +0300] "GET /templates/gk_aumi/images/bg_content_top.png HTTP/1.0" 200 133 "http://citiex.com.ua/cache/assets/15e1e423d7a27a0d8ee8e70b064c44eb.css" "Mozilla/5.0 (Windows NT 6.1; WOW64; rv:38.0) Gecko/20100101 Firefox/38.0"
85.90.193.208 - - [16/Jun/2015:09:20:37 +0300] "GET /templates/gk_aumi/images/bg_top.png HTTP/1.0" 200 321 "http://citiex.com.ua/cache/assets/15e1e423d7a27a0d8ee8e70b064c44eb.css" "Mozilla/5.0 (Windows NT 6.1; WOW64; rv:38.0) Gecko/20100101 Firefox/38.0"
85.90.193.208 - - [16/Jun/2015:09:20:37 +0300] "GET /templates/gk_aumi/images/bg_footer.png HTTP/1.0" 200 325 "http://citiex.com.ua/cache/assets/15e1e423d7a27a0d8ee8e70b064c44eb.css" "Mozilla/5.0 (Windows NT 6.1; WOW64; rv:38.0) Gecko/20100101 Firefox/38.0"
85.90.193.208 - - [16/Jun/2015:09:20:37 +0300] "GET /templates/gk_aumi/images/module_default/mod_trb.png HTTP/1.0" 200 468 "http://citiex.com.ua/cache/assets/15e1e423d7a27a0d8ee8e70b064c44eb.css" "Mozilla/5.0 (Windows NT 6.1; WOW64; rv:38.0) Gecko/20100101 Firefox/38.0"
85.90.193.208 - - [16/Jun/2015:09:20:37 +0300] "GET /templates/gk_aumi/images/module_default/mod_tlb.png HTTP/1.0" 200 231 "http://citiex.com.ua/cache/assets/15e1e423d7a27a0d8ee8e70b064c44eb.css" "Mozilla/5.0 (Windows NT 6.1; WOW64; rv:38.0) Gecko/20100101 Firefox/38.0"
85.17.156.11 - - [16/Jun/2015:09:21:16 +0300] "GET / HTTP/1.0" 200 20170 "-" "Pingdom.com_bot_version_1.4_(http://www.pingdom.com/)"
85.90.193.208 - - [16/Jun/2015:09:22:41 +0300] "GET /index.php?option=com_content&view=article&id=94:tarify-na-uslugi-chastnym-litsam&catid=35&Itemid=102 HTTP/1.0" 301 - "http://citiex.com.ua/ocenka-zemli-i-zemelnyh-uchastkov.html" "Mozilla/5.0 (Windows NT 6.1; WOW64; rv:38.0) Gecko/20100101 Firefox/38.0"
85.90.193.208 - - [16/Jun/2015:09:22:41 +0300] "GET /tarify-na-uslugi-chastnym-litsam.html HTTP/1.0" 200 30820 "http://citiex.com.ua/ocenka-zemli-i-zemelnyh-uchastkov.html" "Mozilla/5.0 (Windows NT 6.1; WOW64; rv:38.0) Gecko/20100101 Firefox/38.0"
85.90.193.208 - - [16/Jun/2015:09:22:42 +0300] "GET /cache/assets/15e1e423d7a27a0d8ee8e70b064c44eb.css HTTP/1.0" 200 44011 "http://citiex.com.ua/tarify-na-uslugi-chastnym-litsam.html" "Mozilla/5.0 (Windows NT 6.1; WOW64; rv:38.0) Gecko/20100101 Firefox/38.0"
85.90.193.208 - - [16/Jun/2015:09:22:42 +0300] "GET /templates/gk_aumi/lib/scripts/menu.php?style=suckerfish&width=1&height=1&opacity=1&animation=1&speed=250 HTTP/1.0" 200 253 "http://citiex.com.ua/tarify-na-uslugi-chastnym-litsam.html" "Mozilla/5.0 (Windows NT 6.1; WOW64; rv:38.0) Gecko/20100101 Firefox/38.0"
85.90.193.208 - - [16/Jun/2015:09:22:42 +0300] "GET /templates/gk_aumi/images/pdf_button.png HTTP/1.0" 200 126 "http://citiex.com.ua/tarify-na-uslugi-chastnym-litsam.html" "Mozilla/5.0 (Windows NT 6.1; WOW64; rv:38.0) Gecko/20100101 Firefox/38.0"
85.90.193.208 - - [16/Jun/2015:09:22:42 +0300] "GET /templates/gk_aumi/images/printButton.png HTTP/1.0" 200 132 "http://citiex.com.ua/tarify-na-uslugi-chastnym-litsam.html" "Mozilla/5.0 (Windows NT 6.1; WOW64; rv:38.0) Gecko/20100101 Firefox/38.0"
85.90.193.208 - - [16/Jun/2015:09:22:42 +0300] "GET /templates/gk_aumi/images/emailButton.png HTTP/1.0" 200 119 "http://citiex.com.ua/tarify-na-uslugi-chastnym-litsam.html" "Mozilla/5.0 (Windows NT 6.1; WOW64; rv:38.0) Gecko/20100101 Firefox/38.0"
188.138.124.110 - - [16/Jun/2015:09:26:16 +0300] "GET / HTTP/1.0" 200 20170 "-" "Pingdom.com_bot_version_1.4_(http://www.pingdom.com/)"
72.46.130.42 - - [16/Jun/2015:09:31:16 +0300] "GET / HTTP/1.0" 200 20170 "-" "Pingdom.com_bot_version_1.4_(http://www.pingdom.com/)"
178.255.153.2 - - [16/Jun/2015:09:36:16 +0300] "GET / HTTP/1.0" 200 20170 "-" "Pingdom.com_bot_version_1.4_(http://www.pingdom.com/)"
108.62.115.226 - - [16/Jun/2015:09:41:16 +0300] "GET / HTTP/1.0" 200 20170 "-" "Pingdom.com_bot_version_1.4_(http://www.pingdom.com/)"
157.55.39.46 - - [16/Jun/2015:09:43:50 +0300] "GET /rus-2654-xii.html HTTP/1.0" 200 85675 "-" "Mozilla/5.0 (compatible; bingbot/2.0; +http://www.bing.com/bingbot.htm)"
217.69.136.204 - - [16/Jun/2015:09:44:44 +0300] "GET /robots.txt HTTP/1.0" 200 304 "-" "Mozilla/5.0 (compatible; Linux x86_64; Mail.RU_Bot/2.0; +http://go.mail.ru/help/robots)"
184.75.209.18 - - [16/Jun/2015:09:46:16 +0300] "GET / HTTP/1.0" 200 20170 "-" "Pingdom.com_bot_version_1.4_(http://www.pingdom.com/)"
66.249.65.202 - - [16/Jun/2015:09:50:13 +0300] "GET / HTTP/1.0" 200 20565 "-" "Mozilla/5.0 (iPhone; CPU iPhone OS 6_0 like Mac OS X) AppleWebKit/536.26 (KHTML, like Gecko) Version/6.0 Mobile/10A5376e Safari/8536.25 (compatible; Googlebot/2.1; +http://www.google.com/bot.html)"
199.87.228.66 - - [16/Jun/2015:09:51:16 +0300] "GET / HTTP/1.0" 200 20170 "-" "Pingdom.com_bot_version_1.4_(http://www.pingdom.com/)"
94.247.174.83 - - [16/Jun/2015:09:56:16 +0300] "GET / HTTP/1.0" 200 20170 "-" "Pingdom.com_bot_version_1.4_(http://www.pingdom.com/)"
66.249.65.149 - - [16/Jun/2015:09:59:01 +0300] "GET / HTTP/1.0" 200 20170 "-" "Mozilla/5.0 (iPhone; CPU iPhone OS 6_0 like Mac OS X) AppleWebKit/536.26 (KHTML, like Gecko) Version/6.0 Mobile/10A5376e Safari/8536.25 (compatible; Googlebot/2.1; +http://www.google.com/bot.html)"
204.152.200.42 - - [16/Jun/2015:10:01:16 +0300] "GET / HTTP/1.0" 200 20170 "-" "Pingdom.com_bot_version_1.4_(http://www.pingdom.com/)"
157.55.39.59 - - [16/Jun/2015:10:02:59 +0300] "GET /slovar-terminov/slovar-ocenschika-oborudovanie-6/%d0%9d.html HTTP/1.0" 200 15239 "-" "Mozilla/5.0 (compatible; bingbot/2.0; +http://www.bing.com/bingbot.htm)"
96.31.66.245 - - [16/Jun/2015:10:06:16 +0300] "GET / HTTP/1.0" 200 20170 "-" "Pingdom.com_bot_version_1.4_(http://www.pingdom.com/)"
37.221.203.230 - - [16/Jun/2015:10:07:55 +0300] "GET /on-layn-ocenka-kvartiry-v-sevastopole.html HTTP/1.0" 200 34861 "http://yandex.ru/clck/jsredir?from=yandex.ru%3Bsearch%2F%3Bweb%3B%3B&text=&etext=721.ISOgzRL79YWeRXAxegmgMRQUKHi-XVr80f33SAfla8ezAObeMWfuJWX2R6Kmr361uYNiOLalzQX2Uum9ymwTK_FPapfO-33TpdABfy-00oLzOO7WfQipldDmOZbHloXUlnPoKM3w5nY5xfWBDBaxOw.55a9ee7a1699a2c89ead3e4e28a9395a6ec3ec0c&uuid=&state=PEtFfuTeVD5kpHnK9lio9bb4iM1VPfe4W5x0C0-qwflIRTTifi6VAA&data=UlNrNmk5WktYejR0eWJFYk1LdmtxZ0IwM0xtOGFxVG5XOFNaM2VaM051ZmE3R0RHNWZXcWM2X1U5Wl9MWmRiRGpUWUo2T2R3Ni1fYXY2bjI4SXZITmpWOXZXVFdiZHQzTllmclZsNkVBWVBSMWI4LU4xdjNQWFhFUVkzdEVGQ2tGYTBjUTUxbTd0bXI3eGJvV2JEbEpaTTIyYWw4TlpXaA&b64e=2&sign=7e8c6ace7c5bff067b8f73243935da66&keyno=0&cst=AiuY0DBWFJ7IXge4WdYJQV7Xtys_rNpfvSKxRc0_wcuS0c6qk-6rHkITwW9BRZ8MnjPGUmqgrNnvUwJjs6T-ApDa3KxRCetfmlNtIHzLUNmap9PWFRGhlvoOlWETRRxX7hNbVxy6WZGourvpoXjTGfjzDUmXQ3wxqfiAKHHi5vtFFQZeyVuXKgQZd1rKpg1BHMxY0NRnHncvllokd0_l_Q&ref=cM777e4sMOAycdZhdUbYHpMQ80108_UCHgI4h6Y0hbtoes4Cfdh8gEkFjwqRQep4QeeCafJ6e7GZGXnZE_UabuDqz2Ax0lmt3oURhKQhrjgjpHNhynQR9z-6CggV-KTBRD4HXcW-ARraJwP8LmvaKVVdZPzrQN6t5i7NYxtE3HPYz1ce7x-SuyXh2ldacHs-FpTCxEGIxWZMUJjEJwITib7Edx3Bns1PsEWdY_gw7qMOJrtOTvV0Xfm-dtKDCU3610RoP3b5Dpg0_vDu2VVLay2szRUZd8TBFWRnuKzDxCHrscGnvJIKOsqYHJbOT15PH_0Yb6McgcDT2BCMTXqf0JpHDg5T-FCdL3llF4bjnVh5Xs9szbvMeT0cOU8EyOaj0AcpRbsRIlKX6lDe7_xSLdw6bb5YZv32NQ4Zrdzss0wjzCrkjKn3WiKb_bwQRbcZ-8PDAKTdWcG_43d7pUQ0ZIFRFcKqvsPQB8yum_xbEtP2jipRMFjIt8MnbP_2PcTlTfZ7RQ8m7ldDlAdMXmYhmU9ETsji-pRETpX8wjWTeGBNZw7fEfRScmlcSuHn3tm7RNOd8il0Pp9NsHzoB1MEHSm4WODQIfNhOh5kcG0H2nVRsRepznFytFlQqcg3QWCDytUH4BWyEOI4Tu0-dLEQCHlKxYbdOjuyOW8ljWqHa19kTn88_V2rhNZOp2aFcxAtfV3eGWjtw-E2ZXARuqJIPcGE8HIs86PyqOqgRBH-BWCwn1sp6w9Kf2CQi-9wt7_ZF1By4y-_y1arAVrjEQJdCjKxP3QNNkecIvWWEOuvLgwzzN6nCdmipbVraVFUrTgcBS4ZDcHGEvzHQxFZVQ8_6lo2Ju2MefHIkoffdYxVyPZp315fFInVx-YxDNXQELGwn-y6IySyJ-sN59Wkp7exnyCJgsoCPMHCF9c2PiNjZmf4DrDSpIOFqWmXKyumHhTh2dSLweZXFlmoWerLfEhGImUWrjekF9KpIWvFe-W5WpY9RvBNaS4ABj0w4iEnAcBmX2em-ya-4wbK3fOsZefIlO18lSGJHqK6oGwHyS0Kt4jJdLIXl5556ppg99xDLYRfh0LjWi1LL1mhvQ50Fb_gX8ZpRllVASyvuQeeykrg6BlYcsqQ5TGIs1XJM8jOWOTBwvXczpDuoNghV5liGuZQsbcEjuSBFKOSukRPmsNHLG5zWhj0JI7PBKdBqwWa0UPJNzq9c5f_KyfqL_G4oFOEslF68F-RlWrAC86UzM0bqkqrpcWg1BZpdLfYB_tamkfK4845Me202QvbO6z7juWbKuK0iDrgHAhT1nFI8r51t5Nyg2Cr6CETksjtaZ61EQigE8kj37YfKq0gjYGvBrHrr8VzkgYCo7KLVlZ-UNAcW_KFy0oM4cPwcB54kjKkbTnhoR9nvKTjgF2D8oBE-qrYzC9CoJnSyZAXY0BaeTNPPnPsj2vRf_IJDMHCepfs5wHRqJqcAX2WhPY_l-NZkKBgvXDlqGK0-4yk5K0aG0bRlAD1D4NXXjOfd_5BFRRxdKgtMwJFDy0HaN-lir3e4vYs7-otE8J85afbjHylIK0dnkf5AcKBJ0kXndtMLTnzVh1qO7FMaCwFeKejOsayVo0_jOjsw-XPc6lIyK4jCYjHGCE-BY4EsEGDUvpTiA2rKRhIyVd1tJrCkM7sL_-CSIfW-U34Z6iWSW4eOe2ufQ4QuYYlYiwiwVpjEuRsP3MDsKBhkFqpWAY-V28P2iVcD0p-FqmnYJ10pLkHn3bu1b3yKWoGB_0m1xjJ1QKrWf9XSthscKGCjQg9IqGXAQLhRod3GChx8pDTwLvwGbFS1OQBqg3ZAfAze2bYjSXAeDNpSJ7R2PlDJnyIGMSlf3MsYNEGX1ymaFM4pFJzYja7QpJwF-jRITooTHTPhIwwO5Rvl1RJK1m4IOBWRPlOv_9hos7tzbd4-Y9R4ONijZD0Vu6jO0v7fOHeHu9D3Q&l10n=ru&cts=1434438475320&mc=5.946466213215062" "Mozilla/5.0 (Windows NT 6.1; WOW64; rv:38.0) Gecko/20100101 Firefox/38.0"
37.221.203.230 - - [16/Jun/2015:10:07:56 +0300] "GET /cache/assets/069ff2b3c677b46fee6edcebc88ff3c5.css HTTP/1.0" 200 54445 "http://citiex.com.ua/on-layn-ocenka-kvartiry-v-sevastopole.html" "Mozilla/5.0 (Windows NT 6.1; WOW64; rv:38.0) Gecko/20100101 Firefox/38.0"
37.221.203.230 - - [16/Jun/2015:10:07:56 +0300] "GET /media/system/js/caption.js HTTP/1.0" 200 1963 "http://citiex.com.ua/on-layn-ocenka-kvartiry-v-sevastopole.html" "Mozilla/5.0 (Windows NT 6.1; WOW64; rv:38.0) Gecko/20100101 Firefox/38.0"
37.221.203.230 - - [16/Jun/2015:10:07:56 +0300] "GET /media/system/js/validate.js HTTP/1.0" 200 4246 "http://citiex.com.ua/on-layn-ocenka-kvartiry-v-sevastopole.html" "Mozilla/5.0 (Windows NT 6.1; WOW64; rv:38.0) Gecko/20100101 Firefox/38.0"
37.221.203.230 - - [16/Jun/2015:10:07:56 +0300] "GET /media/system/js/calendar.js HTTP/1.0" 200 34315 "http://citiex.com.ua/on-layn-ocenka-kvartiry-v-sevastopole.html" "Mozilla/5.0 (Windows NT 6.1; WOW64; rv:38.0) Gecko/20100101 Firefox/38.0"
37.221.203.230 - - [16/Jun/2015:10:07:56 +0300] "GET /media/system/js/calendar-setup.js HTTP/1.0" 200 4919 "http://citiex.com.ua/on-layn-ocenka-kvartiry-v-sevastopole.html" "Mozilla/5.0 (Windows NT 6.1; WOW64; rv:38.0) Gecko/20100101 Firefox/38.0"
37.221.203.230 - - [16/Jun/2015:10:07:56 +0300] "GET /media/system/js/mootools.js HTTP/1.0" 200 74434 "http://citiex.com.ua/on-layn-ocenka-kvartiry-v-sevastopole.html" "Mozilla/5.0 (Windows NT 6.1; WOW64; rv:38.0) Gecko/20100101 Firefox/38.0"
37.221.203.230 - - [16/Jun/2015:10:07:57 +0300] "GET /media/system/js/modal.js HTTP/1.0" 200 10588 "http://citiex.com.ua/on-layn-ocenka-kvartiry-v-sevastopole.html" "Mozilla/5.0 (Windows NT 6.1; WOW64; rv:38.0) Gecko/20100101 Firefox/38.0"
37.221.203.230 - - [16/Jun/2015:10:07:57 +0300] "GET /plugins/content/attachments_refresh.js HTTP/1.0" 200 1560 "http://citiex.com.ua/on-layn-ocenka-kvartiry-v-sevastopole.html" "Mozilla/5.0 (Windows NT 6.1; WOW64; rv:38.0) Gecko/20100101 Firefox/38.0"
37.221.203.230 - - [16/Jun/2015:10:07:57 +0300] "GET /templates/gk_aumi/lib/scripts/template_scripts.js HTTP/1.0" 200 2281 "http://citiex.com.ua/on-layn-ocenka-kvartiry-v-sevastopole.html" "Mozilla/5.0 (Windows NT 6.1; WOW64; rv:38.0) Gecko/20100101 Firefox/38.0"
37.221.203.230 - - [16/Jun/2015:10:07:57 +0300] "GET /templates/gk_aumi/lib/scripts/hltable.js HTTP/1.0" 200 3646 "http://citiex.com.ua/on-layn-ocenka-kvartiry-v-sevastopole.html" "Mozilla/5.0 (Windows NT 6.1; WOW64; rv:38.0) Gecko/20100101 Firefox/38.0"
37.221.203.230 - - [16/Jun/2015:10:07:57 +0300] "GET /templates/gk_aumi/lib/scripts/menu.php?style=suckerfish&width=1&height=1&opacity=1&animation=1&speed=250 HTTP/1.0" 200 253 "http://citiex.com.ua/on-layn-ocenka-kvartiry-v-sevastopole.html" "Mozilla/5.0 (Windows NT 6.1; WOW64; rv:38.0) Gecko/20100101 Firefox/38.0"
37.221.203.230 - - [16/Jun/2015:10:07:57 +0300] "GET /templates/gk_aumi/favicon.ico HTTP/1.0" 200 1406 "-" "Mozilla/5.0 (Windows NT 6.1; WOW64; rv:38.0) Gecko/20100101 Firefox/38.0"
37.221.203.230 - - [16/Jun/2015:10:07:57 +0300] "GET /templates/gk_aumi/images/logo.png HTTP/1.0" 200 6149 "http://citiex.com.ua/on-layn-ocenka-kvartiry-v-sevastopole.html" "Mozilla/5.0 (Windows NT 6.1; WOW64; rv:38.0) Gecko/20100101 Firefox/38.0"
37.221.203.230 - - [16/Jun/2015:10:07:57 +0300] "GET /modules/mod_calcbuilder/assets/img/send.gif HTTP/1.0" 200 82 "http://citiex.com.ua/on-layn-ocenka-kvartiry-v-sevastopole.html" "Mozilla/5.0 (Windows NT 6.1; WOW64; rv:38.0) Gecko/20100101 Firefox/38.0"
37.221.203.230 - - [16/Jun/2015:10:07:57 +0300] "GET /modules/mod_calcbuilder/assets/img/pdf_button.png HTTP/1.0" 200 1033 "http://citiex.com.ua/on-layn-ocenka-kvartiry-v-sevastopole.html" "Mozilla/5.0 (Windows NT 6.1; WOW64; rv:38.0) Gecko/20100101 Firefox/38.0"
37.221.203.230 - - [16/Jun/2015:10:07:57 +0300] "GET /modules/mod_calcbuilder/assets/img/info.png HTTP/1.0" 200 435 "http://citiex.com.ua/on-layn-ocenka-kvartiry-v-sevastopole.html" "Mozilla/5.0 (Windows NT 6.1; WOW64; rv:38.0) Gecko/20100101 Firefox/38.0"
37.221.203.230 - - [16/Jun/2015:10:07:57 +0300] "GET /modules/mod_calcbuilder/assets/img/excel_button.png HTTP/1.0" 200 799 "http://citiex.com.ua/on-layn-ocenka-kvartiry-v-sevastopole.html" "Mozilla/5.0 (Windows NT 6.1; WOW64; rv:38.0) Gecko/20100101 Firefox/38.0"
37.221.203.230 - - [16/Jun/2015:10:07:57 +0300] "GET /components/com_sh404sef/images/external-black.png HTTP/1.0" 200 3621 "http://citiex.com.ua/on-layn-ocenka-kvartiry-v-sevastopole.html" "Mozilla/5.0 (Windows NT 6.1; WOW64; rv:38.0) Gecko/20100101 Firefox/38.0"
37.221.203.230 - - [16/Jun/2015:10:07:57 +0300] "GET /templates/gk_aumi/images/bg_top.png HTTP/1.0" 200 321 "http://citiex.com.ua/cache/assets/069ff2b3c677b46fee6edcebc88ff3c5.css" "Mozilla/5.0 (Windows NT 6.1; WOW64; rv:38.0) Gecko/20100101 Firefox/38.0"
37.221.203.230 - - [16/Jun/2015:10:07:57 +0300] "GET /templates/gk_aumi/images/bg_content_top.png HTTP/1.0" 200 133 "http://citiex.com.ua/cache/assets/069ff2b3c677b46fee6edcebc88ff3c5.css" "Mozilla/5.0 (Windows NT 6.1; WOW64; rv:38.0) Gecko/20100101 Firefox/38.0"
37.221.203.230 - - [16/Jun/2015:10:07:57 +0300] "GET /templates/gk_aumi/images/menu_li.png HTTP/1.0" 200 181 "http://citiex.com.ua/cache/assets/069ff2b3c677b46fee6edcebc88ff3c5.css" "Mozilla/5.0 (Windows NT 6.1; WOW64; rv:38.0) Gecko/20100101 Firefox/38.0"
37.221.203.230 - - [16/Jun/2015:10:07:57 +0300] "GET /templates/gk_aumi/images/bg_content_middle.png HTTP/1.0" 200 89 "http://citiex.com.ua/cache/assets/069ff2b3c677b46fee6edcebc88ff3c5.css" "Mozilla/5.0 (Windows NT 6.1; WOW64; rv:38.0) Gecko/20100101 Firefox/38.0"
37.221.203.230 - - [16/Jun/2015:10:07:57 +0300] "GET /modules/mod_calcbuilder/assets/img/content_bg.gif HTTP/1.0" 200 165 "http://citiex.com.ua/cache/assets/069ff2b3c677b46fee6edcebc88ff3c5.css" "Mozilla/5.0 (Windows NT 6.1; WOW64; rv:38.0) Gecko/20100101 Firefox/38.0"
37.221.203.230 - - [16/Jun/2015:10:07:57 +0300] "GET /templates/gk_aumi/images/bg_footer.png HTTP/1.0" 200 325 "http://citiex.com.ua/cache/assets/069ff2b3c677b46fee6edcebc88ff3c5.css" "Mozilla/5.0 (Windows NT 6.1; WOW64; rv:38.0) Gecko/20100101 Firefox/38.0"
37.221.203.230 - - [16/Jun/2015:10:09:09 +0300] "GET /index.php?fld_27=31%2C55&check=855d602112aa95c0c2ecd5bf478f4514&option=com_calcbuilder&controller=calcbuilder&format=raw&id=9&fld_21=1&fld_22=8&fld_23=2&fld_24=2&fld_25=2&fld_26=4&fld_45=2&fld_46=1&fld_47=3&fld_48= HTTP/1.0" 200 758 "http://citiex.com.ua/on-layn-ocenka-kvartiry-v-sevastopole.html" "Mozilla/5.0 (Windows NT 6.1; WOW64; rv:38.0) Gecko/20100101 Firefox/38.0"
37.221.203.230 - - [16/Jun/2015:10:09:59 +0300] "GET /index.php?option=com_content&view=article&id=1326:ocenka-kvartiry&catid=35&Itemid=14 HTTP/1.0" 301 - "http://citiex.com.ua/on-layn-ocenka-kvartiry-v-sevastopole.html" "Mozilla/5.0 (Windows NT 6.1; WOW64; rv:38.0) Gecko/20100101 Firefox/38.0"
37.221.203.230 - - [16/Jun/2015:10:09:59 +0300] "GET /ocenka-kvartir-i-komnat.html HTTP/1.0" 200 27188 "http://citiex.com.ua/on-layn-ocenka-kvartiry-v-sevastopole.html" "Mozilla/5.0 (Windows NT 6.1; WOW64; rv:38.0) Gecko/20100101 Firefox/38.0"
37.221.203.230 - - [16/Jun/2015:10:10:00 +0300] "GET /cache/assets/15e1e423d7a27a0d8ee8e70b064c44eb.css HTTP/1.0" 200 44011 "http://citiex.com.ua/ocenka-kvartir-i-komnat.html" "Mozilla/5.0 (Windows NT 6.1; WOW64; rv:38.0) Gecko/20100101 Firefox/38.0"
37.221.203.230 - - [16/Jun/2015:10:10:00 +0300] "GET /templates/gk_aumi/lib/scripts/menu.php?style=suckerfish&width=1&height=1&opacity=1&animation=1&speed=250 HTTP/1.0" 200 253 "http://citiex.com.ua/ocenka-kvartir-i-komnat.html" "Mozilla/5.0 (Windows NT 6.1; WOW64; rv:38.0) Gecko/20100101 Firefox/38.0"
37.221.203.230 - - [16/Jun/2015:10:10:00 +0300] "GET /templates/gk_aumi/images/bullet.png HTTP/1.0" 200 2887 "http://citiex.com.ua/cache/assets/15e1e423d7a27a0d8ee8e70b064c44eb.css" "Mozilla/5.0 (Windows NT 6.1; WOW64; rv:38.0) Gecko/20100101 Firefox/38.0"
37.221.203.230 - - [16/Jun/2015:10:10:00 +0300] "GET /templates/gk_aumi/images/module_default/mod_trb.png HTTP/1.0" 200 468 "http://citiex.com.ua/cache/assets/15e1e423d7a27a0d8ee8e70b064c44eb.css" "Mozilla/5.0 (Windows NT 6.1; WOW64; rv:38.0) Gecko/20100101 Firefox/38.0"
37.221.203.230 - - [16/Jun/2015:10:10:00 +0300] "GET /templates/gk_aumi/images/module_default/mod_tlb.png HTTP/1.0" 200 231 "http://citiex.com.ua/cache/assets/15e1e423d7a27a0d8ee8e70b064c44eb.css" "Mozilla/5.0 (Windows NT 6.1; WOW64; rv:38.0) Gecko/20100101 Firefox/38.0"
37.221.203.230 - - [16/Jun/2015:10:11:04 +0300] "GET /index.php?option=com_content&view=article&id=94:tarify-na-uslugi-chastnym-litsam&catid=35&Itemid=102 HTTP/1.0" 301 - "http://citiex.com.ua/ocenka-kvartir-i-komnat.html" "Mozilla/5.0 (Windows NT 6.1; WOW64; rv:38.0) Gecko/20100101 Firefox/38.0"
37.221.203.230 - - [16/Jun/2015:10:11:04 +0300] "GET /tarify-na-uslugi-chastnym-litsam.html HTTP/1.0" 200 30820 "http://citiex.com.ua/ocenka-kvartir-i-komnat.html" "Mozilla/5.0 (Windows NT 6.1; WOW64; rv:38.0) Gecko/20100101 Firefox/38.0"
37.221.203.230 - - [16/Jun/2015:10:11:05 +0300] "GET /templates/gk_aumi/images/printButton.png HTTP/1.0" 200 132 "http://citiex.com.ua/tarify-na-uslugi-chastnym-litsam.html" "Mozilla/5.0 (Windows NT 6.1; WOW64; rv:38.0) Gecko/20100101 Firefox/38.0"
37.221.203.230 - - [16/Jun/2015:10:11:05 +0300] "GET /templates/gk_aumi/images/pdf_button.png HTTP/1.0" 200 126 "http://citiex.com.ua/tarify-na-uslugi-chastnym-litsam.html" "Mozilla/5.0 (Windows NT 6.1; WOW64; rv:38.0) Gecko/20100101 Firefox/38.0"
37.221.203.230 - - [16/Jun/2015:10:11:05 +0300] "GET /cache/assets/15e1e423d7a27a0d8ee8e70b064c44eb.css HTTP/1.0" 200 44011 "http://citiex.com.ua/tarify-na-uslugi-chastnym-litsam.html" "Mozilla/5.0 (Windows NT 6.1; WOW64; rv:38.0) Gecko/20100101 Firefox/38.0"
37.221.203.230 - - [16/Jun/2015:10:11:05 +0300] "GET /templates/gk_aumi/lib/scripts/menu.php?style=suckerfish&width=1&height=1&opacity=1&animation=1&speed=250 HTTP/1.0" 200 253 "http://citiex.com.ua/tarify-na-uslugi-chastnym-litsam.html" "Mozilla/5.0 (Windows NT 6.1; WOW64; rv:38.0) Gecko/20100101 Firefox/38.0"
37.221.203.230 - - [16/Jun/2015:10:11:05 +0300] "GET /templates/gk_aumi/images/emailButton.png HTTP/1.0" 200 119 "http://citiex.com.ua/tarify-na-uslugi-chastnym-litsam.html" "Mozilla/5.0 (Windows NT 6.1; WOW64; rv:38.0) Gecko/20100101 Firefox/38.0"
85.17.156.11 - - [16/Jun/2015:10:11:16 +0300] "GET / HTTP/1.0" 200 20170 "-" "Pingdom.com_bot_version_1.4_(http://www.pingdom.com/)"
5.255.253.203 - - [16/Jun/2015:10:12:41 +0300] "GET /robots.txt HTTP/1.0" 200 304 "-" "Mozilla/5.0 (compatible; YandexBot/3.0; +http://yandex.com/bots)"
5.255.253.203 - - [16/Jun/2015:10:12:43 +0300] "GET /on-layn-ocenka-kvartiry-v-sevastopole.html HTTP/1.0" 200 34737 "-" "Mozilla/5.0 (compatible; YandexBot/3.0; +http://yandex.com/bots)"
188.138.124.110 - - [16/Jun/2015:10:16:16 +0300] "GET / HTTP/1.0" 200 20170 "-" "Pingdom.com_bot_version_1.4_(http://www.pingdom.com/)"
94.244.30.113 - - [16/Jun/2015:10:19:04 +0300] "GET /rus-3480-iv.html HTTP/1.0" 200 230868 "http://www.google.com.ua/url?sa=t&rct=j&q=&esrc=s&source=web&cd=6&cad=rja&uact=8&ved=0CEQQFjAFahUKEwi8mNDm1ZPGAhUqv3IKHXhRCCU&url=http%3A%2F%2Fcitiex.com.ua%2Frus-3480-iv.html&ei=dc1_VfyJNqr-ygP4oqGoAg&usg=AFQjCNH2Ew7Y52bbeHEB5k8bAy6HgO-WfA&sig2=D1-18aN4VzIZ1bcfvpapdw&bvm=bv.96041959,d.bGQ" "Mozilla/5.0 (Windows NT 6.1; WOW64; rv:31.0) Gecko/20100101 Firefox/31.0"
94.244.30.113 - - [16/Jun/2015:10:19:06 +0300] "GET /cache/assets/15e1e423d7a27a0d8ee8e70b064c44eb.css HTTP/1.0" 200 44011 "http://citiex.com.ua/rus-3480-iv.html" "Mozilla/5.0 (Windows NT 6.1; WOW64; rv:31.0) Gecko/20100101 Firefox/31.0"
94.244.30.113 - - [16/Jun/2015:10:19:06 +0300] "GET /media/system/js/caption.js HTTP/1.0" 200 1963 "http://citiex.com.ua/rus-3480-iv.html" "Mozilla/5.0 (Windows NT 6.1; WOW64; rv:31.0) Gecko/20100101 Firefox/31.0"
94.244.30.113 - - [16/Jun/2015:10:19:06 +0300] "GET /media/system/js/modal.js HTTP/1.0" 200 10588 "http://citiex.com.ua/rus-3480-iv.html" "Mozilla/5.0 (Windows NT 6.1; WOW64; rv:31.0) Gecko/20100101 Firefox/31.0"
94.244.30.113 - - [16/Jun/2015:10:19:06 +0300] "GET /plugins/content/attachments_refresh.js HTTP/1.0" 200 1560 "http://citiex.com.ua/rus-3480-iv.html" "Mozilla/5.0 (Windows NT 6.1; WOW64; rv:31.0) Gecko/20100101 Firefox/31.0"
94.244.30.113 - - [16/Jun/2015:10:19:06 +0300] "GET /templates/gk_aumi/lib/scripts/template_scripts.js HTTP/1.0" 200 2281 "http://citiex.com.ua/rus-3480-iv.html" "Mozilla/5.0 (Windows NT 6.1; WOW64; rv:31.0) Gecko/20100101 Firefox/31.0"
94.244.30.113 - - [16/Jun/2015:10:19:06 +0300] "GET /media/system/js/mootools.js HTTP/1.0" 200 74434 "http://citiex.com.ua/rus-3480-iv.html" "Mozilla/5.0 (Windows NT 6.1; WOW64; rv:31.0) Gecko/20100101 Firefox/31.0"
94.244.30.113 - - [16/Jun/2015:10:19:06 +0300] "GET /templates/gk_aumi/lib/scripts/hltable.js HTTP/1.0" 200 3646 "http://citiex.com.ua/rus-3480-iv.html" "Mozilla/5.0 (Windows NT 6.1; WOW64; rv:31.0) Gecko/20100101 Firefox/31.0"
94.244.30.113 - - [16/Jun/2015:10:19:06 +0300] "GET /templates/gk_aumi/lib/scripts/menu.php?style=suckerfish&width=1&height=1&opacity=1&animation=1&speed=250 HTTP/1.0" 200 253 "http://citiex.com.ua/rus-3480-iv.html" "Mozilla/5.0 (Windows NT 6.1; WOW64; rv:31.0) Gecko/20100101 Firefox/31.0"
94.244.30.113 - - [16/Jun/2015:10:19:06 +0300] "GET /templates/gk_aumi/favicon.ico HTTP/1.0" 200 1406 "-" "Mozilla/5.0 (Windows NT 6.1; WOW64; rv:31.0) Gecko/20100101 Firefox/31.0"
94.244.30.113 - - [16/Jun/2015:10:19:06 +0300] "GET /components/com_sh404sef/images/external-black.png HTTP/1.0" 200 3621 "http://citiex.com.ua/rus-3480-iv.html" "Mozilla/5.0 (Windows NT 6.1; WOW64; rv:31.0) Gecko/20100101 Firefox/31.0"
94.244.30.113 - - [16/Jun/2015:10:19:06 +0300] "GET /templates/gk_aumi/images/logo.png HTTP/1.0" 200 6149 "http://citiex.com.ua/rus-3480-iv.html" "Mozilla/5.0 (Windows NT 6.1; WOW64; rv:31.0) Gecko/20100101 Firefox/31.0"
94.244.30.113 - - [16/Jun/2015:10:19:06 +0300] "GET /templates/gk_aumi/images/bg_top.png HTTP/1.0" 200 321 "http://citiex.com.ua/cache/assets/15e1e423d7a27a0d8ee8e70b064c44eb.css" "Mozilla/5.0 (Windows NT 6.1; WOW64; rv:31.0) Gecko/20100101 Firefox/31.0"
94.244.30.113 - - [16/Jun/2015:10:19:06 +0300] "GET /templates/gk_aumi/images/menu_li.png HTTP/1.0" 200 181 "http://citiex.com.ua/cache/assets/15e1e423d7a27a0d8ee8e70b064c44eb.css" "Mozilla/5.0 (Windows NT 6.1; WOW64; rv:31.0) Gecko/20100101 Firefox/31.0"
94.244.30.113 - - [16/Jun/2015:10:19:06 +0300] "GET /templates/gk_aumi/images/bg_content_middle.png HTTP/1.0" 200 89 "http://citiex.com.ua/cache/assets/15e1e423d7a27a0d8ee8e70b064c44eb.css" "Mozilla/5.0 (Windows NT 6.1; WOW64; rv:31.0) Gecko/20100101 Firefox/31.0"
94.244.30.113 - - [16/Jun/2015:10:19:06 +0300] "GET /templates/gk_aumi/images/bg_footer.png HTTP/1.0" 200 325 "http://citiex.com.ua/cache/assets/15e1e423d7a27a0d8ee8e70b064c44eb.css" "Mozilla/5.0 (Windows NT 6.1; WOW64; rv:31.0) Gecko/20100101 Firefox/31.0"
94.244.30.113 - - [16/Jun/2015:10:19:06 +0300] "GET /templates/gk_aumi/images/bg_content_top.png HTTP/1.0" 200 133 "http://citiex.com.ua/cache/assets/15e1e423d7a27a0d8ee8e70b064c44eb.css" "Mozilla/5.0 (Windows NT 6.1; WOW64; rv:31.0) Gecko/20100101 Firefox/31.0"
72.46.130.42 - - [16/Jun/2015:10:21:16 +0300] "GET / HTTP/1.0" 200 20170 "-" "Pingdom.com_bot_version_1.4_(http://www.pingdom.com/)"
178.255.153.2 - - [16/Jun/2015:10:26:16 +0300] "GET / HTTP/1.0" 200 20170 "-" "Pingdom.com_bot_version_1.4_(http://www.pingdom.com/)"
108.62.115.226 - - [16/Jun/2015:10:31:16 +0300] "GET / HTTP/1.0" 200 20170 "-" "Pingdom.com_bot_version_1.4_(http://www.pingdom.com/)"
184.75.209.18 - - [16/Jun/2015:10:36:16 +0300] "GET / HTTP/1.0" 200 20170 "-" "Pingdom.com_bot_version_1.4_(http://www.pingdom.com/)"
157.55.39.37 - - [16/Jun/2015:10:36:29 +0300] "GET /biznesinvestresurs.html HTTP/1.0" 200 27607 "-" "Mozilla/5.0 (compatible; bingbot/2.0; +http://www.bing.com/bingbot.htm)"
199.87.228.66 - - [16/Jun/2015:10:41:16 +0300] "GET / HTTP/1.0" 200 20170 "-" "Pingdom.com_bot_version_1.4_(http://www.pingdom.com/)"
119.147.146.194 - - [16/Jun/2015:10:44:05 +0300] "GET / HTTP/1.0" 200 20170 "-" "Mozilla/5.0 (Windows NT 6.1; WOW64) AppleWebKit/537.36 (KHTML, like Gecko) Chrome/39.0.2171.95 Safari/537.36"
119.147.146.194 - - [16/Jun/2015:10:44:06 +0300] "GET /media/system/js/mootools.js HTTP/1.0" 200 74434 "http://citiex.com.ua" "Mozilla/5.0 (Windows NT 6.1; WOW64) AppleWebKit/537.36 (KHTML, like Gecko) Chrome/39.0.2171.95 Safari/537.36"
119.147.146.194 - - [16/Jun/2015:10:44:07 +0300] "GET /'+src+' HTTP/1.0" 404 13628 "http://citiex.com.ua/media/system/js/mootools.js" "Mozilla/5.0 (Windows NT 6.1; WOW64) AppleWebKit/537.36 (KHTML, like Gecko) Chrome/39.0.2171.95 Safari/537.36"
94.247.174.83 - - [16/Jun/2015:10:46:16 +0300] "GET / HTTP/1.0" 200 20170 "-" "Pingdom.com_bot_version_1.4_(http://www.pingdom.com/)"
204.152.200.42 - - [16/Jun/2015:10:51:16 +0300] "GET / HTTP/1.0" 200 20170 "-" "Pingdom.com_bot_version_1.4_(http://www.pingdom.com/)"
96.31.66.245 - - [16/Jun/2015:10:56:16 +0300] "GET / HTTP/1.0" 200 20170 "-" "Pingdom.com_bot_version_1.4_(http://www.pingdom.com/)"
91.222.115.127 - - [16/Jun/2015:11:01:00 +0300] "GET /media/system/js/caption.js HTTP/1.0" 200 1963 "-" "Mozilla/5.0 (Windows NT 5.1) AppleWebKit/537.36 (KHTML, like Gecko) Chrome/43.0.2357.124 Safari/537.36"
91.222.115.127 - - [16/Jun/2015:11:01:00 +0300] "GET /media/system/js/mootools.js HTTP/1.0" 200 74434 "-" "Mozilla/5.0 (Windows NT 5.1) AppleWebKit/537.36 (KHTML, like Gecko) Chrome/43.0.2357.124 Safari/537.36"
91.222.115.127 - - [16/Jun/2015:11:01:00 +0300] "GET /templates/gk_aumi/lib/scripts/template_scripts.js HTTP/1.0" 200 2281 "-" "Mozilla/5.0 (Windows NT 5.1) AppleWebKit/537.36 (KHTML, like Gecko) Chrome/43.0.2357.124 Safari/537.36"
91.222.115.127 - - [16/Jun/2015:11:01:00 +0300] "GET /templates/gk_aumi/images/logo.png HTTP/1.0" 200 6149 "-" "Mozilla/5.0 (Windows NT 5.1) AppleWebKit/537.36 (KHTML, like Gecko) Chrome/43.0.2357.124 Safari/537.36"
91.222.115.127 - - [16/Jun/2015:11:01:00 +0300] "GET /templates/gk_aumi/images/printButton.png HTTP/1.0" 200 132 "-" "Mozilla/5.0 (Windows NT 5.1) AppleWebKit/537.36 (KHTML, like Gecko) Chrome/43.0.2357.124 Safari/537.36"
91.222.115.127 - - [16/Jun/2015:11:01:01 +0300] "GET /templates/gk_aumi/favicon.ico HTTP/1.0" 200 1406 "-" "Mozilla/5.0 (Windows NT 5.1) AppleWebKit/537.36 (KHTML, like Gecko) Chrome/43.0.2357.124 Safari/537.36"
85.17.156.11 - - [16/Jun/2015:11:01:16 +0300] "GET / HTTP/1.0" 200 20170 "-" "Pingdom.com_bot_version_1.4_(http://www.pingdom.com/)"
188.138.124.110 - - [16/Jun/2015:11:06:16 +0300] "GET / HTTP/1.0" 200 20170 "-" "Pingdom.com_bot_version_1.4_(http://www.pingdom.com/)"
157.55.39.47 - - [16/Jun/2015:11:09:14 +0300] "GET /bank-kredit-dnipro.html HTTP/1.0" 200 27607 "-" "Mozilla/5.0 (compatible; bingbot/2.0; +http://www.bing.com/bingbot.htm)"
72.46.130.42 - - [16/Jun/2015:11:11:16 +0300] "GET / HTTP/1.0" 200 20170 "-" "Pingdom.com_bot_version_1.4_(http://www.pingdom.com/)"
157.55.39.47 - - [16/Jun/2015:11:14:53 +0300] "GET /indeksy-udorojaniya-za-aprel-2013.html HTTP/1.0" 200 21312 "-" "Mozilla/5.0 (compatible; bingbot/2.0; +http://www.bing.com/bingbot.htm)"
178.255.153.2 - - [16/Jun/2015:11:16:16 +0300] "GET / HTTP/1.0" 200 20170 "-" "Pingdom.com_bot_version_1.4_(http://www.pingdom.com/)"
217.69.136.208 - - [16/Jun/2015:11:17:22 +0300] "GET /robots.txt HTTP/1.0" 200 304 "-" "Mozilla/5.0 (compatible; Linux x86_64; Mail.RU_Bot/2.0; +http://go.mail.ru/help/robots)"
108.62.115.226 - - [16/Jun/2015:11:21:16 +0300] "GET / HTTP/1.0" 200 20170 "-" "Pingdom.com_bot_version_1.4_(http://www.pingdom.com/)"
178.168.31.233 - - [16/Jun/2015:11:23:35 +0300] "GET /slovar-ocenschika-samolety-i-vertolety/ HTTP/1.0" 200 29798 "http://www.google.com/url?sa=t&rct=j&q=&esrc=s&source=web&cd=4&ved=0CDEQFjADahUKEwiygeqW5JPGAhWEnXIKHY2eAE4&url=http%3A%2F%2Fcitiex.com.ua%2Fslovar-ocenschika-samolety-i-vertolety%2F&ei=idx_VfKYBIS7ygONvYLwBA&usg=AFQjCNF01p-18wcnWWyE4WE_XQ4v8CLCLg&bvm=bv.96041959,d.bGQ" "Mozilla/5.0 (Windows NT 5.1; rv:38.0) Gecko/20100101 Firefox/38.0"
178.168.31.233 - - [16/Jun/2015:11:23:36 +0300] "GET /media/system/js/mootools.js HTTP/1.0" 200 74434 "http://citiex.com.ua/slovar-ocenschika-samolety-i-vertolety/" "Mozilla/5.0 (Windows NT 5.1; rv:38.0) Gecko/20100101 Firefox/38.0"
178.168.31.233 - - [16/Jun/2015:11:23:36 +0300] "GET /cache/assets/ef65064a64c7ce9b4395600cb8db9f36.css HTTP/1.0" 200 41592 "http://citiex.com.ua/slovar-ocenschika-samolety-i-vertolety/" "Mozilla/5.0 (Windows NT 5.1; rv:38.0) Gecko/20100101 Firefox/38.0"
178.168.31.233 - - [16/Jun/2015:11:23:36 +0300] "GET /templates/gk_aumi/lib/scripts/template_scripts.js HTTP/1.0" 200 2281 "http://citiex.com.ua/slovar-ocenschika-samolety-i-vertolety/" "Mozilla/5.0 (Windows NT 5.1; rv:38.0) Gecko/20100101 Firefox/38.0"
178.168.31.233 - - [16/Jun/2015:11:23:36 +0300] "GET /templates/gk_aumi/lib/scripts/hltable.js HTTP/1.0" 200 3646 "http://citiex.com.ua/slovar-ocenschika-samolety-i-vertolety/" "Mozilla/5.0 (Windows NT 5.1; rv:38.0) Gecko/20100101 Firefox/38.0"
178.168.31.233 - - [16/Jun/2015:11:23:36 +0300] "GET /templates/gk_aumi/lib/scripts/menu.php?style=suckerfish&width=1&height=1&opacity=1&animation=1&speed=250 HTTP/1.0" 200 253 "http://citiex.com.ua/slovar-ocenschika-samolety-i-vertolety/" "Mozilla/5.0 (Windows NT 5.1; rv:38.0) Gecko/20100101 Firefox/38.0"
178.168.31.233 - - [16/Jun/2015:11:23:37 +0300] "GET /components/com_sh404sef/images/external-black.png HTTP/1.0" 200 3621 "http://citiex.com.ua/slovar-ocenschika-samolety-i-vertolety/" "Mozilla/5.0 (Windows NT 5.1; rv:38.0) Gecko/20100101 Firefox/38.0"
178.168.31.233 - - [16/Jun/2015:11:23:37 +0300] "GET /templates/gk_aumi/images/logo.png HTTP/1.0" 200 6149 "http://citiex.com.ua/slovar-ocenschika-samolety-i-vertolety/" "Mozilla/5.0 (Windows NT 5.1; rv:38.0) Gecko/20100101 Firefox/38.0"
178.168.31.233 - - [16/Jun/2015:11:23:37 +0300] "GET /templates/gk_aumi/favicon.ico HTTP/1.0" 200 1406 "-" "Mozilla/5.0 (Windows NT 5.1; rv:38.0) Gecko/20100101 Firefox/38.0"
178.168.31.233 - - [16/Jun/2015:11:23:37 +0300] "GET /templates/gk_aumi/images/bg_top.png HTTP/1.0" 200 321 "http://citiex.com.ua/cache/assets/ef65064a64c7ce9b4395600cb8db9f36.css" "Mozilla/5.0 (Windows NT 5.1; rv:38.0) Gecko/20100101 Firefox/38.0"
178.168.31.233 - - [16/Jun/2015:11:23:37 +0300] "GET /templates/gk_aumi/images/menu_li.png HTTP/1.0" 200 181 "http://citiex.com.ua/cache/assets/ef65064a64c7ce9b4395600cb8db9f36.css" "Mozilla/5.0 (Windows NT 5.1; rv:38.0) Gecko/20100101 Firefox/38.0"
178.168.31.233 - - [16/Jun/2015:11:23:37 +0300] "GET /templates/gk_aumi/images/bg_footer.png HTTP/1.0" 200 325 "http://citiex.com.ua/cache/assets/ef65064a64c7ce9b4395600cb8db9f36.css" "Mozilla/5.0 (Windows NT 5.1; rv:38.0) Gecko/20100101 Firefox/38.0"
178.168.31.233 - - [16/Jun/2015:11:23:37 +0300] "GET /templates/gk_aumi/images/bg_content_middle.png HTTP/1.0" 200 89 "http://citiex.com.ua/cache/assets/ef65064a64c7ce9b4395600cb8db9f36.css" "Mozilla/5.0 (Windows NT 5.1; rv:38.0) Gecko/20100101 Firefox/38.0"
178.168.31.233 - - [16/Jun/2015:11:23:37 +0300] "GET /templates/gk_aumi/images/bg_content_top.png HTTP/1.0" 200 133 "http://citiex.com.ua/cache/assets/ef65064a64c7ce9b4395600cb8db9f36.css" "Mozilla/5.0 (Windows NT 5.1; rv:38.0) Gecko/20100101 Firefox/38.0"
184.75.209.18 - - [16/Jun/2015:11:26:16 +0300] "GET / HTTP/1.0" 200 20170 "-" "Pingdom.com_bot_version_1.4_(http://www.pingdom.com/)"
199.87.228.66 - - [16/Jun/2015:11:31:16 +0300] "GET / HTTP/1.0" 200 20170 "-" "Pingdom.com_bot_version_1.4_(http://www.pingdom.com/)"
94.247.174.83 - - [16/Jun/2015:11:36:16 +0300] "GET / HTTP/1.0" 200 20170 "-" "Pingdom.com_bot_version_1.4_(http://www.pingdom.com/)"
5.255.253.203 - - [16/Jun/2015:11:38:17 +0300] "GET /templates/gk_aumi/favicon.ico HTTP/1.0" 200 1406 "-" "Mozilla/5.0 (compatible; YandexBot/3.0; +http://yandex.com/bots)"
5.255.253.203 - - [16/Jun/2015:11:38:19 +0300] "GET /index.php?option=com_xmap&sitemap=1&view=xml&no_html=1 HTTP/1.0" 200 21763 "-" "Mozilla/5.0 (compatible; YandexBot/3.0; +http://yandex.com/bots)"
157.55.39.152 - - [16/Jun/2015:11:39:47 +0300] "GET /dovira-m-zgurivka-kiyivskoyi-obl.html HTTP/1.0" 200 14210 "-" "Mozilla/5.0 (compatible; bingbot/2.0; +http://www.bing.com/bingbot.htm)"
204.152.200.42 - - [16/Jun/2015:11:41:16 +0300] "GET / HTTP/1.0" 200 20170 "-" "Pingdom.com_bot_version_1.4_(http://www.pingdom.com/)"
96.31.66.245 - - [16/Jun/2015:11:46:16 +0300] "GET / HTTP/1.0" 200 20170 "-" "Pingdom.com_bot_version_1.4_(http://www.pingdom.com/)"
157.55.39.59 - - [16/Jun/2015:11:46:18 +0300] "GET /pismo-fgiu-otnositelno-predostavleniya-razyasneniy-po-voprosam-obucheniya-ocenschikov-ot-06052003-10-36-5645.html HTTP/1.0" 200 18424 "-" "Mozilla/5.0 (compatible; bingbot/2.0; +http://www.bing.com/bingbot.htm)"
5.255.253.203 - - [16/Jun/2015:11:50:05 +0300] "GET /3.html?format=feed&lang=ru&type=rss HTTP/1.0" 200 4286 "-" "Mozilla/5.0 (compatible; YandexBot/3.0; +http://yandex.com/bots)"
192.99.107.11 - - [16/Jun/2015:11:50:19 +0300] "GET /robots.txt HTTP/1.0" 200 304 "-" "Mozilla/5.0 (compatible; meanpathbot/1.0; +http://www.meanpath.com/meanpathbot.html)"
192.99.107.15 - - [16/Jun/2015:11:50:20 +0300] "GET / HTTP/1.0" 200 20565 "-" "Mozilla/5.0 (compatible; meanpathbot/1.0; +http://www.meanpath.com/meanpathbot.html)"
85.17.156.11 - - [16/Jun/2015:11:51:16 +0300] "GET / HTTP/1.0" 200 20170 "-" "Pingdom.com_bot_version_1.4_(http://www.pingdom.com/)"
