204.152.200.42 - - [17/Jun/2015:04:21:16 +0300] "GET / HTTP/1.0" 200 20170 "-" "Pingdom.com_bot_version_1.4_(http://www.pingdom.com/)"
5.255.253.203 - - [17/Jun/2015:04:24:13 +0300] "GET /templates/gk_aumi/favicon.ico HTTP/1.0" 200 1406 "-" "Mozilla/5.0 (compatible; YandexBot/3.0; +http://yandex.com/bots)"
96.31.66.245 - - [17/Jun/2015:04:26:16 +0300] "GET / HTTP/1.0" 200 20170 "-" "Pingdom.com_bot_version_1.4_(http://www.pingdom.com/)"
85.17.156.11 - - [17/Jun/2015:04:31:16 +0300] "GET / HTTP/1.0" 200 20170 "-" "Pingdom.com_bot_version_1.4_(http://www.pingdom.com/)"
188.138.124.110 - - [17/Jun/2015:04:36:16 +0300] "GET / HTTP/1.0" 200 20170 "-" "Pingdom.com_bot_version_1.4_(http://www.pingdom.com/)"
72.46.130.42 - - [17/Jun/2015:04:41:16 +0300] "GET / HTTP/1.0" 200 20170 "-" "Pingdom.com_bot_version_1.4_(http://www.pingdom.com/)"
178.255.153.2 - - [17/Jun/2015:04:46:16 +0300] "GET / HTTP/1.0" 200 20170 "-" "Pingdom.com_bot_version_1.4_(http://www.pingdom.com/)"
108.62.115.226 - - [17/Jun/2015:04:51:16 +0300] "GET / HTTP/1.0" 200 20170 "-" "Pingdom.com_bot_version_1.4_(http://www.pingdom.com/)"
5.255.253.56 - - [17/Jun/2015:04:51:30 +0300] "GET /slovar-terminov/slovar-ocenschika-avtotransport-5/%d0%92/viskomufta-2803.html HTTP/1.0" 200 16855 "-" "Mozilla/5.0 (compatible; YandexBot/3.0; +http://yandex.com/bots)"
184.75.209.18 - - [17/Jun/2015:04:56:16 +0300] "GET / HTTP/1.0" 200 20170 "-" "Pingdom.com_bot_version_1.4_(http://www.pingdom.com/)"
199.87.228.66 - - [17/Jun/2015:05:01:16 +0300] "GET / HTTP/1.0" 200 20170 "-" "Pingdom.com_bot_version_1.4_(http://www.pingdom.com/)"
157.55.39.186 - - [17/Jun/2015:05:05:47 +0300] "GET /slovar-terminov/slovar-ocenschika-nedvizhimost-i-ipoteka-2/%d0%90.html HTTP/1.0" 200 27655 "-" "Mozilla/5.0 (compatible; bingbot/2.0; +http://www.bing.com/bingbot.htm)"
94.247.174.83 - - [17/Jun/2015:05:06:16 +0300] "GET / HTTP/1.0" 200 20170 "-" "Pingdom.com_bot_version_1.4_(http://www.pingdom.com/)"
204.152.200.42 - - [17/Jun/2015:05:11:16 +0300] "GET / HTTP/1.0" 200 20170 "-" "Pingdom.com_bot_version_1.4_(http://www.pingdom.com/)"
157.55.39.152 - - [17/Jun/2015:05:14:04 +0300] "GET /ukrayinskij-innovatsijnij-bank.html HTTP/1.0" 200 27607 "-" "Mozilla/5.0 (compatible; bingbot/2.0; +http://www.bing.com/bingbot.htm)"
96.31.66.245 - - [17/Jun/2015:05:16:16 +0300] "GET / HTTP/1.0" 200 20170 "-" "Pingdom.com_bot_version_1.4_(http://www.pingdom.com/)"
85.17.156.11 - - [17/Jun/2015:05:21:16 +0300] "GET / HTTP/1.0" 200 20170 "-" "Pingdom.com_bot_version_1.4_(http://www.pingdom.com/)"
5.255.253.203 - - [17/Jun/2015:05:21:53 +0300] "GET /nikolaevskoe-mbti.html HTTP/1.0" 200 17671 "-" "Mozilla/5.0 (compatible; YandexBot/3.0; +http://yandex.com/bots)"
217.69.136.205 - - [17/Jun/2015:05:25:30 +0300] "GET /robots.txt HTTP/1.0" 200 304 "-" "Mozilla/5.0 (compatible; Linux x86_64; Mail.RU_Bot/2.0; +http://go.mail.ru/help/robots)"
188.138.124.110 - - [17/Jun/2015:05:26:16 +0300] "GET / HTTP/1.0" 200 20170 "-" "Pingdom.com_bot_version_1.4_(http://www.pingdom.com/)"
157.55.39.185 - - [17/Jun/2015:05:29:21 +0300] "GET /tovaristvo-vzaemniy-kredit.html HTTP/1.0" 200 27607 "-" "Mozilla/5.0 (compatible; bingbot/2.0; +http://www.bing.com/bingbot.htm)"
66.249.67.115 - - [17/Jun/2015:05:29:52 +0300] "GET /ocenka-kvartiry.html HTTP/1.0" 200 27247 "-" "Mozilla/5.0 (compatible; Googlebot/2.1; +http://www.google.com/bot.html)"
72.46.130.42 - - [17/Jun/2015:05:31:17 +0300] "GET / HTTP/1.0" 200 20170 "-" "Pingdom.com_bot_version_1.4_(http://www.pingdom.com/)"
178.255.153.2 - - [17/Jun/2015:05:36:16 +0300] "GET / HTTP/1.0" 200 20170 "-" "Pingdom.com_bot_version_1.4_(http://www.pingdom.com/)"
xd0xb0xd0xbdxd0xb0xd0xbbxd0xb8xd0xb7 xd1x80xd1x8bxd0xbdxd0xbaxd0xb0 xd0xbdxd0xb5xd0xb4xd0xb2xd0xb8xd0xb6xd0xb8xd0xbcxd0xbexd1x81xd1x82xd0xb8 xd0xa1xd0xb5xd0xb2xd0xb0xd1x81xd1x82xd0xbexd0xbfxd0xbexd0xbbxd1x8f.pdf 66.249.67.115 - - [17/Jun/2015:05:39:56 +0300] "GET /attachments/article/1342/%d0%9c%d0%b0%d1%80%d0%ba%d0%b5%d1%82%d0%b8%d0%bd%d0%b3%d0%be%d0%b2%d1%8b%d0%b9%20%d0%b0%d0%bd%d0%b0%d0%bb%d0%b8%d0%b7%20%d1%80%d1%8b%d0%bd%d0%ba%d0%b0%20%d0%bd%d0%b5%d0%b4%d0%b2%d0%b8%d0%b6%d0%b8%d0%bc%d0%be%d1%81%d1%82%d0%b8%20%d0%a1%d0%b5%d0%b2%d0%b0%d1%81%d1%82%d0%be%d0%bf%d0%be%d0%bb%d1%8f.pdf HTTP/1.0" 200 97128 "-" "Mozilla/5.0 (compatible; Googlebot/2.1; +http://www.google.com/bot.html)"
108.62.115.226 - - [17/Jun/2015:05:41:16 +0300] "GET / HTTP/1.0" 200 20170 "-" "Pingdom.com_bot_version_1.4_(http://www.pingdom.com/)"
66.249.67.121 - - [17/Jun/2015:05:45:17 +0300] "GET /dovira-m-zgurivka-kiyivskoyi-obl.html HTTP/1.0" 200 14210 "-" "Mozilla/5.0 (compatible; Googlebot/2.1; +http://www.google.com/bot.html)"
184.75.209.18 - - [17/Jun/2015:05:46:16 +0300] "GET / HTTP/1.0" 200 20170 "-" "Pingdom.com_bot_version_1.4_(http://www.pingdom.com/)"
199.87.228.66 - - [17/Jun/2015:05:51:16 +0300] "GET / HTTP/1.0" 200 20170 "-" "Pingdom.com_bot_version_1.4_(http://www.pingdom.com/)"
5.255.253.203 - - [17/Jun/2015:05:51:30 +0300] "GET /priluckoe-bti.html HTTP/1.0" 200 17643 "-" "Mozilla/5.0 (compatible; YandexBot/3.0; +http://yandex.com/bots)"
178.20.153.67 - - [17/Jun/2015:05:52:46 +0300] "GET /export/dohodnaya-sevastopol.xml HTTP/1.0" 200 1264 "-" "Mozilla/5.0 (compatible; bingbot/2.0; +http://www.bing.com/bingbot.htm)"
178.20.153.67 - - [17/Jun/2015:05:52:47 +0300] "GET /export/jilaya-sevastopol.xml HTTP/1.0" 200 1644 "-" "Mozilla/5.0 (compatible; bingbot/2.0; +http://www.bing.com/bingbot.htm)"
178.20.153.67 - - [17/Jun/2015:05:52:47 +0300] "GET /export/uchastki-sevastopol.xml HTTP/1.0" 200 523 "-" "Mozilla/5.0 (compatible; bingbot/2.0; +http://www.bing.com/bingbot.htm)"
207.46.13.102 - - [17/Jun/2015:05:52:45 +0300] "GET /citiex-journal/ HTTP/1.0" 200 38482 "-" "Mozilla/5.0 (compatible; bingbot/2.0; +http://www.bing.com/bingbot.htm)"
66.249.67.115 - - [17/Jun/2015:05:53:48 +0300] "GET /slovar-terminov/slovar-ocenschika-zemelnye-uchastki-4/%d0%9f/planirovanie-territoriy-2304.html HTTP/1.0" 200 15542 "-" "Mozilla/5.0 (compatible; Googlebot/2.1; +http://www.google.com/bot.html)"
94.247.174.83 - - [17/Jun/2015:05:56:16 +0300] "GET / HTTP/1.0" 200 20170 "-" "Pingdom.com_bot_version_1.4_(http://www.pingdom.com/)"
204.152.200.42 - - [17/Jun/2015:06:01:16 +0300] "GET / HTTP/1.0" 200 20170 "-" "Pingdom.com_bot_version_1.4_(http://www.pingdom.com/)"
96.31.66.245 - - [17/Jun/2015:06:06:16 +0300] "GET / HTTP/1.0" 200 20170 "-" "Pingdom.com_bot_version_1.4_(http://www.pingdom.com/)"
85.17.156.11 - - [17/Jun/2015:06:11:16 +0300] "GET / HTTP/1.0" 200 20170 "-" "Pingdom.com_bot_version_1.4_(http://www.pingdom.com/)"
188.138.124.110 - - [17/Jun/2015:06:16:16 +0300] "GET / HTTP/1.0" 200 20170 "-" "Pingdom.com_bot_version_1.4_(http://www.pingdom.com/)"
72.46.130.42 - - [17/Jun/2015:06:21:16 +0300] "GET / HTTP/1.0" 200 20170 "-" "Pingdom.com_bot_version_1.4_(http://www.pingdom.com/)"
157.55.39.185 - - [17/Jun/2015:06:22:10 +0300] "GET /slovar-terminov/slovar-ocenschika-samolety-i-vertolety-8/%d0%a2.html HTTP/1.0" 200 20493 "-" "Mozilla/5.0 (compatible; bingbot/2.0; +http://www.bing.com/bingbot.htm)"
5.255.253.127 - - [17/Jun/2015:06:23:23 +0300] "GET /slovar-terminov/slovar-ocenschika-korabli-i-suda-7/%d0%9d/naklonnyy-stapel-3536.html HTTP/1.0" 200 22867 "-" "Mozilla/5.0 (compatible; YandexBot/3.0; +http://yandex.com/bots)"
178.255.153.2 - - [17/Jun/2015:06:26:16 +0300] "GET / HTTP/1.0" 200 20170 "-" "Pingdom.com_bot_version_1.4_(http://www.pingdom.com/)"
108.62.115.226 - - [17/Jun/2015:06:31:16 +0300] "GET / HTTP/1.0" 200 20170 "-" "Pingdom.com_bot_version_1.4_(http://www.pingdom.com/)"
184.75.209.18 - - [17/Jun/2015:06:36:16 +0300] "GET / HTTP/1.0" 200 20170 "-" "Pingdom.com_bot_version_1.4_(http://www.pingdom.com/)"
93.172.98.247 - - [17/Jun/2015:06:36:34 +0300] "GET /rus-1775-iii.html HTTP/1.0" 200 154605 "http://citiex.com.ua/rus-1775-iii.html" "Mozilla/5.0 (Windows NT 6.3; WOW64; rv:36.0) Gecko/20100101 Firefox/36.0"
66.249.67.127 - - [17/Jun/2015:06:39:09 +0300] "GET /links738210.php?rz=q HTTP/1.0" 200 5498 "-" "Mozilla/5.0 (compatible; Googlebot/2.1; +http://www.google.com/bot.html)"
199.87.228.66 - - [17/Jun/2015:06:41:16 +0300] "GET / HTTP/1.0" 200 20170 "-" "Pingdom.com_bot_version_1.4_(http://www.pingdom.com/)"
94.247.174.83 - - [17/Jun/2015:06:46:16 +0300] "GET / HTTP/1.0" 200 20170 "-" "Pingdom.com_bot_version_1.4_(http://www.pingdom.com/)"
66.249.67.127 - - [17/Jun/2015:06:47:01 +0300] "GET /links738210.php?rz=w HTTP/1.0" 200 5757 "-" "Mozilla/5.0 (compatible; Googlebot/2.1; +http://www.google.com/bot.html)"
204.152.200.42 - - [17/Jun/2015:06:51:16 +0300] "GET / HTTP/1.0" 200 20170 "-" "Pingdom.com_bot_version_1.4_(http://www.pingdom.com/)"
207.46.13.41 - - [17/Jun/2015:06:52:41 +0300] "GET /robots.txt HTTP/1.0" 200 304 "-" "Mozilla/5.0 (compatible; bingbot/2.0; +http://www.bing.com/bingbot.htm)"
96.31.66.245 - - [17/Jun/2015:06:56:16 +0300] "GET / HTTP/1.0" 200 20170 "-" "Pingdom.com_bot_version_1.4_(http://www.pingdom.com/)"
5.255.253.203 - - [17/Jun/2015:06:59:17 +0300] "GET /slovar-terminov/slovar-ocenschika-korabli-i-suda-7/%d0%9a/kabotazh-3472.html HTTP/1.0" 200 15618 "-" "Mozilla/5.0 (compatible; YandexBot/3.0; +http://yandex.com/bots)"
85.17.156.11 - - [17/Jun/2015:07:01:16 +0300] "GET / HTTP/1.0" 200 20170 "-" "Pingdom.com_bot_version_1.4_(http://www.pingdom.com/)"
188.138.124.110 - - [17/Jun/2015:07:06:16 +0300] "GET / HTTP/1.0" 200 20170 "-" "Pingdom.com_bot_version_1.4_(http://www.pingdom.com/)"
72.46.130.42 - - [17/Jun/2015:07:11:16 +0300] "GET / HTTP/1.0" 200 20170 "-" "Pingdom.com_bot_version_1.4_(http://www.pingdom.com/)"
66.249.67.70 - - [17/Jun/2015:07:12:51 +0300] "GET /component/option,com_fsf/Itemid,99/catid,0/faqid,24/limit,10/limitstart,10/tmpl,component/view,faq/ HTTP/1.0" 200 6148 "-" "Mozilla/5.0 (compatible; Googlebot/2.1; +http://www.google.com/bot.html)"
178.255.153.2 - - [17/Jun/2015:07:16:16 +0300] "GET / HTTP/1.0" 200 20170 "-" "Pingdom.com_bot_version_1.4_(http://www.pingdom.com/)"
157.56.1.149 - - [17/Jun/2015:07:17:52 +0300] "GET / HTTP/1.0" 200 20170 "-" "Mozilla/5.0 (compatible; MSIE 9.0; Windows NT 6.1; Trident/5.0; Trident/5.0)"
157.56.1.149 - - [17/Jun/2015:07:17:54 +0300] "GET /cache/assets/e9ebe353e2078dee925298f522dfa216.css HTTP/1.0" 200 40053 "http://citiex.com.ua/" "Mozilla/5.0 (compatible; MSIE 9.0; Windows NT 6.1; Trident/5.0; Trident/5.0)"
157.56.1.149 - - [17/Jun/2015:07:17:54 +0300] "GET /plugins/content/attachments_refresh.js HTTP/1.0" 200 1560 "http://citiex.com.ua/" "Mozilla/5.0 (compatible; MSIE 9.0; Windows NT 6.1; Trident/5.0; Trident/5.0)"
157.56.1.149 - - [17/Jun/2015:07:17:54 +0300] "GET /templates/gk_aumi/lib/scripts/template_scripts.js HTTP/1.0" 200 2281 "http://citiex.com.ua/" "Mozilla/5.0 (compatible; MSIE 9.0; Windows NT 6.1; Trident/5.0; Trident/5.0)"
157.56.1.149 - - [17/Jun/2015:07:17:54 +0300] "GET /media/system/js/caption.js HTTP/1.0" 200 1963 "http://citiex.com.ua/" "Mozilla/5.0 (compatible; MSIE 9.0; Windows NT 6.1; Trident/5.0; Trident/5.0)"
157.56.1.149 - - [17/Jun/2015:07:17:54 +0300] "GET /media/system/js/mootools.js HTTP/1.0" 200 74434 "http://citiex.com.ua/" "Mozilla/5.0 (compatible; MSIE 9.0; Windows NT 6.1; Trident/5.0; Trident/5.0)"
157.56.1.149 - - [17/Jun/2015:07:17:54 +0300] "GET /templates/gk_aumi/lib/scripts/hltable.js HTTP/1.0" 200 3646 "http://citiex.com.ua/" "Mozilla/5.0 (compatible; MSIE 9.0; Windows NT 6.1; Trident/5.0; Trident/5.0)"
157.56.1.149 - - [17/Jun/2015:07:17:54 +0300] "GET /templates/gk_aumi/lib/scripts/menu.php?style=suckerfish&width=1&height=1&opacity=1&animation=1&speed=250 HTTP/1.0" 200 253 "http://citiex.com.ua/" "Mozilla/5.0 (compatible; MSIE 9.0; Windows NT 6.1; Trident/5.0; Trident/5.0)"
157.56.1.149 - - [17/Jun/2015:07:17:58 +0300] "GET /templates/gk_aumi/css/ie7_css.css HTTP/1.0" 200 678 "http://citiex.com.ua/" "Mozilla/5.0 (compatible; MSIE 9.0; Windows NT 6.1; Trident/5.0; Trident/5.0)"
108.62.115.226 - - [17/Jun/2015:07:21:16 +0300] "GET / HTTP/1.0" 200 20170 "-" "Pingdom.com_bot_version_1.4_(http://www.pingdom.com/)"
184.75.209.18 - - [17/Jun/2015:07:26:16 +0300] "GET / HTTP/1.0" 200 20170 "-" "Pingdom.com_bot_version_1.4_(http://www.pingdom.com/)"
199.87.228.66 - - [17/Jun/2015:07:31:16 +0300] "GET / HTTP/1.0" 200 20170 "-" "Pingdom.com_bot_version_1.4_(http://www.pingdom.com/)"
80.83.224.37 - - [17/Jun/2015:07:32:08 +0300] "GET /rus-1805-iii.html HTTP/1.0" 200 209268 "-" "Mozilla/5.0 (Windows NT 6.1; WOW64; rv:38.0) Gecko/20100101 Firefox/38.0"
94.247.174.83 - - [17/Jun/2015:07:36:16 +0300] "GET / HTTP/1.0" 200 20170 "-" "Pingdom.com_bot_version_1.4_(http://www.pingdom.com/)"
204.152.200.42 - - [17/Jun/2015:07:41:16 +0300] "GET / HTTP/1.0" 200 20170 "-" "Pingdom.com_bot_version_1.4_(http://www.pingdom.com/)"
96.31.66.245 - - [17/Jun/2015:07:46:16 +0300] "GET / HTTP/1.0" 200 20170 "-" "Pingdom.com_bot_version_1.4_(http://www.pingdom.com/)"
85.17.156.11 - - [17/Jun/2015:07:51:16 +0300] "GET / HTTP/1.0" 200 20170 "-" "Pingdom.com_bot_version_1.4_(http://www.pingdom.com/)"
188.138.124.110 - - [17/Jun/2015:07:56:16 +0300] "GET / HTTP/1.0" 200 20170 "-" "Pingdom.com_bot_version_1.4_(http://www.pingdom.com/)"
72.46.130.42 - - [17/Jun/2015:08:01:16 +0300] "GET / HTTP/1.0" 200 20170 "-" "Pingdom.com_bot_version_1.4_(http://www.pingdom.com/)"
178.255.153.2 - - [17/Jun/2015:08:06:16 +0300] "GET / HTTP/1.0" 200 20170 "-" "Pingdom.com_bot_version_1.4_(http://www.pingdom.com/)"
108.62.115.226 - - [17/Jun/2015:08:11:16 +0300] "GET / HTTP/1.0" 200 20170 "-" "Pingdom.com_bot_version_1.4_(http://www.pingdom.com/)"
207.46.13.41 - - [17/Jun/2015:08:13:20 +0300] "GET /ocenka-sudov-i-korabley.html HTTP/1.0" 200 29796 "-" "Mozilla/5.0 (iPhone; CPU iPhone OS 7_0 like Mac OS X) AppleWebKit/537.51.1 (KHTML, like Gecko) Version/7.0 Mobile/11A465 Safari/9537.53 (compatible; bingbot/2.0; http://www.bing.com/bingbot.htm)"
184.75.209.18 - - [17/Jun/2015:08:16:16 +0300] "GET / HTTP/1.0" 200 20170 "-" "Pingdom.com_bot_version_1.4_(http://www.pingdom.com/)"
157.55.39.151 - - [17/Jun/2015:08:18:41 +0300] "GET /indeks-potrebitelskih-cen-inflyacii-ukrainy.html HTTP/1.0" 200 39151 "-" "Mozilla/5.0 (compatible; bingbot/2.0; +http://www.bing.com/bingbot.htm)"
66.249.67.121 - - [17/Jun/2015:08:19:30 +0300] "GET /slovar-terminov/slovar-ocenschika-intellektualnaya-sobstvennost-10/all/page-5.html HTTP/1.0" 200 34996 "-" "Mozilla/5.0 (iPhone; CPU iPhone OS 6_0 like Mac OS X) AppleWebKit/536.26 (KHTML, like Gecko) Version/6.0 Mobile/10A5376e Safari/8536.25 (compatible; Googlebot/2.1; +http://www.google.com/bot.html)"
199.87.228.66 - - [17/Jun/2015:08:21:16 +0300] "GET / HTTP/1.0" 200 20170 "-" "Pingdom.com_bot_version_1.4_(http://www.pingdom.com/)"
94.247.174.83 - - [17/Jun/2015:08:26:16 +0300] "GET / HTTP/1.0" 200 20170 "-" "Pingdom.com_bot_version_1.4_(http://www.pingdom.com/)"
217.69.136.207 - - [17/Jun/2015:08:29:39 +0300] "GET /robots.txt HTTP/1.0" 200 304 "-" "Mozilla/5.0 (compatible; Linux x86_64; Mail.RU_Bot/2.0; +http://go.mail.ru/help/robots)"
204.152.200.42 - - [17/Jun/2015:08:31:16 +0300] "GET / HTTP/1.0" 200 20170 "-" "Pingdom.com_bot_version_1.4_(http://www.pingdom.com/)"
96.31.66.245 - - [17/Jun/2015:08:36:16 +0300] "GET / HTTP/1.0" 200 20170 "-" "Pingdom.com_bot_version_1.4_(http://www.pingdom.com/)"
85.17.156.11 - - [17/Jun/2015:08:41:16 +0300] "GET / HTTP/1.0" 200 20170 "-" "Pingdom.com_bot_version_1.4_(http://www.pingdom.com/)"
188.138.124.110 - - [17/Jun/2015:08:46:16 +0300] "GET / HTTP/1.0" 200 20170 "-" "Pingdom.com_bot_version_1.4_(http://www.pingdom.com/)"
72.46.130.42 - - [17/Jun/2015:08:51:16 +0300] "GET / HTTP/1.0" 200 20170 "-" "Pingdom.com_bot_version_1.4_(http://www.pingdom.com/)"
178.255.153.2 - - [17/Jun/2015:08:56:16 +0300] "GET / HTTP/1.0" 200 20170 "-" "Pingdom.com_bot_version_1.4_(http://www.pingdom.com/)"
207.46.13.102 - - [17/Jun/2015:08:57:17 +0300] "GET /most.html HTTP/1.0" 200 27607 "-" "Mozilla/5.0 (compatible; bingbot/2.0; +http://www.bing.com/bingbot.htm)"
157.55.39.152 - - [17/Jun/2015:08:59:59 +0300] "GET /indeks-potrebitelskih-cen-inflyacii-ukrainy.html HTTP/1.0" 200 39151 "-" "Mozilla/5.0 (compatible; bingbot/2.0; +http://www.bing.com/bingbot.htm)"
108.62.115.226 - - [17/Jun/2015:09:01:16 +0300] "GET / HTTP/1.0" 200 20170 "-" "Pingdom.com_bot_version_1.4_(http://www.pingdom.com/)"
184.75.209.18 - - [17/Jun/2015:09:06:16 +0300] "GET / HTTP/1.0" 200 20170 "-" "Pingdom.com_bot_version_1.4_(http://www.pingdom.com/)"
91.217.5.240 - - [17/Jun/2015:09:08:29 +0300] "GET /rus-2658-iii.html HTTP/1.0" 200 122715 "-" "Mozilla/5.0 (Windows NT 6.3; WOW64) AppleWebKit/537.36 (KHTML, like Gecko) Chrome/43.0.2357.124 Safari/537.36"
91.217.5.240 - - [17/Jun/2015:09:08:35 +0300] "GET /cache/assets/15e1e423d7a27a0d8ee8e70b064c44eb.css HTTP/1.0" 200 44011 "http://citiex.com.ua/rus-2658-iii.html" "Mozilla/5.0 (Windows NT 6.3; WOW64) AppleWebKit/537.36 (KHTML, like Gecko) Chrome/43.0.2357.124 Safari/537.36"
91.217.5.240 - - [17/Jun/2015:09:08:35 +0300] "GET /templates/gk_aumi/lib/scripts/menu.php?style=suckerfish&width=1&height=1&opacity=1&animation=1&speed=250 HTTP/1.0" 200 253 "http://citiex.com.ua/rus-2658-iii.html" "Mozilla/5.0 (Windows NT 6.3; WOW64) AppleWebKit/537.36 (KHTML, like Gecko) Chrome/43.0.2357.124 Safari/537.36"
199.87.228.66 - - [17/Jun/2015:09:11:16 +0300] "GET / HTTP/1.0" 200 20170 "-" "Pingdom.com_bot_version_1.4_(http://www.pingdom.com/)"
94.247.174.83 - - [17/Jun/2015:09:16:16 +0300] "GET / HTTP/1.0" 200 20170 "-" "Pingdom.com_bot_version_1.4_(http://www.pingdom.com/)"
204.152.200.42 - - [17/Jun/2015:09:21:16 +0300] "GET / HTTP/1.0" 200 20170 "-" "Pingdom.com_bot_version_1.4_(http://www.pingdom.com/)"
96.31.66.245 - - [17/Jun/2015:09:26:16 +0300] "GET / HTTP/1.0" 200 20170 "-" "Pingdom.com_bot_version_1.4_(http://www.pingdom.com/)"
178.20.153.67 - - [17/Jun/2015:09:26:46 +0300] "GET /export/dohodnaya-sevastopol.xml HTTP/1.0" 200 1264 "-" "Mozilla/5.0 (compatible; bingbot/2.0; +http://www.bing.com/bingbot.htm)"
178.20.153.67 - - [17/Jun/2015:09:26:46 +0300] "GET /export/jilaya-sevastopol.xml HTTP/1.0" 200 1644 "-" "Mozilla/5.0 (compatible; bingbot/2.0; +http://www.bing.com/bingbot.htm)"
178.20.153.67 - - [17/Jun/2015:09:26:46 +0300] "GET /export/uchastki-sevastopol.xml HTTP/1.0" 200 523 "-" "Mozilla/5.0 (compatible; bingbot/2.0; +http://www.bing.com/bingbot.htm)"
207.46.13.41 - - [17/Jun/2015:09:26:45 +0300] "GET /citiex-journal/Page-2.html HTTP/1.0" 200 38602 "-" "Mozilla/5.0 (compatible; bingbot/2.0; +http://www.bing.com/bingbot.htm)"
85.17.156.11 - - [17/Jun/2015:09:31:16 +0300] "GET / HTTP/1.0" 200 20170 "-" "Pingdom.com_bot_version_1.4_(http://www.pingdom.com/)"
188.138.124.110 - - [17/Jun/2015:09:36:16 +0300] "GET / HTTP/1.0" 200 20170 "-" "Pingdom.com_bot_version_1.4_(http://www.pingdom.com/)"
72.46.130.42 - - [17/Jun/2015:09:41:17 +0300] "GET / HTTP/1.0" 200 20170 "-" "Pingdom.com_bot_version_1.4_(http://www.pingdom.com/)"
213.200.50.177 - - [17/Jun/2015:09:41:34 +0300] "GET /indeks-cen-stroitelno-montajnyh-rabot-ukrainy.html HTTP/1.0" 200 53249 "http://yandex.ua/clck/jsredir?from=yandex.ua%3Bsearch%2F%3Bweb%3B%3B&text=&etext=722.-I8z_B3R4GIwi7u5levnZgUiJqXS3XO2gzy4xHM_Fmepqy4m8ONgn2QG2FKaRN400GWNN1gfJ_feQaa8r2otCqb4MBDkSz3t3RYfjlVG1i7FshrcG4AvHVfSgQOYWrP0Bde-iStGQVS_80tqh4vdFBhBojE_SWCJbEZWMpG74jckPXesRctLJkEM3tAYK0pb.4e89558a02d6a036dc10c9c482f0bdbf80d5f3e1&uuid=&state=PEtFfuTeVD5kpHnK9lio9dp88zwjJi-A9wwjDIux7f8Zuv0g6oZ30w&data=UlNrNmk5WktYejR0eWJFYk1LdmtxZ0IwM0xtOGFxVG5XOFNaM2VaM051Y0EyZW1SWUwydXp3UmViblEyN0h1cUNCeWhlLVhXZUMtWWhiTFVjUWdtZjZQWF8zTEhxNVVxaXhGVVN1MHlMaVZpTlV2YXcxVS1hTzZfSEs4ZmFpZHpITXlWaXlWUzRXQzQwUkIzZ1FVNU9tMXUxcnFGMW5KWg&b64e=2&sign=88e5025698422fc77f020cfe50421027&keyno=0&cst=AiuY0DBWFJ7IXge4WdYJQRJlt-zx8hWFk1qzFCIgKPEfWyfzJHBQddT0Rduz7RB-wpeDwe6HxuuPumLVlP_p06Y8H0o5I_0v40_B9p4qep-ntcsdkmSlJKnkqwMFJs5jmqyesnFzuKQpagOIDCw8PEx4ZXm_QpHv9Yx39di3UsQsI9OgJigjI8GxLluZe8ezA4WyqUDHP91M36Teqmkllb68GOLbu4KQ1ga6xwLK91uR6N_5iP8ttS3uIc-9bM_6CsHRMgGbtgW3uCwKFndQVO8imyQc7yVHd9UeQjjVp3sv2q64TmHkMNUWpdLde8NiVEGhrpqUNK3kEKed7Eqa-3CCS36tT9z8&ref=orjY4mGPRjmt1xzYuZsDZSKx6sHOF1RVWAYMFgf52NyHbuW7v09ARjcc99kawDpJGKiYmoh45Lxwsxkw1ZtUg8CuinZl4WPVvmGz6CU7DYnIIr38g56_B4_m84oV_VDxQHhb13haVFy31IXvhEYuyzASuCHnonJXFf27_BUyaVt7M83H8eQETyn5UQ-2LxkTGnQWuLd1-_iOuJDU_pxq1CZC6kpGxvpZNq8Vf04_a6SnRmndEZnaX11kF2ySkjvjkoL_tTScbH3nqVzKRCe1SPO_gmgNFBIzgE34t4fuSnbQZyQxXv0CMHu9a2FJA5aCZFJgdk05YJEEbXuhhih3t3kS2_Sw7XFkgemc41XR1kY1GwJOGTekGAIzqBLB8M8L75fsOpCAm6PphHnZSKr0JOS8JsO5aixTP-D08MI-JfdgWpTKKyFsAXE0eyDFjRDo6Wee33zzDwfpJgo-dhq2rkmyVB3c4gK3UPHuNYJD7AKweh1W_PyADCX_-P23moHb7V7rPScdLsM2pX0eYgJp-VW34lBWSTDmhrNtu6L_LA8FvN9q7_a4lXqJIGoDi-Sy0FmnFiWkR4vGp-4XArvadVvKV_058pfXNs3_6P_FxmnXdYizCosMmsfR990iXhuE3LJECBDhgKvjAEA_-9leEKij9RyTARydkQxXmD5CrE2VEXKR2rrgJreVftqgJs9GU522kFz9WukcO3aGF-CUtNLYBHEVNHM1tchcudLxw3ajEHq_aZnKItFB4V9LYuG_mhATyrnmjAfNfYi3UlSY9TKACVTFMcZKlHBSA2BTVPmIBnfseGRv9Fjx-lpnYrfIopWdbq3LIM0xz6Ydgjs0ZQ5tmnWOgu67OzlOi3lDOjPOt6KwY_DW1IL9XazYma8aFpKq0ws2F9rgcOXdq608sbcmiZcaHkw-AAvz_wtxLqRVwU-dyWWTjB43xfKs6yE78u1clUPKi1QjXRRHjm2kJ3DjEXkX__TEqV1UjQ9Z8RXWmmD66uPfVaa0IVmG8YFwMVa05agUPKi6R41N2ug0MlrhpH1QEiwcS2r98dazmM725gYvgT3n7Su7exfktuAQiCd--jy5fBQc2qNo0JPGZZs84YHgZvosS4RVlwaZRMoeC-5GMehdDgpv9UHAjFheemBl_83krEazpxDKEM_SoFPEhpeMXGyuxxZcRJvlOruadvxt6rvogHKmt1rsSG---NZ-nyUZIlTuKQ3VED_3Eba5JAZOrk33LUWtFT_0TAOFX15V7mBpL6-s-6mxCzSKN7IKzML31BJHfJnn_gwF0TSQZk0KWkTcvEPyAQXHBE6CdZidtoVas3ZKOuCJMagYzdig0nkLUjFAqqV5AnwBuVzajGU9tRwZhTTUOGMorFD6crzMCFL7U8UJ5F-jyo4dmjnppkUJOD43IWWNSODC3A4UUXGkWisvTZMWAM_GY6elujCcSilxaLLffO6CcA9F3XSkzbsmAgYHKMM5b2mXoNMxiIq-8UpnYAorI3SP2rMpU-4K23bOR0xGxth0y-BHSknt9gWo_gH0nK5aFeqVCP19PgPD6abtFV-ws8DVwbyBYo7hROzj0TELsswvZ4UBMN3nybrZK3gGkES9hNsbc1W8YJ4CqJpJw5yuFB-DFn_VIBegUewQStn7ebs9GC5Z5xYlUo2SWB4H8Df9sgcBJ0uZx_zNL3IPcwp7TBwUMuEV65PhlWku7GLKmEZGoTKDBhPdUlC3mTTBelvLdzK8CZ3E195Fo2wPxY0BomZ6D3ZyssxCru14EkzL6__0ykRSCU9dzDxv-gQh0ssq_dl5wh13YH1iD2EnsH1gdoxB3VWRBlcVufG8gbdAFJ0zJI_0InvQw23mIBTlsznSoLgM82xNQIW7Izrwb5YrgeuE-yaJDrRuxj_OE0FJMth1kifUb4m9E61CIHqJ_V2nkeeK7kpcXOcA9Y-O8oG6y34X4EnL8niy0deZn-zASHQetkTm6l4DL_pUyj51mWrpHvGqfRGdVHRYJwIZXDMDdVMLI0boLCvYKfYcyzY3jLcIVRP4Tdy9YBQK3X6KUIGnE6d8YQct_INaleLi4xBXEFmhVd0xAf89OFziizzRLFRXx8sjB1wkTypkaBxzSfTDebTsjv363kNTJSVyCFp69O5CcLgn_eXlRUc0eggqW4fjcxouZX6WZvzERfV4_F0x-1yh_8iHW0HDu00pubbeJBEpLIY0u3d8mBFnGQNA5SZqiefcpxuvxr746Dm_wgMyJZioDmgZbO9Yn7ldceFsMY9qwe9W2k7DeNeCyQw1sJKaSWZSpHK0pEeienQn_uaX8gTNFpPivPkHvd3_KLgTEWCeVzjV0x38VXIAzyJGJHfuU7i40gTQYycC1-o&l10n=ru&cts=1434523292955&mc=4.9150956765722205" "Mozilla/5.0 (Windows NT 6.1) AppleWebKit/537.36 (KHTML, like Gecko) Chrome/43.0.2357.124 Safari/537.36"
213.200.50.177 - - [17/Jun/2015:09:41:35 +0300] "GET /cache/assets/15e1e423d7a27a0d8ee8e70b064c44eb.css HTTP/1.0" 200 44011 "http://citiex.com.ua/indeks-cen-stroitelno-montajnyh-rabot-ukrainy.html" "Mozilla/5.0 (Windows NT 6.1) AppleWebKit/537.36 (KHTML, like Gecko) Chrome/43.0.2357.124 Safari/537.36"
213.200.50.177 - - [17/Jun/2015:09:41:35 +0300] "GET /plugins/content/attachments_refresh.js HTTP/1.0" 200 1560 "http://citiex.com.ua/indeks-cen-stroitelno-montajnyh-rabot-ukrainy.html" "Mozilla/5.0 (Windows NT 6.1) AppleWebKit/537.36 (KHTML, like Gecko) Chrome/43.0.2357.124 Safari/537.36"
213.200.50.177 - - [17/Jun/2015:09:41:35 +0300] "GET /media/system/js/caption.js HTTP/1.0" 200 1963 "http://citiex.com.ua/indeks-cen-stroitelno-montajnyh-rabot-ukrainy.html" "Mozilla/5.0 (Windows NT 6.1) AppleWebKit/537.36 (KHTML, like Gecko) Chrome/43.0.2357.124 Safari/537.36"
213.200.50.177 - - [17/Jun/2015:09:41:35 +0300] "GET /media/system/js/modal.js HTTP/1.0" 200 10588 "http://citiex.com.ua/indeks-cen-stroitelno-montajnyh-rabot-ukrainy.html" "Mozilla/5.0 (Windows NT 6.1) AppleWebKit/537.36 (KHTML, like Gecko) Chrome/43.0.2357.124 Safari/537.36"
213.200.50.177 - - [17/Jun/2015:09:41:35 +0300] "GET /media/system/js/mootools.js HTTP/1.0" 200 74434 "http://citiex.com.ua/indeks-cen-stroitelno-montajnyh-rabot-ukrainy.html" "Mozilla/5.0 (Windows NT 6.1) AppleWebKit/537.36 (KHTML, like Gecko) Chrome/43.0.2357.124 Safari/537.36"
213.200.50.177 - - [17/Jun/2015:09:41:36 +0300] "GET /templates/gk_aumi/lib/scripts/template_scripts.js HTTP/1.0" 200 2281 "http://citiex.com.ua/indeks-cen-stroitelno-montajnyh-rabot-ukrainy.html" "Mozilla/5.0 (Windows NT 6.1) AppleWebKit/537.36 (KHTML, like Gecko) Chrome/43.0.2357.124 Safari/537.36"
213.200.50.177 - - [17/Jun/2015:09:41:36 +0300] "GET /templates/gk_aumi/lib/scripts/hltable.js HTTP/1.0" 200 3646 "http://citiex.com.ua/indeks-cen-stroitelno-montajnyh-rabot-ukrainy.html" "Mozilla/5.0 (Windows NT 6.1) AppleWebKit/537.36 (KHTML, like Gecko) Chrome/43.0.2357.124 Safari/537.36"
213.200.50.177 - - [17/Jun/2015:09:41:36 +0300] "GET /templates/gk_aumi/lib/scripts/menu.php?style=suckerfish&width=1&height=1&opacity=1&animation=1&speed=250 HTTP/1.0" 200 253 "http://citiex.com.ua/indeks-cen-stroitelno-montajnyh-rabot-ukrainy.html" "Mozilla/5.0 (Windows NT 6.1) AppleWebKit/537.36 (KHTML, like Gecko) Chrome/43.0.2357.124 Safari/537.36"
213.200.50.177 - - [17/Jun/2015:09:41:36 +0300] "GET /templates/gk_aumi/images/logo.png HTTP/1.0" 200 6149 "http://citiex.com.ua/indeks-cen-stroitelno-montajnyh-rabot-ukrainy.html" "Mozilla/5.0 (Windows NT 6.1) AppleWebKit/537.36 (KHTML, like Gecko) Chrome/43.0.2357.124 Safari/537.36"
213.200.50.177 - - [17/Jun/2015:09:41:36 +0300] "GET /templates/gk_aumi/images/printButton.png HTTP/1.0" 200 132 "http://citiex.com.ua/indeks-cen-stroitelno-montajnyh-rabot-ukrainy.html" "Mozilla/5.0 (Windows NT 6.1) AppleWebKit/537.36 (KHTML, like Gecko) Chrome/43.0.2357.124 Safari/537.36"
213.200.50.177 - - [17/Jun/2015:09:41:36 +0300] "GET /components/com_sh404sef/images/external-black.png HTTP/1.0" 200 3621 "http://citiex.com.ua/indeks-cen-stroitelno-montajnyh-rabot-ukrainy.html" "Mozilla/5.0 (Windows NT 6.1) AppleWebKit/537.36 (KHTML, like Gecko) Chrome/43.0.2357.124 Safari/537.36"
213.200.50.177 - - [17/Jun/2015:09:41:36 +0300] "GET /templates/gk_aumi/images/menu_li.png HTTP/1.0" 200 181 "http://citiex.com.ua/cache/assets/15e1e423d7a27a0d8ee8e70b064c44eb.css" "Mozilla/5.0 (Windows NT 6.1) AppleWebKit/537.36 (KHTML, like Gecko) Chrome/43.0.2357.124 Safari/537.36"
213.200.50.177 - - [17/Jun/2015:09:41:36 +0300] "GET /templates/gk_aumi/images/bg_top.png HTTP/1.0" 200 321 "http://citiex.com.ua/cache/assets/15e1e423d7a27a0d8ee8e70b064c44eb.css" "Mozilla/5.0 (Windows NT 6.1) AppleWebKit/537.36 (KHTML, like Gecko) Chrome/43.0.2357.124 Safari/537.36"
213.200.50.177 - - [17/Jun/2015:09:41:36 +0300] "GET /templates/gk_aumi/images/bg_content_middle.png HTTP/1.0" 200 89 "http://citiex.com.ua/cache/assets/15e1e423d7a27a0d8ee8e70b064c44eb.css" "Mozilla/5.0 (Windows NT 6.1) AppleWebKit/537.36 (KHTML, like Gecko) Chrome/43.0.2357.124 Safari/537.36"
213.200.50.177 - - [17/Jun/2015:09:41:36 +0300] "GET /templates/gk_aumi/images/bg_content_top.png HTTP/1.0" 200 133 "http://citiex.com.ua/cache/assets/15e1e423d7a27a0d8ee8e70b064c44eb.css" "Mozilla/5.0 (Windows NT 6.1) AppleWebKit/537.36 (KHTML, like Gecko) Chrome/43.0.2357.124 Safari/537.36"
213.200.50.177 - - [17/Jun/2015:09:41:36 +0300] "GET /templates/gk_aumi/images/bg_footer.png HTTP/1.0" 200 325 "http://citiex.com.ua/cache/assets/15e1e423d7a27a0d8ee8e70b064c44eb.css" "Mozilla/5.0 (Windows NT 6.1) AppleWebKit/537.36 (KHTML, like Gecko) Chrome/43.0.2357.124 Safari/537.36"
213.200.50.177 - - [17/Jun/2015:09:41:36 +0300] "GET /templates/gk_aumi/favicon.ico HTTP/1.0" 200 1406 "http://citiex.com.ua/indeks-cen-stroitelno-montajnyh-rabot-ukrainy.html" "Mozilla/5.0 (Windows NT 6.1) AppleWebKit/537.36 (KHTML, like Gecko) Chrome/43.0.2357.124 Safari/537.36"
213.200.50.177 - - [17/Jun/2015:09:43:23 +0300] "GET /templates/gk_aumi/images/menu_bullet.png HTTP/1.0" 200 104 "http://citiex.com.ua/cache/assets/15e1e423d7a27a0d8ee8e70b064c44eb.css" "Mozilla/5.0 (Windows NT 6.1) AppleWebKit/537.36 (KHTML, like Gecko) Chrome/43.0.2357.124 Safari/537.36"
5.255.253.203 - - [17/Jun/2015:09:45:44 +0300] "GET /indeks-cen-stroitelno-montajnyh-rabot-ukrainy.html HTTP/1.0" 200 53249 "-" "Mozilla/5.0 (compatible; YandexBot/3.0; +http://yandex.com/bots)"
5.255.253.203 - - [17/Jun/2015:09:45:46 +0300] "GET /rus-973-iv.html HTTP/1.0" 200 101730 "-" "Mozilla/5.0 (compatible; YandexBot/3.0; +http://yandex.com/bots)"
178.255.153.2 - - [17/Jun/2015:09:46:16 +0300] "GET / HTTP/1.0" 200 20170 "-" "Pingdom.com_bot_version_1.4_(http://www.pingdom.com/)"
157.55.39.152 - - [17/Jun/2015:09:46:19 +0300] "GET /indeks-potrebitelskih-cen-inflyacii-ukrainy.html HTTP/1.0" 200 39151 "-" "Mozilla/5.0 (compatible; bingbot/2.0; +http://www.bing.com/bingbot.htm)"
193.151.13.129 - - [17/Jun/2015:09:49:56 +0300] "GET /ocenka-kvartiry.html HTTP/1.0" 200 27247 "http://yandex.ru/clck/jsredir?from=yandex.ru%3Byandsearch%3Bweb%3B%3B&text=%D0%BE%D1%86%D0%B5%D0%BD%D0%BA%D0%B0%20%D0%BA%D0%B2%D0%B0%D1%80%D1%82%D0%B8%D1%80%D1%8B%20%D1%81%D1%82%D0%BE%D0%B8%D0%BC%D0%BE%D1%81%D1%82%D1%8C%20%D1%83%D1%81%D0%BB%D1%83%D0%B3%D0%B8%20%D1%83%D0%BA%D1%80%D0%B0%D0%B8%D0%BD%D0%B0&uuid=&state=PEtFfuTeVD5kpHnK9lio9bb4iM1VPfe4l70UU2W70KV0VzLyb0nEEw&data=UlNrNmk5WktYejR0eWJFYk1LdmtxZ0IwM0xtOGFxVG5XOFNaM2VaM051ZWl6cnRNdm1WNElvZmpQUFZKNHg0RWhmUk1La0p6ZkxKaUFvRV9Ja2FkMDdiM0J6ZDhOS0hTSG1MZkIxTGZiQU00LVVaMTNLdEJ5VTlhZlhmZVlGcG8&b64e=2&sign=17d1d6c51678331578f2d35127564e29&keyno=0&cst=AiuY0DBWFJ7IXge4WdYJQT6d3fQPWh-ROqOlrCDBpnIFG1sTz1s8PmGOO7kic1VnPdyMHfSp5DpJRrlokpXIf8w6510uoKDrMz_jUWcpWCvOTJ-2_vvCdCQHuekAQ0C-Nc1eOzYPQoCGexa4eFDSSXydEFaX7JlbMYCMDpnUtDvkg7mq865s8HAZLDeVkONY&ref=cM777e4sMOAycdZhdUbYHtkusEOiLu3mdB1NJZzO2O63oDHcrpm-wyzJKGUvyzPMBwBQXTtkJJdBJY0kcFKFYY6Ev_Ep4Yr1oiijlPlm2XxEtn8BJt8fTsLKeg4o1fAzuLMQ5hdvKigFosf395z2cZaLlU32t1pR-VJIrC5DOKxFB153jCvftaUpS105cqwYf-UOE1WGpvphbiXw0tSdeSPLWpI1UvB-y4Qo9QQDszJ-o1cAm2CmtqkSUQ0JTI7iAaJ_zHqSdkA9KON3DLP84bHTql2qdQjP3j6_DzEnx9yl5t22mSlnqZhbmy-IB4aoM58A3oxtxRH1xcnI2gseiSS2h2-isk5lm4rG0Ng72YdDxqtoH_yBEA&l10n=ru&cts=1434523798090" "Mozilla/5.0 (X11; U; Windows2010 ia64; en; rv:1.0.0.00) Gecko/2008070208 Firefox/3.0.1"
193.151.13.129 - - [17/Jun/2015:09:49:58 +0300] "GET /media/system/js/mootools.js HTTP/1.0" 200 74434 "http://citiex.com.ua/ocenka-kvartiry.html" "Mozilla/5.0 (X11; U; Windows2010 ia64; en; rv:1.0.0.00) Gecko/2008070208 Firefox/3.0.1"
193.151.13.129 - - [17/Jun/2015:09:49:58 +0300] "GET /media/system/js/caption.js HTTP/1.0" 200 1963 "http://citiex.com.ua/ocenka-kvartiry.html" "Mozilla/5.0 (X11; U; Windows2010 ia64; en; rv:1.0.0.00) Gecko/2008070208 Firefox/3.0.1"
193.151.13.129 - - [17/Jun/2015:09:49:58 +0300] "GET /cache/assets/15e1e423d7a27a0d8ee8e70b064c44eb.css HTTP/1.0" 200 44011 "http://citiex.com.ua/ocenka-kvartiry.html" "Mozilla/5.0 (X11; U; Windows2010 ia64; en; rv:1.0.0.00) Gecko/2008070208 Firefox/3.0.1"
193.151.13.129 - - [17/Jun/2015:09:49:58 +0300] "GET /plugins/content/attachments_refresh.js HTTP/1.0" 200 1560 "http://citiex.com.ua/ocenka-kvartiry.html" "Mozilla/5.0 (X11; U; Windows2010 ia64; en; rv:1.0.0.00) Gecko/2008070208 Firefox/3.0.1"
193.151.13.129 - - [17/Jun/2015:09:49:58 +0300] "GET /media/system/js/modal.js HTTP/1.0" 200 10588 "http://citiex.com.ua/ocenka-kvartiry.html" "Mozilla/5.0 (X11; U; Windows2010 ia64; en; rv:1.0.0.00) Gecko/2008070208 Firefox/3.0.1"
193.151.13.129 - - [17/Jun/2015:09:49:58 +0300] "GET /templates/gk_aumi/lib/scripts/template_scripts.js HTTP/1.0" 200 2281 "http://citiex.com.ua/ocenka-kvartiry.html" "Mozilla/5.0 (X11; U; Windows2010 ia64; en; rv:1.0.0.00) Gecko/2008070208 Firefox/3.0.1"
193.151.13.129 - - [17/Jun/2015:09:49:59 +0300] "GET /templates/gk_aumi/lib/scripts/hltable.js HTTP/1.0" 200 3646 "http://citiex.com.ua/ocenka-kvartiry.html" "Mozilla/5.0 (X11; U; Windows2010 ia64; en; rv:1.0.0.00) Gecko/2008070208 Firefox/3.0.1"
193.151.13.129 - - [17/Jun/2015:09:49:59 +0300] "GET /templates/gk_aumi/lib/scripts/menu.php?style=suckerfish&width=1&height=1&opacity=1&animation=1&speed=250 HTTP/1.0" 200 253 "http://citiex.com.ua/ocenka-kvartiry.html" "Mozilla/5.0 (X11; U; Windows2010 ia64; en; rv:1.0.0.00) Gecko/2008070208 Firefox/3.0.1"
193.151.13.129 - - [17/Jun/2015:09:49:59 +0300] "GET /templates/gk_aumi/images/logo.png HTTP/1.0" 200 6149 "http://citiex.com.ua/ocenka-kvartiry.html" "Mozilla/5.0 (X11; U; Windows2010 ia64; en; rv:1.0.0.00) Gecko/2008070208 Firefox/3.0.1"
193.151.13.129 - - [17/Jun/2015:09:49:59 +0300] "GET /components/com_sh404sef/images/external-black.png HTTP/1.0" 200 3621 "http://citiex.com.ua/ocenka-kvartiry.html" "Mozilla/5.0 (X11; U; Windows2010 ia64; en; rv:1.0.0.00) Gecko/2008070208 Firefox/3.0.1"
193.151.13.129 - - [17/Jun/2015:09:50:00 +0300] "GET /templates/gk_aumi/images/bg_top.png HTTP/1.0" 200 321 "http://citiex.com.ua/cache/assets/15e1e423d7a27a0d8ee8e70b064c44eb.css" "Mozilla/5.0 (X11; U; Windows2010 ia64; en; rv:1.0.0.00) Gecko/2008070208 Firefox/3.0.1"
193.151.13.129 - - [17/Jun/2015:09:50:00 +0300] "GET /templates/gk_aumi/images/menu_li.png HTTP/1.0" 200 181 "http://citiex.com.ua/cache/assets/15e1e423d7a27a0d8ee8e70b064c44eb.css" "Mozilla/5.0 (X11; U; Windows2010 ia64; en; rv:1.0.0.00) Gecko/2008070208 Firefox/3.0.1"
193.151.13.129 - - [17/Jun/2015:09:50:00 +0300] "GET /templates/gk_aumi/images/bg_content_top.png HTTP/1.0" 200 133 "http://citiex.com.ua/cache/assets/15e1e423d7a27a0d8ee8e70b064c44eb.css" "Mozilla/5.0 (X11; U; Windows2010 ia64; en; rv:1.0.0.00) Gecko/2008070208 Firefox/3.0.1"
193.151.13.129 - - [17/Jun/2015:09:50:00 +0300] "GET /templates/gk_aumi/images/bg_content_middle.png HTTP/1.0" 200 89 "http://citiex.com.ua/cache/assets/15e1e423d7a27a0d8ee8e70b064c44eb.css" "Mozilla/5.0 (X11; U; Windows2010 ia64; en; rv:1.0.0.00) Gecko/2008070208 Firefox/3.0.1"
193.151.13.129 - - [17/Jun/2015:09:50:00 +0300] "GET /templates/gk_aumi/images/bullet.png HTTP/1.0" 200 2887 "http://citiex.com.ua/cache/assets/15e1e423d7a27a0d8ee8e70b064c44eb.css" "Mozilla/5.0 (X11; U; Windows2010 ia64; en; rv:1.0.0.00) Gecko/2008070208 Firefox/3.0.1"
193.151.13.129 - - [17/Jun/2015:09:50:00 +0300] "GET /templates/gk_aumi/images/module_default/mod_trb.png HTTP/1.0" 200 468 "http://citiex.com.ua/cache/assets/15e1e423d7a27a0d8ee8e70b064c44eb.css" "Mozilla/5.0 (X11; U; Windows2010 ia64; en; rv:1.0.0.00) Gecko/2008070208 Firefox/3.0.1"
193.151.13.129 - - [17/Jun/2015:09:50:00 +0300] "GET /templates/gk_aumi/images/module_default/mod_tlb.png HTTP/1.0" 200 231 "http://citiex.com.ua/cache/assets/15e1e423d7a27a0d8ee8e70b064c44eb.css" "Mozilla/5.0 (X11; U; Windows2010 ia64; en; rv:1.0.0.00) Gecko/2008070208 Firefox/3.0.1"
193.151.13.129 - - [17/Jun/2015:09:50:01 +0300] "GET /templates/gk_aumi/images/bg_footer.png HTTP/1.0" 200 325 "http://citiex.com.ua/cache/assets/15e1e423d7a27a0d8ee8e70b064c44eb.css" "Mozilla/5.0 (X11; U; Windows2010 ia64; en; rv:1.0.0.00) Gecko/2008070208 Firefox/3.0.1"
193.151.13.129 - - [17/Jun/2015:09:50:03 +0300] "GET /templates/gk_aumi/favicon.ico HTTP/1.0" 200 1406 "http://citiex.com.ua/ocenka-kvartiry.html" "Mozilla/5.0 (X11; U; Windows2010 ia64; en; rv:1.0.0.00) Gecko/2008070208 Firefox/3.0.1"
108.62.115.226 - - [17/Jun/2015:09:51:16 +0300] "GET / HTTP/1.0" 200 20170 "-" "Pingdom.com_bot_version_1.4_(http://www.pingdom.com/)"
5.255.253.203 - - [17/Jun/2015:09:52:42 +0300] "GET /ocenka-kvartiry.html HTTP/1.0" 200 27247 "-" "Mozilla/5.0 (compatible; YandexBot/3.0; +http://yandex.com/bots)"
5.9.87.98 - - [17/Jun/2015:09:54:51 +0300] "GET /robots.txt HTTP/1.0" 200 304 "-" "Mozilla/5.0 (compatible; MJ12bot/v1.4.5; http://www.majestic12.co.uk/bot.php?+)"
5.9.87.98 - - [17/Jun/2015:09:54:53 +0300] "GET /slovar-terminov/slovar-ocenschika-nedvizhimost-i-ipoteka-2/%d0%90.html HTTP/1.0" 200 27691 "-" "Mozilla/5.0 (compatible; MJ12bot/v1.4.5; http://www.majestic12.co.uk/bot.php?+)"
5.9.87.98 - - [17/Jun/2015:09:54:55 +0300] "GET /slovar-terminov/slovar-ocenschika-nedvizhimost-i-ipoteka-2/%d0%91.html HTTP/1.0" 200 23852 "-" "Mozilla/5.0 (compatible; MJ12bot/v1.4.5; http://www.majestic12.co.uk/bot.php?+)"
5.9.87.98 - - [17/Jun/2015:09:54:57 +0300] "GET /slovar-terminov/slovar-ocenschika-nedvizhimost-i-ipoteka-2/%d0%92.html HTTP/1.0" 200 32737 "-" "Mozilla/5.0 (compatible; MJ12bot/v1.4.5; http://www.majestic12.co.uk/bot.php?+)"
5.9.87.98 - - [17/Jun/2015:09:55:00 +0300] "GET /slovar-terminov/slovar-ocenschika-obschie-terminy-1/%d0%90/attestaciya-professionalnyh-ocenschikov-11.html HTTP/1.0" 200 15345 "-" "Mozilla/5.0 (compatible; MJ12bot/v1.4.5; http://www.majestic12.co.uk/bot.php?+)"
5.9.87.98 - - [17/Jun/2015:09:55:01 +0300] "GET /slovar-terminov/slovar-ocenschika-obschie-terminy-1/%d0%91.html HTTP/1.0" 200 17998 "-" "Mozilla/5.0 (compatible; MJ12bot/v1.4.5; http://www.majestic12.co.uk/bot.php?+)"
184.75.209.18 - - [17/Jun/2015:09:56:16 +0300] "GET / HTTP/1.0" 200 20170 "-" "Pingdom.com_bot_version_1.4_(http://www.pingdom.com/)"
207.46.13.102 - - [17/Jun/2015:09:59:20 +0300] "GET /rus-2173-xii.html HTTP/1.0" 200 50925 "-" "Mozilla/5.0 (compatible; bingbot/2.0; +http://www.bing.com/bingbot.htm)"
207.46.13.102 - - [17/Jun/2015:09:59:21 +0300] "GET /slovar-terminov/slovar-ocenschika-oborudovanie-6/%d0%9a.html HTTP/1.0" 200 19372 "-" "Mozilla/5.0 (compatible; bingbot/2.0; +http://www.bing.com/bingbot.htm)"
199.87.228.66 - - [17/Jun/2015:10:01:16 +0300] "GET / HTTP/1.0" 200 20170 "-" "Pingdom.com_bot_version_1.4_(http://www.pingdom.com/)"
94.247.174.83 - - [17/Jun/2015:10:06:16 +0300] "GET / HTTP/1.0" 200 20170 "-" "Pingdom.com_bot_version_1.4_(http://www.pingdom.com/)"
204.152.200.42 - - [17/Jun/2015:10:11:16 +0300] "GET / HTTP/1.0" 200 20170 "-" "Pingdom.com_bot_version_1.4_(http://www.pingdom.com/)"
92.55.165.87 - - [17/Jun/2015:10:11:28 +0300] "GET /rus-858-iv.html HTTP/1.0" 200 141713 "-" "Mozilla/5.0 (Windows; U; Windows NT 5.1; ru; rv:1.9.1.7) Gecko/20091221 Firefox/3.5.7 (.NET CLR 3.5.30729)"
92.112.93.205 - - [17/Jun/2015:10:12:15 +0300] "GET /severodoneckoe-bti.html HTTP/1.0" 200 17683 "http://www.google.com.ua/url?sa=t&rct=j&q=&esrc=s&source=web&cd=3&ved=0CCwQFjACahUKEwill9jDlpbGAhUKPxQKHZAMCkE&url=http%3A%2F%2Fcitiex.com.ua%2Fseverodoneckoe-bti.html&ei=xB2BVaWlGIr-UJCZqIgE&usg=AFQjCNHx2sFHNcgFNjhSQASMRFKzdSrPoA&bvm=bv.96041959,d.d24" "Mozilla/5.0 (Windows NT 5.1; rv:37.0) Gecko/20100101 Firefox/37.0"
92.112.93.205 - - [17/Jun/2015:10:12:16 +0300] "GET /cache/assets/15e1e423d7a27a0d8ee8e70b064c44eb.css HTTP/1.0" 200 44011 "http://citiex.com.ua/severodoneckoe-bti.html" "Mozilla/5.0 (Windows NT 5.1; rv:37.0) Gecko/20100101 Firefox/37.0"
92.112.93.205 - - [17/Jun/2015:10:12:16 +0300] "GET /media/system/js/mootools.js HTTP/1.0" 200 74434 "http://citiex.com.ua/severodoneckoe-bti.html" "Mozilla/5.0 (Windows NT 5.1; rv:37.0) Gecko/20100101 Firefox/37.0"
92.112.93.205 - - [17/Jun/2015:10:12:16 +0300] "GET /media/system/js/caption.js HTTP/1.0" 200 1963 "http://citiex.com.ua/severodoneckoe-bti.html" "Mozilla/5.0 (Windows NT 5.1; rv:37.0) Gecko/20100101 Firefox/37.0"
92.112.93.205 - - [17/Jun/2015:10:12:16 +0300] "GET /plugins/content/attachments_refresh.js HTTP/1.0" 200 1560 "http://citiex.com.ua/severodoneckoe-bti.html" "Mozilla/5.0 (Windows NT 5.1; rv:37.0) Gecko/20100101 Firefox/37.0"
92.112.93.205 - - [17/Jun/2015:10:12:16 +0300] "GET /media/system/js/modal.js HTTP/1.0" 200 10588 "http://citiex.com.ua/severodoneckoe-bti.html" "Mozilla/5.0 (Windows NT 5.1; rv:37.0) Gecko/20100101 Firefox/37.0"
92.112.93.205 - - [17/Jun/2015:10:12:16 +0300] "GET /templates/gk_aumi/lib/scripts/template_scripts.js HTTP/1.0" 200 2281 "http://citiex.com.ua/severodoneckoe-bti.html" "Mozilla/5.0 (Windows NT 5.1; rv:37.0) Gecko/20100101 Firefox/37.0"
92.112.93.205 - - [17/Jun/2015:10:12:16 +0300] "GET /templates/gk_aumi/lib/scripts/hltable.js HTTP/1.0" 200 3646 "http://citiex.com.ua/severodoneckoe-bti.html" "Mozilla/5.0 (Windows NT 5.1; rv:37.0) Gecko/20100101 Firefox/37.0"
92.112.93.205 - - [17/Jun/2015:10:12:16 +0300] "GET /templates/gk_aumi/lib/scripts/menu.php?style=suckerfish&width=1&height=1&opacity=1&animation=1&speed=250 HTTP/1.0" 200 253 "http://citiex.com.ua/severodoneckoe-bti.html" "Mozilla/5.0 (Windows NT 5.1; rv:37.0) Gecko/20100101 Firefox/37.0"
92.112.93.205 - - [17/Jun/2015:10:12:16 +0300] "GET /templates/gk_aumi/favicon.ico HTTP/1.0" 200 1406 "-" "Mozilla/5.0 (Windows NT 5.1; rv:37.0) Gecko/20100101 Firefox/37.0"
92.112.93.205 - - [17/Jun/2015:10:12:16 +0300] "GET /templates/gk_aumi/images/logo.png HTTP/1.0" 200 6149 "http://citiex.com.ua/severodoneckoe-bti.html" "Mozilla/5.0 (Windows NT 5.1; rv:37.0) Gecko/20100101 Firefox/37.0"
92.112.93.205 - - [17/Jun/2015:10:12:16 +0300] "GET /components/com_sh404sef/images/external-black.png HTTP/1.0" 200 3621 "http://citiex.com.ua/severodoneckoe-bti.html" "Mozilla/5.0 (Windows NT 5.1; rv:37.0) Gecko/20100101 Firefox/37.0"
92.112.93.205 - - [17/Jun/2015:10:12:16 +0300] "GET /templates/gk_aumi/images/bg_top.png HTTP/1.0" 200 321 "http://citiex.com.ua/cache/assets/15e1e423d7a27a0d8ee8e70b064c44eb.css" "Mozilla/5.0 (Windows NT 5.1; rv:37.0) Gecko/20100101 Firefox/37.0"
92.112.93.205 - - [17/Jun/2015:10:12:16 +0300] "GET /templates/gk_aumi/images/menu_li.png HTTP/1.0" 200 181 "http://citiex.com.ua/cache/assets/15e1e423d7a27a0d8ee8e70b064c44eb.css" "Mozilla/5.0 (Windows NT 5.1; rv:37.0) Gecko/20100101 Firefox/37.0"
92.112.93.205 - - [17/Jun/2015:10:12:16 +0300] "GET /templates/gk_aumi/images/bg_content_middle.png HTTP/1.0" 200 89 "http://citiex.com.ua/cache/assets/15e1e423d7a27a0d8ee8e70b064c44eb.css" "Mozilla/5.0 (Windows NT 5.1; rv:37.0) Gecko/20100101 Firefox/37.0"
92.112.93.205 - - [17/Jun/2015:10:12:16 +0300] "GET /templates/gk_aumi/images/bg_content_top.png HTTP/1.0" 200 133 "http://citiex.com.ua/cache/assets/15e1e423d7a27a0d8ee8e70b064c44eb.css" "Mozilla/5.0 (Windows NT 5.1; rv:37.0) Gecko/20100101 Firefox/37.0"
92.112.93.205 - - [17/Jun/2015:10:12:16 +0300] "GET /templates/gk_aumi/images/bg_footer.png HTTP/1.0" 200 325 "http://citiex.com.ua/cache/assets/15e1e423d7a27a0d8ee8e70b064c44eb.css" "Mozilla/5.0 (Windows NT 5.1; rv:37.0) Gecko/20100101 Firefox/37.0"
96.31.66.245 - - [17/Jun/2015:10:16:16 +0300] "GET / HTTP/1.0" 200 20170 "-" "Pingdom.com_bot_version_1.4_(http://www.pingdom.com/)"
65.54.247.184 - - [17/Jun/2015:10:17:20 +0300] "GET / HTTP/1.0" 200 20170 "-" "Mozilla/5.0 (compatible; MSIE 9.0; Windows NT 6.0; Trident/5.0; Trident/5.0)"
65.54.247.184 - - [17/Jun/2015:10:17:22 +0300] "GET /cache/assets/e9ebe353e2078dee925298f522dfa216.css HTTP/1.0" 200 40053 "http://citiex.com.ua/" "Mozilla/5.0 (compatible; MSIE 9.0; Windows NT 6.0; Trident/5.0; Trident/5.0)"
65.54.247.184 - - [17/Jun/2015:10:17:22 +0300] "GET /media/system/js/mootools.js HTTP/1.0" 200 74434 "http://citiex.com.ua/" "Mozilla/5.0 (compatible; MSIE 9.0; Windows NT 6.0; Trident/5.0; Trident/5.0)"
65.54.247.184 - - [17/Jun/2015:10:17:22 +0300] "GET /templates/gk_aumi/lib/scripts/template_scripts.js HTTP/1.0" 200 2281 "http://citiex.com.ua/" "Mozilla/5.0 (compatible; MSIE 9.0; Windows NT 6.0; Trident/5.0; Trident/5.0)"
65.54.247.184 - - [17/Jun/2015:10:17:22 +0300] "GET /plugins/content/attachments_refresh.js HTTP/1.0" 200 1560 "http://citiex.com.ua/" "Mozilla/5.0 (compatible; MSIE 9.0; Windows NT 6.0; Trident/5.0; Trident/5.0)"
65.54.247.184 - - [17/Jun/2015:10:17:22 +0300] "GET /media/system/js/caption.js HTTP/1.0" 200 1963 "http://citiex.com.ua/" "Mozilla/5.0 (compatible; MSIE 9.0; Windows NT 6.0; Trident/5.0; Trident/5.0)"
65.54.247.184 - - [17/Jun/2015:10:17:22 +0300] "GET /templates/gk_aumi/lib/scripts/hltable.js HTTP/1.0" 200 3646 "http://citiex.com.ua/" "Mozilla/5.0 (compatible; MSIE 9.0; Windows NT 6.0; Trident/5.0; Trident/5.0)"
65.54.247.184 - - [17/Jun/2015:10:17:22 +0300] "GET /templates/gk_aumi/lib/scripts/menu.php?style=suckerfish&width=1&height=1&opacity=1&animation=1&speed=250 HTTP/1.0" 200 253 "http://citiex.com.ua/" "Mozilla/5.0 (compatible; MSIE 9.0; Windows NT 6.0; Trident/5.0; Trident/5.0)"
65.54.247.184 - - [17/Jun/2015:10:17:28 +0300] "GET /templates/gk_aumi/css/ie7_css.css HTTP/1.0" 200 678 "http://citiex.com.ua/" "Mozilla/5.0 (compatible; MSIE 9.0; Windows NT 6.0; Trident/5.0; Trident/5.0)"
66.249.67.70 - - [17/Jun/2015:10:17:53 +0300] "GET /attachments/article/1392/165.pdf HTTP/1.0" 200 244784 "-" "Googlebot/2.1 (+http://www.google.com/bot.html)"
207.46.13.102 - - [17/Jun/2015:10:18:17 +0300] "GET /slovar-terminov/slovar-ocenschika-obschie-terminy-1/%d0%95/edinye-professionalnye-standarty-ocenki-epso-60.html HTTP/1.0" 200 15663 "-" "Mozilla/5.0 (compatible; bingbot/2.0; +http://www.bing.com/bingbot.htm)"
128.69.164.162 - - [17/Jun/2015:10:18:51 +0300] "GET /ukr-1087-iv.html HTTP/1.0" 200 84159 "http://yandex.ru/clck/jsredir?from=yandex.ru%3Bsearch%3Bweb%3B%3B&text=&etext=722.pHpzn4dmeY8jAY7-5gLsabYc6olcnOl0jPimQHrgKeDosBZbc8k-K6XEl0DI8e9lP0mYrPcS0-a6S6kiMf6AJnKaOfUDQtkmAZ1AR8QE1XclBO36ts9KEKGRPqjl8I8urpP91BpMS99Xn_HGFZlU1NLYcH9INl8XMfgD08YRJZUu3sVJPXClxXU2ztnquOF3oT0UTAUa20heeqc0amCBhwveqzUIVF2AlNS-WfSqOZV7BwhIW4QtkVT48DnlutNL.1e11565a0ca9668bdffd0b2f06abcf667c3044b4&uuid=&state=AiuY0DBWFJ4ePaEse6rgeAjgs2pI3DW9J0KiE5XNXd0dp0ZMwFHoviUoYa6nzP7MFsomsouu4qdV1VOB4Sw1wxS2UXcBqluGOTB8HaDDvozy740L30lDAcDt6dV8_BkbVkgLzAxNOjJerxi0iOebzp_pFlftGJ1mh5w_ClGKvDMQLOQaicJERci3ErD6q96kaAarIrOLv061xmTWVKLtKw&data=UlNrNmk5WktYejR0eWJFYk1LdmtxZ0IwM0xtOGFxVG5XOFNaM2VaM051Y010R25pbGlOVTVkZzRRYWhhRl84WUd0T1dvOU5idmlDNDJlbEprNnBLMjNydjVNUHB3bVYxVlNteExtWEoxNXBUd3QyMWpiZ3Jadw&b64e=2&sign=e136e1489329ea7e93646238c7d68dc7&keyno=0&l10n=ru&cts=1434525411292&mc=2.88124265178" "Opera/9.80 (Windows NT 6.1; Edition Yx) Presto/2.12.388 Version/12.16"
128.69.164.162 - - [17/Jun/2015:10:18:53 +0300] "GET /media/system/js/caption.js HTTP/1.0" 200 1963 "http://citiex.com.ua/ukr-1087-iv.html" "Opera/9.80 (Windows NT 6.1; Edition Yx) Presto/2.12.388 Version/12.16"
128.69.164.162 - - [17/Jun/2015:10:18:53 +0300] "GET /plugins/content/attachments_refresh.js HTTP/1.0" 200 1560 "http://citiex.com.ua/ukr-1087-iv.html" "Opera/9.80 (Windows NT 6.1; Edition Yx) Presto/2.12.388 Version/12.16"
128.69.164.162 - - [17/Jun/2015:10:18:53 +0300] "GET /cache/assets/15e1e423d7a27a0d8ee8e70b064c44eb.css HTTP/1.0" 200 44011 "http://citiex.com.ua/ukr-1087-iv.html" "Opera/9.80 (Windows NT 6.1; Edition Yx) Presto/2.12.388 Version/12.16"
128.69.164.162 - - [17/Jun/2015:10:18:53 +0300] "GET /media/system/js/mootools.js HTTP/1.0" 200 74434 "http://citiex.com.ua/ukr-1087-iv.html" "Opera/9.80 (Windows NT 6.1; Edition Yx) Presto/2.12.388 Version/12.16"
128.69.164.162 - - [17/Jun/2015:10:18:53 +0300] "GET /templates/gk_aumi/lib/scripts/hltable.js HTTP/1.0" 200 3646 "http://citiex.com.ua/ukr-1087-iv.html" "Opera/9.80 (Windows NT 6.1; Edition Yx) Presto/2.12.388 Version/12.16"
128.69.164.162 - - [17/Jun/2015:10:18:53 +0300] "GET /templates/gk_aumi/images/logo.png HTTP/1.0" 200 6149 "http://citiex.com.ua/ukr-1087-iv.html" "Opera/9.80 (Windows NT 6.1; Edition Yx) Presto/2.12.388 Version/12.16"
128.69.164.162 - - [17/Jun/2015:10:18:53 +0300] "GET /templates/gk_aumi/lib/scripts/template_scripts.js HTTP/1.0" 200 2281 "http://citiex.com.ua/ukr-1087-iv.html" "Opera/9.80 (Windows NT 6.1; Edition Yx) Presto/2.12.388 Version/12.16"
128.69.164.162 - - [17/Jun/2015:10:18:53 +0300] "GET /media/system/js/modal.js HTTP/1.0" 200 10588 "http://citiex.com.ua/ukr-1087-iv.html" "Opera/9.80 (Windows NT 6.1; Edition Yx) Presto/2.12.388 Version/12.16"
128.69.164.162 - - [17/Jun/2015:10:18:53 +0300] "GET /templates/gk_aumi/lib/scripts/menu.php?style=suckerfish&width=1&height=1&opacity=1&animation=1&speed=250 HTTP/1.0" 200 253 "http://citiex.com.ua/ukr-1087-iv.html" "Opera/9.80 (Windows NT 6.1; Edition Yx) Presto/2.12.388 Version/12.16"
128.69.164.162 - - [17/Jun/2015:10:19:00 +0300] "GET /templates/gk_aumi/images/bg_top.png HTTP/1.0" 200 321 "http://citiex.com.ua/ukr-1087-iv.html" "Opera/9.80 (Windows NT 6.1; Edition Yx) Presto/2.12.388 Version/12.16"
128.69.164.162 - - [17/Jun/2015:10:19:00 +0300] "GET /templates/gk_aumi/images/bg_content_middle.png HTTP/1.0" 200 89 "http://citiex.com.ua/ukr-1087-iv.html" "Opera/9.80 (Windows NT 6.1; Edition Yx) Presto/2.12.388 Version/12.16"
128.69.164.162 - - [17/Jun/2015:10:19:00 +0300] "GET /templates/gk_aumi/images/bg_content_top.png HTTP/1.0" 200 133 "http://citiex.com.ua/ukr-1087-iv.html" "Opera/9.80 (Windows NT 6.1; Edition Yx) Presto/2.12.388 Version/12.16"
128.69.164.162 - - [17/Jun/2015:10:19:00 +0300] "GET /templates/gk_aumi/images/menu_li.png HTTP/1.0" 200 181 "http://citiex.com.ua/ukr-1087-iv.html" "Opera/9.80 (Windows NT 6.1; Edition Yx) Presto/2.12.388 Version/12.16"
128.69.164.162 - - [17/Jun/2015:10:19:00 +0300] "GET /components/com_sh404sef/images/external-black.png HTTP/1.0" 200 3621 "http://citiex.com.ua/ukr-1087-iv.html" "Opera/9.80 (Windows NT 6.1; Edition Yx) Presto/2.12.388 Version/12.16"
128.69.164.162 - - [17/Jun/2015:10:19:00 +0300] "GET /templates/gk_aumi/images/bg_footer.png HTTP/1.0" 200 325 "http://citiex.com.ua/ukr-1087-iv.html" "Opera/9.80 (Windows NT 6.1; Edition Yx) Presto/2.12.388 Version/12.16"
