177.206.81.172 - - [18/Jun/2015:20:36:27 +0300] "GET /templates/gk_aumi/images/module_default/mod_rb.png HTTP/1.0" 200 7267 "http://citiex.com.ua/" "Mozilla/5.0 (Windows NT 6.1; WOW64) AppleWebKit/537.36 (KHTML, like Gecko) Chrome/36.0.1985.143 Safari/537.36"
177.206.81.172 - - [18/Jun/2015:20:36:27 +0300] "GET /templates/gk_aumi/images/module_default/mod_lb.png HTTP/1.0" 200 338 "http://citiex.com.ua/" "Mozilla/5.0 (Windows NT 6.1; WOW64) AppleWebKit/537.36 (KHTML, like Gecko) Chrome/36.0.1985.143 Safari/537.36"
177.206.81.172 - - [18/Jun/2015:20:36:27 +0300] "GET /images/stories/citiex3.png HTTP/1.0" 200 106614 "http://citiex.com.ua/" "Mozilla/5.0 (Windows NT 6.1; WOW64) AppleWebKit/537.36 (KHTML, like Gecko) Chrome/36.0.1985.143 Safari/537.36"
177.206.81.172 - - [18/Jun/2015:20:36:27 +0300] "GET /images/banner_citiex1.png HTTP/1.0" 200 12397 "http://citiex.com.ua/" "Mozilla/5.0 (Windows NT 6.1; WOW64) AppleWebKit/537.36 (KHTML, like Gecko) Chrome/36.0.1985.143 Safari/537.36"
177.206.81.172 - - [18/Jun/2015:20:36:27 +0300] "GET /templates/gk_aumi/images/bg_footer.png HTTP/1.0" 200 325 "http://citiex.com.ua/" "Mozilla/5.0 (Windows NT 6.1; WOW64) AppleWebKit/537.36 (KHTML, like Gecko) Chrome/36.0.1985.143 Safari/537.36"
177.206.81.172 - - [18/Jun/2015:20:36:27 +0300] "GET /images/banner_citiex2.png HTTP/1.0" 200 12575 "http://citiex.com.ua/" "Mozilla/5.0 (Windows NT 6.1; WOW64) AppleWebKit/537.36 (KHTML, like Gecko) Chrome/36.0.1985.143 Safari/537.36"
177.206.81.172 - - [18/Jun/2015:20:36:27 +0300] "GET /components/com_sh404sef/images/external-black.png HTTP/1.0" 200 3621 "http://citiex.com.ua/" "Mozilla/5.0 (Windows NT 6.1; WOW64) AppleWebKit/537.36 (KHTML, like Gecko) Chrome/36.0.1985.143 Safari/537.36"
5.255.253.127 - - [18/Jun/2015:20:38:27 +0300] "GET /rus-1442.html HTTP/1.0" 200 67203 "-" "Mozilla/5.0 (compatible; YandexBot/3.0; +http://yandex.com/bots)"
xd0xb0xd0xbdxd0xb0xd0xbbxd0xb8xd0xb7 xd1x80xd1x8bxd0xbdxd0xbaxd0xb0 xd0xbdxd0xb5xd0xb4xd0xb2xd0xb8xd0xb6xd0xb8xd0xbcxd0xbexd1x81xd1x82xd0xb8 xd0xa1xd0xb5xd0xb2xd0xb0xd1x81xd1x82xd0xbexd0xbfxd0xbexd0xbbxd1x8f.pdf 5.255.253.127 - - [18/Jun/2015:20:38:29 +0300] "GET /attachments/article/1342/%d0%9c%d0%b0%d1%80%d0%ba%d0%b5%d1%82%d0%b8%d0%bd%d0%b3%d0%be%d0%b2%d1%8b%d0%b9%20%d0%b0%d0%bd%d0%b0%d0%bb%d0%b8%d0%b7%20%d1%80%d1%8b%d0%bd%d0%ba%d0%b0%20%d0%bd%d0%b5%d0%b4%d0%b2%d0%b8%d0%b6%d0%b8%d0%bc%d0%be%d1%81%d1%82%d0%b8%20%d0%a1%d0%b5%d0%b2%d0%b0%d1%81%d1%82%d0%be%d0%bf%d0%be%d0%bb%d1%8f.pdf HTTP/1.0" 200 97128 "-" "Mozilla/5.0 (compatible; YandexBot/3.0; +http://yandex.com/bots)"
72.46.130.42 - - [18/Jun/2015:20:41:17 +0300] "GET / HTTP/1.0" 200 20170 "-" "Pingdom.com_bot_version_1.4_(http://www.pingdom.com/)"
178.255.153.2 - - [18/Jun/2015:20:46:16 +0300] "GET / HTTP/1.0" 200 20170 "-" "Pingdom.com_bot_version_1.4_(http://www.pingdom.com/)"
148.251.223.21 - - [18/Jun/2015:20:47:08 +0300] "GET /index.php?Itemid=123&id=6&layout=blog&option=com_content&view=section HTTP/1.0" 301 - "http://citiex.com.ua/" "Mozilla/5.0 (compatible; openstat.ru/Bot)"
148.251.223.21 - - [18/Jun/2015:20:47:09 +0300] "GET /klienty-i-partnery-kompanii.html HTTP/1.0" 200 16350 "http://citiex.com.ua/" "Mozilla/5.0 (compatible; openstat.ru/Bot)"
148.251.223.21 - - [18/Jun/2015:20:47:10 +0300] "GET /missiya-i-printsipy-deyatelnosti.html HTTP/1.0" 200 22445 "http://citiex.com.ua/" "Mozilla/5.0 (compatible; openstat.ru/Bot)"
148.251.223.21 - - [18/Jun/2015:20:47:11 +0300] "GET / HTTP/1.0" 200 20170 "http://citiex.com.ua/" "Mozilla/5.0 (compatible; openstat.ru/Bot)"
148.251.223.21 - - [18/Jun/2015:20:47:15 +0300] "GET /komanda-ocenshikov-i-konsultantov.html HTTP/1.0" 200 17710 "http://citiex.com.ua/" "Mozilla/5.0 (compatible; openstat.ru/Bot)"
148.251.223.21 - - [18/Jun/2015:20:47:17 +0300] "GET /kompaniya.html HTTP/1.0" 200 19682 "http://citiex.com.ua/" "Mozilla/5.0 (compatible; openstat.ru/Bot)"
148.251.223.21 - - [18/Jun/2015:20:47:18 +0300] "GET /sertifikaty-i-nagrady.html HTTP/1.0" 200 14235 "http://citiex.com.ua/" "Mozilla/5.0 (compatible; openstat.ru/Bot)"
66.249.78.248 - - [18/Jun/2015:20:48:38 +0300] "GET /1.html?format=feed&lang=ru&limit=10&limitstart=10&type=rss HTTP/1.0" 200 2903 "-" "Mozilla/5.0 (compatible; Googlebot/2.1; +http://www.google.com/bot.html)"
89.69.58.31 - - [18/Jun/2015:20:49:52 +0300] "GET /index.php/component/user/?task=register HTTP/1.0" 301 - "http://citiex.com.ua/index.php/component/user/?task=register" "Mozilla/5.0 (Windows NT 6.1; WOW64; rv:36.0) Gecko/20100101 Firefox/36.0"
89.69.58.31 - - [18/Jun/2015:20:49:53 +0300] "GET /create-an-account.html?Itemid= HTTP/1.0" 200 13899 "http://citiex.com.ua/create-an-account.html?Itemid=" "Mozilla/5.0 (Windows NT 6.1; WOW64; rv:36.0) Gecko/20100101 Firefox/36.0"
108.62.115.226 - - [18/Jun/2015:20:51:16 +0300] "GET / HTTP/1.0" 200 20170 "-" "Pingdom.com_bot_version_1.4_(http://www.pingdom.com/)"
5.255.253.56 - - [18/Jun/2015:20:53:47 +0300] "GET /attachments/article/1389/20130318-%d0%90%d0%bd%d0%b0%d0%bb%d0%b8%d0%b7-%d0%a1%d0%b5%d0%b2%d0%b0%d1%81%d1%82%d0%be%d0%bf%d0%be%d0%bb%d1%8c-%d0%96%d0%b8%d0%bb%d0%b0%d1%8f%d0%97%d0%b5%d0%bc%d0%bb%d1%8f.pdf HTTP/1.0" 200 1195722 "-" "Mozilla/5.0 (compatible; YandexBot/3.0; +http://yandex.com/bots)"
217.69.136.208 - - [18/Jun/2015:20:54:25 +0300] "GET /nash-kredit.html HTTP/1.0" 200 27607 "-" "Mozilla/5.0 (compatible; Linux x86_64; Mail.RU_Bot/2.0; +http://go.mail.ru/help/robots)"
66.249.78.227 - - [18/Jun/2015:20:56:14 +0300] "GET /robots.txt HTTP/1.0" 200 304 "-" "Mozilla/5.0 (compatible; Googlebot/2.1; +http://www.google.com/bot.html)"
66.249.78.227 - - [18/Jun/2015:20:56:14 +0300] "GET /3-voprosy-po-ocenke-nedvizhimogo-imuschestva/18-neobhodima-li-obyazatelnaya-ocenka-kvartiry-pri-prodazhe.html?task=vote&vote=0 HTTP/1.0" 200 26499 "-" "Mozilla/5.0 (compatible; Googlebot/2.1; +http://www.google.com/bot.html)"
184.75.209.18 - - [18/Jun/2015:20:56:16 +0300] "GET / HTTP/1.0" 200 20170 "-" "Pingdom.com_bot_version_1.4_(http://www.pingdom.com/)"
66.249.78.236 - - [18/Jun/2015:20:57:10 +0300] "GET /component/option,com_fsf/Itemid,108/catid,0/faqid,7/lang,ru/limit,10/tmpl,component/view,faq/ HTTP/1.0" 200 6532 "-" "Mozilla/5.0 (compatible; Googlebot/2.1; +http://www.google.com/bot.html)"
199.87.228.66 - - [18/Jun/2015:21:01:16 +0300] "GET / HTTP/1.0" 200 20170 "-" "Pingdom.com_bot_version_1.4_(http://www.pingdom.com/)"
94.247.174.83 - - [18/Jun/2015:21:06:16 +0300] "GET / HTTP/1.0" 200 20170 "-" "Pingdom.com_bot_version_1.4_(http://www.pingdom.com/)"
204.152.200.42 - - [18/Jun/2015:21:11:16 +0300] "GET / HTTP/1.0" 200 20170 "-" "Pingdom.com_bot_version_1.4_(http://www.pingdom.com/)"
96.31.66.245 - - [18/Jun/2015:21:16:16 +0300] "GET / HTTP/1.0" 200 20373 "-" "Pingdom.com_bot_version_1.4_(http://www.pingdom.com/)"
5.255.253.203 - - [18/Jun/2015:21:16:24 +0300] "GET /slovar-terminov/slovar-ocenschika-korabli-i-suda-7/all/page-2.html HTTP/1.0" 200 67717 "-" "Mozilla/5.0 (compatible; YandexBot/3.0; +http://yandex.com/bots)"
199.87.228.66 - - [18/Jun/2015:21:16:58 +0300] "GET / HTTP/1.0" 200 20373 "-" "Pingdom.com_bot_version_1.4_(http://www.pingdom.com/)"
96.31.66.245 - - [18/Jun/2015:21:17:29 +0300] "GET / HTTP/1.0" 200 20373 "-" "Pingdom.com_bot_version_1.4_(http://www.pingdom.com/)"
199.87.228.66 - - [18/Jun/2015:21:17:31 +0300] "GET / HTTP/1.0" 200 20373 "-" "Pingdom.com_bot_version_1.4_(http://www.pingdom.com/)"
5.255.253.203 - - [18/Jun/2015:21:18:34 +0300] "GET /ukr-1378-iv.html HTTP/1.0" 200 69869 "-" "Mozilla/5.0 (compatible; YandexBot/3.0; +http://yandex.com/bots)"
85.17.156.11 - - [18/Jun/2015:21:21:16 +0300] "GET / HTTP/1.0" 200 20170 "-" "Pingdom.com_bot_version_1.4_(http://www.pingdom.com/)"
66.249.78.236 - - [18/Jun/2015:21:21:29 +0300] "GET /attachments/article/1383/01.pdf HTTP/1.0" 200 243728 "-" "Mozilla/5.0 (compatible; Googlebot/2.1; +http://www.google.com/bot.html)"
66.249.78.248 - - [18/Jun/2015:21:21:59 +0300] "GET /ocenka-sudov-i-korabley.html HTTP/1.0" 200 29796 "-" "Mozilla/5.0 (iPhone; CPU iPhone OS 6_0 like Mac OS X) AppleWebKit/536.26 (KHTML, like Gecko) Version/6.0 Mobile/10A5376e Safari/8536.25 (compatible; Googlebot/2.1; +http://www.google.com/bot.html)"
89.69.58.31 - - [18/Jun/2015:21:24:25 +0300] "GET /index.php/component/user/?task=register HTTP/1.0" 301 - "http://citiex.com.ua/index.php/component/user/?task=register" "Mozilla/5.0 (Windows NT 6.1; rv:37.0) Gecko/20100101 Firefox/37.0"
89.69.58.31 - - [18/Jun/2015:21:24:26 +0300] "GET /create-an-account.html?Itemid= HTTP/1.0" 200 13899 "http://citiex.com.ua/create-an-account.html?Itemid=" "Mozilla/5.0 (Windows NT 6.1; rv:37.0) Gecko/20100101 Firefox/37.0"
188.138.124.110 - - [18/Jun/2015:21:26:16 +0300] "GET / HTTP/1.0" 200 20170 "-" "Pingdom.com_bot_version_1.4_(http://www.pingdom.com/)"
5.255.253.127 - - [18/Jun/2015:21:28:58 +0300] "GET /rus-2658-iii.html HTTP/1.0" 200 122715 "-" "Mozilla/5.0 (compatible; YandexBot/3.0; +http://yandex.com/bots)"
72.46.130.42 - - [18/Jun/2015:21:31:16 +0300] "GET / HTTP/1.0" 200 20170 "-" "Pingdom.com_bot_version_1.4_(http://www.pingdom.com/)"
208.115.111.71 - - [18/Jun/2015:21:31:24 +0300] "GET /uslugi-gosudarstvennym-uchrezhdeniyam.html HTTP/1.0" 200 20576 "-" "Mozilla/5.0 (compatible; DotBot/1.1; http://www.opensiteexplorer.org/dotbot, help@moz.com)"
.pdf 66.249.67.121 - - [18/Jun/2015:21:35:10 +0300] "GET /attachments/article/1380/20121116-%d0%90%d0%bd%d0%b0%d0%bb%d0%b8%d0%b7-%d0%a1%d0%b5%d0%b2%d0%b0%d1%81%d1%82%d0%be%d0%bf%d0%be%d0%bb%d1%8c-%d0%94%d0%be%d1%85%d0%be%d0%b4%d0%bd%d0%b0%d1%8f%20.pdf HTTP/1.0" 200 1326928 "-" "Mozilla/5.0 (compatible; Googlebot/2.1; +http://www.google.com/bot.html)"
31.129.65.30 - - [18/Jun/2015:21:35:20 +0300] "GET /cache/assets/15e1e423d7a27a0d8ee8e70b064c44eb.css HTTP/1.0" 200 44011 "http://citiex.com.ua/rus-16897.html" "Mozilla/5.0 (Windows NT 6.1; WOW64) AppleWebKit/537.36 (KHTML, like Gecko) Chrome/41.0.2272.123 Safari/537.36"
31.129.65.30 - - [18/Jun/2015:21:35:20 +0300] "GET /plugins/content/attachments_refresh.js HTTP/1.0" 200 1560 "http://citiex.com.ua/rus-16897.html" "Mozilla/5.0 (Windows NT 6.1; WOW64) AppleWebKit/537.36 (KHTML, like Gecko) Chrome/41.0.2272.123 Safari/537.36"
31.129.65.30 - - [18/Jun/2015:21:35:20 +0300] "GET /templates/gk_aumi/lib/scripts/template_scripts.js HTTP/1.0" 200 2281 "http://citiex.com.ua/rus-16897.html" "Mozilla/5.0 (Windows NT 6.1; WOW64) AppleWebKit/537.36 (KHTML, like Gecko) Chrome/41.0.2272.123 Safari/537.36"
31.129.65.30 - - [18/Jun/2015:21:35:20 +0300] "GET /media/system/js/mootools.js HTTP/1.0" 200 74434 "http://citiex.com.ua/rus-16897.html" "Mozilla/5.0 (Windows NT 6.1; WOW64) AppleWebKit/537.36 (KHTML, like Gecko) Chrome/41.0.2272.123 Safari/537.36"
31.129.65.30 - - [18/Jun/2015:21:35:20 +0300] "GET /templates/gk_aumi/lib/scripts/hltable.js HTTP/1.0" 200 3646 "http://citiex.com.ua/rus-16897.html" "Mozilla/5.0 (Windows NT 6.1; WOW64) AppleWebKit/537.36 (KHTML, like Gecko) Chrome/41.0.2272.123 Safari/537.36"
31.129.65.30 - - [18/Jun/2015:21:35:20 +0300] "GET /templates/gk_aumi/images/logo.png HTTP/1.0" 200 6149 "http://citiex.com.ua/rus-16897.html" "Mozilla/5.0 (Windows NT 6.1; WOW64) AppleWebKit/537.36 (KHTML, like Gecko) Chrome/41.0.2272.123 Safari/537.36"
31.129.65.30 - - [18/Jun/2015:21:35:14 +0300] "GET /rus-16897.html HTTP/1.0" 200 446210 "http://yandex.ru/clck/jsredir?from=yandex.ru%3Bsearch%2F%3Bweb%3B%3B&text=&etext=723.uA53eXDXfge668ndl8uLuk0e855lVN8Uys9IB5AB3JY0UUmb70JR8_3MzAxeGE_AN1zH_8pSMlvxHbBpB7bmAp3mn1gA7PgCErbNfOZl4DinEj5Un9w6uMOZ0cEmuf2T5rSl0NVhsgAy2bJmGFmcCJSiAWQYCBCHhdddGjuq0JqSDJvWe574CnmwnPY3xFQ8pCwLXgksVwoKQFJ1FfBR_Q.a41de3b25f0eaa0d602f3f545e2d4063cd83c53f&uuid=&state=PEtFfuTeVD4jaxywoSUvtIOJU2Qw4v_Y0y4knGU7XorFOdYhlIctnQ&data=UlNrNmk5WktYejR0eWJFYk1LdmtxZ0IwM0xtOGFxVG5XOFNaM2VaM051ZVZyYTFTQVhQU1NGOWs2cHk5WmZLNXV0Qk92UlhueW9VTEw5bkVidzNUMWo2T1NCOEhRWS1lZ091RjZtSGFXUzc0ZzFxdzRubkU2Zw&b64e=2&sign=baa6f979dc715a92cb4258ae4089a0dc&keyno=0&cst=AiuY0DBWFJ7IXge4WdYJQZXfClUfJqToM9fxuRp790-rMkaAn3yTmoulzNesRKHMJNkxmrbJ7n39r1b9R5xtHSOToSSYYpYeHU7DmzR98Ymj0v3fx6hgcHOERnzjEjTxQvBZrtZ2Q3XTZfWIyOntpbfHFbQS04XikiB3QPpGpPRvas9ehhyvQw&ref=cM777e4sMOAycdZhdUbYHpMQ80108_UCHgI4h6Y0hbtoes4Cfdh8gF4s6RS35-wbpZsIopufUhEs_0ZKyQCt3EX3GK4dLUnQQeJiwZycLmy1GK0Ch7R6CqfICFUYtqgfSzjOp1HO0WB8S4TAZgt_pyolQmUBran1D9GpxE99kqaMmAiftjAKoGO-kbVwT9GoBts237yh7tCeWWfoDFVPlyShQSINF7J4ClYD-t38GQT0e-lG4XZyWBMRGoYQ9p8QQwzHvrQBsDA3SFtZ-PFtVrpPJPdCxM603IzjS_uBU-fdgpiRjj8gsd4e0RK5VqKZIAAb8nVDygsTG8bD5Zh6dH-kEYVQYWoAqT8jUF4BFHx_g6jy6TBDp6OKfxXTnYqY0iuUU2zTGIENe09ReffbaFpZm1b_jmUa5aqvskLHpiBfPVbS5vMx2Uxpnom9IlG8QMYQR6LJvSWVLHZi6EieBSdfJTG-hrhCbmlsev60huHubQsWfOxagaUR3R7B-E0IJv63ywtiSvFrsg8YrV_cf_N-rWxu-YLEzYlo8-QY3PMoUwItyZCFni30qSI6bwq8BwKUOZlWem4q0t9VQwMqosMUeC-ZR_N8_XojEm6cLNMj5311ssXS1xetOyhDbDMVzpERqAWQzdNLJAFm18eOpS8xgcDRODHx1FQ78wcTwa99oDhgrKUWudlFVDfu5Up-cH1sM70jw3o0x5HJzZrP8hZLBhwEWYoJj1kM9dTeDrly20xwGxrdTVCpP2Ek-265zxpLaXyh0jFMQ_Edq5rRO0QN_4Tpq5CKFShv8RL61KqzdeIuadcuGXjwtbPeEVvRnBG_uOBZDDqYWU-rMSuCulCVjM3KpXHyhpbghMmqTx8F5_JdeKQxKeqZlTicytJ6gLPQcoa6gPDitXzPS2tDpKB7nJI0BcfF7QNrZwLeu28DydGIcDvA6YJHKQs8Am2j2qtlh5K1N0ZFoYozm1HjhdmU7wi_-qWyt2pMyPwnYmy6mq3W2A1oDOrpGpD6WG8hYas0aW8Xfj56dt5xN9LthkYR8oBQzbp1rjxoIvsrUpnULVOMYi7GFWSvMc3DOhPZt3Wg6kHRS5VesHXu2hsTvDK5axTnt98AIbgKxG5Z7aW_Lud_ULfSm4_VrdDNmHVrXL1CpYoQKuTclCj2JvciWhEPVThdDHyJPDiML3YmFeAoS46ccBf5q5ZlnzQtoco1sKbiy8R9ZwE6wIS_P2r2NLyT531CX9a0ugEhiyRpksvPL5-9KO2i0qis2rV1sMnxIRJJDny1q3X4M7yR3oCw8WLsNCpnNds7qm_2ciS66J_9v3ylJaFSfTeCPnRPg6LJXywn3UAW8vBhh7QqAbM_wPzKqmOW0AfPaUo29jA43RV9IO1D_uQyZ7jRh8AyWTJ2Le895Bq6jRCdxY7ObpfNIZcCRfL1_i-QfoPbkKgGNfyLxgts2oFbbOmV8ugqZmQ5qXItzjB-F86ZySsuaa8FyO3cvBipEUE4Ggcsz0Q4KB-H63EoBVegG2Y5iQYgetZHF6TbzaHKHNyv-pferGtwcEXv9E5x-ycoC7TIjeMqMQUnvDscQ9TdtDWj1gxacN9LFhLoDVbohY2ki-30jki6Z_D8iHue9e-hJrjxfno_POVcyt3HJdeLmxDk6QqX8SbHC07tQvRlnS4KIyQJD3bmmrGW926n4WaAIijJs_Ijjq2Vra5H6RT-p7UDDrQVdJFRrhhEDAk-UVPsMN41QO1obxmgeA7quZUtC2LVThFQUHk81nbl7MhnvqGTnuwRGUAsyhzrqYlpXqPKypq3e3LQWs2ls5vz9EUWjTrV_HiQQHOAFh1QB1LKjpVcrMoeGSohB6EaldgEGkoiUzYemAgectmBXafREvTOZcKR_7L3tOkDLdNGvj05gKCYY1M8KAERJ6-pNwduaFbu7YiKTRXk4y0dRQAA-V1G8thRKWFr0k8_2HZwwZa_uY3Cts7sYzMehIuJ2gsv2gymeM7xXYO2kyusXfTklmDsfZIPmWDEd656UN16hfGet9Yp7DNr8kYbvhL6TEht0F6YAvrVUi0qNezHG_XfpyNNnAvIYFHyIzU&l10n=ru&cts=1434688512047&mc=5.475936743335323" "Mozilla/5.0 (Windows NT 6.1; WOW64) AppleWebKit/537.36 (KHTML, like Gecko) Chrome/41.0.2272.123 Safari/537.36"
31.129.65.30 - - [18/Jun/2015:21:35:21 +0300] "GET /components/com_sh404sef/images/external-black.png HTTP/1.0" 200 3621 "http://citiex.com.ua/rus-16897.html" "Mozilla/5.0 (Windows NT 6.1; WOW64) AppleWebKit/537.36 (KHTML, like Gecko) Chrome/41.0.2272.123 Safari/537.36"
31.129.65.30 - - [18/Jun/2015:21:35:20 +0300] "GET /templates/gk_aumi/lib/scripts/menu.php?style=suckerfish&width=1&height=1&opacity=1&animation=1&speed=250 HTTP/1.0" 200 253 "http://citiex.com.ua/rus-16897.html" "Mozilla/5.0 (Windows NT 6.1; WOW64) AppleWebKit/537.36 (KHTML, like Gecko) Chrome/41.0.2272.123 Safari/537.36"
31.129.65.30 - - [18/Jun/2015:21:35:21 +0300] "GET /templates/gk_aumi/images/bg_content_top.png HTTP/1.0" 200 133 "http://citiex.com.ua/cache/assets/15e1e423d7a27a0d8ee8e70b064c44eb.css" "Mozilla/5.0 (Windows NT 6.1; WOW64) AppleWebKit/537.36 (KHTML, like Gecko) Chrome/41.0.2272.123 Safari/537.36"
31.129.65.30 - - [18/Jun/2015:21:35:21 +0300] "GET /templates/gk_aumi/images/bg_top.png HTTP/1.0" 200 321 "http://citiex.com.ua/cache/assets/15e1e423d7a27a0d8ee8e70b064c44eb.css" "Mozilla/5.0 (Windows NT 6.1; WOW64) AppleWebKit/537.36 (KHTML, like Gecko) Chrome/41.0.2272.123 Safari/537.36"
31.129.65.30 - - [18/Jun/2015:21:35:21 +0300] "GET /templates/gk_aumi/images/bg_content_middle.png HTTP/1.0" 200 89 "http://citiex.com.ua/cache/assets/15e1e423d7a27a0d8ee8e70b064c44eb.css" "Mozilla/5.0 (Windows NT 6.1; WOW64) AppleWebKit/537.36 (KHTML, like Gecko) Chrome/41.0.2272.123 Safari/537.36"
31.129.65.30 - - [18/Jun/2015:21:35:21 +0300] "GET /templates/gk_aumi/images/menu_li.png HTTP/1.0" 200 181 "http://citiex.com.ua/cache/assets/15e1e423d7a27a0d8ee8e70b064c44eb.css" "Mozilla/5.0 (Windows NT 6.1; WOW64) AppleWebKit/537.36 (KHTML, like Gecko) Chrome/41.0.2272.123 Safari/537.36"
31.129.65.30 - - [18/Jun/2015:21:35:21 +0300] "GET /templates/gk_aumi/images/bg_footer.png HTTP/1.0" 200 325 "http://citiex.com.ua/cache/assets/15e1e423d7a27a0d8ee8e70b064c44eb.css" "Mozilla/5.0 (Windows NT 6.1; WOW64) AppleWebKit/537.36 (KHTML, like Gecko) Chrome/41.0.2272.123 Safari/537.36"
31.129.65.30 - - [18/Jun/2015:21:35:22 +0300] "GET /templates/gk_aumi/favicon.ico HTTP/1.0" 200 1406 "-" "Mozilla/5.0 (Windows NT 6.1; WOW64) AppleWebKit/537.36 (KHTML, like Gecko) Chrome/41.0.2272.123 Safari/537.36"
178.255.153.2 - - [18/Jun/2015:21:36:16 +0300] "GET / HTTP/1.0" 200 20170 "-" "Pingdom.com_bot_version_1.4_(http://www.pingdom.com/)"
31.129.65.30 - - [18/Jun/2015:21:36:37 +0300] "GET /rus-16897.html?_=1434685379189 HTTP/1.0" 200 446408 "-" "Mozilla/5.0 (Windows NT 6.1; WOW64) AppleWebKit/537.36 (KHTML, like Gecko) Chrome/41.0.2272.123 Safari/537.36"
5.255.253.203 - - [18/Jun/2015:21:37:29 +0300] "GET /1-obshie-voprosy-po-ocenke-imushestva/8.html?format=feed&lang=ru&limit=5&limitstart=5&type=rss HTTP/1.0" 200 14358 "-" "Mozilla/5.0 (compatible; YandexBot/3.0; +http://yandex.com/bots)"
5.255.253.203 - - [18/Jun/2015:21:37:31 +0300] "GET /slovar-terminov/slovar-ocenschika-samolety-i-vertolety-8/%d0%a2/tarirovka-priborov-3940.html HTTP/1.0" 200 15147 "-" "Mozilla/5.0 (compatible; YandexBot/3.0; +http://yandex.com/bots)"
5.255.253.127 - - [18/Jun/2015:21:37:33 +0300] "GET /rus-16897.html HTTP/1.0" 200 446210 "-" "Mozilla/5.0 (compatible; YandexBot/3.0; +http://yandex.com/bots)"
66.249.78.248 - - [18/Jun/2015:21:38:01 +0300] "GET /1-obshie-voprosy-po-ocenke-imushestva/7.html?format=feed&lang=ru&limit=5&limitstart=5&type=atom HTTP/1.0" 200 22804 "-" "Mozilla/5.0 (compatible; Googlebot/2.1; +http://www.google.com/bot.html)"
194.44.218.131 - - [18/Jun/2015:21:39:12 +0300] "GET /robots.txt HTTP/1.0" 200 304 "-" "Mozilla/5.0 (compatible; MJ12bot/v1.4.5; http://www.majestic12.co.uk/bot.php?+)"
108.62.115.226 - - [18/Jun/2015:21:41:16 +0300] "GET / HTTP/1.0" 200 20170 "-" "Pingdom.com_bot_version_1.4_(http://www.pingdom.com/)"
157.55.39.127 - - [18/Jun/2015:21:41:22 +0300] "GET /ukrsibbank.html HTTP/1.0" 200 27607 "-" "Mozilla/5.0 (compatible; bingbot/2.0; +http://www.bing.com/bingbot.htm)"
184.75.209.18 - - [18/Jun/2015:21:46:16 +0300] "GET / HTTP/1.0" 200 20170 "-" "Pingdom.com_bot_version_1.4_(http://www.pingdom.com/)"
.pdf 66.249.78.248 - - [18/Jun/2015:21:46:40 +0300] "GET /attachments/article/1384/20130116-%d0%90%d0%bd%d0%b0%d0%bb%d0%b8%d0%b7-%d0%a1%d0%b5%d0%b2%d0%b0%d1%81%d1%82%d0%be%d0%bf%d0%be%d0%bb%d1%8c-%d0%94%d0%be%d1%85%d0%be%d0%b4%d0%bd%d0%b0%d1%8f%20.pdf HTTP/1.0" 200 3442716 "-" "Mozilla/5.0 (compatible; Googlebot/2.1; +http://www.google.com/bot.html)"
199.87.228.66 - - [18/Jun/2015:21:51:16 +0300] "GET / HTTP/1.0" 200 20170 "-" "Pingdom.com_bot_version_1.4_(http://www.pingdom.com/)"
94.247.174.83 - - [18/Jun/2015:21:56:16 +0300] "GET / HTTP/1.0" 200 20170 "-" "Pingdom.com_bot_version_1.4_(http://www.pingdom.com/)"
194.44.218.131 - - [18/Jun/2015:21:58:42 +0300] "GET /velikomihaylovskoe-bti.html HTTP/1.0" 200 17715 "-" "Mozilla/5.0 (compatible; MJ12bot/v1.4.5; http://www.majestic12.co.uk/bot.php?+)"
194.44.218.131 - - [18/Jun/2015:21:59:53 +0300] "GET /robots.txt HTTP/1.0" 200 304 "-" "Mozilla/5.0 (compatible; MJ12bot/v1.4.5; http://www.majestic12.co.uk/bot.php?+)"
194.44.218.131 - - [18/Jun/2015:21:59:57 +0300] "GET /velikonovoselkovskoe-bti.html HTTP/1.0" 200 17730 "-" "Mozilla/5.0 (compatible; MJ12bot/v1.4.5; http://www.majestic12.co.uk/bot.php?+)"
194.44.218.131 - - [18/Jun/2015:22:00:00 +0300] "GET /vest-fajnens-end-kredit-bank.html HTTP/1.0" 200 27607 "-" "Mozilla/5.0 (compatible; MJ12bot/v1.4.5; http://www.majestic12.co.uk/bot.php?+)"
194.44.218.131 - - [18/Jun/2015:22:00:08 +0300] "GET /volodimirskij.html HTTP/1.0" 200 27607 "-" "Mozilla/5.0 (compatible; MJ12bot/v1.4.5; http://www.majestic12.co.uk/bot.php?+)"
194.44.218.131 - - [18/Jun/2015:22:00:22 +0300] "GET /vseukrayinskij-bank-rozvitku.html HTTP/1.0" 200 27607 "-" "Mozilla/5.0 (compatible; MJ12bot/v1.4.5; http://www.majestic12.co.uk/bot.php?+)"
194.44.218.131 - - [18/Jun/2015:22:00:24 +0300] "GET /vtb-bank.html HTTP/1.0" 200 27607 "-" "Mozilla/5.0 (compatible; MJ12bot/v1.4.5; http://www.majestic12.co.uk/bot.php?+)"
194.44.218.131 - - [18/Jun/2015:22:00:30 +0300] "GET /yurt.html HTTP/1.0" 200 27607 "-" "Mozilla/5.0 (compatible; MJ12bot/v1.4.5; http://www.majestic12.co.uk/bot.php?+)"
194.44.218.131 - - [18/Jun/2015:22:00:34 +0300] "GET /yvan.html HTTP/1.0" 200 27607 "-" "Mozilla/5.0 (compatible; MJ12bot/v1.4.5; http://www.majestic12.co.uk/bot.php?+)"
194.44.218.131 - - [18/Jun/2015:22:00:37 +0300] "GET /zahidinkombank.html HTTP/1.0" 200 27607 "-" "Mozilla/5.0 (compatible; MJ12bot/v1.4.5; http://www.majestic12.co.uk/bot.php?+)"
194.44.218.131 - - [18/Jun/2015:22:00:39 +0300] "GET /zahist.html HTTP/1.0" 200 27607 "-" "Mozilla/5.0 (compatible; MJ12bot/v1.4.5; http://www.majestic12.co.uk/bot.php?+)"
194.44.218.131 - - [18/Jun/2015:22:00:42 +0300] "GET /zalischickoe-bti.html HTTP/1.0" 200 17654 "-" "Mozilla/5.0 (compatible; MJ12bot/v1.4.5; http://www.majestic12.co.uk/bot.php?+)"
194.44.218.131 - - [18/Jun/2015:22:00:45 +0300] "GET /zalogovoe-agentstvo.html HTTP/1.0" 200 27607 "-" "Mozilla/5.0 (compatible; MJ12bot/v1.4.5; http://www.majestic12.co.uk/bot.php?+)"
194.44.218.131 - - [18/Jun/2015:22:00:48 +0300] "GET /zaporizhzhya.html HTTP/1.0" 200 27607 "-" "Mozilla/5.0 (compatible; MJ12bot/v1.4.5; http://www.majestic12.co.uk/bot.php?+)"
194.44.218.131 - - [18/Jun/2015:22:00:51 +0300] "GET /zaporojskoe-odkp.html HTTP/1.0" 200 17661 "-" "Mozilla/5.0 (compatible; MJ12bot/v1.4.5; http://www.majestic12.co.uk/bot.php?+)"
194.44.218.131 - - [18/Jun/2015:22:00:54 +0300] "GET /zastavnenskoe-rbti.html HTTP/1.0" 200 17671 "-" "Mozilla/5.0 (compatible; MJ12bot/v1.4.5; http://www.majestic12.co.uk/bot.php?+)"
194.44.218.131 - - [18/Jun/2015:22:00:57 +0300] "GET /zbarajskoe-bti.html HTTP/1.0" 200 17655 "-" "Mozilla/5.0 (compatible; MJ12bot/v1.4.5; http://www.majestic12.co.uk/bot.php?+)"
194.44.218.131 - - [18/Jun/2015:22:01:00 +0300] "GET /zborovskoe-bti.html HTTP/1.0" 200 1856 "-" "Mozilla/5.0 (compatible; MJ12bot/v1.4.5; http://www.majestic12.co.uk/bot.php?+)"
194.44.218.131 - - [18/Jun/2015:22:01:02 +0300] "GET /zemlevlasnik.html HTTP/1.0" 200 27607 "-" "Mozilla/5.0 (compatible; MJ12bot/v1.4.5; http://www.majestic12.co.uk/bot.php?+)"
194.44.218.131 - - [18/Jun/2015:22:01:05 +0300] "GET /zlagoda-m.-mikolayiv.html HTTP/1.0" 200 27607 "-" "Mozilla/5.0 (compatible; MJ12bot/v1.4.5; http://www.majestic12.co.uk/bot.php?+)"
194.44.218.131 - - [18/Jun/2015:22:01:08 +0300] "GET /zlagoda-m.-uman-cherkaska-obl.html HTTP/1.0" 200 27607 "-" "Mozilla/5.0 (compatible; MJ12bot/v1.4.5; http://www.majestic12.co.uk/bot.php?+)"
194.44.218.131 - - [18/Jun/2015:22:01:13 +0300] "GET /zlagoda-m.-vinnicya.html HTTP/1.0" 200 27607 "-" "Mozilla/5.0 (compatible; MJ12bot/v1.4.5; http://www.majestic12.co.uk/bot.php?+)"
194.44.218.131 - - [18/Jun/2015:22:01:16 +0300] "GET /zlatograd.html HTTP/1.0" 200 14183 "-" "Mozilla/5.0 (compatible; MJ12bot/v1.4.5; http://www.majestic12.co.uk/bot.php?+)"
204.152.200.42 - - [18/Jun/2015:22:01:16 +0300] "GET / HTTP/1.0" 200 20170 "-" "Pingdom.com_bot_version_1.4_(http://www.pingdom.com/)"
194.44.218.131 - - [18/Jun/2015:22:01:18 +0300] "GET /zolochevskoe-mbti.html HTTP/1.0" 200 17668 "-" "Mozilla/5.0 (compatible; MJ12bot/v1.4.5; http://www.majestic12.co.uk/bot.php?+)"
66.249.78.236 - - [18/Jun/2015:22:02:44 +0300] "GET /component/option,com_fsf/Itemid,99/catid,0/faqid,26/lang,ru/limit,10/limitstart,10/tmpl,component/view,faq/ HTTP/1.0" 200 6148 "-" "Mozilla/5.0 (compatible; Googlebot/2.1; +http://www.google.com/bot.html)"
96.31.66.245 - - [18/Jun/2015:22:06:16 +0300] "GET / HTTP/1.0" 200 20170 "-" "Pingdom.com_bot_version_1.4_(http://www.pingdom.com/)"
217.69.136.206 - - [18/Jun/2015:22:08:42 +0300] "GET /robots.txt HTTP/1.0" 200 304 "-" "Mozilla/5.0 (compatible; Linux x86_64; Mail.RU_Bot/2.0; +http://go.mail.ru/help/robots)"
85.17.156.11 - - [18/Jun/2015:22:11:16 +0300] "GET / HTTP/1.0" 200 20170 "-" "Pingdom.com_bot_version_1.4_(http://www.pingdom.com/)"
188.138.124.110 - - [18/Jun/2015:22:16:16 +0300] "GET / HTTP/1.0" 200 20170 "-" "Pingdom.com_bot_version_1.4_(http://www.pingdom.com/)"
5.255.253.203 - - [18/Jun/2015:22:18:33 +0300] "GET /ukr-3480-iv.html HTTP/1.0" 200 221169 "-" "Mozilla/5.0 (compatible; YandexBot/3.0; +http://yandex.com/bots)"
72.46.130.42 - - [18/Jun/2015:22:21:16 +0300] "GET / HTTP/1.0" 200 20170 "-" "Pingdom.com_bot_version_1.4_(http://www.pingdom.com/)"
178.255.153.2 - - [18/Jun/2015:22:26:16 +0300] "GET / HTTP/1.0" 200 20170 "-" "Pingdom.com_bot_version_1.4_(http://www.pingdom.com/)"
108.62.115.226 - - [18/Jun/2015:22:31:16 +0300] "GET / HTTP/1.0" 200 20170 "-" "Pingdom.com_bot_version_1.4_(http://www.pingdom.com/)"
184.75.209.18 - - [18/Jun/2015:22:36:16 +0300] "GET / HTTP/1.0" 200 20170 "-" "Pingdom.com_bot_version_1.4_(http://www.pingdom.com/)"
.pdf 66.249.78.236 - - [18/Jun/2015:22:39:46 +0300] "GET /attachments/article/1382/20121208-%d0%90%d0%bd%d0%b0%d0%bb%d0%b8%d0%b7-%d0%a1%d0%b5%d0%b2%d0%b0%d1%81%d1%82%d0%be%d0%bf%d0%be%d0%bb%d1%8c-%d0%94%d0%be%d1%85%d0%be%d0%b4%d0%bd%d0%b0%d1%8f%20.pdf HTTP/1.0" 200 3463220 "-" "Mozilla/5.0 (compatible; Googlebot/2.1; +http://www.google.com/bot.html)"
199.87.228.66 - - [18/Jun/2015:22:41:16 +0300] "GET / HTTP/1.0" 200 20170 "-" "Pingdom.com_bot_version_1.4_(http://www.pingdom.com/)"
157.56.1.90 - - [18/Jun/2015:22:45:23 +0300] "GET / HTTP/1.0" 200 20170 "-" "Mozilla/5.0 (compatible; MSIE 9.0; Windows NT 6.1; Trident/5.0; Trident/5.0)"
157.56.1.90 - - [18/Jun/2015:22:45:24 +0300] "GET /cache/assets/e9ebe353e2078dee925298f522dfa216.css HTTP/1.0" 200 40053 "http://citiex.com.ua/" "Mozilla/5.0 (compatible; MSIE 9.0; Windows NT 6.1; Trident/5.0; Trident/5.0)"
157.56.1.90 - - [18/Jun/2015:22:45:25 +0300] "GET /plugins/content/attachments_refresh.js HTTP/1.0" 200 1560 "http://citiex.com.ua/" "Mozilla/5.0 (compatible; MSIE 9.0; Windows NT 6.1; Trident/5.0; Trident/5.0)"
157.56.1.90 - - [18/Jun/2015:22:45:25 +0300] "GET /media/system/js/caption.js HTTP/1.0" 200 1963 "http://citiex.com.ua/" "Mozilla/5.0 (compatible; MSIE 9.0; Windows NT 6.1; Trident/5.0; Trident/5.0)"
157.56.1.90 - - [18/Jun/2015:22:45:25 +0300] "GET /media/system/js/mootools.js HTTP/1.0" 200 74434 "http://citiex.com.ua/" "Mozilla/5.0 (compatible; MSIE 9.0; Windows NT 6.1; Trident/5.0; Trident/5.0)"
157.56.1.90 - - [18/Jun/2015:22:45:25 +0300] "GET /templates/gk_aumi/lib/scripts/template_scripts.js HTTP/1.0" 200 2281 "http://citiex.com.ua/" "Mozilla/5.0 (compatible; MSIE 9.0; Windows NT 6.1; Trident/5.0; Trident/5.0)"
157.56.1.90 - - [18/Jun/2015:22:45:25 +0300] "GET /templates/gk_aumi/lib/scripts/hltable.js HTTP/1.0" 200 3646 "http://citiex.com.ua/" "Mozilla/5.0 (compatible; MSIE 9.0; Windows NT 6.1; Trident/5.0; Trident/5.0)"
157.56.1.90 - - [18/Jun/2015:22:45:25 +0300] "GET /templates/gk_aumi/lib/scripts/menu.php?style=suckerfish&width=1&height=1&opacity=1&animation=1&speed=250 HTTP/1.0" 200 253 "http://citiex.com.ua/" "Mozilla/5.0 (compatible; MSIE 9.0; Windows NT 6.1; Trident/5.0; Trident/5.0)"
157.56.1.90 - - [18/Jun/2015:22:45:29 +0300] "GET /templates/gk_aumi/css/ie7_css.css HTTP/1.0" 200 678 "http://citiex.com.ua/" "Mozilla/5.0 (compatible; MSIE 9.0; Windows NT 6.1; Trident/5.0; Trident/5.0)"
94.247.174.83 - - [18/Jun/2015:22:46:16 +0300] "GET / HTTP/1.0" 200 20170 "-" "Pingdom.com_bot_version_1.4_(http://www.pingdom.com/)"
66.249.67.115 - - [18/Jun/2015:22:46:25 +0300] "GET /component/option,com_fsf/Itemid,108/catid,0/faqid,14/lang,ru/limit,10/tmpl,component/view,faq/ HTTP/1.0" 200 6743 "-" "Mozilla/5.0 (compatible; Googlebot/2.1; +http://www.google.com/bot.html)"
66.249.78.227 - - [18/Jun/2015:22:48:20 +0300] "GET /index.php?option=com_aicontactsafe&sTask=message&task=message&pf=4&next_use_ajax=1&r_id=2025810772&format=raw&lang=ru&Itemid=175 HTTP/1.0" 301 - "-" "Mozilla/5.0 (compatible; Googlebot/2.1; +http://www.google.com/bot.html)"
66.249.78.227 - - [18/Jun/2015:22:48:20 +0300] "GET /faq.html?format=raw&next_use_ajax=1&r_id=2025810772&sTask=message&task=message HTTP/1.0" 200 5566 "-" "Mozilla/5.0 (compatible; Googlebot/2.1; +http://www.google.com/bot.html)"
66.249.78.248 - - [18/Jun/2015:22:50:13 +0300] "GET /component/option,com_fsf/Itemid,108/catid,0/faqid,12/lang,ru/limit,10/tmpl,component/view,faq/ HTTP/1.0" 200 6496 "-" "Mozilla/5.0 (compatible; Googlebot/2.1; +http://www.google.com/bot.html)"
204.152.200.42 - - [18/Jun/2015:22:51:16 +0300] "GET / HTTP/1.0" 200 20170 "-" "Pingdom.com_bot_version_1.4_(http://www.pingdom.com/)"
91.250.4.107 - - [18/Jun/2015:22:51:21 +0300] "GET /slovar-terminov/slovar-ocenschika-korabli-i-suda-7/%d0%a6/cepnoy-yaschik-3699.html HTTP/1.0" 200 15771 "http://yandex.ua/clck/jsredir?from=yandex.ua%3Bsearch%2F%3Bweb%3B%3B&text=&etext=723.pP6OwFgmpNwJcGfa5048DBJvFEFd7kbcDRtWPxzm8JSitOPWIq49sNuQ3oeDMz_Dt2k_FikwwYBoWjNlt5P0FA.f5e600e9a9087db4d38725ff24a50eddcdb4280a&uuid=&state=PEtFfuTeVD5kpHnK9lio9aY8QgvZys2CXOCvRZ8HS-mYqXHcZk1UyA&data=UlNrNmk5WktYejR0eWJFYk1LdmtxZ0IwM0xtOGFxVG5XOFNaM2VaM051Zjc3OGYwNUp1MHdkSnJsNy1ZNlp1WHhjTFl3SzRVZ1dKd3lCeWpqTFVydUpPOGNGQkpZR2lPNUtiOUxTMW1DQXpONDdhVWpjLW10NENfd0ZrbGN4dkJOS08xSGlINkJvS1VKZnZHMTZsOHFMbGNfc3A3bXNBSEUzcGVTbnNyaVQ1cEtCVE0xS2JITEVYMUQ1cEJ4dllWVlB4UzEtX0ZYTFRKLUpqVEs5eFA5UFdRWmJvYm5GZTQ&b64e=2&sign=ebec871df4da4c2044f6a13d3bfd3b3e&keyno=0&cst=AiuY0DBWFJ7IXge4WdYJQYtNprRPFzufmfstwoKRdCfPe4hhuK-_Vnw2RIqoKyRLBLwhlH5ZVvfaL0tH0gBKEn-rbu6y4eUX9ao4EqszNLtMnsexBrbmaObwP_AbOPNyIjn_4Hi4f-aTmsVhecwxxX-9DzPYxmpCIuQPTY7i5TYzXQMCvBeYekr3Vg6DR8IM755YCdtGyX9UoB0o3m-1x19rZwhNe-k9xPjO518g6ZSldXpQyBOQCnRhCFO4_YJ1r_ugtFzi_XorvjdkYUYugAb4Oln20Pu64WZZ-ZUuaDNCL_vw0O4r3TEVk_vTEgfMEMSioYMsRmg&ref=cM777e4sMODZ_bseNIiUXLLP1hUpxJxqJpnvWj8jeso3Ud_7hjsrRwpW-3kvwLQU75HzwLdgvUA7ug5BB339MnGK03UZXeRnZD-lTPuk_Vk6PYW-LxqOqDidml1T3iqxIOZc_YH27ovCuTsLp2XNv2-kssXZbLh_nN1MZK0PLucURtLmVi3F0qWmQsOTj7UlQX-_CAn5Y__ldpEDintLCdkS5fn05pz92Dm-vYNZ9AynB7aDdtiE7PPkPkAWpkc4r4HoyIZS_gXVw7Ab4UT-aElBklFT5AOTHUN-oNKTSoLDW_lF_UXM38murAa4f5aM_fauh6cYgXm-YKOznuQXQBjbzLZPb7qYZsa21L_qMIHSfakmvdckQiiAuPQquFLC0LmJhBesQIDT-C5eGW2RpLo0dvNWdh8BNpWRC6eV2SIRJ9YHUpkPYDKEWgBxAPz-OVfCuOSurMZyadTjucc_idMXZt5pFgA_JivGvr_e9lOTHA1_Y3L05E9ChMJ59cEv3febrRZIS529cuQ8GlhLjfK7Zt4QQpLZ5Y4kPe34o5rF9Ej1bRkDTIoJvtt3pHrKZcZC7dSeYklLxPJinsuNyA0Re37nHfKzxM14QK70GW4bCuWn_T-XnAX8MYmjwJcyEaIIROCNaK25VMt-GUpgrQ_28GDBnYhTSuMVEhsxobfOGfX0M6OAXg2QDn5bLCOpSmOFRJ2E3fFMIQkaA8FiotZr6VOicHADXPKL-bmSDdIv4WuHg1RadaTzHvv-kWYCX5EloRn_7rbKW5Y0HLlYJAhaIvwMQcZRL0B7ReAjPVR16j8FGF4-dbcQv-ffE922_FYFmk5wfoW2iVsFfzHxfattj1gEU6pQp5AN_ag5RhJtyYdxCCJ1JHlf-bXzo7WLL4nvOWORcEWwkS0CY0LKnSTzqBz7WOlmxqX7MWBR6rTJMGFOjTFXxgOyNaPvPpb54tRCgGJpOPvh7BGXoAZeIx283uG_HcNJvMwZ6GgMz-rdWgDb8u0VmhPm4_xmJW66n3FZsMSPgyyje33PxfbwNsfX7eDDuWil6T9FGxg5HnyxxNuujMUR9Ob0oEq3RgevbWNZ07Aws0pNuoDX0oxWxZxjfUTbN-0RxTsq5-2L4DNWKvdPI00qA1h9bni62gZJkkmoMAxQt85Y_FZXXtegIQNJ69LvB4Fana7CcA3Ne0NVKTqcjPCOY97ksLVXcdRR_FhigeMz5zAAcwM2FiqH6U9md7WJRk38-1Vzf_IPYgkxY-aemgCpGCeyf7QMoPF8__Ac9Gt_b64ntFCKy0uouCHmIw_lHzaIMbFLkgnC_qlU8wM6p2YkDRVpqezPaeQ822QekEo1-CfNEYZBpQFpv_T_cjepeh_wqVBwM2pYADTWSG7GelBOzDqMMtNhifNF66KeRyqsw48gLZhVpKcGPNKRxYKCNahIfmL_Qeebove0V1KOjVImGYLavWWj9SfJuDxS-i71_AlWZSsMgw1oF5oj2lThhNQ-v2oANR0wHBJQXAqJ5GaA4iWgaAxro6MV4gWOHb5PU7rliLJgGDrl0a5nDTAD9u_sYKSUCr7xqOmFtvSK6yUKz4eEPWwb7ZqTD1RLCG8ZCgv3tzjn9v-KkOJiST1lxu3g-G9BP2LO5m7IAJ8zgLMPYMerqQjw4Xr61X8FKVqLJCGox_m4ct3KYVGb3ps01r-mpODyLvrBRdVFgHJMw5ylhlkuqI0WFVgrgvuUXJlW6MQ&l10n=uk&cts=1434657077481&mc=4.636541433080047" "Mozilla/5.0 (Windows NT 6.1; WOW64; rv:38.0) Gecko/20100101 Firefox/38.0"
91.250.4.107 - - [18/Jun/2015:22:51:22 +0300] "GET /media/system/js/mootools.js HTTP/1.0" 200 74434 "http://citiex.com.ua/slovar-terminov/slovar-ocenschika-korabli-i-suda-7/%D0%A6/cepnoy-yaschik-3699.html" "Mozilla/5.0 (Windows NT 6.1; WOW64; rv:38.0) Gecko/20100101 Firefox/38.0"
91.250.4.107 - - [18/Jun/2015:22:51:22 +0300] "GET /cache/assets/ef65064a64c7ce9b4395600cb8db9f36.css HTTP/1.0" 200 41592 "http://citiex.com.ua/slovar-terminov/slovar-ocenschika-korabli-i-suda-7/%D0%A6/cepnoy-yaschik-3699.html" "Mozilla/5.0 (Windows NT 6.1; WOW64; rv:38.0) Gecko/20100101 Firefox/38.0"
91.250.4.107 - - [18/Jun/2015:22:51:22 +0300] "GET /templates/gk_aumi/lib/scripts/template_scripts.js HTTP/1.0" 200 2281 "http://citiex.com.ua/slovar-terminov/slovar-ocenschika-korabli-i-suda-7/%D0%A6/cepnoy-yaschik-3699.html" "Mozilla/5.0 (Windows NT 6.1; WOW64; rv:38.0) Gecko/20100101 Firefox/38.0"
91.250.4.107 - - [18/Jun/2015:22:51:22 +0300] "GET /templates/gk_aumi/lib/scripts/hltable.js HTTP/1.0" 200 3646 "http://citiex.com.ua/slovar-terminov/slovar-ocenschika-korabli-i-suda-7/%D0%A6/cepnoy-yaschik-3699.html" "Mozilla/5.0 (Windows NT 6.1; WOW64; rv:38.0) Gecko/20100101 Firefox/38.0"
91.250.4.107 - - [18/Jun/2015:22:51:22 +0300] "GET /templates/gk_aumi/lib/scripts/menu.php?style=suckerfish&width=1&height=1&opacity=1&animation=1&speed=250 HTTP/1.0" 200 253 "http://citiex.com.ua/slovar-terminov/slovar-ocenschika-korabli-i-suda-7/%D0%A6/cepnoy-yaschik-3699.html" "Mozilla/5.0 (Windows NT 6.1; WOW64; rv:38.0) Gecko/20100101 Firefox/38.0"
91.250.4.107 - - [18/Jun/2015:22:51:22 +0300] "GET /templates/gk_aumi/favicon.ico HTTP/1.0" 200 1406 "-" "Mozilla/5.0 (Windows NT 6.1; WOW64; rv:38.0) Gecko/20100101 Firefox/38.0"
91.250.4.107 - - [18/Jun/2015:22:51:23 +0300] "GET /components/com_sh404sef/images/external-black.png HTTP/1.0" 200 3621 "http://citiex.com.ua/slovar-terminov/slovar-ocenschika-korabli-i-suda-7/%D0%A6/cepnoy-yaschik-3699.html" "Mozilla/5.0 (Windows NT 6.1; WOW64; rv:38.0) Gecko/20100101 Firefox/38.0"
91.250.4.107 - - [18/Jun/2015:22:51:23 +0300] "GET /templates/gk_aumi/images/logo.png HTTP/1.0" 200 6149 "http://citiex.com.ua/slovar-terminov/slovar-ocenschika-korabli-i-suda-7/%D0%A6/cepnoy-yaschik-3699.html" "Mozilla/5.0 (Windows NT 6.1; WOW64; rv:38.0) Gecko/20100101 Firefox/38.0"
91.250.4.107 - - [18/Jun/2015:22:51:23 +0300] "GET /templates/gk_aumi/images/bg_top.png HTTP/1.0" 200 321 "http://citiex.com.ua/cache/assets/ef65064a64c7ce9b4395600cb8db9f36.css" "Mozilla/5.0 (Windows NT 6.1; WOW64; rv:38.0) Gecko/20100101 Firefox/38.0"
91.250.4.107 - - [18/Jun/2015:22:51:23 +0300] "GET /templates/gk_aumi/images/bg_content_middle.png HTTP/1.0" 200 89 "http://citiex.com.ua/cache/assets/ef65064a64c7ce9b4395600cb8db9f36.css" "Mozilla/5.0 (Windows NT 6.1; WOW64; rv:38.0) Gecko/20100101 Firefox/38.0"
91.250.4.107 - - [18/Jun/2015:22:51:23 +0300] "GET /templates/gk_aumi/images/bg_content_top.png HTTP/1.0" 200 133 "http://citiex.com.ua/cache/assets/ef65064a64c7ce9b4395600cb8db9f36.css" "Mozilla/5.0 (Windows NT 6.1; WOW64; rv:38.0) Gecko/20100101 Firefox/38.0"
91.250.4.107 - - [18/Jun/2015:22:51:23 +0300] "GET /templates/gk_aumi/images/menu_li.png HTTP/1.0" 200 181 "http://citiex.com.ua/cache/assets/ef65064a64c7ce9b4395600cb8db9f36.css" "Mozilla/5.0 (Windows NT 6.1; WOW64; rv:38.0) Gecko/20100101 Firefox/38.0"
91.250.4.107 - - [18/Jun/2015:22:51:23 +0300] "GET /templates/gk_aumi/images/bg_footer.png HTTP/1.0" 200 325 "http://citiex.com.ua/cache/assets/ef65064a64c7ce9b4395600cb8db9f36.css" "Mozilla/5.0 (Windows NT 6.1; WOW64; rv:38.0) Gecko/20100101 Firefox/38.0"
5.255.253.203 - - [18/Jun/2015:22:56:10 +0300] "GET /slovar-terminov/slovar-ocenschika-korabli-i-suda-7/%d0%a6/cepnoy-yaschik-3699.html HTTP/1.0" 200 15771 "-" "Mozilla/5.0 (compatible; YandexBot/3.0; +http://yandex.com/bots)"
96.31.66.245 - - [18/Jun/2015:22:56:16 +0300] "GET / HTTP/1.0" 200 20170 "-" "Pingdom.com_bot_version_1.4_(http://www.pingdom.com/)"
157.55.39.127 - - [18/Jun/2015:23:00:33 +0300] "GET /slovar-terminov/slovar-ocenschika-samolety-i-vertolety-8/%d0%90/aviacionnaya-organizaciya-vklyuchaya-aviacionnoe-predpriyatie-3713.html HTTP/1.0" 200 16041 "-" "Mozilla/5.0 (compatible; bingbot/2.0; +http://www.bing.com/bingbot.htm)"
85.17.156.11 - - [18/Jun/2015:23:01:16 +0300] "GET / HTTP/1.0" 200 20170 "-" "Pingdom.com_bot_version_1.4_(http://www.pingdom.com/)"
66.249.78.248 - - [18/Jun/2015:23:01:45 +0300] "GET / HTTP/1.0" 200 20170 "-" "Mozilla/5.0 (compatible; Googlebot/2.1; +http://www.google.com/bot.html)"
217.69.136.205 - - [18/Jun/2015:23:03:04 +0300] "GET /harkovskoe-mbti.html HTTP/1.0" 200 17658 "-" "Mozilla/5.0 (compatible; Linux x86_64; Mail.RU_Bot/2.0; +http://go.mail.ru/help/robots)"
188.138.124.110 - - [18/Jun/2015:23:06:16 +0300] "GET / HTTP/1.0" 200 20170 "-" "Pingdom.com_bot_version_1.4_(http://www.pingdom.com/)"
157.55.39.37 - - [18/Jun/2015:23:09:38 +0300] "GET /slovar-terminov/slovar-ocenschika-nedvizhimost-i-ipoteka-2/%d0%9e.html HTTP/1.0" 200 35108 "-" "Mozilla/5.0 (compatible; bingbot/2.0; +http://www.bing.com/bingbot.htm)"
72.46.130.42 - - [18/Jun/2015:23:11:16 +0300] "GET / HTTP/1.0" 200 20170 "-" "Pingdom.com_bot_version_1.4_(http://www.pingdom.com/)"
66.249.78.248 - - [18/Jun/2015:23:14:55 +0300] "GET /component/option,com_fsf/Itemid,108/catid,7/lang,ru/view,faq/function.mysql-real-escape-string HTTP/1.0" 200 29559 "-" "Mozilla/5.0 (compatible; Googlebot/2.1; +http://www.google.com/bot.html)"
157.55.39.127 - - [18/Jun/2015:23:15:25 +0300] "GET /ocenka-kvartir-i-komnat.html HTTP/1.0" 200 27188 "-" "Mozilla/5.0 (iPhone; CPU iPhone OS 7_0 like Mac OS X) AppleWebKit/537.51.1 (KHTML, like Gecko) Version/7.0 Mobile/11A465 Safari/9537.53 (compatible; bingbot/2.0; http://www.bing.com/bingbot.htm)"
178.255.153.2 - - [18/Jun/2015:23:16:16 +0300] "GET / HTTP/1.0" 200 20170 "-" "Pingdom.com_bot_version_1.4_(http://www.pingdom.com/)"
108.62.115.226 - - [18/Jun/2015:23:21:16 +0300] "GET / HTTP/1.0" 200 20170 "-" "Pingdom.com_bot_version_1.4_(http://www.pingdom.com/)"
5.255.253.127 - - [18/Jun/2015:23:26:00 +0300] "GET /robots.txt HTTP/1.0" 200 304 "-" "Mozilla/5.0 (compatible; YandexBot/3.0; +http://yandex.com/bots)"
184.75.209.18 - - [18/Jun/2015:23:26:16 +0300] "GET / HTTP/1.0" 200 20170 "-" "Pingdom.com_bot_version_1.4_(http://www.pingdom.com/)"
66.249.78.236 - - [18/Jun/2015:23:26:20 +0300] "GET /component/option,com_fsf/Itemid,108/catid,0/faqid,11/lang,ru/limit,10/tmpl,component/view,faq/ HTTP/1.0" 200 6546 "-" "Mozilla/5.0 (compatible; Googlebot/2.1; +http://www.google.com/bot.html)"
89.69.57.37 - - [18/Jun/2015:23:26:57 +0300] "GET /index.php/component/user/?task=register HTTP/1.0" 301 - "http://citiex.com.ua/index.php/component/user/?task=register" "Mozilla/5.0 (Windows NT 6.1; rv:37.0) Gecko/20100101 Firefox/37.0"
89.69.57.37 - - [18/Jun/2015:23:26:58 +0300] "GET /create-an-account.html?Itemid= HTTP/1.0" 200 13899 "http://citiex.com.ua/create-an-account.html?Itemid=" "Mozilla/5.0 (Windows NT 6.1; rv:37.0) Gecko/20100101 Firefox/37.0"
199.87.228.66 - - [18/Jun/2015:23:31:16 +0300] "GET / HTTP/1.0" 200 20170 "-" "Pingdom.com_bot_version_1.4_(http://www.pingdom.com/)"
94.247.174.83 - - [18/Jun/2015:23:36:16 +0300] "GET / HTTP/1.0" 200 20170 "-" "Pingdom.com_bot_version_1.4_(http://www.pingdom.com/)"
92.249.101.90 - - [18/Jun/2015:23:39:41 +0300] "GET /indeks-cen-proizvoditeley-promyshlennoy-produkcii.html HTTP/1.0" 200 59084 "-" "Mozilla/5.0 (Windows NT 6.1; WOW64) AppleWebKit/537.36 (KHTML, like Gecko) Chrome/43.0.2357.124 Safari/537.36"
92.249.101.90 - - [18/Jun/2015:23:39:42 +0300] "GET /cache/assets/15e1e423d7a27a0d8ee8e70b064c44eb.css HTTP/1.0" 200 44011 "http://citiex.com.ua/indeks-cen-proizvoditeley-promyshlennoy-produkcii.html" "Mozilla/5.0 (Windows NT 6.1; WOW64) AppleWebKit/537.36 (KHTML, like Gecko) Chrome/43.0.2357.124 Safari/537.36"
92.249.101.90 - - [18/Jun/2015:23:39:42 +0300] "GET /media/system/js/mootools.js HTTP/1.0" 200 74434 "http://citiex.com.ua/indeks-cen-proizvoditeley-promyshlennoy-produkcii.html" "Mozilla/5.0 (Windows NT 6.1; WOW64) AppleWebKit/537.36 (KHTML, like Gecko) Chrome/43.0.2357.124 Safari/537.36"
92.249.101.90 - - [18/Jun/2015:23:39:42 +0300] "GET /media/system/js/caption.js HTTP/1.0" 200 1963 "http://citiex.com.ua/indeks-cen-proizvoditeley-promyshlennoy-produkcii.html" "Mozilla/5.0 (Windows NT 6.1; WOW64) AppleWebKit/537.36 (KHTML, like Gecko) Chrome/43.0.2357.124 Safari/537.36"
92.249.101.90 - - [18/Jun/2015:23:39:42 +0300] "GET /plugins/content/attachments_refresh.js HTTP/1.0" 200 1560 "http://citiex.com.ua/indeks-cen-proizvoditeley-promyshlennoy-produkcii.html" "Mozilla/5.0 (Windows NT 6.1; WOW64) AppleWebKit/537.36 (KHTML, like Gecko) Chrome/43.0.2357.124 Safari/537.36"
92.249.101.90 - - [18/Jun/2015:23:39:42 +0300] "GET /templates/gk_aumi/lib/scripts/template_scripts.js HTTP/1.0" 200 2281 "http://citiex.com.ua/indeks-cen-proizvoditeley-promyshlennoy-produkcii.html" "Mozilla/5.0 (Windows NT 6.1; WOW64) AppleWebKit/537.36 (KHTML, like Gecko) Chrome/43.0.2357.124 Safari/537.36"
92.249.101.90 - - [18/Jun/2015:23:39:42 +0300] "GET /media/system/js/modal.js HTTP/1.0" 200 10588 "http://citiex.com.ua/indeks-cen-proizvoditeley-promyshlennoy-produkcii.html" "Mozilla/5.0 (Windows NT 6.1; WOW64) AppleWebKit/537.36 (KHTML, like Gecko) Chrome/43.0.2357.124 Safari/537.36"
92.249.101.90 - - [18/Jun/2015:23:39:42 +0300] "GET /templates/gk_aumi/lib/scripts/menu.php?style=suckerfish&width=1&height=1&opacity=1&animation=1&speed=250 HTTP/1.0" 200 253 "http://citiex.com.ua/indeks-cen-proizvoditeley-promyshlennoy-produkcii.html" "Mozilla/5.0 (Windows NT 6.1; WOW64) AppleWebKit/537.36 (KHTML, like Gecko) Chrome/43.0.2357.124 Safari/537.36"
92.249.101.90 - - [18/Jun/2015:23:39:42 +0300] "GET /templates/gk_aumi/images/logo.png HTTP/1.0" 200 6149 "http://citiex.com.ua/indeks-cen-proizvoditeley-promyshlennoy-produkcii.html" "Mozilla/5.0 (Windows NT 6.1; WOW64) AppleWebKit/537.36 (KHTML, like Gecko) Chrome/43.0.2357.124 Safari/537.36"
92.249.101.90 - - [18/Jun/2015:23:39:42 +0300] "GET /components/com_sh404sef/images/external-black.png HTTP/1.0" 200 3621 "http://citiex.com.ua/indeks-cen-proizvoditeley-promyshlennoy-produkcii.html" "Mozilla/5.0 (Windows NT 6.1; WOW64) AppleWebKit/537.36 (KHTML, like Gecko) Chrome/43.0.2357.124 Safari/537.36"
92.249.101.90 - - [18/Jun/2015:23:39:42 +0300] "GET /templates/gk_aumi/images/printButton.png HTTP/1.0" 200 132 "http://citiex.com.ua/indeks-cen-proizvoditeley-promyshlennoy-produkcii.html" "Mozilla/5.0 (Windows NT 6.1; WOW64) AppleWebKit/537.36 (KHTML, like Gecko) Chrome/43.0.2357.124 Safari/537.36"
92.249.101.90 - - [18/Jun/2015:23:39:42 +0300] "GET /templates/gk_aumi/images/bg_top.png HTTP/1.0" 200 321 "http://citiex.com.ua/cache/assets/15e1e423d7a27a0d8ee8e70b064c44eb.css" "Mozilla/5.0 (Windows NT 6.1; WOW64) AppleWebKit/537.36 (KHTML, like Gecko) Chrome/43.0.2357.124 Safari/537.36"
92.249.101.90 - - [18/Jun/2015:23:39:42 +0300] "GET /templates/gk_aumi/images/menu_li.png HTTP/1.0" 200 181 "http://citiex.com.ua/cache/assets/15e1e423d7a27a0d8ee8e70b064c44eb.css" "Mozilla/5.0 (Windows NT 6.1; WOW64) AppleWebKit/537.36 (KHTML, like Gecko) Chrome/43.0.2357.124 Safari/537.36"
92.249.101.90 - - [18/Jun/2015:23:39:42 +0300] "GET /templates/gk_aumi/images/bg_content_middle.png HTTP/1.0" 200 89 "http://citiex.com.ua/cache/assets/15e1e423d7a27a0d8ee8e70b064c44eb.css" "Mozilla/5.0 (Windows NT 6.1; WOW64) AppleWebKit/537.36 (KHTML, like Gecko) Chrome/43.0.2357.124 Safari/537.36"
92.249.101.90 - - [18/Jun/2015:23:39:42 +0300] "GET /templates/gk_aumi/images/bg_content_top.png HTTP/1.0" 200 133 "http://citiex.com.ua/cache/assets/15e1e423d7a27a0d8ee8e70b064c44eb.css" "Mozilla/5.0 (Windows NT 6.1; WOW64) AppleWebKit/537.36 (KHTML, like Gecko) Chrome/43.0.2357.124 Safari/537.36"
92.249.101.90 - - [18/Jun/2015:23:39:42 +0300] "GET /templates/gk_aumi/images/bg_footer.png HTTP/1.0" 200 325 "http://citiex.com.ua/cache/assets/15e1e423d7a27a0d8ee8e70b064c44eb.css" "Mozilla/5.0 (Windows NT 6.1; WOW64) AppleWebKit/537.36 (KHTML, like Gecko) Chrome/43.0.2357.124 Safari/537.36"
92.249.101.90 - - [18/Jun/2015:23:39:43 +0300] "GET /templates/gk_aumi/favicon.ico HTTP/1.0" 200 1406 "http://citiex.com.ua/indeks-cen-proizvoditeley-promyshlennoy-produkcii.html" "Mozilla/5.0 (Windows NT 6.1; WOW64) AppleWebKit/537.36 (KHTML, like Gecko) Chrome/43.0.2357.124 Safari/537.36"
204.152.200.42 - - [18/Jun/2015:23:41:16 +0300] "GET / HTTP/1.0" 200 20170 "-" "Pingdom.com_bot_version_1.4_(http://www.pingdom.com/)"
66.249.78.242 - - [18/Jun/2015:23:42:28 +0300] "GET /1.html?format=feed&lang=ru&type=rss HTTP/1.0" 200 15905 "-" "Mozilla/5.0 (compatible; Googlebot/2.1; +http://www.google.com/bot.html)"
208.115.111.71 - - [18/Jun/2015:23:43:36 +0300] "GET /robots.txt HTTP/1.0" 200 304 "-" "Mozilla/5.0 (compatible; DotBot/1.1; http://www.opensiteexplorer.org/dotbot, help@moz.com)"
96.31.66.245 - - [18/Jun/2015:23:46:16 +0300] "GET / HTTP/1.0" 200 20170 "-" "Pingdom.com_bot_version_1.4_(http://www.pingdom.com/)"
85.17.156.11 - - [18/Jun/2015:23:51:16 +0300] "GET / HTTP/1.0" 200 20170 "-" "Pingdom.com_bot_version_1.4_(http://www.pingdom.com/)"
178.57.188.37 - - [18/Jun/2015:23:53:13 +0300] "GET /strahovye-kompanii-ukrainy.html HTTP/1.0" 200 59899 "http://citiex.com.ua/strahovye-kompanii-ukrainy.html" "Mozilla/4.0 (compatible; MSIE 6.0; Windows NT 5.1; SV1)"
178.20.153.67 - - [18/Jun/2015:23:54:56 +0300] "GET /export/dohodnaya-sevastopol.xml HTTP/1.0" 200 1264 "-" "Mozilla/5.0 (compatible; bingbot/2.0; +http://www.bing.com/bingbot.htm)"
178.20.153.67 - - [18/Jun/2015:23:54:56 +0300] "GET /export/jilaya-sevastopol.xml HTTP/1.0" 200 1644 "-" "Mozilla/5.0 (compatible; bingbot/2.0; +http://www.bing.com/bingbot.htm)"
178.20.153.67 - - [18/Jun/2015:23:54:56 +0300] "GET /export/uchastki-sevastopol.xml HTTP/1.0" 200 523 "-" "Mozilla/5.0 (compatible; bingbot/2.0; +http://www.bing.com/bingbot.htm)"
157.55.39.83 - - [18/Jun/2015:23:54:54 +0300] "GET /citiex-journal/Page-3.html HTTP/1.0" 200 38610 "-" "Mozilla/5.0 (compatible; bingbot/2.0; +http://www.bing.com/bingbot.htm)"
188.138.124.110 - - [18/Jun/2015:23:56:16 +0300] "GET / HTTP/1.0" 200 20170 "-" "Pingdom.com_bot_version_1.4_(http://www.pingdom.com/)"
89.69.57.37 - - [18/Jun/2015:23:59:57 +0300] "GET /index.php/component/user/?task=register HTTP/1.0" 301 - "http://citiex.com.ua/index.php/component/user/?task=register" "Mozilla/5.0 (Windows NT 6.2; WOW64) AppleWebKit/537.36 (KHTML, like Gecko) Chrome/41.0.2272.101 Safari/537.36"
89.69.57.37 - - [18/Jun/2015:23:59:58 +0300] "GET /create-an-account.html?Itemid= HTTP/1.0" 200 13899 "http://citiex.com.ua/create-an-account.html?Itemid=" "Mozilla/5.0 (Windows NT 6.2; WOW64) AppleWebKit/537.36 (KHTML, like Gecko) Chrome/41.0.2272.101 Safari/537.36"
citiex@www.citiex.com.ua.log000644 000000 000120 00001656475 12541101406 016224 0ustar00rootwww000000 000000 72.46.130.42 - - [19/Jun/2015:00:01:17 +0300] "GET / HTTP/1.0" 200 20170 "-" "Pingdom.com_bot_version_1.4_(http://www.pingdom.com/)"
46.246.45.79 - - [19/Jun/2015:00:05:13 +0300] "GET /slovar-terminov/slovar-ocenschika-zemelnye-uchastki-4/%d0%a4/fototopografiya-2572.html HTTP/1.0" 200 15335 "http://citiex.com.ua/slovar-terminov/slovar-ocenschika-zemelnye-uchastki-4/%D0%A4/fototopografiya-2572.html" "Mozilla/5.0 (Windows NT 6.1) AppleWebKit/537.36 (KHTML, like Gecko) Chrome/41.0.2272.101 Safari/537.36"
5.255.253.203 - - [19/Jun/2015:00:05:30 +0300] "GET /rus-858-iv.html HTTP/1.0" 200 141713 "-" "Mozilla/5.0 (compatible; YandexBot/3.0; +http://yandex.com/bots)"
178.255.153.2 - - [19/Jun/2015:00:06:16 +0300] "GET / HTTP/1.0" 200 20170 "-" "Pingdom.com_bot_version_1.4_(http://www.pingdom.com/)"
157.55.39.126 - - [19/Jun/2015:00:10:40 +0300] "GET /rus-1076-xiv.html HTTP/1.0" 200 39301 "-" "Mozilla/5.0 (compatible; bingbot/2.0; +http://www.bing.com/bingbot.htm)"
108.62.115.226 - - [19/Jun/2015:00:11:16 +0300] "GET / HTTP/1.0" 200 20170 "-" "Pingdom.com_bot_version_1.4_(http://www.pingdom.com/)"
66.249.67.121 - - [19/Jun/2015:00:11:56 +0300] "GET /slovar-terminov/slovar-ocenschika-avtotransport-5/F.html HTTP/1.0" 200 19177 "-" "Mozilla/5.0 (compatible; Googlebot/2.1; +http://www.google.com/bot.html)"
184.75.209.18 - - [19/Jun/2015:00:16:16 +0300] "GET / HTTP/1.0" 200 20170 "-" "Pingdom.com_bot_version_1.4_(http://www.pingdom.com/)"
199.87.228.66 - - [19/Jun/2015:00:21:16 +0300] "GET / HTTP/1.0" 200 20170 "-" "Pingdom.com_bot_version_1.4_(http://www.pingdom.com/)"
94.247.174.83 - - [19/Jun/2015:00:26:16 +0300] "GET / HTTP/1.0" 200 20170 "-" "Pingdom.com_bot_version_1.4_(http://www.pingdom.com/)"
204.152.200.42 - - [19/Jun/2015:00:31:16 +0300] "GET / HTTP/1.0" 200 20170 "-" "Pingdom.com_bot_version_1.4_(http://www.pingdom.com/)"
89.69.57.37 - - [19/Jun/2015:00:33:09 +0300] "GET /index.php/component/user/?task=register HTTP/1.0" 301 - "http://citiex.com.ua/index.php/component/user/?task=register" "Mozilla/5.0 (Windows NT 6.1) AppleWebKit/537.36 (KHTML, like Gecko) Chrome/41.0.2272.101 Safari/537.36"
89.69.57.37 - - [19/Jun/2015:00:33:09 +0300] "GET /create-an-account.html?Itemid= HTTP/1.0" 200 13899 "http://citiex.com.ua/create-an-account.html?Itemid=" "Mozilla/5.0 (Windows NT 6.1) AppleWebKit/537.36 (KHTML, like Gecko) Chrome/41.0.2272.101 Safari/537.36"
96.31.66.245 - - [19/Jun/2015:00:36:16 +0300] "GET / HTTP/1.0" 200 20170 "-" "Pingdom.com_bot_version_1.4_(http://www.pingdom.com/)"
66.249.78.242 - - [19/Jun/2015:00:36:37 +0300] "GET /slovar-terminov/slovar-ocenschika-avtotransport-5/%d0%92.html HTTP/1.0" 200 24403 "-" "Mozilla/5.0 (compatible; Googlebot/2.1; +http://www.google.com/bot.html)"
37.140.188.35 - - [19/Jun/2015:00:40:34 +0300] "GET /ocenka-kvartiry-pri-prodaje.html HTTP/1.0" 200 32931 "-" "Mozilla/5.0 (compatible; YandexBot/3.0; +http://yandex.com/bots)"
85.17.156.11 - - [19/Jun/2015:00:41:16 +0300] "GET / HTTP/1.0" 200 20170 "-" "Pingdom.com_bot_version_1.4_(http://www.pingdom.com/)"
66.249.78.242 - - [19/Jun/2015:00:45:11 +0300] "GET /slovar-ocenschika-stroitelstvo/slovar-ocenschika-stroitelstvo-3/all/page-21.html HTTP/1.0" 200 25588 "-" "Mozilla/5.0 (compatible; Googlebot/2.1; +http://www.google.com/bot.html)"
