157.55.39.185 - - [17/Jun/2015:22:58:28 +0300] "GET /putivlskoe-bti.html HTTP/1.0" 200 17649 "-" "Mozilla/5.0 (compatible; bingbot/2.0; +http://www.bing.com/bingbot.htm)"
220.181.108.88 - - [17/Jun/2015:22:58:52 +0300] "GET / HTTP/1.0" 200 20170 "-" "Mozilla/5.0 (Windows NT 5.1; rv:6.0.2) Gecko/20100101 Firefox/6.0.2"
184.75.209.18 - - [17/Jun/2015:23:01:16 +0300] "GET / HTTP/1.0" 200 20170 "-" "Pingdom.com_bot_version_1.4_(http://www.pingdom.com/)"
157.55.39.37 - - [17/Jun/2015:23:04:07 +0300] "GET /slovar-terminov/slovar-ocenschika-zemelnye-uchastki-4/%d0%90/aerofotoapparat-afa-1828.html HTTP/1.0" 200 15904 "-" "Mozilla/5.0 (compatible; bingbot/2.0; +http://www.bing.com/bingbot.htm)"
199.87.228.66 - - [17/Jun/2015:23:06:16 +0300] "GET / HTTP/1.0" 200 20170 "-" "Pingdom.com_bot_version_1.4_(http://www.pingdom.com/)"
94.247.174.83 - - [17/Jun/2015:23:11:16 +0300] "GET / HTTP/1.0" 200 20170 "-" "Pingdom.com_bot_version_1.4_(http://www.pingdom.com/)"
66.249.78.242 - - [17/Jun/2015:23:14:46 +0300] "GET /slovar-terminov/slovar-ocenschika-stroitelstvo-3/all/page-39.html HTTP/1.0" 200 23761 "-" "Mozilla/5.0 (compatible; Googlebot/2.1; +http://www.google.com/bot.html)"
204.152.200.42 - - [17/Jun/2015:23:16:16 +0300] "GET / HTTP/1.0" 200 20170 "-" "Pingdom.com_bot_version_1.4_(http://www.pingdom.com/)"
66.249.78.242 - - [17/Jun/2015:23:17:27 +0300] "GET /slovar-terminov/slovar-ocenschika-stroitelstvo-3/all/page-36.html HTTP/1.0" 200 25961 "-" "Mozilla/5.0 (compatible; Googlebot/2.1; +http://www.google.com/bot.html)"
66.249.78.242 - - [17/Jun/2015:23:18:41 +0300] "GET /slovar-terminov/slovar-ocenschika-stroitelstvo-3/%d0%a7/chugun-1732.html HTTP/1.0" 200 15168 "-" "Mozilla/5.0 (compatible; Googlebot/2.1; +http://www.google.com/bot.html)"
66.249.78.227 - - [17/Jun/2015:23:20:02 +0300] "GET /slovar-terminov/slovar-ocenschika-korabli-i-suda-7/%d0%9b/liman-3498.html HTTP/1.0" 200 16154 "-" "Mozilla/5.0 (compatible; Googlebot/2.1; +http://www.google.com/bot.html)"
85.17.156.11 - - [17/Jun/2015:23:21:16 +0300] "GET / HTTP/1.0" 200 20170 "-" "Pingdom.com_bot_version_1.4_(http://www.pingdom.com/)"
66.249.78.242 - - [17/Jun/2015:23:25:16 +0300] "GET /slovar-terminov/slovar-ocenschika-stroitelstvo-3/all/page-35.html HTTP/1.0" 200 25114 "-" "Mozilla/5.0 (compatible; Googlebot/2.1; +http://www.google.com/bot.html)"
188.138.124.110 - - [17/Jun/2015:23:26:16 +0300] "GET / HTTP/1.0" 200 20170 "-" "Pingdom.com_bot_version_1.4_(http://www.pingdom.com/)"
66.249.78.236 - - [17/Jun/2015:23:26:36 +0300] "GET /slovar-terminov/slovar-ocenschika-stroitelstvo-3/all/page-33.html HTTP/1.0" 200 27604 "-" "Mozilla/5.0 (compatible; Googlebot/2.1; +http://www.google.com/bot.html)"
66.249.78.236 - - [17/Jun/2015:23:29:13 +0300] "GET /slovar-terminov/slovar-ocenschika-avtotransport-5/All/page-19.html HTTP/1.0" 200 17355 "-" "Mozilla/5.0 (compatible; Googlebot/2.1; +http://www.google.com/bot.html)"
72.46.130.42 - - [17/Jun/2015:23:31:16 +0300] "GET / HTTP/1.0" 200 20170 "-" "Pingdom.com_bot_version_1.4_(http://www.pingdom.com/)"
66.249.78.248 - - [17/Jun/2015:23:31:51 +0300] "GET /slovar-terminov/slovar-ocenschika-avtotransport-5/All/page-17.html HTTP/1.0" 200 17355 "-" "Mozilla/5.0 (compatible; Googlebot/2.1; +http://www.google.com/bot.html)"
.pdf 157.55.39.37 - - [17/Jun/2015:23:33:46 +0300] "GET /attachments/article/1342/20110308-%d0%90%d0%bd%d0%b0%d0%bb%d0%b8%d0%b7-%d0%a1%d0%b5%d0%b2%d0%b0%d1%81%d1%82%d0%be%d0%bf%d0%be%d0%bb%d1%8c-%d0%96%d0%b8%d0%bb%d1%8b%d0%b5%20.pdf HTTP/1.0" 200 402313 "-" "Mozilla/5.0 (iPhone; CPU iPhone OS 7_0 like Mac OS X) AppleWebKit/537.51.1 (KHTML, like Gecko) Version/7.0 Mobile/11A465 Safari/9537.53 (compatible; bingbot/2.0; http://www.bing.com/bingbot.htm)"
178.255.153.2 - - [17/Jun/2015:23:36:16 +0300] "GET / HTTP/1.0" 200 20170 "-" "Pingdom.com_bot_version_1.4_(http://www.pingdom.com/)"
108.62.115.226 - - [17/Jun/2015:23:41:16 +0300] "GET / HTTP/1.0" 200 20170 "-" "Pingdom.com_bot_version_1.4_(http://www.pingdom.com/)"
5.255.253.202 - - [17/Jun/2015:23:41:19 +0300] "GET /pismo-fgiu-otnositelno-predostavleniya-razyasneniy-po-voprosam-povysheniya-kvalifikacii-ocenschikov-ot-02062004-10-36-7376.html HTTP/1.0" 200 19446 "-" "Mozilla/5.0 (compatible; YandexBot/3.0; +http://yandex.com/bots)"
157.55.39.186 - - [17/Jun/2015:23:45:04 +0300] "GET /attachments/article/1380/20121115-%d0%90%d0%bd%d0%b0%d0%bb%d0%b8%d0%b7-%d0%a1%d0%b5%d0%b2%d0%b0%d1%81%d1%82%d0%be%d0%bf%d0%be%d0%bb%d1%8c-%d0%96%d0%b8%d0%bb%d0%b0%d1%8f.pdf HTTP/1.0" 200 887267 "-" "Mozilla/5.0 (compatible; bingbot/2.0; +http://www.bing.com/bingbot.htm)"
184.75.209.18 - - [17/Jun/2015:23:46:16 +0300] "GET / HTTP/1.0" 200 20170 "-" "Pingdom.com_bot_version_1.4_(http://www.pingdom.com/)"
157.55.39.37 - - [17/Jun/2015:23:46:44 +0300] "GET / HTTP/1.0" 200 20170 "-" "Mozilla/5.0 (compatible; bingbot/2.0; +http://www.bing.com/bingbot.htm)"
199.87.228.66 - - [17/Jun/2015:23:51:16 +0300] "GET / HTTP/1.0" 200 20170 "-" "Pingdom.com_bot_version_1.4_(http://www.pingdom.com/)"
180.76.15.147 - - [17/Jun/2015:23:51:45 +0300] "GET /voprosy-po-ocenke-ot-chastnyh-lic.html HTTP/1.0" 200 27526 "-" "Mozilla/5.0 (compatible; Baiduspider/2.0; +http://www.baidu.com/search/spider.html)"
66.249.78.236 - - [17/Jun/2015:23:53:24 +0300] "GET /voprosy-po-ocenke-ot-kompaniy.html HTTP/1.0" 200 27631 "-" "Mozilla/5.0 (compatible; Googlebot/2.1; +http://www.google.com/bot.html)"
94.247.174.83 - - [17/Jun/2015:23:56:16 +0300] "GET / HTTP/1.0" 200 20170 "-" "Pingdom.com_bot_version_1.4_(http://www.pingdom.com/)"
66.249.78.242 - - [17/Jun/2015:23:59:42 +0300] "GET /schodo-indeksiv-zmini-rinkovoyi-vartosti-budivelno-montazhnih-robit-produkciyi-promislovogo-virobnictva-oposeredkovanoyi-vartosti-budivnictva-obektiv-socialnogo-priznachennya-stanom-na-1-sichnya-2006-roku-n-108-14-vid-06022006.html HTTP/1.0" 200 33761 "-" "Mozilla/5.0 (compatible; Googlebot/2.1; +http://www.google.com/bot.html)"
citiex@www.citiex.com.ua.log000644 000000 000120 00001523700 12540630517 016215 0ustar00rootwww000000 000000 204.152.200.42 - - [18/Jun/2015:00:01:16 +0300] "GET / HTTP/1.0" 200 20170 "-" "Pingdom.com_bot_version_1.4_(http://www.pingdom.com/)"
85.17.156.11 - - [18/Jun/2015:00:06:16 +0300] "GET / HTTP/1.0" 200 20170 "-" "Pingdom.com_bot_version_1.4_(http://www.pingdom.com/)"
87.206.220.101 - - [18/Jun/2015:00:09:39 +0300] "GET /option=com_user&view=register HTTP/1.0" 404 13680 "-" "Mozilla/5.0 (Windows NT 6.1; WOW64) AppleWebKit/537.36 (KHTML, like Gecko) Chrome/34.0.1847.137 Safari/537.36"
188.138.124.110 - - [18/Jun/2015:00:11:16 +0300] "GET / HTTP/1.0" 200 20170 "-" "Pingdom.com_bot_version_1.4_(http://www.pingdom.com/)"
72.46.130.42 - - [18/Jun/2015:00:16:16 +0300] "GET / HTTP/1.0" 200 20170 "-" "Pingdom.com_bot_version_1.4_(http://www.pingdom.com/)"
157.55.39.186 - - [18/Jun/2015:00:19:44 +0300] "GET /fin-eko.html HTTP/1.0" 200 27607 "-" "Mozilla/5.0 (compatible; bingbot/2.0; +http://www.bing.com/bingbot.htm)"
178.255.153.2 - - [18/Jun/2015:00:21:16 +0300] "GET / HTTP/1.0" 200 20170 "-" "Pingdom.com_bot_version_1.4_(http://www.pingdom.com/)"
157.55.39.127 - - [18/Jun/2015:00:22:16 +0300] "GET /slovar-terminov/slovar-ocenschika-samolety-i-vertolety-8/%d0%90/avariynaya-situaciya-3705.html HTTP/1.0" 200 16255 "-" "Mozilla/5.0 (compatible; bingbot/2.0; +http://www.bing.com/bingbot.htm)"
108.62.115.226 - - [18/Jun/2015:00:26:16 +0300] "GET / HTTP/1.0" 200 20170 "-" "Pingdom.com_bot_version_1.4_(http://www.pingdom.com/)"
157.55.39.186 - - [18/Jun/2015:00:26:54 +0300] "GET /rus-606-xiv.html HTTP/1.0" 200 388695 "-" "Mozilla/5.0 (compatible; bingbot/2.0; +http://www.bing.com/bingbot.htm)"
199.30.24.1 - - [18/Jun/2015:00:27:04 +0300] "GET /cache/assets/15e1e423d7a27a0d8ee8e70b064c44eb.css HTTP/1.0" 200 44011 "http://citiex.com.ua/rus-606-xiv.html" "Mozilla/5.0 (Windows NT 6.1; WOW64) AppleWebKit/534+ (KHTML, like Gecko) BingPreview/1.0b"
199.30.24.1 - - [18/Jun/2015:00:27:04 +0300] "GET /media/system/js/caption.js HTTP/1.0" 200 1963 "http://citiex.com.ua/rus-606-xiv.html" "Mozilla/5.0 (Windows NT 6.1; WOW64) AppleWebKit/534+ (KHTML, like Gecko) BingPreview/1.0b"
199.30.24.1 - - [18/Jun/2015:00:27:05 +0300] "GET /plugins/content/attachments_refresh.js HTTP/1.0" 200 1560 "http://citiex.com.ua/rus-606-xiv.html" "Mozilla/5.0 (Windows NT 6.1; WOW64) AppleWebKit/534+ (KHTML, like Gecko) BingPreview/1.0b"
199.30.24.1 - - [18/Jun/2015:00:27:05 +0300] "GET /media/system/js/modal.js HTTP/1.0" 200 10588 "http://citiex.com.ua/rus-606-xiv.html" "Mozilla/5.0 (Windows NT 6.1; WOW64) AppleWebKit/534+ (KHTML, like Gecko) BingPreview/1.0b"
184.75.209.18 - - [18/Jun/2015:00:31:16 +0300] "GET / HTTP/1.0" 200 20170 "-" "Pingdom.com_bot_version_1.4_(http://www.pingdom.com/)"
157.55.39.127 - - [18/Jun/2015:00:35:10 +0300] "GET /slovar-terminov/slovar-ocenschika-nedvizhimost-i-ipoteka-2/I/interest-rate-swap-procentnyy-svop-458.html HTTP/1.0" 200 17698 "-" "Mozilla/5.0 (compatible; bingbot/2.0; +http://www.bing.com/bingbot.htm)"
199.87.228.66 - - [18/Jun/2015:00:36:16 +0300] "GET / HTTP/1.0" 200 20170 "-" "Pingdom.com_bot_version_1.4_(http://www.pingdom.com/)"
66.249.78.242 - - [18/Jun/2015:00:40:18 +0300] "GET /kompanii-po-upravleniyu-aktivami-ukrainy.html HTTP/1.0" 200 73071 "-" "Mozilla/5.0 (compatible; Googlebot/2.1; +http://www.google.com/bot.html)"
94.247.174.83 - - [18/Jun/2015:00:41:16 +0300] "GET / HTTP/1.0" 200 20170 "-" "Pingdom.com_bot_version_1.4_(http://www.pingdom.com/)"
204.152.200.42 - - [18/Jun/2015:00:46:16 +0300] "GET / HTTP/1.0" 200 20170 "-" "Pingdom.com_bot_version_1.4_(http://www.pingdom.com/)"
85.17.156.11 - - [18/Jun/2015:00:51:16 +0300] "GET / HTTP/1.0" 200 20170 "-" "Pingdom.com_bot_version_1.4_(http://www.pingdom.com/)"
5.255.253.203 - - [18/Jun/2015:00:53:54 +0300] "GET /ukr-2299-iii.html HTTP/1.0" 200 208308 "-" "Mozilla/5.0 (compatible; YandexBot/3.0; +http://yandex.com/bots)"
188.138.124.110 - - [18/Jun/2015:00:56:16 +0300] "GET / HTTP/1.0" 200 20170 "-" "Pingdom.com_bot_version_1.4_(http://www.pingdom.com/)"
66.249.78.227 - - [18/Jun/2015:00:57:27 +0300] "GET /slovar-terminov/slovar-ocenschika-oborudovanie-6/%d0%9e/osnastka-3314.html HTTP/1.0" 200 14821 "-" "Mozilla/5.0 (compatible; Googlebot/2.1; +http://www.google.com/bot.html)"
87.206.220.101 - - [18/Jun/2015:01:00:31 +0300] "GET /index.php/component/users/?view=registration HTTP/1.0" 301 - "-" "Mozilla/5.0 (Windows NT 6.1; WOW64) AppleWebKit/537.36 (KHTML, like Gecko) Chrome/34.0.1847.137 Safari/537.36"
87.206.220.101 - - [18/Jun/2015:01:00:32 +0300] "GET /component/option,com_users/Itemid,/view,registration/ HTTP/1.0" 404 14792 "-" "Mozilla/5.0 (Windows NT 6.1; WOW64) AppleWebKit/537.36 (KHTML, like Gecko) Chrome/34.0.1847.137 Safari/537.36"
72.46.130.42 - - [18/Jun/2015:01:01:16 +0300] "GET / HTTP/1.0" 200 20170 "-" "Pingdom.com_bot_version_1.4_(http://www.pingdom.com/)"
157.55.39.127 - - [18/Jun/2015:01:02:03 +0300] "GET /slovar-terminov/slovar-ocenschika-samolety-i-vertolety-8/%d0%90/avariynaya-situaciya-3705.html HTTP/1.0" 200 16255 "-" "Mozilla/5.0 (compatible; bingbot/2.0; +http://www.bing.com/bingbot.htm)"
66.249.78.221 - - [18/Jun/2015:01:05:21 +0300] "GET /slovar-terminov/slovar-ocenschika-stroitelstvo-3/%d0%93/gorodnya-1135.html HTTP/1.0" 200 14976 "-" "Mozilla/5.0 (compatible; Googlebot/2.1; +http://www.google.com/bot.html)"
178.255.153.2 - - [18/Jun/2015:01:06:16 +0300] "GET / HTTP/1.0" 200 20170 "-" "Pingdom.com_bot_version_1.4_(http://www.pingdom.com/)"
108.62.115.226 - - [18/Jun/2015:01:11:16 +0300] "GET / HTTP/1.0" 200 20170 "-" "Pingdom.com_bot_version_1.4_(http://www.pingdom.com/)"
128.69.70.200 - - [18/Jun/2015:01:12:47 +0300] "GET /chto-vliyaet-na-stoimost-kvartiry.html HTTP/1.0" 200 43210 "-" "Mozilla/5.0 (Windows NT 6.1; WOW64; rv:38.0) Gecko/20100101 Firefox/38.0"
157.55.39.127 - - [18/Jun/2015:01:14:58 +0300] "GET /rus-3480-iv.html HTTP/1.0" 200 230868 "-" "Mozilla/5.0 (compatible; bingbot/2.0; +http://www.bing.com/bingbot.htm)"
157.55.39.127 - - [18/Jun/2015:01:15:03 +0300] "GET /ukr-2121-iii.html HTTP/1.0" 200 400971 "-" "Mozilla/5.0 (compatible; bingbot/2.0; +http://www.bing.com/bingbot.htm)"
184.75.209.18 - - [18/Jun/2015:01:16:16 +0300] "GET / HTTP/1.0" 200 20170 "-" "Pingdom.com_bot_version_1.4_(http://www.pingdom.com/)"
199.87.228.66 - - [18/Jun/2015:01:21:16 +0300] "GET / HTTP/1.0" 200 20170 "-" "Pingdom.com_bot_version_1.4_(http://www.pingdom.com/)"
94.247.174.83 - - [18/Jun/2015:01:26:16 +0300] "GET / HTTP/1.0" 200 20170 "-" "Pingdom.com_bot_version_1.4_(http://www.pingdom.com/)"
204.152.200.42 - - [18/Jun/2015:01:31:16 +0300] "GET / HTTP/1.0" 200 20170 "-" "Pingdom.com_bot_version_1.4_(http://www.pingdom.com/)"
85.17.156.11 - - [18/Jun/2015:01:36:16 +0300] "GET / HTTP/1.0" 200 20170 "-" "Pingdom.com_bot_version_1.4_(http://www.pingdom.com/)"
188.138.124.110 - - [18/Jun/2015:01:41:16 +0300] "GET / HTTP/1.0" 200 20170 "-" "Pingdom.com_bot_version_1.4_(http://www.pingdom.com/)"
157.55.39.210 - - [18/Jun/2015:01:44:25 +0300] "GET /starobeshevskoe-bti.html HTTP/1.0" 200 17678 "-" "Mozilla/5.0 (compatible; bingbot/2.0; +http://www.bing.com/bingbot.htm)"
66.249.78.227 - - [18/Jun/2015:01:44:51 +0300] "GET /3-voprosy-po-ocenke-nedvizhimogo-imuschestva/16-kakie-dokumenty-neobhodimy-pri-ocenke-nedvizhimosti.html?task=vote&vote=1 HTTP/1.0" 200 26494 "-" "Mozilla/5.0 (compatible; Googlebot/2.1; +http://www.google.com/bot.html)"
72.46.130.42 - - [18/Jun/2015:01:46:16 +0300] "GET / HTTP/1.0" 200 20170 "-" "Pingdom.com_bot_version_1.4_(http://www.pingdom.com/)"
178.255.153.2 - - [18/Jun/2015:01:51:16 +0300] "GET / HTTP/1.0" 200 20170 "-" "Pingdom.com_bot_version_1.4_(http://www.pingdom.com/)"
108.62.115.226 - - [18/Jun/2015:01:56:16 +0300] "GET / HTTP/1.0" 200 20170 "-" "Pingdom.com_bot_version_1.4_(http://www.pingdom.com/)"
5.255.253.127 - - [18/Jun/2015:01:57:49 +0300] "GET /rus-755-iv.html HTTP/1.0" 200 412063 "-" "Mozilla/5.0 (compatible; YandexBot/3.0; +http://yandex.com/bots)"
184.75.209.18 - - [18/Jun/2015:02:01:16 +0300] "GET / HTTP/1.0" 200 20170 "-" "Pingdom.com_bot_version_1.4_(http://www.pingdom.com/)"
66.249.78.236 - - [18/Jun/2015:02:04:22 +0300] "GET /1-obschie-voprosy-po-ocenke-imuschestva/14-v-techenii-kakogo-vremeni-deystvitelen-otchet-ob-imuschestva.html?task=vote&vote=0 HTTP/1.0" 303 - "-" "Mozilla/5.0 (compatible; Googlebot/2.1; +http://www.google.com/bot.html)"
66.249.78.248 - - [18/Jun/2015:02:04:24 +0300] "GET /1-obschie-voprosy-po-ocenke-imuschestva/14-v-techenii-kakogo-vremeni-deystvitelen-otchet-ob-imuschestva.html HTTP/1.0" 200 28980 "-" "Mozilla/5.0 (compatible; Googlebot/2.1; +http://www.google.com/bot.html)"
199.87.228.66 - - [18/Jun/2015:02:06:16 +0300] "GET / HTTP/1.0" 200 20170 "-" "Pingdom.com_bot_version_1.4_(http://www.pingdom.com/)"
94.247.174.83 - - [18/Jun/2015:02:11:16 +0300] "GET / HTTP/1.0" 200 20170 "-" "Pingdom.com_bot_version_1.4_(http://www.pingdom.com/)"
66.249.78.233 - - [18/Jun/2015:02:15:45 +0300] "GET /slovar-terminov/slovar-ocenschika-oborudovanie-6/%d0%a7/chpu-3361.html HTTP/1.0" 200 14635 "-" "Mozilla/5.0 (compatible; Googlebot/2.1; +http://www.google.com/bot.html)"
87.206.220.101 - - [18/Jun/2015:02:16:07 +0300] "GET /view=register HTTP/1.0" 404 13640 "-" "Mozilla/5.0 (Windows NT 6.1; WOW64) AppleWebKit/537.36 (KHTML, like Gecko) Chrome/34.0.1847.137 Safari/537.36"
87.206.220.101 - - [18/Jun/2015:02:16:09 +0300] "GET /index.php/component/user/?task=register HTTP/1.0" 301 - "-" "Mozilla/5.0 (Windows NT 6.1; WOW64) AppleWebKit/537.36 (KHTML, like Gecko) Chrome/34.0.1847.137 Safari/537.36"
87.206.220.101 - - [18/Jun/2015:02:16:10 +0300] "GET /create-an-account.html?Itemid= HTTP/1.0" 200 13899 "-" "Mozilla/5.0 (Windows NT 6.1; WOW64) AppleWebKit/537.36 (KHTML, like Gecko) Chrome/34.0.1847.137 Safari/537.36"
87.206.220.101 - - [18/Jun/2015:02:16:10 +0300] "GET /index.php/component/user/?task=register HTTP/1.0" 301 - "-" "Mozilla/5.0 (Windows NT 6.1; WOW64) AppleWebKit/537.36 (KHTML, like Gecko) Chrome/34.0.1847.137 Safari/537.36"
87.206.220.101 - - [18/Jun/2015:02:16:11 +0300] "GET /create-an-account.html?Itemid= HTTP/1.0" 200 13899 "-" "Mozilla/5.0 (Windows NT 6.1; WOW64) AppleWebKit/537.36 (KHTML, like Gecko) Chrome/34.0.1847.137 Safari/537.36"
204.152.200.42 - - [18/Jun/2015:02:16:16 +0300] "GET / HTTP/1.0" 200 20170 "-" "Pingdom.com_bot_version_1.4_(http://www.pingdom.com/)"
109.87.237.116 - - [18/Jun/2015:02:19:33 +0300] "GET /rus-3480-iv.html HTTP/1.0" 200 230868 "-" "Mozilla/5.0 (Windows NT 6.1; Win64; x64; Trident/7.0; rv:11.0) like Gecko"
109.87.237.116 - - [18/Jun/2015:02:19:33 +0300] "GET / HTTP/1.0" 200 20170 "-" "Mozilla/5.0 (Windows NT 6.1; Win64; x64; Trident/7.0; rv:11.0) like Gecko"
85.17.156.11 - - [18/Jun/2015:02:21:16 +0300] "GET / HTTP/1.0" 200 20170 "-" "Pingdom.com_bot_version_1.4_(http://www.pingdom.com/)"
157.55.39.210 - - [18/Jun/2015:02:23:33 +0300] "GET /slovar-terminov/slovar-ocenschika-korabli-i-suda-7/%d0%94/dokovanie-sudna-3447.html HTTP/1.0" 200 21319 "-" "Mozilla/5.0 (iPhone; CPU iPhone OS 7_0 like Mac OS X) AppleWebKit/537.51.1 (KHTML, like Gecko) Version/7.0 Mobile/11A465 Safari/9537.53 (compatible; bingbot/2.0; http://www.bing.com/bingbot.htm)"
109.87.237.116 - - [18/Jun/2015:02:24:33 +0300] "GET /rus-3480-iv.html HTTP/1.0" 200 230868 "-" "Mozilla/5.0 (Windows NT 6.1; Win64; x64; Trident/7.0; rv:11.0) like Gecko"
109.87.237.116 - - [18/Jun/2015:02:24:33 +0300] "GET / HTTP/1.0" 200 20170 "-" "Mozilla/5.0 (Windows NT 6.1; Win64; x64; Trident/7.0; rv:11.0) like Gecko"
188.138.124.110 - - [18/Jun/2015:02:26:16 +0300] "GET / HTTP/1.0" 200 20170 "-" "Pingdom.com_bot_version_1.4_(http://www.pingdom.com/)"
66.249.78.236 - - [18/Jun/2015:02:28:22 +0300] "GET /slovar-terminov/slovar-ocenschika-zemelnye-uchastki-4/%d0%a6.html HTTP/1.0" 200 23063 "-" "Mozilla/5.0 (compatible; Googlebot/2.1; +http://www.google.com/bot.html)"
72.46.130.42 - - [18/Jun/2015:02:31:16 +0300] "GET / HTTP/1.0" 200 20170 "-" "Pingdom.com_bot_version_1.4_(http://www.pingdom.com/)"
157.55.39.126 - - [18/Jun/2015:02:34:39 +0300] "GET /slovar-terminov/slovar-ocenschika-avtotransport-5/D.html HTTP/1.0" 200 21313 "-" "Mozilla/5.0 (compatible; bingbot/2.0; +http://www.bing.com/bingbot.htm)"
178.255.153.2 - - [18/Jun/2015:02:36:16 +0300] "GET / HTTP/1.0" 200 20170 "-" "Pingdom.com_bot_version_1.4_(http://www.pingdom.com/)"
108.62.115.226 - - [18/Jun/2015:02:41:16 +0300] "GET / HTTP/1.0" 200 20170 "-" "Pingdom.com_bot_version_1.4_(http://www.pingdom.com/)"
184.75.209.18 - - [18/Jun/2015:02:46:16 +0300] "GET / HTTP/1.0" 200 20170 "-" "Pingdom.com_bot_version_1.4_(http://www.pingdom.com/)"
66.249.78.242 - - [18/Jun/2015:02:46:18 +0300] "GET /component/option,com_fsf/Itemid,99/catid,5/lang,ru/view,faq/function.mysql-real-escape-string HTTP/1.0" 200 15023 "-" "Mozilla/5.0 (compatible; Googlebot/2.1; +http://www.google.com/bot.html)"
199.87.228.66 - - [18/Jun/2015:02:51:16 +0300] "GET / HTTP/1.0" 200 20170 "-" "Pingdom.com_bot_version_1.4_(http://www.pingdom.com/)"
94.247.174.83 - - [18/Jun/2015:02:56:16 +0300] "GET / HTTP/1.0" 200 20170 "-" "Pingdom.com_bot_version_1.4_(http://www.pingdom.com/)"
204.152.200.42 - - [18/Jun/2015:03:01:16 +0300] "GET / HTTP/1.0" 200 20170 "-" "Pingdom.com_bot_version_1.4_(http://www.pingdom.com/)"
85.17.156.11 - - [18/Jun/2015:03:06:16 +0300] "GET / HTTP/1.0" 200 20170 "-" "Pingdom.com_bot_version_1.4_(http://www.pingdom.com/)"
66.249.78.248 - - [18/Jun/2015:03:09:45 +0300] "GET /instruktivniy-list-fdmu-schodo-nadannya-informaciyi-pro-formuvannya-konkurentnogo-seredovischa-sered-subektiv-ocinochnoyi-diyalnosti-vid-151107-10-36-18175.html HTTP/1.0" 200 18185 "-" "Mozilla/5.0 (compatible; Googlebot/2.1; +http://www.google.com/bot.html)"
188.138.124.110 - - [18/Jun/2015:03:11:16 +0300] "GET / HTTP/1.0" 200 20170 "-" "Pingdom.com_bot_version_1.4_(http://www.pingdom.com/)"
5.255.253.203 - - [18/Jun/2015:03:11:31 +0300] "GET /4.html?format=feed&lang=ru&type=rss HTTP/1.0" 200 901 "-" "Mozilla/5.0 (compatible; YandexBot/3.0; +http://yandex.com/bots)"
66.249.78.242 - - [18/Jun/2015:03:13:04 +0300] "GET /postanovlenie-kmu-ot-26-oktyabrya-2011-1103-nekotorye-voprosy-opredeleniya-ocenochnoy-stoimosti-nedvijimosti-i-obektov-nezavershennogo-stroitelstva-kotorye-prodayutsya-obmenivayutsya.html HTTP/1.0" 200 38114 "-" "Mozilla/5.0 (compatible; Googlebot/2.1; +http://www.google.com/bot.html)"
157.55.39.37 - - [18/Jun/2015:03:13:14 +0300] "GET /component/option,com_glossary/glossid,6/letter,All/ HTTP/1.0" 301 - "-" "Mozilla/5.0 (compatible; bingbot/2.0; +http://www.bing.com/bingbot.htm)"
157.55.39.210 - - [18/Jun/2015:03:14:53 +0300] "GET /adamant-asset-management.html HTTP/1.0" 200 27607 "-" "Mozilla/5.0 (compatible; bingbot/2.0; +http://www.bing.com/bingbot.htm)"
72.46.130.42 - - [18/Jun/2015:03:16:23 +0300] "GET / HTTP/1.0" 200 20170 "-" "Pingdom.com_bot_version_1.4_(http://www.pingdom.com/)"
178.255.153.2 - - [18/Jun/2015:03:21:16 +0300] "GET / HTTP/1.0" 200 20170 "-" "Pingdom.com_bot_version_1.4_(http://www.pingdom.com/)"
108.62.115.226 - - [18/Jun/2015:03:26:16 +0300] "GET / HTTP/1.0" 200 20170 "-" "Pingdom.com_bot_version_1.4_(http://www.pingdom.com/)"
87.206.220.101 - - [18/Jun/2015:03:28:04 +0300] "GET /index.php/component/user/?task=register HTTP/1.0" 301 - "-" "Mozilla/5.0 (Windows NT 6.1; WOW64) AppleWebKit/537.36 (KHTML, like Gecko) Chrome/34.0.1847.137 Safari/537.36"
87.206.220.101 - - [18/Jun/2015:03:28:05 +0300] "GET /create-an-account.html?Itemid= HTTP/1.0" 200 13899 "-" "Mozilla/5.0 (Windows NT 6.1; WOW64) AppleWebKit/537.36 (KHTML, like Gecko) Chrome/34.0.1847.137 Safari/537.36"
184.75.209.18 - - [18/Jun/2015:03:31:16 +0300] "GET / HTTP/1.0" 200 20170 "-" "Pingdom.com_bot_version_1.4_(http://www.pingdom.com/)"
157.55.39.37 - - [18/Jun/2015:03:33:38 +0300] "GET /rus-2807-iv.html HTTP/1.0" 200 112770 "-" "Mozilla/5.0 (compatible; bingbot/2.0; +http://www.bing.com/bingbot.htm)"
199.87.228.66 - - [18/Jun/2015:03:36:16 +0300] "GET / HTTP/1.0" 200 20170 "-" "Pingdom.com_bot_version_1.4_(http://www.pingdom.com/)"
46.72.42.182 - - [18/Jun/2015:03:37:31 +0300] "GET /attachments/article/1358/20111105-%d0%90%d0%bd%d0%b0%d0%bb%d0%b8%d0%b7-%d0%a1%d0%b5%d0%b2%d0%b0%d1%81%d1%82%d0%be%d0%bf%d0%be%d0%bb%d1%8c-%d0%94%d0%be%d1%85%d0%be%d0%b4%d0%bd%d0%b0%d1%8f.pdf HTTP/1.0" 200 498489 "-" "Mozilla/5.0 (Windows NT 6.1; WOW64; rv:38.0) Gecko/20100101 Firefox/38.0"
94.247.174.83 - - [18/Jun/2015:03:41:16 +0300] "GET / HTTP/1.0" 200 20170 "-" "Pingdom.com_bot_version_1.4_(http://www.pingdom.com/)"
157.55.39.37 - - [18/Jun/2015:03:44:15 +0300] "GET /rus-1457-iv.html HTTP/1.0" 200 73988 "-" "Mozilla/5.0 (iPhone; CPU iPhone OS 7_0 like Mac OS X) AppleWebKit/537.51.1 (KHTML, like Gecko) Version/7.0 Mobile/11A465 Safari/9537.53 (compatible; bingbot/2.0; http://www.bing.com/bingbot.htm)"
204.152.200.42 - - [18/Jun/2015:03:46:16 +0300] "GET / HTTP/1.0" 200 20170 "-" "Pingdom.com_bot_version_1.4_(http://www.pingdom.com/)"
85.17.156.11 - - [18/Jun/2015:03:51:16 +0300] "GET / HTTP/1.0" 200 20170 "-" "Pingdom.com_bot_version_1.4_(http://www.pingdom.com/)"
157.55.39.37 - - [18/Jun/2015:03:51:45 +0300] "GET /rus-3273-iv.html HTTP/1.0" 200 141917 "-" "Mozilla/5.0 (compatible; bingbot/2.0; +http://www.bing.com/bingbot.htm)"
188.138.124.110 - - [18/Jun/2015:03:56:17 +0300] "GET / HTTP/1.0" 200 20170 "-" "Pingdom.com_bot_version_1.4_(http://www.pingdom.com/)"
72.46.130.42 - - [18/Jun/2015:04:01:16 +0300] "GET / HTTP/1.0" 200 20170 "-" "Pingdom.com_bot_version_1.4_(http://www.pingdom.com/)"
178.255.153.2 - - [18/Jun/2015:04:06:16 +0300] "GET / HTTP/1.0" 200 20170 "-" "Pingdom.com_bot_version_1.4_(http://www.pingdom.com/)"
157.55.39.210 - - [18/Jun/2015:04:08:26 +0300] "GET /ukrayinskij-biznes-bank.html HTTP/1.0" 200 27607 "-" "Mozilla/5.0 (compatible; bingbot/2.0; +http://www.bing.com/bingbot.htm)"
108.62.115.226 - - [18/Jun/2015:04:11:16 +0300] "GET / HTTP/1.0" 200 20170 "-" "Pingdom.com_bot_version_1.4_(http://www.pingdom.com/)"
66.249.78.248 - - [18/Jun/2015:04:11:18 +0300] "GET /component/option,com_fsf/Itemid,99/catid,0/lang,ru/view,faq/ HTTP/1.0" 200 17843 "-" "Mozilla/5.0 (compatible; Googlebot/2.1; +http://www.google.com/bot.html)"
184.75.209.18 - - [18/Jun/2015:04:16:16 +0300] "GET / HTTP/1.0" 200 20170 "-" "Pingdom.com_bot_version_1.4_(http://www.pingdom.com/)"
199.87.228.66 - - [18/Jun/2015:04:21:16 +0300] "GET / HTTP/1.0" 200 20170 "-" "Pingdom.com_bot_version_1.4_(http://www.pingdom.com/)"
5.255.253.203 - - [18/Jun/2015:04:23:00 +0300] "GET /ukr-2181-iii.html HTTP/1.0" 200 392070 "-" "Mozilla/5.0 (compatible; YandexBot/3.0; +http://yandex.com/bots)"
66.249.78.242 - - [18/Jun/2015:04:24:51 +0300] "GET /konstantinovskoe-bti.html HTTP/1.0" 200 17698 "-" "Mozilla/5.0 (compatible; Googlebot/2.1; +http://www.google.com/bot.html)"
178.20.153.67 - - [18/Jun/2015:04:25:22 +0300] "GET /export/dohodnaya-sevastopol.xml HTTP/1.0" 200 1264 "-" "Mozilla/5.0 (compatible; bingbot/2.0; +http://www.bing.com/bingbot.htm)"
178.20.153.67 - - [18/Jun/2015:04:25:22 +0300] "GET /export/jilaya-sevastopol.xml HTTP/1.0" 200 1644 "-" "Mozilla/5.0 (compatible; bingbot/2.0; +http://www.bing.com/bingbot.htm)"
178.20.153.67 - - [18/Jun/2015:04:25:22 +0300] "GET /export/uchastki-sevastopol.xml HTTP/1.0" 200 523 "-" "Mozilla/5.0 (compatible; bingbot/2.0; +http://www.bing.com/bingbot.htm)"
157.55.39.210 - - [18/Jun/2015:04:25:22 +0300] "GET /citiex-journal/Page-4.html HTTP/1.0" 200 39048 "-" "Mozilla/5.0 (compatible; bingbot/2.0; +http://www.bing.com/bingbot.htm)"
94.247.174.83 - - [18/Jun/2015:04:26:16 +0300] "GET / HTTP/1.0" 200 20170 "-" "Pingdom.com_bot_version_1.4_(http://www.pingdom.com/)"
66.249.78.248 - - [18/Jun/2015:04:26:48 +0300] "GET /izyumskoe-bti.html HTTP/1.0" 200 17621 "-" "Mozilla/5.0 (compatible; Googlebot/2.1; +http://www.google.com/bot.html)"
66.249.78.248 - - [18/Jun/2015:04:30:57 +0300] "GET /makeevskoe-bti.html HTTP/1.0" 200 17637 "-" "Mozilla/5.0 (compatible; Googlebot/2.1; +http://www.google.com/bot.html)"
204.152.200.42 - - [18/Jun/2015:04:31:16 +0300] "GET / HTTP/1.0" 200 20170 "-" "Pingdom.com_bot_version_1.4_(http://www.pingdom.com/)"
85.17.156.11 - - [18/Jun/2015:04:36:16 +0300] "GET / HTTP/1.0" 200 20170 "-" "Pingdom.com_bot_version_1.4_(http://www.pingdom.com/)"
188.138.124.110 - - [18/Jun/2015:04:41:16 +0300] "GET / HTTP/1.0" 200 20170 "-" "Pingdom.com_bot_version_1.4_(http://www.pingdom.com/)"
128.69.162.51 - - [18/Jun/2015:04:41:36 +0300] "GET /ukr-9396.html HTTP/1.0" 200 52968 "http://yandex.ru/clck/jsredir?from=yandex.ru%3Bsearch%3Bweb%3B%3B&text=&etext=722.4yg9x4wA5968muN3xOH6CYwydp_Cd7-RKjMMgNVAMRST9GVkhc_Z6ydJVB_cp7GhAbfmGA14v3BIgoV-Lxn9htLZrZE4DHfTEPEO4WxIz2R0oEid25Ylij6mEDX4yC3Qwf6ZNSdVctHdqdkx7TA-5til3Wf6nVgOJj7NAHq0Dj2AAH9v_rw4ZEoVk6a-Tg--70P4fOLt9oyvsMYPHOc-M-uq8fRUViSWxAKflKHjEWERyJ3cd8ZoEFCswEGY9_RNKqmL7Pi32z1TvHn_dZbul3Kdn4PSySnYlr_L2pus3Kdye9EBGtVQk6JG4dgAkASbURzq4JimN7mrIod4ISiU1_XuNbkLTQuqwiM8SF9XktNFjszYHyQnOvkwNnEMSxfQaOJb0ZpmmMScUU-rOpkZ5dZzW9LPGgWsBg59md0wBzreiwMmTHkqgE9tQwT4b6h5VfYBRcLfEvOfwpOAZePabA.6cdb506803d1fb305d998892c4ef341f996e25f6&uuid=&state=AiuY0DBWFJ4ePaEse6rgeAjgs2pI3DW9J0KiE5XNXd0dp0ZMwFHoviUoYa6nzP7MSi3gOS8hVmJtf2HwDsQOe3UWKM80O1Nng6yyyK-5VFLgVyfiu0sqkQhPC3_7ikqwQ3deJ01sktNAlB81PwRxCFG5u372r39U8hfBcUa3rY3b8O0hZ01lrJzVpWbGoJVXSI4LLufpzI9D2Ri4B5zrZA&data=UlNrNmk5WktYejR0eWJFYk1LdmtxZ0IwM0xtOGFxVG5XOFNaM2VaM051Yzd0QmlQRkF0MWM2Q2hTRzdmWjYwa0QtZGxWc0lNZmFUaEpkYXMxUG01enlfSm94SEJpanZ2R1YxVElpdjh4TlhSVUFMLWJ3WnJFQQ&b64e=2&sign=890c688d5015cb8b57c4467e2c287501&keyno=0&l10n=ru&cts=1434590962770&mc=2.98019124258" "Mozilla/4.0 (compatible; MSIE 8.0; Windows NT 5.1; Trident/4.0)"
128.69.162.51 - - [18/Jun/2015:04:41:38 +0300] "GET /cache/assets/15e1e423d7a27a0d8ee8e70b064c44eb.css HTTP/1.0" 200 44011 "http://citiex.com.ua/ukr-9396.html" "Mozilla/4.0 (compatible; MSIE 8.0; Windows NT 5.1; Trident/4.0)"
128.69.162.51 - - [18/Jun/2015:04:41:38 +0300] "GET /media/system/js/mootools.js HTTP/1.0" 200 74434 "http://citiex.com.ua/ukr-9396.html" "Mozilla/4.0 (compatible; MSIE 8.0; Windows NT 5.1; Trident/4.0)"
128.69.162.51 - - [18/Jun/2015:04:41:38 +0300] "GET /media/system/js/caption.js HTTP/1.0" 200 1963 "http://citiex.com.ua/ukr-9396.html" "Mozilla/4.0 (compatible; MSIE 8.0; Windows NT 5.1; Trident/4.0)"
xd0xb0xd0xbdxd0xb0xd0xbbxd0xb8xd0xb7 xd1x80xd1x8bxd0xbdxd0xbaxd0xb0 xd0xbdxd0xb5xd0xb4xd0xb2xd0xb8xd0xb6xd0xb8xd0xbcxd0xbexd1x81xd1x82xd0xb8 xd0xa1xd0xb5xd0xb2xd0xb0xd1x81xd1x82xd0xbexd0xbfxd0xbexd0xbbxd1x8f.pdf 176.15.124.3 - - [18/Jun/2015:04:41:38 +0300] "GET /attachments/article/1342/%d0%9c%d0%b0%d1%80%d0%ba%d0%b5%d1%82%d0%b8%d0%bd%d0%b3%d0%be%d0%b2%d1%8b%d0%b9%20%d0%b0%d0%bd%d0%b0%d0%bb%d0%b8%d0%b7%20%d1%80%d1%8b%d0%bd%d0%ba%d0%b0%20%d0%bd%d0%b5%d0%b4%d0%b2%d0%b8%d0%b6%d0%b8%d0%bc%d0%be%d1%81%d1%82%d0%b8%20%d0%a1%d0%b5%d0%b2%d0%b0%d1%81%d1%82%d0%be%d0%bf%d0%be%d0%bb%d1%8f.pdf HTTP/1.0" 200 97128 "http://yandex.ru/clck/jsredir?from=yandex.ru%3Bsearch%3Bweb%3B%3B&text=&etext=722.k_DMjpp4yAfSbcpkpBEk7zewtb8MrH2meilL6WtoX_t8z7EZfjOTmSBxNVX24uz7ZIjupiSvXZoccZ6f-SJDgrH73sOIBa3-CONOGSmmbQyoSsT7dKtGOkf1G7H3-Si5D8US--qFpbaDlPoTw6lPkm0t7Myitr9fwoPQEZ7BsOVwRXcNZKIIcF11zJMAu67GHXOvlDCs6dW7wangYaKuLWs-_cNR34-EegS7yuw2ZTXYjdWM8iL6PCCqlub1eYtqfe-sCRegO1LbE7jSSersi5SKPKjG-EILPEnFjR9Ooaf6nes6LLirnwaRrWD9gyJFjaW5DixsqZFSyreMwfocJTzYUTcOObWxSl-ziPqjw8lzkvoyz3-uuagfxGlSa_FW.dee39c61d99e62203a0d14eb06d97bdbabe9cece&uuid=&state=AiuY0DBWFJ4ePaEse6rgeAjgs2pI3DW9J0KiE5XNXd0dp0ZMwFHoviUoYa6nzP7MSi3gOS8hVmK0DQTYX7sDz_bPdh2_WFjWf8f5r9BZko5Ig-BnkVWGXtdPQ4XzKGsPX4OffzHiucZK3o4iEHW8nkQSTCzExaUXjjcAmTq7is6vaf0NpZDu_vw2_54ratdZNpo7cBigf5Xj2ucAwnZbQw&data=UlNrNmk5WktYejR0eWJFYk1LdmtxZ0IwM0xtOGFxVG5XOFNaM2VaM051ZktucTZPRld1QUQ1b2V5bk5xNmM5Y3h5ZjFndUdtanc3c2ZsUnJaU25SQ3J1WVNvOURaOHhvUkoyNWFhN0ZOdHJVVUNaWmIzLUFjbFQ3WnRnNnp4WndmVWRqZ2hwSG9FczdJZVNzcnlIcl9KbER2WC14TTBEWUtGeGhKektjWFl6bkExeWpmRVpubC1fVFNVcVQzbjM2WVQxV0VBcVpqUk1DSFJ3bG5xMFg3VTJ4dUFmUEdDOFhDSkx4bW5HOG02cllqbGpWanZnNzBDX3BVY0V5WHdXY2I0VDZmQ183cVdCMFBMakJFel85dkVvUm1nSVVzWmpVeDU2UG9Nd19ucnNIR0hTWE9nSm1QNFlpaTBxSnpWeVpCZGdxd3pKRm9KUVB1Mzd3NnEyUS02OS1rWFctV01rSDFOQ3VTTmpUbHdhQWlRODE5Q0ktOGxLQ1h4VDVKR3Z4a28yNGpxX0JabEtpODM2Q21OdEl4RW53SGFnbXRDcjRVVnFLV1hheDNxc1pWbHk3eDJhUVo4QXlMak1tcFg4bHRoQ25xTjBhX3YyLVpySVgwZWRCVlpZYXpPNkJXT1RaaFFiMEhRRWhsaklNa1lSRk91X0dta3hMTC1UUjBmY1FteHBTV0JnWEVhRDQ2ejdXRTdjSC1Hb2x0OTNmNzlhQ01uVE1CcXUzMXF5QjROZnVreTUySXl1WXVJNkRoRlloWUpkZ2RYYTlFaC1Kdk15UzBKbEV1RkdZSnNpSDNNR0hlRXFTUzFxaGdiNVFGSEZMMlRkcVJpcUtPdFluZ2VRWmNoekZTQVZYVmFadDU1ODNpbGZ6ZlBkdlBPa3NhMG5zcjZjeExVckJsNUE1SEpBN0tyb1hpWktMOThZOC13R0xscXIwaHExdUtSa0p3TGZjNFFvdFd4a3dOV2xvaWE3dHM3UHJiQ0NhYklRTW1YWDdma1ZfZFMxWXZKMFhsWWZNdmYyZnRIdnNjOC1mc3FYTE9feWlId0RnYmdIMDVpb0Q&b64e=2&sign=7dbff272cc443c4c17f872537ad94c15&keyno=0&l10n=ru&cts=1434590962770&mc=6.23385519776" "Mozilla/4.0 (compatible; MSIE 8.0; Windows NT 5.1; Trident/4.0)"
128.69.162.51 - - [18/Jun/2015:04:41:38 +0300] "GET /plugins/content/attachments_refresh.js HTTP/1.0" 200 1560 "http://citiex.com.ua/ukr-9396.html" "Mozilla/4.0 (compatible; MSIE 8.0; Windows NT 5.1; Trident/4.0)"
128.69.162.51 - - [18/Jun/2015:04:41:38 +0300] "GET /media/system/js/modal.js HTTP/1.0" 200 10588 "http://citiex.com.ua/ukr-9396.html" "Mozilla/4.0 (compatible; MSIE 8.0; Windows NT 5.1; Trident/4.0)"
128.69.162.51 - - [18/Jun/2015:04:41:38 +0300] "GET /templates/gk_aumi/lib/scripts/hltable.js HTTP/1.0" 200 3646 "http://citiex.com.ua/ukr-9396.html" "Mozilla/4.0 (compatible; MSIE 8.0; Windows NT 5.1; Trident/4.0)"
128.69.162.51 - - [18/Jun/2015:04:41:44 +0300] "GET /templates/gk_aumi/lib/scripts/template_scripts.js HTTP/1.0" 200 2281 "http://citiex.com.ua/ukr-9396.html" "Mozilla/4.0 (compatible; MSIE 8.0; Windows NT 5.1; Trident/4.0)"
128.69.162.51 - - [18/Jun/2015:04:41:44 +0300] "GET /templates/gk_aumi/lib/scripts/menu.php?style=suckerfish&width=1&height=1&opacity=1&animation=1&speed=250 HTTP/1.0" 200 253 "http://citiex.com.ua/ukr-9396.html" "Mozilla/4.0 (compatible; MSIE 8.0; Windows NT 5.1; Trident/4.0)"
128.69.162.51 - - [18/Jun/2015:04:41:49 +0300] "GET /templates/gk_aumi/css/ie7_css.css HTTP/1.0" 200 678 "http://citiex.com.ua/ukr-9396.html" "Mozilla/4.0 (compatible; MSIE 8.0; Windows NT 5.1; Trident/4.0)"
176.195.206.191 - - [18/Jun/2015:04:41:54 +0300] "GET /1-obschie-voprosy-po-ocenke-imuschestva/5-chto-takoe-aktualizaciya-otcheta-ob-ocenke.html HTTP/1.0" 200 29506 "http://yandex.ru/clck/jsredir?from=yandex.ru%3Bsearch%3Bweb%3B%3B&text=&etext=722.1nd45g58cAOsHzGmi8i13Gy_jJUD0-zjFdKjZ91B9qlmnSMdR_vYlnaTbeNEYy6JkmrAOuS2uLPHfE7ETejWRpHnkgKJSM8R_pNnbcaR-x8BQ5G2z5Yhg18j2aKIeIwF0Wf8F2D3E7b7g9AObhfhfUhiYITh6NGdP-mHbtoPyOr9qLx-5K7OD0b3-QmtwO6_SyfavlUWugamezFI1OAwLfrxPQu1bLipYP8DVcRieC8UGoKcycFvdYp224pAOoeSH36EocDVxA3l2dfU3PkHGg3BJL4nivosBHsZkJ5mLCdEIeeahvtRf5jX0VL2rZQjzvX35nuYErJ54oq5YYcb7yBM-xJJCkpf7N8aS5fW4ic.7294ce73abc3cad85ecbf5b1fa40c5e1f97799f0&uuid=&state=AiuY0DBWFJ4ePaEse6rgeAjgs2pI3DW9J0KiE5XNXd0dp0ZMwFHoviUoYa6nzP7MFsomsouu4qdwAcmKNouhrSop_tVL3ebwviHBAa_PKoTyxJfY4lnau9nL1NKAbGZSHs89Voahmk7B_2SG55DcqWDkiBWKOKaAF36aJ6rgspb3Rq3q_Hkeotwtn3M8KwXNwLHvLytsNckBgTDPEGRydQ&data=UlNrNmk5WktYejR0eWJFYk1LdmtxZ0IwM0xtOGFxVG5XOFNaM2VaM051ZlVyU2t0M1UxdEliQTNLV1E4SmxubFBPQTNqaWhndlk5ZDV5WDF2cnJXYXlCU2tlRVhiVEhSVDdXOHVxUFh1c2UweHlGM3FzXzlwcFlfTUV6RGUwbk5tUXFmaWdPY05xcFJTLVladEFpQTVHU0ROREtFeTRqczBKOFQzU1BSS2tDUHdlODk3Vi13Yk1BTXlfckU4RjhOVTJCU2RET3N6OHpiay1vaXhSbEdZYXgxNlJCczdxZko&b64e=2&sign=1b202a4716ff7b22ad57f7a010ea1fa2&keyno=0&l10n=ru&cts=1434590962770&mc=6.78092845703" "Mozilla/4.0 (compatible; MSIE 8.0; Windows NT 5.1; Trident/4.0)"
176.195.206.191 - - [18/Jun/2015:04:41:55 +0300] "GET /cache/assets/2793a0669d4159c0474c7f01c8af4b9f.css HTTP/1.0" 200 56182 "http://citiex.com.ua/1-obschie-voprosy-po-ocenke-imuschestva/5-chto-takoe-aktualizaciya-otcheta-ob-ocenke.html" "Mozilla/4.0 (compatible; MSIE 8.0; Windows NT 5.1; Trident/4.0)"
176.195.206.191 - - [18/Jun/2015:04:41:55 +0300] "GET /media/system/js/mootools.js HTTP/1.0" 200 74434 "http://citiex.com.ua/1-obschie-voprosy-po-ocenke-imuschestva/5-chto-takoe-aktualizaciya-otcheta-ob-ocenke.html" "Mozilla/4.0 (compatible; MSIE 8.0; Windows NT 5.1; Trident/4.0)"
176.195.206.191 - - [18/Jun/2015:04:41:55 +0300] "GET /media/system/js/calendar.js HTTP/1.0" 200 34315 "http://citiex.com.ua/1-obschie-voprosy-po-ocenke-imuschestva/5-chto-takoe-aktualizaciya-otcheta-ob-ocenke.html" "Mozilla/4.0 (compatible; MSIE 8.0; Windows NT 5.1; Trident/4.0)"
176.195.206.191 - - [18/Jun/2015:04:41:55 +0300] "GET /includes/js/joomla.javascript.js HTTP/1.0" 200 15405 "http://citiex.com.ua/1-obschie-voprosy-po-ocenke-imuschestva/5-chto-takoe-aktualizaciya-otcheta-ob-ocenke.html" "Mozilla/4.0 (compatible; MSIE 8.0; Windows NT 5.1; Trident/4.0)"
176.195.206.191 - - [18/Jun/2015:04:41:55 +0300] "GET /media/system/js/calendar-setup.js HTTP/1.0" 200 4919 "http://citiex.com.ua/1-obschie-voprosy-po-ocenke-imuschestva/5-chto-takoe-aktualizaciya-otcheta-ob-ocenke.html" "Mozilla/4.0 (compatible; MSIE 8.0; Windows NT 5.1; Trident/4.0)"
176.195.206.191 - - [18/Jun/2015:04:41:55 +0300] "GET /templates/gk_aumi/lib/scripts/template_scripts.js HTTP/1.0" 200 2281 "http://citiex.com.ua/1-obschie-voprosy-po-ocenke-imuschestva/5-chto-takoe-aktualizaciya-otcheta-ob-ocenke.html" "Mozilla/4.0 (compatible; MSIE 8.0; Windows NT 5.1; Trident/4.0)"
176.195.206.191 - - [18/Jun/2015:04:41:55 +0300] "GET /templates/gk_aumi/lib/scripts/hltable.js HTTP/1.0" 200 3646 "http://citiex.com.ua/1-obschie-voprosy-po-ocenke-imuschestva/5-chto-takoe-aktualizaciya-otcheta-ob-ocenke.html" "Mozilla/4.0 (compatible; MSIE 8.0; Windows NT 5.1; Trident/4.0)"
176.195.206.191 - - [18/Jun/2015:04:41:56 +0300] "GET /templates/gk_aumi/css/ie7_css.css HTTP/1.0" 200 678 "http://citiex.com.ua/1-obschie-voprosy-po-ocenke-imuschestva/5-chto-takoe-aktualizaciya-otcheta-ob-ocenke.html" "Mozilla/4.0 (compatible; MSIE 8.0; Windows NT 5.1; Trident/4.0)"
176.195.206.191 - - [18/Jun/2015:04:41:56 +0300] "GET /templates/gk_aumi/lib/scripts/menu.php?style=suckerfish&width=1&height=1&opacity=1&animation=1&speed=250 HTTP/1.0" 200 253 "http://citiex.com.ua/1-obschie-voprosy-po-ocenke-imuschestva/5-chto-takoe-aktualizaciya-otcheta-ob-ocenke.html" "Mozilla/4.0 (compatible; MSIE 8.0; Windows NT 5.1; Trident/4.0)"
176.195.206.191 - - [18/Jun/2015:04:41:56 +0300] "GET /index.php?option=com_aicontactsafe&sTask=message&task=message&pf=4&next_use_ajax=1&r_id=39210144&format=raw&lang=ru&Itemid=176 HTTP/1.0" 200 5571 "http://citiex.com.ua/1-obschie-voprosy-po-ocenke-imuschestva/5-chto-takoe-aktualizaciya-otcheta-ob-ocenke.html" "Mozilla/4.0 (compatible; MSIE 8.0; Windows NT 5.1; Trident/4.0)"
157.55.39.127 - - [18/Jun/2015:04:44:10 +0300] "GET /robots.txt HTTP/1.0" 200 304 "-" "Mozilla/5.0 (compatible; bingbot/2.0; +http://www.bing.com/bingbot.htm)"
157.55.39.127 - - [18/Jun/2015:04:44:14 +0300] "GET /rivnenske-rv-fdmu.html HTTP/1.0" 200 27607 "-" "Mozilla/5.0 (compatible; bingbot/2.0; +http://www.bing.com/bingbot.htm)"
157.55.39.127 - - [18/Jun/2015:04:45:03 +0300] "GET /slovar-terminov/slovar-ocenschika-obschie-terminy-1/%d0%a4.html HTTP/1.0" 200 18513 "-" "Mozilla/5.0 (compatible; bingbot/2.0; +http://www.bing.com/bingbot.htm)"
72.46.130.42 - - [18/Jun/2015:04:46:16 +0300] "GET / HTTP/1.0" 200 20170 "-" "Pingdom.com_bot_version_1.4_(http://www.pingdom.com/)"
157.55.39.210 - - [18/Jun/2015:04:47:19 +0300] "GET /slovar-terminov/slovar-ocenschika-nedvizhimost-i-ipoteka-2/%d0%a3.html HTTP/1.0" 200 26608 "-" "Mozilla/5.0 (compatible; bingbot/2.0; +http://www.bing.com/bingbot.htm)"
178.255.153.2 - - [18/Jun/2015:04:51:16 +0300] "GET / HTTP/1.0" 200 20170 "-" "Pingdom.com_bot_version_1.4_(http://www.pingdom.com/)"
108.62.115.226 - - [18/Jun/2015:04:56:16 +0300] "GET / HTTP/1.0" 200 20170 "-" "Pingdom.com_bot_version_1.4_(http://www.pingdom.com/)"
184.75.209.18 - - [18/Jun/2015:05:01:16 +0300] "GET / HTTP/1.0" 200 20170 "-" "Pingdom.com_bot_version_1.4_(http://www.pingdom.com/)"
149.91.83.223 - - [18/Jun/2015:05:03:25 +0300] "GET / HTTP/1.0" 200 20170 "http://burger-imperia.com/" "Mozilla/5.0 (X11; Linux x86_64) AppleWebKit/537.36 (KHTML, like Gecko) Chrome/37.0.2062.120 Safari/537.36"
199.87.228.66 - - [18/Jun/2015:05:06:16 +0300] "GET / HTTP/1.0" 200 20170 "-" "Pingdom.com_bot_version_1.4_(http://www.pingdom.com/)"
94.247.174.83 - - [18/Jun/2015:05:11:16 +0300] "GET / HTTP/1.0" 200 20170 "-" "Pingdom.com_bot_version_1.4_(http://www.pingdom.com/)"
82.145.222.18 - - [18/Jun/2015:05:11:20 +0300] "GET /templates/gk_aumi/favicon.ico HTTP/1.0" 200 1406 "-" "Opera/9.80 (Android; Opera Mini/7.5.35644/36.2353; U; ru) Presto/2.12.423 Version/12.16"
204.152.200.42 - - [18/Jun/2015:05:16:16 +0300] "GET / HTTP/1.0" 200 20170 "-" "Pingdom.com_bot_version_1.4_(http://www.pingdom.com/)"
85.17.156.11 - - [18/Jun/2015:05:21:16 +0300] "GET / HTTP/1.0" 200 20170 "-" "Pingdom.com_bot_version_1.4_(http://www.pingdom.com/)"
217.69.136.210 - - [18/Jun/2015:05:22:50 +0300] "GET /robots.txt HTTP/1.0" 200 304 "-" "Mozilla/5.0 (compatible; Linux x86_64; Mail.RU_Bot/2.0; +http://go.mail.ru/help/robots)"
188.138.124.110 - - [18/Jun/2015:05:26:16 +0300] "GET / HTTP/1.0" 200 20170 "-" "Pingdom.com_bot_version_1.4_(http://www.pingdom.com/)"
157.55.39.37 - - [18/Jun/2015:05:28:46 +0300] "GET /slovar-terminov/slovar-ocenschika-obschie-terminy-1/%d0%a0.html HTTP/1.0" 200 25579 "-" "Mozilla/5.0 (compatible; bingbot/2.0; +http://www.bing.com/bingbot.htm)"
72.46.130.42 - - [18/Jun/2015:05:31:16 +0300] "GET / HTTP/1.0" 200 20170 "-" "Pingdom.com_bot_version_1.4_(http://www.pingdom.com/)"
212.40.56.82 - - [18/Jun/2015:05:31:57 +0300] "GET /robots.txt HTTP/1.0" 200 304 "-" "Mozilla/5.0 (compatible; MJ12bot/v1.4.5; http://www.majestic12.co.uk/bot.php?+)"
212.40.56.82 - - [18/Jun/2015:05:31:59 +0300] "GET /slovar-terminov/slovar-ocenschika-avtotransport-5/%d0%a0/raspredelitelnyy-val-3094.html HTTP/1.0" 200 16786 "-" "Mozilla/5.0 (compatible; MJ12bot/v1.4.5; http://www.majestic12.co.uk/bot.php?+)"
212.40.56.82 - - [18/Jun/2015:05:32:05 +0300] "GET /slovar-terminov/slovar-ocenschika-avtotransport-5/%d0%a1/sefiti-kar-3180.html HTTP/1.0" 200 16184 "-" "Mozilla/5.0 (compatible; MJ12bot/v1.4.5; http://www.majestic12.co.uk/bot.php?+)"
212.40.56.82 - - [18/Jun/2015:05:32:11 +0300] "GET /slovar-terminov/slovar-ocenschika-avtotransport-5/%d0%a1/shozhdenie-koles-3178.html HTTP/1.0" 200 16876 "-" "Mozilla/5.0 (compatible; MJ12bot/v1.4.5; http://www.majestic12.co.uk/bot.php?+)"
212.40.56.82 - - [18/Jun/2015:05:32:14 +0300] "GET /slovar-terminov/slovar-ocenschika-avtotransport-5/%d0%a1/sistema-dinamicheskoy-stabilizacii-vehicle-dynamics-control-mascvsa-3137.html HTTP/1.0" 200 18564 "-" "Mozilla/5.0 (compatible; MJ12bot/v1.4.5; http://www.majestic12.co.uk/bot.php?+)"
212.40.56.82 - - [18/Jun/2015:05:32:17 +0300] "GET /slovar-terminov/slovar-ocenschika-avtotransport-5/%d0%a1/sistema-ekstrennogo-tormozheniya-brake-assist-3147.html HTTP/1.0" 200 17232 "-" "Mozilla/5.0 (compatible; MJ12bot/v1.4.5; http://www.majestic12.co.uk/bot.php?+)"
212.40.56.82 - - [18/Jun/2015:05:32:20 +0300] "GET /slovar-terminov/slovar-ocenschika-avtotransport-5/%d0%a1/sistema-hill-descent-control-3134.html HTTP/1.0" 200 16718 "-" "Mozilla/5.0 (compatible; MJ12bot/v1.4.5; http://www.majestic12.co.uk/bot.php?+)"
212.40.56.82 - - [18/Jun/2015:05:32:24 +0300] "GET /slovar-terminov/slovar-ocenschika-avtotransport-5/%d0%a1/sistema-hill-hold-control-3135.html HTTP/1.0" 200 16447 "-" "Mozilla/5.0 (compatible; MJ12bot/v1.4.5; http://www.majestic12.co.uk/bot.php?+)"
212.40.56.82 - - [18/Jun/2015:05:32:26 +0300] "GET /slovar-terminov/slovar-ocenschika-avtotransport-5/%d0%a1/sistema-integrirovannogo-upravleniya-dinamikoy-avtomobilya-vdim-vehicle-dinamics-integrated-managemen-3139.html HTTP/1.0" 200 17111 "-" "Mozilla/5.0 (compatible; MJ12bot/v1.4.5; http://www.majestic12.co.uk/bot.php?+)"
212.40.56.82 - - [18/Jun/2015:05:32:30 +0300] "GET /slovar-terminov/slovar-ocenschika-avtotransport-5/%d0%a1/sistema-izmeneniya-faz-gazoraspredeleniya-vtc-variable-timing-control-3138.html HTTP/1.0" 200 18611 "-" "Mozilla/5.0 (compatible; MJ12bot/v1.4.5; http://www.majestic12.co.uk/bot.php?+)"
212.40.56.82 - - [18/Jun/2015:05:32:35 +0300] "GET /slovar-terminov/slovar-ocenschika-avtotransport-5/%d0%a1/sistema-kontrolya-za-tormozheniem-dvigatelem-msr-3140.html HTTP/1.0" 200 16811 "-" "Mozilla/5.0 (compatible; MJ12bot/v1.4.5; http://www.majestic12.co.uk/bot.php?+)"
212.40.56.82 - - [18/Jun/2015:05:32:38 +0300] "GET /slovar-terminov/slovar-ocenschika-avtotransport-5/%d0%a1/sistema-kursovoy-ustoychivosti-esp-dsc-esc-vsc-3141.html HTTP/1.0" 200 19530 "-" "Mozilla/5.0 (compatible; MJ12bot/v1.4.5; http://www.majestic12.co.uk/bot.php?+)"
212.40.56.82 - - [18/Jun/2015:05:32:40 +0300] "GET /slovar-terminov/slovar-ocenschika-avtotransport-5/%d0%a1/sistema-pomoschi-pri-pod-eme-po-sklonu-hac-3142.html HTTP/1.0" 200 17224 "-" "Mozilla/5.0 (compatible; MJ12bot/v1.4.5; http://www.majestic12.co.uk/bot.php?+)"
212.40.56.82 - - [18/Jun/2015:05:32:46 +0300] "GET /slovar-terminov/slovar-ocenschika-avtotransport-5/%d0%a1/sistema-pomoschi-pri-spuske-po-sklonu-dac-3143.html HTTP/1.0" 200 16912 "-" "Mozilla/5.0 (compatible; MJ12bot/v1.4.5; http://www.majestic12.co.uk/bot.php?+)"
212.40.56.82 - - [18/Jun/2015:05:32:52 +0300] "GET /slovar-terminov/slovar-ocenschika-avtotransport-5/%d0%a1/sistema-pomoschi-tormozheniyu-dvigatelem-mebac-3144.html HTTP/1.0" 200 16590 "-" "Mozilla/5.0 (compatible; MJ12bot/v1.4.5; http://www.majestic12.co.uk/bot.php?+)"
212.40.56.82 - - [18/Jun/2015:05:32:57 +0300] "GET /slovar-terminov/slovar-ocenschika-avtotransport-5/%d0%a1/sistema-raspredeleniya-tormoznyh-usiliy-electronic-brake-distribution-ebd-3145.html HTTP/1.0" 200 17223 "-" "Mozilla/5.0 (compatible; MJ12bot/v1.4.5; http://www.majestic12.co.uk/bot.php?+)"
212.40.56.82 - - [18/Jun/2015:05:33:01 +0300] "GET /slovar-terminov/slovar-ocenschika-avtotransport-5/%d0%a1/sistema-suhogo-tormozheniya-esp-feature-3146.html HTTP/1.0" 200 16729 "-" "Mozilla/5.0 (compatible; MJ12bot/v1.4.5; http://www.majestic12.co.uk/bot.php?+)"
212.40.56.82 - - [18/Jun/2015:05:33:05 +0300] "GET /slovar-terminov/slovar-ocenschika-avtotransport-5/%d0%a1/smeseobrazovanie-3148.html HTTP/1.0" 200 17277 "-" "Mozilla/5.0 (compatible; MJ12bot/v1.4.5; http://www.majestic12.co.uk/bot.php?+)"
212.40.56.82 - - [18/Jun/2015:05:33:08 +0300] "GET /slovar-terminov/slovar-ocenschika-avtotransport-5/%d0%a1/soedinenie-detaley-3149.html HTTP/1.0" 200 16872 "-" "Mozilla/5.0 (compatible; MJ12bot/v1.4.5; http://www.majestic12.co.uk/bot.php?+)"
212.40.56.82 - - [18/Jun/2015:05:33:12 +0300] "GET /slovar-terminov/slovar-ocenschika-avtotransport-5/%d0%a1/strahovoy-polis-dogovor-strahovaniya-3170.html HTTP/1.0" 200 16912 "-" "Mozilla/5.0 (compatible; MJ12bot/v1.4.5; http://www.majestic12.co.uk/bot.php?+)"
212.40.56.82 - - [18/Jun/2015:05:33:16 +0300] "GET /slovar-terminov/slovar-ocenschika-avtotransport-5/%d0%a1/strahovoy-portfel-3171.html HTTP/1.0" 200 16670 "-" "Mozilla/5.0 (compatible; MJ12bot/v1.4.5; http://www.majestic12.co.uk/bot.php?+)"
212.40.56.82 - - [18/Jun/2015:05:33:18 +0300] "GET /slovar-terminov/slovar-ocenschika-avtotransport-5/%d0%a1/strahovoy-risk-3172.html HTTP/1.0" 200 16746 "-" "Mozilla/5.0 (compatible; MJ12bot/v1.4.5; http://www.majestic12.co.uk/bot.php?+)"
212.40.56.82 - - [18/Jun/2015:05:33:21 +0300] "GET /slovar-terminov/slovar-ocenschika-avtotransport-5/%d0%a1/strahovoy-sluchay-3173.html HTTP/1.0" 200 16904 "-" "Mozilla/5.0 (compatible; MJ12bot/v1.4.5; http://www.majestic12.co.uk/bot.php?+)"
212.40.56.82 - - [18/Jun/2015:05:33:25 +0300] "GET /slovar-terminov/slovar-ocenschika-avtotransport-5/%d0%a1/strahovoy-tarif-3174.html HTTP/1.0" 200 16930 "-" "Mozilla/5.0 (compatible; MJ12bot/v1.4.5; http://www.majestic12.co.uk/bot.php?+)"
212.40.56.82 - - [18/Jun/2015:05:33:28 +0300] "GET /slovar-terminov/slovar-ocenschika-avtotransport-5/%d0%a1/strahovoy-uscherb-3175.html HTTP/1.0" 200 18562 "-" "Mozilla/5.0 (compatible; MJ12bot/v1.4.5; http://www.majestic12.co.uk/bot.php?+)"
212.40.56.82 - - [18/Jun/2015:05:33:30 +0300] "GET /slovar-terminov/slovar-ocenschika-avtotransport-5/%d0%a1/strahovschik-3176.html HTTP/1.0" 200 18789 "-" "Mozilla/5.0 (compatible; MJ12bot/v1.4.5; http://www.majestic12.co.uk/bot.php?+)"
212.40.56.82 - - [18/Jun/2015:05:33:33 +0300] "GET /slovar-terminov/slovar-ocenschika-avtotransport-5/%d0%a1/stupica-3177.html HTTP/1.0" 200 16637 "-" "Mozilla/5.0 (compatible; MJ12bot/v1.4.5; http://www.majestic12.co.uk/bot.php?+)"
212.40.56.82 - - [18/Jun/2015:05:33:37 +0300] "GET /slovar-terminov/slovar-ocenschika-avtotransport-5/%d0%a1/svecha-zazhiganiya-3125.html HTTP/1.0" 200 16884 "-" "Mozilla/5.0 (compatible; MJ12bot/v1.4.5; http://www.majestic12.co.uk/bot.php?+)"
212.40.56.82 - - [18/Jun/2015:05:33:41 +0300] "GET /slovar-terminov/slovar-ocenschika-avtotransport-5/%d0%a1/svetodiodnye-sto-3123.html HTTP/1.0" 200 16802 "-" "Mozilla/5.0 (compatible; MJ12bot/v1.4.5; http://www.majestic12.co.uk/bot.php?+)"
212.40.56.82 - - [18/Jun/2015:05:33:52 +0300] "GET /slovar-terminov/slovar-ocenschika-avtotransport-5/%d0%a1/svobodnogo-hoda-mehanizm-3126.html HTTP/1.0" 200 17217 "-" "Mozilla/5.0 (compatible; MJ12bot/v1.4.5; http://www.majestic12.co.uk/bot.php?+)"
212.40.56.82 - - [18/Jun/2015:05:33:57 +0300] "GET /slovar-terminov/slovar-ocenschika-avtotransport-5/%d0%a1/szhatiya-stepen-3130.html HTTP/1.0" 200 16988 "-" "Mozilla/5.0 (compatible; MJ12bot/v1.4.5; http://www.majestic12.co.uk/bot.php?+)"
212.40.56.82 - - [18/Jun/2015:05:34:03 +0300] "GET /slovar-terminov/slovar-ocenschika-avtotransport-5/%d0%a2/tahometr-3182.html HTTP/1.0" 200 16347 "-" "Mozilla/5.0 (compatible; MJ12bot/v1.4.5; http://www.majestic12.co.uk/bot.php?+)"
212.40.56.82 - - [18/Jun/2015:05:34:06 +0300] "GET /slovar-terminov/slovar-ocenschika-avtotransport-5/%d0%a2/taksi-3181.html HTTP/1.0" 200 16695 "-" "Mozilla/5.0 (compatible; MJ12bot/v1.4.5; http://www.majestic12.co.uk/bot.php?+)"
212.40.56.82 - - [18/Jun/2015:05:34:09 +0300] "GET /slovar-terminov/slovar-ocenschika-avtotransport-5/%d0%a2/tehnika-bezopasnosti-3185.html HTTP/1.0" 200 17368 "-" "Mozilla/5.0 (compatible; MJ12bot/v1.4.5; http://www.majestic12.co.uk/bot.php?+)"
212.40.56.82 - - [18/Jun/2015:05:34:11 +0300] "GET /slovar-terminov/slovar-ocenschika-avtotransport-5/%d0%a2/tormoznoy-put-3192.html HTTP/1.0" 200 18452 "-" "Mozilla/5.0 (compatible; MJ12bot/v1.4.5; http://www.majestic12.co.uk/bot.php?+)"
212.40.56.82 - - [18/Jun/2015:05:34:14 +0300] "GET /slovar-terminov/slovar-ocenschika-avtotransport-5/%d0%a2/trambler-3196.html HTTP/1.0" 200 16843 "-" "Mozilla/5.0 (compatible; MJ12bot/v1.4.5; http://www.majestic12.co.uk/bot.php?+)"
212.40.56.82 - - [18/Jun/2015:05:34:17 +0300] "GET /slovar-terminov/slovar-ocenschika-avtotransport-5/%d0%a2/tronkovyy-dvigatel-3202.html HTTP/1.0" 200 16670 "-" "Mozilla/5.0 (compatible; MJ12bot/v1.4.5; http://www.majestic12.co.uk/bot.php?+)"
212.40.56.82 - - [18/Jun/2015:05:34:23 +0300] "GET /slovar-terminov/slovar-ocenschika-avtotransport-5/%d0%a3/ustroystvo-otslezhivaniya-davleniya-v-shinah-3215.html HTTP/1.0" 200 16949 "-" "Mozilla/5.0 (compatible; MJ12bot/v1.4.5; http://www.majestic12.co.uk/bot.php?+)"
212.40.56.82 - - [18/Jun/2015:05:34:27 +0300] "GET /slovar-terminov/slovar-ocenschika-avtotransport-5/%d0%a3/ustupit-dorogu-ne-sozdavat-pomeh-3216.html HTTP/1.0" 200 17349 "-" "Mozilla/5.0 (compatible; MJ12bot/v1.4.5; http://www.majestic12.co.uk/bot.php?+)"
212.40.56.82 - - [18/Jun/2015:05:34:32 +0300] "GET /slovar-terminov/slovar-ocenschika-avtotransport-5/%d0%a4/faeton-3222.html HTTP/1.0" 200 16769 "-" "Mozilla/5.0 (compatible; MJ12bot/v1.4.5; http://www.majestic12.co.uk/bot.php?+)"
212.40.56.82 - - [18/Jun/2015:05:34:35 +0300] "GET /slovar-terminov/slovar-ocenschika-avtotransport-5/%d0%a4/fara-3220.html HTTP/1.0" 200 16545 "-" "Mozilla/5.0 (compatible; MJ12bot/v1.4.5; http://www.majestic12.co.uk/bot.php?+)"
212.40.56.82 - - [18/Jun/2015:05:34:37 +0300] "GET /slovar-terminov/slovar-ocenschika-avtotransport-5/%d0%a4/fastbek-3221.html HTTP/1.0" 200 16313 "-" "Mozilla/5.0 (compatible; MJ12bot/v1.4.5; http://www.majestic12.co.uk/bot.php?+)"
