5.45.192.72 - - [17/Jun/2015:17:10:42 +0300] "GET /ocenka-kvartiry-pri-prodaje.html HTTP/1.0" 200 32931 "http://yandex.ua/clck/jsredir?from=yandex.ua%3Byandsearch%3Bweb%3B%3B&text=&etext=722.sI8y-NVRGt1ulkvxhwERw6Q-rnJiRIKcCNxqIylclEjSymqAUSgput1l3QZB1VYMlf6GoVwC1UP6Rlx_ISvrfalXi0U9Yrsq0qs2A1sZ-9tTaLM_dZmtpc51SgBMsCNd1tDXy1BgHqtIUwz6NWnJ-g.25abcfab36f326f675aaeead1a2068ca7bf617a6&uuid=&state=PEtFfuTeVD5kpHnK9lio9XPOnieP7YQBovzVqj9ang0YEepmskggOQ&data=UlNrNmk5WktYejR0eWJFYk1LdmtxZ0IwM0xtOGFxVG5XOFNaM2VaM051ZWl6cnRNdm1WNElvZmpQUFZKNHg0RWExOWNiVnV1U2xTLWtPR2dhbERYUW9yMGNHN29FVmFZOXR2TlRFTWRiWW8tdU00ZHNHZWRoZThEdGR5Wko0dm91U2RKclFGODVuMA&b64e=2&sign=a5e3d8b042820b35ec7ff4652f3f6a25&keyno=0&cst=AiuY0DBWFJ7IXge4WdYJQRJlt-zx8hWFJ3EMFgf0_cT5WrBUKysbbVwK2n1C7wDC-PXHvRPDMzl4Pj59PxxZ8M_1Hs92UlqGo8Djvpx0aVhLixlBj-DnvPvBaDDqrhvhIM8WzEOy4xuSOjl5Tsl8KqyZFmt1HSDt2VrTVUHePIiZXX0G39BQEYHHrz8i_lhA&ref=cM777e4sMODZ_bseNIiUXGHUFc96C3BGJN-fMUZbp6qoiFd7XafSCwd-xh_UFZA7Vor8GZHsNJoUnKdjTzNV-vgJtgdyoqWXFA_nKHXEGS7P7hcHhDuDyBU92LrHZvPdfa0A7ROja0clMOW8JbRc6WmT6xcuWUxnsDEcYQRQV2wCdt5PBGGcUxpQLsJIQYHl-Pudtw6OsE7VHX9eseT9T0A-wAvhCHkyT0I3XLGppsoHmicxlGoDJHdbPnZOIXv3D9y_1zMqRcGMvDAyrz-KyExntzdOu8lJgYFJ8guIu_4PyxLuI0VxDNO2WmQ6IV8ddYZs-wyzfXPX9AJI4jJylO0LvBnkzhrcSG97PLltdvyX1zTIFptrD54xYg5wy9lYGX39JXTmuuy9zNh6cG5-jBd-dTc0W40Ul_tlqXdstv2G8lGCaw6iPTs4D2RVtVCyjfJst5wfPfgcYkNEsHHucSeimxpUlXOyRl86feXZ2JI0XT-hrVH98yZGKQQp9qhZVIB9uoGEx4jZrlV3bmEXxCwsvy71nVhVgdMIjivos4anYyxe6PYT4PSPn_qGFoTRjv6kyEyqnScAwCa2LLIGBOWIJiMMN31oYY4b1CUXkJ2EYT3f6K0KH1jaqTk8ejScOW0f1p4pbqucoQZCHHsqTL2x5zxohgcxN4HnzAmgjTFDERbLx8kqR-2jOU-FmJX7XnsgszwlNlKmjapqTxiFihpbSy3Cfb43owrikCCSz9Ky6UptwzexA2Drl4DYcOeOU7iFMD8VF8uV2hOPREWf5mtVYsTdLDc9h32YG7PWp1Tls-LF89tqyRH88FoU6iRE0rs9SnDfCoZO6L4LvEhz-wFFiHy8gFv4D0kYpdETLCi21W0fPcTesgBSbvf2x-8cOETrn7wQQJ-7IdRwnPFrncAT6g_eWTFSqIXzUY0TEskD-qJ6MhD-pA6bDZPL88rFrXmgjnSPE8k-bb_d9D8M-2YQ1MeEDaXPhQ7QdKOU312C1Ai7ut5EpS9T6EXPCDwu9Y6NExhFttVOhCTA1E9dAZhtim2DJdqHSncL3Nd_uwlTxoD7zNQUHnXoUHQqQhPu8aAyzTsOPD_D7wNBijxlu_bx-mNiJjVTpihAAlHKELdwGmI29579b7n8EaFtA-tVhj0X3eXfpztXkYHjeUz8kqh6wd8NHFky-AyzPOKkuYWmvtxF472JGGvZkxqX5dLVxOJNkERsdVqCgsvehhZb9E2-jzzn6niTwGxltVRwXEWMhWl25XjVyB5AeXPDv2Zkj6ExUSMT3Ieib1KGDzj_P2Q5omvy2bSh_LX5eKWxdigSsgaM0xrE7VAYkL2rtUItAdNpA9OJ0LYkMIdC0xgpY0xRzh2jGgD842PsnTZdIdfKptLnZ8CdBbBqvzyEV2w1k0OMuscisu6zPheqKmbVzO90Uecch1ETaIyE1e2nhLHdT1fvN-IZa-vIvfo-_rnmU_NHP8NF5v0Q6Ul1xeq0ndgJyJySAS82pRLYtCXKK__KZH4fgWV2vBJ3isHUqZllLTgfIpbTh_pSGT-yIm6wAr3kuivFh8jnA6UwhBoVLjnOK1ZaS-oSOfW4Pt1fb9Su2ezhOBCAfJxPs_gZaORqdLzMfMmtoGqvvKcYYVaNqiLpFzDi6MQOHA&l10n=ru&cts=1434553825357&mc=4.413909765557392" "Mozilla/5.0 (Windows NT 6.1; WOW64) AppleWebKit/537.36 (KHTML, like Gecko) Chrome/40.0.2214.115 YaBrowser/15.2.2214.3645 Safari/537.36"
5.45.192.72 - - [17/Jun/2015:17:10:43 +0300] "GET /cache/assets/15e1e423d7a27a0d8ee8e70b064c44eb.css HTTP/1.0" 200 44011 "http://citiex.com.ua/ocenka-kvartiry-pri-prodaje.html" "Mozilla/5.0 (Windows NT 6.1; WOW64) AppleWebKit/537.36 (KHTML, like Gecko) Chrome/40.0.2214.115 YaBrowser/15.2.2214.3645 Safari/537.36"
5.45.192.72 - - [17/Jun/2015:17:10:44 +0300] "GET /media/system/js/mootools.js HTTP/1.0" 200 74434 "http://citiex.com.ua/ocenka-kvartiry-pri-prodaje.html" "Mozilla/5.0 (Windows NT 6.1; WOW64) AppleWebKit/537.36 (KHTML, like Gecko) Chrome/40.0.2214.115 YaBrowser/15.2.2214.3645 Safari/537.36"
5.45.192.72 - - [17/Jun/2015:17:10:44 +0300] "GET /plugins/content/attachments_refresh.js HTTP/1.0" 200 1560 "http://citiex.com.ua/ocenka-kvartiry-pri-prodaje.html" "Mozilla/5.0 (Windows NT 6.1; WOW64) AppleWebKit/537.36 (KHTML, like Gecko) Chrome/40.0.2214.115 YaBrowser/15.2.2214.3645 Safari/537.36"
5.45.192.72 - - [17/Jun/2015:17:10:44 +0300] "GET /media/system/js/modal.js HTTP/1.0" 200 10588 "http://citiex.com.ua/ocenka-kvartiry-pri-prodaje.html" "Mozilla/5.0 (Windows NT 6.1; WOW64) AppleWebKit/537.36 (KHTML, like Gecko) Chrome/40.0.2214.115 YaBrowser/15.2.2214.3645 Safari/537.36"
5.45.192.72 - - [17/Jun/2015:17:10:44 +0300] "GET /media/system/js/caption.js HTTP/1.0" 200 1963 "http://citiex.com.ua/ocenka-kvartiry-pri-prodaje.html" "Mozilla/5.0 (Windows NT 6.1; WOW64) AppleWebKit/537.36 (KHTML, like Gecko) Chrome/40.0.2214.115 YaBrowser/15.2.2214.3645 Safari/537.36"
5.45.192.72 - - [17/Jun/2015:17:10:44 +0300] "GET /templates/gk_aumi/lib/scripts/template_scripts.js HTTP/1.0" 200 2281 "http://citiex.com.ua/ocenka-kvartiry-pri-prodaje.html" "Mozilla/5.0 (Windows NT 6.1; WOW64) AppleWebKit/537.36 (KHTML, like Gecko) Chrome/40.0.2214.115 YaBrowser/15.2.2214.3645 Safari/537.36"
5.45.192.72 - - [17/Jun/2015:17:10:44 +0300] "GET /templates/gk_aumi/lib/scripts/hltable.js HTTP/1.0" 200 3646 "http://citiex.com.ua/ocenka-kvartiry-pri-prodaje.html" "Mozilla/5.0 (Windows NT 6.1; WOW64) AppleWebKit/537.36 (KHTML, like Gecko) Chrome/40.0.2214.115 YaBrowser/15.2.2214.3645 Safari/537.36"
5.45.192.72 - - [17/Jun/2015:17:10:44 +0300] "GET /templates/gk_aumi/lib/scripts/menu.php?style=suckerfish&width=1&height=1&opacity=1&animation=1&speed=250 HTTP/1.0" 200 253 "http://citiex.com.ua/ocenka-kvartiry-pri-prodaje.html" "Mozilla/5.0 (Windows NT 6.1; WOW64) AppleWebKit/537.36 (KHTML, like Gecko) Chrome/40.0.2214.115 YaBrowser/15.2.2214.3645 Safari/537.36"
5.45.192.72 - - [17/Jun/2015:17:10:44 +0300] "GET /templates/gk_aumi/images/logo.png HTTP/1.0" 200 6149 "http://citiex.com.ua/ocenka-kvartiry-pri-prodaje.html" "Mozilla/5.0 (Windows NT 6.1; WOW64) AppleWebKit/537.36 (KHTML, like Gecko) Chrome/40.0.2214.115 YaBrowser/15.2.2214.3645 Safari/537.36"
5.45.192.72 - - [17/Jun/2015:17:10:44 +0300] "GET /components/com_sh404sef/images/external-black.png HTTP/1.0" 200 3621 "http://citiex.com.ua/ocenka-kvartiry-pri-prodaje.html" "Mozilla/5.0 (Windows NT 6.1; WOW64) AppleWebKit/537.36 (KHTML, like Gecko) Chrome/40.0.2214.115 YaBrowser/15.2.2214.3645 Safari/537.36"
5.45.192.72 - - [17/Jun/2015:17:10:44 +0300] "GET /templates/gk_aumi/images/bg_top.png HTTP/1.0" 200 321 "http://citiex.com.ua/cache/assets/15e1e423d7a27a0d8ee8e70b064c44eb.css" "Mozilla/5.0 (Windows NT 6.1; WOW64) AppleWebKit/537.36 (KHTML, like Gecko) Chrome/40.0.2214.115 YaBrowser/15.2.2214.3645 Safari/537.36"
5.45.192.72 - - [17/Jun/2015:17:10:44 +0300] "GET /templates/gk_aumi/images/menu_li.png HTTP/1.0" 200 181 "http://citiex.com.ua/cache/assets/15e1e423d7a27a0d8ee8e70b064c44eb.css" "Mozilla/5.0 (Windows NT 6.1; WOW64) AppleWebKit/537.36 (KHTML, like Gecko) Chrome/40.0.2214.115 YaBrowser/15.2.2214.3645 Safari/537.36"
5.45.192.72 - - [17/Jun/2015:17:10:44 +0300] "GET /templates/gk_aumi/images/bg_content_top.png HTTP/1.0" 200 133 "http://citiex.com.ua/cache/assets/15e1e423d7a27a0d8ee8e70b064c44eb.css" "Mozilla/5.0 (Windows NT 6.1; WOW64) AppleWebKit/537.36 (KHTML, like Gecko) Chrome/40.0.2214.115 YaBrowser/15.2.2214.3645 Safari/537.36"
5.45.192.72 - - [17/Jun/2015:17:10:44 +0300] "GET /templates/gk_aumi/images/bullet.png HTTP/1.0" 200 2887 "http://citiex.com.ua/cache/assets/15e1e423d7a27a0d8ee8e70b064c44eb.css" "Mozilla/5.0 (Windows NT 6.1; WOW64) AppleWebKit/537.36 (KHTML, like Gecko) Chrome/40.0.2214.115 YaBrowser/15.2.2214.3645 Safari/537.36"
5.45.192.72 - - [17/Jun/2015:17:10:44 +0300] "GET /templates/gk_aumi/images/bg_content_middle.png HTTP/1.0" 200 89 "http://citiex.com.ua/cache/assets/15e1e423d7a27a0d8ee8e70b064c44eb.css" "Mozilla/5.0 (Windows NT 6.1; WOW64) AppleWebKit/537.36 (KHTML, like Gecko) Chrome/40.0.2214.115 YaBrowser/15.2.2214.3645 Safari/537.36"
5.45.192.72 - - [17/Jun/2015:17:10:44 +0300] "GET /templates/gk_aumi/images/module_default/mod_trb.png HTTP/1.0" 200 468 "http://citiex.com.ua/cache/assets/15e1e423d7a27a0d8ee8e70b064c44eb.css" "Mozilla/5.0 (Windows NT 6.1; WOW64) AppleWebKit/537.36 (KHTML, like Gecko) Chrome/40.0.2214.115 YaBrowser/15.2.2214.3645 Safari/537.36"
5.45.192.72 - - [17/Jun/2015:17:10:44 +0300] "GET /templates/gk_aumi/images/module_default/mod_tlb.png HTTP/1.0" 200 231 "http://citiex.com.ua/cache/assets/15e1e423d7a27a0d8ee8e70b064c44eb.css" "Mozilla/5.0 (Windows NT 6.1; WOW64) AppleWebKit/537.36 (KHTML, like Gecko) Chrome/40.0.2214.115 YaBrowser/15.2.2214.3645 Safari/537.36"
5.45.192.72 - - [17/Jun/2015:17:10:44 +0300] "GET /templates/gk_aumi/images/bg_footer.png HTTP/1.0" 200 325 "http://citiex.com.ua/cache/assets/15e1e423d7a27a0d8ee8e70b064c44eb.css" "Mozilla/5.0 (Windows NT 6.1; WOW64) AppleWebKit/537.36 (KHTML, like Gecko) Chrome/40.0.2214.115 YaBrowser/15.2.2214.3645 Safari/537.36"
5.45.192.72 - - [17/Jun/2015:17:10:45 +0300] "GET /templates/gk_aumi/favicon.ico HTTP/1.0" 200 1406 "-" "Mozilla/5.0 (Windows NT 6.1; WOW64) AppleWebKit/537.36 (KHTML, like Gecko) Chrome/40.0.2214.115 YaBrowser/15.2.2214.3645 Safari/537.36"
144.76.8.132 - - [17/Jun/2015:17:11:02 +0300] "GET /robots.txt HTTP/1.0" 200 304 "-" "Mozilla/5.0 (compatible; MJ12bot/v1.4.5; http://www.majestic12.co.uk/bot.php?+)"
144.76.8.132 - - [17/Jun/2015:17:11:03 +0300] "GET /slovar-terminov/slovar-ocenschika-avtotransport-5/%d0%9f/poluos-3070.html HTTP/1.0" 200 16559 "-" "Mozilla/5.0 (compatible; MJ12bot/v1.4.5; http://www.majestic12.co.uk/bot.php?+)"
144.76.8.132 - - [17/Jun/2015:17:11:05 +0300] "GET /slovar-terminov/slovar-ocenschika-avtotransport-5/%d0%9f/pomehoustoychivost-tehnicheskogo-ustroystva-3071.html HTTP/1.0" 200 17013 "-" "Mozilla/5.0 (compatible; MJ12bot/v1.4.5; http://www.majestic12.co.uk/bot.php?+)"
144.76.8.132 - - [17/Jun/2015:17:11:07 +0300] "GET /slovar-terminov/slovar-ocenschika-avtotransport-5/%d0%9f/pomosch-pri-tormozhenii-sverhu-downhill-brake-control-3072.html HTTP/1.0" 200 16785 "-" "Mozilla/5.0 (compatible; MJ12bot/v1.4.5; http://www.majestic12.co.uk/bot.php?+)"
144.76.8.132 - - [17/Jun/2015:17:11:09 +0300] "GET /slovar-terminov/slovar-ocenschika-avtotransport-5/%d0%9f/prednatyazhiteli-remney-3074.html HTTP/1.0" 200 16646 "-" "Mozilla/5.0 (compatible; MJ12bot/v1.4.5; http://www.majestic12.co.uk/bot.php?+)"
144.76.8.132 - - [17/Jun/2015:17:11:11 +0300] "GET /slovar-terminov/slovar-ocenschika-avtotransport-5/%d0%a0/remen-privodnoy-3106.html HTTP/1.0" 200 16238 "-" "Mozilla/5.0 (compatible; MJ12bot/v1.4.5; http://www.majestic12.co.uk/bot.php?+)"
5.254.103.23 - - [17/Jun/2015:17:11:12 +0300] "GET /admin.php HTTP/1.0" 404 14421 "-" "Mozilla/5.0 (Windows NT 6.1; WOW64) AppleWebKit/537.36 (KHTML, like Gecko) Chrome/36.0.1985.125 Safari/537.36"
144.76.8.132 - - [17/Jun/2015:17:11:13 +0300] "GET /slovar-terminov/slovar-ocenschika-avtotransport-5/%d0%a0/remont-3107.html HTTP/1.0" 200 17039 "-" "Mozilla/5.0 (compatible; MJ12bot/v1.4.5; http://www.majestic12.co.uk/bot.php?+)"
94.247.174.83 - - [17/Jun/2015:17:11:16 +0300] "GET / HTTP/1.0" 200 20170 "-" "Pingdom.com_bot_version_1.4_(http://www.pingdom.com/)"
144.76.8.132 - - [17/Jun/2015:17:11:16 +0300] "GET /slovar-terminov/slovar-ocenschika-avtotransport-5/%d0%a0/replikary-3108.html HTTP/1.0" 200 16541 "-" "Mozilla/5.0 (compatible; MJ12bot/v1.4.5; http://www.majestic12.co.uk/bot.php?+)"
144.76.8.132 - - [17/Jun/2015:17:11:18 +0300] "GET /slovar-terminov/slovar-ocenschika-avtotransport-5/%d0%a0/risk-strahovoy-3111.html HTTP/1.0" 200 16724 "-" "Mozilla/5.0 (compatible; MJ12bot/v1.4.5; http://www.majestic12.co.uk/bot.php?+)"
144.76.8.132 - - [17/Jun/2015:17:11:20 +0300] "GET /slovar-terminov/slovar-ocenschika-avtotransport-5/%d0%a0/robotizirovannaya-korobka-allshift-3112.html HTTP/1.0" 200 18609 "-" "Mozilla/5.0 (compatible; MJ12bot/v1.4.5; http://www.majestic12.co.uk/bot.php?+)"
144.76.8.132 - - [17/Jun/2015:17:11:22 +0300] "GET /slovar-terminov/slovar-ocenschika-avtotransport-5/%d0%a0/rodster-3113.html HTTP/1.0" 200 16469 "-" "Mozilla/5.0 (compatible; MJ12bot/v1.4.5; http://www.majestic12.co.uk/bot.php?+)"
144.76.8.132 - - [17/Jun/2015:17:11:24 +0300] "GET /slovar-terminov/slovar-ocenschika-avtotransport-5/%d0%a0/rospusk-3114.html HTTP/1.0" 200 16597 "-" "Mozilla/5.0 (compatible; MJ12bot/v1.4.5; http://www.majestic12.co.uk/bot.php?+)"
144.76.8.132 - - [17/Jun/2015:17:11:26 +0300] "GET /slovar-terminov/slovar-ocenschika-avtotransport-5/%d0%a0/rotor-3115.html HTTP/1.0" 200 16569 "-" "Mozilla/5.0 (compatible; MJ12bot/v1.4.5; http://www.majestic12.co.uk/bot.php?+)"
144.76.8.132 - - [17/Jun/2015:17:11:28 +0300] "GET /slovar-terminov/slovar-ocenschika-avtotransport-5/%d0%a0/rotornyy-dvigatel-3116.html HTTP/1.0" 200 17306 "-" "Mozilla/5.0 (compatible; MJ12bot/v1.4.5; http://www.majestic12.co.uk/bot.php?+)"
144.76.8.132 - - [17/Jun/2015:17:11:30 +0300] "GET /slovar-terminov/slovar-ocenschika-avtotransport-5/%d0%a1/salnik-3119.html HTTP/1.0" 200 17569 "-" "Mozilla/5.0 (compatible; MJ12bot/v1.4.5; http://www.majestic12.co.uk/bot.php?+)"
144.76.8.132 - - [17/Jun/2015:17:11:32 +0300] "GET /slovar-terminov/slovar-ocenschika-avtotransport-5/%d0%a1/samosval-3121.html HTTP/1.0" 200 16913 "-" "Mozilla/5.0 (compatible; MJ12bot/v1.4.5; http://www.majestic12.co.uk/bot.php?+)"
144.76.8.132 - - [17/Jun/2015:17:11:33 +0300] "GET /slovar-terminov/slovar-ocenschika-avtotransport-5/%d0%a1/sapun-3122.html HTTP/1.0" 200 16675 "-" "Mozilla/5.0 (compatible; MJ12bot/v1.4.5; http://www.majestic12.co.uk/bot.php?+)"
144.76.8.132 - - [17/Jun/2015:17:11:35 +0300] "GET /slovar-terminov/slovar-ocenschika-avtotransport-5/%d0%a1/sceplenie-3179.html HTTP/1.0" 200 18777 "-" "Mozilla/5.0 (compatible; MJ12bot/v1.4.5; http://www.majestic12.co.uk/bot.php?+)"
157.55.39.210 - - [17/Jun/2015:17:11:37 +0300] "GET /indeksy-udorojaniya-za-noyabr-2012.html HTTP/1.0" 200 21916 "-" "Mozilla/5.0 (compatible; bingbot/2.0; +http://www.bing.com/bingbot.htm)"
144.76.8.132 - - [17/Jun/2015:17:11:37 +0300] "GET /slovar-terminov/slovar-ocenschika-avtotransport-5/%d0%a1/sedan-3127.html HTTP/1.0" 200 16507 "-" "Mozilla/5.0 (compatible; MJ12bot/v1.4.5; http://www.majestic12.co.uk/bot.php?+)"
144.76.8.132 - - [17/Jun/2015:17:11:39 +0300] "GET /slovar-terminov/slovar-ocenschika-avtotransport-5/%d0%a1/sedelnoe-ustroystvo-3128.html HTTP/1.0" 200 16680 "-" "Mozilla/5.0 (compatible; MJ12bot/v1.4.5; http://www.majestic12.co.uk/bot.php?+)"
144.76.8.132 - - [17/Jun/2015:17:11:41 +0300] "GET /slovar-terminov/slovar-ocenschika-avtotransport-5/%d0%a1/sedelnyy-tyagach-3129.html HTTP/1.0" 200 16398 "-" "Mozilla/5.0 (compatible; MJ12bot/v1.4.5; http://www.majestic12.co.uk/bot.php?+)"
144.76.8.132 - - [17/Jun/2015:17:11:43 +0300] "GET /slovar-terminov/slovar-ocenschika-avtotransport-5/%d0%a1/siamskiy-faeton-3131.html HTTP/1.0" 200 16452 "-" "Mozilla/5.0 (compatible; MJ12bot/v1.4.5; http://www.majestic12.co.uk/bot.php?+)"
144.76.8.132 - - [17/Jun/2015:17:11:45 +0300] "GET /slovar-terminov/slovar-ocenschika-avtotransport-5/%d0%a1/signalizaciya-3132.html HTTP/1.0" 200 16829 "-" "Mozilla/5.0 (compatible; MJ12bot/v1.4.5; http://www.majestic12.co.uk/bot.php?+)"
144.76.8.132 - - [17/Jun/2015:17:11:47 +0300] "GET /slovar-terminov/slovar-ocenschika-avtotransport-5/%d0%a1/sistema-avariynogo-tormozheniya-brake-assist-3136.html HTTP/1.0" 200 17230 "-" "Mozilla/5.0 (compatible; MJ12bot/v1.4.5; http://www.majestic12.co.uk/bot.php?+)"
144.76.8.132 - - [17/Jun/2015:17:11:48 +0300] "GET /slovar-terminov/slovar-ocenschika-avtotransport-5/%d0%a1/sistema-awd-3133.html HTTP/1.0" 200 18387 "-" "Mozilla/5.0 (compatible; MJ12bot/v1.4.5; http://www.majestic12.co.uk/bot.php?+)"
144.76.8.132 - - [17/Jun/2015:17:11:50 +0300] "GET /slovar-terminov/slovar-ocenschika-avtotransport-5/%d0%a2/trotuar-3203.html HTTP/1.0" 200 16525 "-" "Mozilla/5.0 (compatible; MJ12bot/v1.4.5; http://www.majestic12.co.uk/bot.php?+)"
144.76.8.132 - - [17/Jun/2015:17:11:52 +0300] "GET /slovar-terminov/slovar-ocenschika-avtotransport-5/%d0%a2/turer-angl.-tourer-3205.html HTTP/1.0" 200 16456 "-" "Mozilla/5.0 (compatible; MJ12bot/v1.4.5; http://www.majestic12.co.uk/bot.php?+)"
144.76.8.132 - - [17/Jun/2015:17:11:54 +0300] "GET /slovar-terminov/slovar-ocenschika-avtotransport-5/%d0%a2/tyaga-3206.html HTTP/1.0" 200 16651 "-" "Mozilla/5.0 (compatible; MJ12bot/v1.4.5; http://www.majestic12.co.uk/bot.php?+)"
144.76.8.132 - - [17/Jun/2015:17:11:56 +0300] "GET /slovar-terminov/slovar-ocenschika-avtotransport-5/%d0%a2/tyaga-panara-3207.html HTTP/1.0" 200 16624 "-" "Mozilla/5.0 (compatible; MJ12bot/v1.4.5; http://www.majestic12.co.uk/bot.php?+)"
144.76.8.132 - - [17/Jun/2015:17:11:58 +0300] "GET /slovar-terminov/slovar-ocenschika-avtotransport-5/%d0%a2/tyagach-3208.html HTTP/1.0" 200 16307 "-" "Mozilla/5.0 (compatible; MJ12bot/v1.4.5; http://www.majestic12.co.uk/bot.php?+)"
144.76.8.132 - - [17/Jun/2015:17:12:00 +0300] "GET /slovar-terminov/slovar-ocenschika-avtotransport-5/%d0%a2/tyagovaya-moschnost-3209.html HTTP/1.0" 200 16378 "-" "Mozilla/5.0 (compatible; MJ12bot/v1.4.5; http://www.majestic12.co.uk/bot.php?+)"
144.76.8.132 - - [17/Jun/2015:17:12:02 +0300] "GET /slovar-terminov/slovar-ocenschika-avtotransport-5/%d0%a2/tyagovoe-usilie-3210.html HTTP/1.0" 200 16496 "-" "Mozilla/5.0 (compatible; MJ12bot/v1.4.5; http://www.majestic12.co.uk/bot.php?+)"
144.76.8.132 - - [17/Jun/2015:17:12:04 +0300] "GET /slovar-terminov/slovar-ocenschika-intellektualnaya-sobstvennost-10/%d0%90.html HTTP/1.0" 200 23273 "-" "Mozilla/5.0 (compatible; MJ12bot/v1.4.5; http://www.majestic12.co.uk/bot.php?+)"
144.76.8.132 - - [17/Jun/2015:17:12:06 +0300] "GET /slovar-terminov/slovar-ocenschika-intellektualnaya-sobstvennost-10/%d0%91.html HTTP/1.0" 200 17510 "-" "Mozilla/5.0 (compatible; MJ12bot/v1.4.5; http://www.majestic12.co.uk/bot.php?+)"
144.76.8.132 - - [17/Jun/2015:17:12:08 +0300] "GET /slovar-terminov/slovar-ocenschika-intellektualnaya-sobstvennost-10/%d0%92.html HTTP/1.0" 200 23239 "-" "Mozilla/5.0 (compatible; MJ12bot/v1.4.5; http://www.majestic12.co.uk/bot.php?+)"
144.76.8.132 - - [17/Jun/2015:17:12:11 +0300] "GET /slovar-terminov/slovar-ocenschika-intellektualnaya-sobstvennost-10/%d0%93.html HTTP/1.0" 200 15641 "-" "Mozilla/5.0 (compatible; MJ12bot/v1.4.5; http://www.majestic12.co.uk/bot.php?+)"
144.76.8.132 - - [17/Jun/2015:17:12:13 +0300] "GET /slovar-terminov/slovar-ocenschika-intellektualnaya-sobstvennost-10/%d0%94.html HTTP/1.0" 200 17894 "-" "Mozilla/5.0 (compatible; MJ12bot/v1.4.5; http://www.majestic12.co.uk/bot.php?+)"
144.76.8.132 - - [17/Jun/2015:17:12:15 +0300] "GET /slovar-terminov/slovar-ocenschika-intellektualnaya-sobstvennost-10/%d0%95.html HTTP/1.0" 200 16107 "-" "Mozilla/5.0 (compatible; MJ12bot/v1.4.5; http://www.majestic12.co.uk/bot.php?+)"
144.76.8.132 - - [17/Jun/2015:17:12:17 +0300] "GET /slovar-terminov/slovar-ocenschika-intellektualnaya-sobstvennost-10/%d0%97.html HTTP/1.0" 200 20687 "-" "Mozilla/5.0 (compatible; MJ12bot/v1.4.5; http://www.majestic12.co.uk/bot.php?+)"
144.76.8.132 - - [17/Jun/2015:17:12:19 +0300] "GET /slovar-terminov/slovar-ocenschika-intellektualnaya-sobstvennost-10/%d0%98.html HTTP/1.0" 200 25759 "-" "Mozilla/5.0 (compatible; MJ12bot/v1.4.5; http://www.majestic12.co.uk/bot.php?+)"
144.76.8.132 - - [17/Jun/2015:17:12:21 +0300] "GET /slovar-terminov/slovar-ocenschika-intellektualnaya-sobstvennost-10/%d0%98/imuschestvennoe-pravo-4163.html HTTP/1.0" 200 17405 "-" "Mozilla/5.0 (compatible; MJ12bot/v1.4.5; http://www.majestic12.co.uk/bot.php?+)"
144.76.8.132 - - [17/Jun/2015:17:12:23 +0300] "GET /slovar-terminov/slovar-ocenschika-intellektualnaya-sobstvennost-10/%d0%98/imya-avtora-4164.html HTTP/1.0" 200 15721 "-" "Mozilla/5.0 (compatible; MJ12bot/v1.4.5; http://www.majestic12.co.uk/bot.php?+)"
144.76.8.132 - - [17/Jun/2015:17:12:25 +0300] "GET /slovar-terminov/slovar-ocenschika-intellektualnaya-sobstvennost-10/%d0%98/informacionnyy-poisk-4165.html HTTP/1.0" 200 15667 "-" "Mozilla/5.0 (compatible; MJ12bot/v1.4.5; http://www.majestic12.co.uk/bot.php?+)"
144.76.8.132 - - [17/Jun/2015:17:12:27 +0300] "GET /slovar-terminov/slovar-ocenschika-intellektualnaya-sobstvennost-10/%d0%98/informaciya-ob-upravlenii-pravami-4166.html HTTP/1.0" 200 17193 "-" "Mozilla/5.0 (compatible; MJ12bot/v1.4.5; http://www.majestic12.co.uk/bot.php?+)"
144.76.8.132 - - [17/Jun/2015:17:12:29 +0300] "GET /slovar-terminov/slovar-ocenschika-intellektualnaya-sobstvennost-10/%d0%98/isklyuchitelnaya-licenziya-4167.html HTTP/1.0" 200 16107 "-" "Mozilla/5.0 (compatible; MJ12bot/v1.4.5; http://www.majestic12.co.uk/bot.php?+)"
144.76.8.132 - - [17/Jun/2015:17:12:31 +0300] "GET /slovar-terminov/slovar-ocenschika-intellektualnaya-sobstvennost-10/%d0%98/isklyuchitelnoe-pravo-4168.html HTTP/1.0" 200 16551 "-" "Mozilla/5.0 (compatible; MJ12bot/v1.4.5; http://www.majestic12.co.uk/bot.php?+)"
144.76.8.132 - - [17/Jun/2015:17:12:33 +0300] "GET /slovar-terminov/slovar-ocenschika-intellektualnaya-sobstvennost-10/%d0%98/isklyuchitelnoe-pravo-na-ispolzovanie-izobreteniya-4169.html HTTP/1.0" 200 16644 "-" "Mozilla/5.0 (compatible; MJ12bot/v1.4.5; http://www.majestic12.co.uk/bot.php?+)"
144.76.8.132 - - [17/Jun/2015:17:12:34 +0300] "GET /slovar-terminov/slovar-ocenschika-intellektualnaya-sobstvennost-10/%d0%98/isklyuchitelnoe-pravo-na-tovarnyy-znak-4170.html HTTP/1.0" 200 15894 "-" "Mozilla/5.0 (compatible; MJ12bot/v1.4.5; http://www.majestic12.co.uk/bot.php?+)"
144.76.8.132 - - [17/Jun/2015:17:12:36 +0300] "GET /slovar-terminov/slovar-ocenschika-intellektualnaya-sobstvennost-10/%d0%98/isklyuchitelnye-prava-4171.html HTTP/1.0" 200 16151 "-" "Mozilla/5.0 (compatible; MJ12bot/v1.4.5; http://www.majestic12.co.uk/bot.php?+)"
144.76.8.132 - - [17/Jun/2015:17:12:38 +0300] "GET /slovar-terminov/slovar-ocenschika-intellektualnaya-sobstvennost-10/%d0%98/ispolnitel-4172.html HTTP/1.0" 200 16496 "-" "Mozilla/5.0 (compatible; MJ12bot/v1.4.5; http://www.majestic12.co.uk/bot.php?+)"
144.76.8.132 - - [17/Jun/2015:17:12:40 +0300] "GET /slovar-terminov/slovar-ocenschika-intellektualnaya-sobstvennost-10/%d0%98/ispolzovanie-programmy-dlya-evm-ili-bazy-dannyh-4173.html HTTP/1.0" 200 15918 "-" "Mozilla/5.0 (compatible; MJ12bot/v1.4.5; http://www.majestic12.co.uk/bot.php?+)"
144.76.8.132 - - [17/Jun/2015:17:12:42 +0300] "GET /slovar-terminov/slovar-ocenschika-intellektualnaya-sobstvennost-10/%d0%98/izmenenie-suschnosti-izobreteniya-4161.html HTTP/1.0" 200 15714 "-" "Mozilla/5.0 (compatible; MJ12bot/v1.4.5; http://www.majestic12.co.uk/bot.php?+)"
144.76.8.132 - - [17/Jun/2015:17:12:44 +0300] "GET /slovar-terminov/slovar-ocenschika-intellektualnaya-sobstvennost-10/%d0%98/izobretenie-4162.html HTTP/1.0" 200 15450 "-" "Mozilla/5.0 (compatible; MJ12bot/v1.4.5; http://www.majestic12.co.uk/bot.php?+)"
144.76.8.132 - - [17/Jun/2015:17:12:46 +0300] "GET /slovar-terminov/slovar-ocenschika-intellektualnaya-sobstvennost-10/%d0%9a.html HTTP/1.0" 200 22536 "-" "Mozilla/5.0 (compatible; MJ12bot/v1.4.5; http://www.majestic12.co.uk/bot.php?+)"
144.76.8.132 - - [17/Jun/2015:17:12:48 +0300] "GET /slovar-terminov/slovar-ocenschika-intellektualnaya-sobstvennost-10/%d0%9a/kommercheskaya-tayna-organizacii-4174.html HTTP/1.0" 200 15600 "-" "Mozilla/5.0 (compatible; MJ12bot/v1.4.5; http://www.majestic12.co.uk/bot.php?+)"
144.76.8.132 - - [17/Jun/2015:17:12:50 +0300] "GET /slovar-terminov/slovar-ocenschika-intellektualnaya-sobstvennost-10/%d0%9a/kompyuternaya-programma-4175.html HTTP/1.0" 200 16363 "-" "Mozilla/5.0 (compatible; MJ12bot/v1.4.5; http://www.majestic12.co.uk/bot.php?+)"
144.76.8.132 - - [17/Jun/2015:17:12:52 +0300] "GET /slovar-terminov/slovar-ocenschika-intellektualnaya-sobstvennost-10/%d0%9a/konkurenciya-4177.html HTTP/1.0" 200 15886 "-" "Mozilla/5.0 (compatible; MJ12bot/v1.4.5; http://www.majestic12.co.uk/bot.php?+)"
144.76.8.132 - - [17/Jun/2015:17:12:54 +0300] "GET /slovar-terminov/slovar-ocenschika-intellektualnaya-sobstvennost-10/%d0%9a/konkurenciya-nedobrosovestnaya-4178.html HTTP/1.0" 200 16631 "-" "Mozilla/5.0 (compatible; MJ12bot/v1.4.5; http://www.majestic12.co.uk/bot.php?+)"
144.76.8.132 - - [17/Jun/2015:17:12:56 +0300] "GET /slovar-terminov/slovar-ocenschika-intellektualnaya-sobstvennost-10/%d0%9a/kontrafakciya-4181.html HTTP/1.0" 200 17090 "-" "Mozilla/5.0 (compatible; MJ12bot/v1.4.5; http://www.majestic12.co.uk/bot.php?+)"
144.76.8.132 - - [17/Jun/2015:17:12:57 +0300] "GET /slovar-terminov/slovar-ocenschika-intellektualnaya-sobstvennost-10/%d0%9a/kontrafaktnaya-produkciya-4179.html HTTP/1.0" 200 15697 "-" "Mozilla/5.0 (compatible; MJ12bot/v1.4.5; http://www.majestic12.co.uk/bot.php?+)"
144.76.8.132 - - [17/Jun/2015:17:12:59 +0300] "GET /slovar-terminov/slovar-ocenschika-intellektualnaya-sobstvennost-10/%d0%9a/kontrafaktnyy-ekzemplyar-proizvedeniya-fonogrammy-video-grammy-4180.html HTTP/1.0" 200 17237 "-" "Mozilla/5.0 (compatible; MJ12bot/v1.4.5; http://www.majestic12.co.uk/bot.php?+)"
144.76.8.132 - - [17/Jun/2015:17:13:01 +0300] "GET /slovar-terminov/slovar-ocenschika-intellektualnaya-sobstvennost-10/%d0%9a/konvencionnyy-prioritet-4176.html HTTP/1.0" 200 16053 "-" "Mozilla/5.0 (compatible; MJ12bot/v1.4.5; http://www.majestic12.co.uk/bot.php?+)"
144.76.8.132 - - [17/Jun/2015:17:13:03 +0300] "GET /slovar-terminov/slovar-ocenschika-intellektualnaya-sobstvennost-10/%d0%9a/kriterii-patentosposobnosti-izobreteniya-4182.html HTTP/1.0" 200 15712 "-" "Mozilla/5.0 (compatible; MJ12bot/v1.4.5; http://www.majestic12.co.uk/bot.php?+)"
144.76.8.132 - - [17/Jun/2015:17:13:05 +0300] "GET /slovar-terminov/slovar-ocenschika-intellektualnaya-sobstvennost-10/%d0%9b.html HTTP/1.0" 200 20368 "-" "Mozilla/5.0 (compatible; MJ12bot/v1.4.5; http://www.majestic12.co.uk/bot.php?+)"
144.76.8.132 - - [17/Jun/2015:17:13:07 +0300] "GET /slovar-terminov/slovar-ocenschika-intellektualnaya-sobstvennost-10/%d0%9b/licenzionnye-platezhi-4183.html HTTP/1.0" 200 17359 "-" "Mozilla/5.0 (compatible; MJ12bot/v1.4.5; http://www.majestic12.co.uk/bot.php?+)"
144.76.8.132 - - [17/Jun/2015:17:13:09 +0300] "GET /slovar-terminov/slovar-ocenschika-intellektualnaya-sobstvennost-10/%d0%9b/licenzionnyy-dogovor-4184.html HTTP/1.0" 200 17709 "-" "Mozilla/5.0 (compatible; MJ12bot/v1.4.5; http://www.majestic12.co.uk/bot.php?+)"
144.76.8.132 - - [17/Jun/2015:17:13:10 +0300] "GET /slovar-terminov/slovar-ocenschika-intellektualnaya-sobstvennost-10/%d0%9b/licenziya-intellektualnaya-sobstvennost-4185.html HTTP/1.0" 200 15832 "-" "Mozilla/5.0 (compatible; MJ12bot/v1.4.5; http://www.majestic12.co.uk/bot.php?+)"
144.76.8.132 - - [17/Jun/2015:17:13:12 +0300] "GET /slovar-terminov/slovar-ocenschika-intellektualnaya-sobstvennost-10/%d0%9b/lichnye-neimuschestvennye-prava-4187.html HTTP/1.0" 200 16094 "-" "Mozilla/5.0 (compatible; MJ12bot/v1.4.5; http://www.majestic12.co.uk/bot.php?+)"
144.76.8.132 - - [17/Jun/2015:17:13:14 +0300] "GET /slovar-terminov/slovar-ocenschika-intellektualnaya-sobstvennost-10/%d0%9b/lico-4186.html HTTP/1.0" 200 15088 "-" "Mozilla/5.0 (compatible; MJ12bot/v1.4.5; http://www.majestic12.co.uk/bot.php?+)"
144.76.8.132 - - [17/Jun/2015:17:13:16 +0300] "GET /slovar-terminov/slovar-ocenschika-intellektualnaya-sobstvennost-10/%d0%9b/lozhnye-ili-sposobnye-vvesti-v-zabluzhdenie-oboznacheniya-4188.html HTTP/1.0" 200 16260 "-" "Mozilla/5.0 (compatible; MJ12bot/v1.4.5; http://www.majestic12.co.uk/bot.php?+)"
144.76.8.132 - - [17/Jun/2015:17:13:18 +0300] "GET /slovar-terminov/slovar-ocenschika-intellektualnaya-sobstvennost-10/%d0%9c.html HTTP/1.0" 200 21000 "-" "Mozilla/5.0 (compatible; MJ12bot/v1.4.5; http://www.majestic12.co.uk/bot.php?+)"
144.76.8.132 - - [17/Jun/2015:17:13:20 +0300] "GET /slovar-terminov/slovar-ocenschika-intellektualnaya-sobstvennost-10/%d0%9c/madridskoe-soglashenie-4189.html HTTP/1.0" 200 16625 "-" "Mozilla/5.0 (compatible; MJ12bot/v1.4.5; http://www.majestic12.co.uk/bot.php?+)"
144.76.8.132 - - [17/Jun/2015:17:13:21 +0300] "GET /slovar-terminov/slovar-ocenschika-intellektualnaya-sobstvennost-10/%d0%9c/marketing-4190.html HTTP/1.0" 200 17996 "-" "Mozilla/5.0 (compatible; MJ12bot/v1.4.5; http://www.majestic12.co.uk/bot.php?+)"
144.76.8.132 - - [17/Jun/2015:17:13:23 +0300] "GET /slovar-terminov/slovar-ocenschika-intellektualnaya-sobstvennost-10/%d0%9c/metod-izbytochnyh-pribyley-4194.html HTTP/1.0" 200 15808 "-" "Mozilla/5.0 (compatible; MJ12bot/v1.4.5; http://www.majestic12.co.uk/bot.php?+)"
144.76.8.132 - - [17/Jun/2015:17:13:25 +0300] "GET /slovar-terminov/slovar-ocenschika-intellektualnaya-sobstvennost-10/%d0%9c/mezhdunarodnaya-klassifikaciya-tovarov-i-uslug-mktu-4192.html HTTP/1.0" 200 16177 "-" "Mozilla/5.0 (compatible; MJ12bot/v1.4.5; http://www.majestic12.co.uk/bot.php?+)"
144.76.8.132 - - [17/Jun/2015:17:13:27 +0300] "GET /slovar-terminov/slovar-ocenschika-intellektualnaya-sobstvennost-10/%d0%9c/mezhdunarodnaya-patentnaya-klassifikaciya-mpk-4193.html HTTP/1.0" 200 15987 "-" "Mozilla/5.0 (compatible; MJ12bot/v1.4.5; http://www.majestic12.co.uk/bot.php?+)"
144.76.8.132 - - [17/Jun/2015:17:13:29 +0300] "GET /slovar-terminov/slovar-ocenschika-intellektualnaya-sobstvennost-10/%d0%9c/mezhdunarodnaya-zayavka-na-patent-4191.html HTTP/1.0" 200 15557 "-" "Mozilla/5.0 (compatible; MJ12bot/v1.4.5; http://www.majestic12.co.uk/bot.php?+)"
144.76.8.132 - - [17/Jun/2015:17:13:31 +0300] "GET /slovar-terminov/slovar-ocenschika-intellektualnaya-sobstvennost-10/%d0%9c/multimediynaya-produkciya-4195.html HTTP/1.0" 200 15971 "-" "Mozilla/5.0 (compatible; MJ12bot/v1.4.5; http://www.majestic12.co.uk/bot.php?+)"
144.76.8.132 - - [17/Jun/2015:17:13:33 +0300] "GET /slovar-terminov/slovar-ocenschika-intellektualnaya-sobstvennost-10/%d0%9d.html HTTP/1.0" 200 21017 "-" "Mozilla/5.0 (compatible; MJ12bot/v1.4.5; http://www.majestic12.co.uk/bot.php?+)"
144.76.8.132 - - [17/Jun/2015:17:13:34 +0300] "GET /slovar-terminov/slovar-ocenschika-intellektualnaya-sobstvennost-10/%d0%9d/nacionalnyy-rezhim-4199.html HTTP/1.0" 200 16001 "-" "Mozilla/5.0 (compatible; MJ12bot/v1.4.5; http://www.majestic12.co.uk/bot.php?+)"
144.76.8.132 - - [17/Jun/2015:17:13:36 +0300] "GET /slovar-terminov/slovar-ocenschika-intellektualnaya-sobstvennost-10/%d0%9d/narushenie-avtorskogo-prava-4196.html HTTP/1.0" 200 17066 "-" "Mozilla/5.0 (compatible; MJ12bot/v1.4.5; http://www.majestic12.co.uk/bot.php?+)"
144.76.8.132 - - [17/Jun/2015:17:13:38 +0300] "GET /slovar-terminov/slovar-ocenschika-intellektualnaya-sobstvennost-10/%d0%9d/narushenie-isklyuchitelnogo-prava-na-tovarnyy-znak-4197.html HTTP/1.0" 200 16419 "-" "Mozilla/5.0 (compatible; MJ12bot/v1.4.5; http://www.majestic12.co.uk/bot.php?+)"
144.76.8.132 - - [17/Jun/2015:17:13:40 +0300] "GET /slovar-terminov/slovar-ocenschika-intellektualnaya-sobstvennost-10/%d0%9d/narushenie-isklyuchitelnogo-prava-patentoobladatelya-4198.html HTTP/1.0" 200 17011 "-" "Mozilla/5.0 (compatible; MJ12bot/v1.4.5; http://www.majestic12.co.uk/bot.php?+)"
82.193.127.15 - - [17/Jun/2015:17:13:40 +0300] "GET /robots.txt HTTP/1.0" 200 304 "-" "Mozilla/5.0 (compatible; MJ12bot/v1.4.5; http://www.majestic12.co.uk/bot.php?+)"
144.76.8.132 - - [17/Jun/2015:17:13:42 +0300] "GET /slovar-terminov/slovar-ocenschika-intellektualnaya-sobstvennost-10/%d0%9d/neisklyuchitelnaya-prostaya-licenziya-4200.html HTTP/1.0" 200 16126 "-" "Mozilla/5.0 (compatible; MJ12bot/v1.4.5; http://www.majestic12.co.uk/bot.php?+)"
144.76.8.132 - - [17/Jun/2015:17:13:44 +0300] "GET /slovar-terminov/slovar-ocenschika-intellektualnaya-sobstvennost-10/%d0%9d/nou-hau-4202.html HTTP/1.0" 200 15825 "-" "Mozilla/5.0 (compatible; MJ12bot/v1.4.5; http://www.majestic12.co.uk/bot.php?+)"
82.193.127.15 - - [17/Jun/2015:17:13:44 +0300] "GET /slovar-terminov/slovar-ocenschika-nedvizhimost-i-ipoteka-2/%d0%a0/razreshennye-akcii-838.html HTTP/1.0" 200 17127 "-" "Mozilla/5.0 (compatible; MJ12bot/v1.4.5; http://www.majestic12.co.uk/bot.php?+)"
144.76.8.132 - - [17/Jun/2015:17:13:46 +0300] "GET /slovar-terminov/slovar-ocenschika-intellektualnaya-sobstvennost-10/%d0%9d/novizna-izobreteniya-4201.html HTTP/1.0" 200 15709 "-" "Mozilla/5.0 (compatible; MJ12bot/v1.4.5; http://www.majestic12.co.uk/bot.php?+)"
144.76.8.132 - - [17/Jun/2015:17:13:48 +0300] "GET /slovar-terminov/slovar-ocenschika-intellektualnaya-sobstvennost-10/%d0%9e.html HTTP/1.0" 200 26509 "-" "Mozilla/5.0 (compatible; MJ12bot/v1.4.5; http://www.majestic12.co.uk/bot.php?+)"
82.193.127.15 - - [17/Jun/2015:17:13:48 +0300] "GET /slovar-terminov/slovar-ocenschika-nedvizhimost-i-ipoteka-2/%d0%a0/reestr-pokrytiya-850.html HTTP/1.0" 200 17023 "-" "Mozilla/5.0 (compatible; MJ12bot/v1.4.5; http://www.majestic12.co.uk/bot.php?+)"
144.76.8.132 - - [17/Jun/2015:17:13:50 +0300] "GET /slovar-terminov/slovar-ocenschika-intellektualnaya-sobstvennost-10/%d0%9e/ob-ekt-licenzii-4207.html HTTP/1.0" 200 15225 "-" "Mozilla/5.0 (compatible; MJ12bot/v1.4.5; http://www.majestic12.co.uk/bot.php?+)"
144.76.8.132 - - [17/Jun/2015:17:13:52 +0300] "GET /slovar-terminov/slovar-ocenschika-intellektualnaya-sobstvennost-10/%d0%9e/obnarodovanie-4203.html HTTP/1.0" 200 15340 "-" "Mozilla/5.0 (compatible; MJ12bot/v1.4.5; http://www.majestic12.co.uk/bot.php?+)"
82.193.127.15 - - [17/Jun/2015:17:13:52 +0300] "GET /slovar-terminov/slovar-ocenschika-nedvizhimost-i-ipoteka-2/%d0%a0/refinansirovanie-854.html HTTP/1.0" 200 17384 "-" "Mozilla/5.0 (compatible; MJ12bot/v1.4.5; http://www.majestic12.co.uk/bot.php?+)"
144.76.8.132 - - [17/Jun/2015:17:13:54 +0300] "GET /slovar-terminov/slovar-ocenschika-intellektualnaya-sobstvennost-10/%d0%9e/oboznachenie-voshedshee-vo-vseobschee-upotreblenie-kak-oboznachenie-tovarov-opredelennogo-vida-4205.html HTTP/1.0" 200 16654 "-" "Mozilla/5.0 (compatible; MJ12bot/v1.4.5; http://www.majestic12.co.uk/bot.php?+)"
144.76.8.132 - - [17/Jun/2015:17:13:56 +0300] "GET /slovar-terminov/slovar-ocenschika-intellektualnaya-sobstvennost-10/%d0%9e/obschestvennoe-dostoyanie-4206.html HTTP/1.0" 200 15521 "-" "Mozilla/5.0 (compatible; MJ12bot/v1.4.5; http://www.majestic12.co.uk/bot.php?+)"
82.193.127.15 - - [17/Jun/2015:17:13:56 +0300] "GET /slovar-terminov/slovar-ocenschika-nedvizhimost-i-ipoteka-2/%d0%a0/registr-843.html HTTP/1.0" 200 16668 "-" "Mozilla/5.0 (compatible; MJ12bot/v1.4.5; http://www.majestic12.co.uk/bot.php?+)"
144.76.8.132 - - [17/Jun/2015:17:13:57 +0300] "GET /slovar-terminov/slovar-ocenschika-intellektualnaya-sobstvennost-10/%d0%9e/ogranichenie-avtorskogo-prava-4208.html HTTP/1.0" 200 16370 "-" "Mozilla/5.0 (compatible; MJ12bot/v1.4.5; http://www.majestic12.co.uk/bot.php?+)"
82.193.127.15 - - [17/Jun/2015:17:13:59 +0300] "GET /slovar-terminov/slovar-ocenschika-nedvizhimost-i-ipoteka-2/%d0%a0/registr-pozemelnyy-v-nedvizhimosti-844.html HTTP/1.0" 200 17499 "-" "Mozilla/5.0 (compatible; MJ12bot/v1.4.5; http://www.majestic12.co.uk/bot.php?+)"
144.76.8.132 - - [17/Jun/2015:17:14:00 +0300] "GET /slovar-terminov/slovar-ocenschika-intellektualnaya-sobstvennost-10/%d0%9e/opcionnoe-soglashenie-4212.html HTTP/1.0" 200 15841 "-" "Mozilla/5.0 (compatible; MJ12bot/v1.4.5; http://www.majestic12.co.uk/bot.php?+)"
82.193.127.15 - - [17/Jun/2015:17:14:02 +0300] "GET /slovar-terminov/slovar-ocenschika-nedvizhimost-i-ipoteka-2/%d0%a0/registr-prav-sobstvennosti-titula-845.html HTTP/1.0" 200 16927 "-" "Mozilla/5.0 (compatible; MJ12bot/v1.4.5; http://www.majestic12.co.uk/bot.php?+)"
144.76.8.132 - - [17/Jun/2015:17:14:02 +0300] "GET /slovar-terminov/slovar-ocenschika-intellektualnaya-sobstvennost-10/%d0%9e/opisanie-izobreteniya-4209.html HTTP/1.0" 200 16653 "-" "Mozilla/5.0 (compatible; MJ12bot/v1.4.5; http://www.majestic12.co.uk/bot.php?+)"
144.76.8.132 - - [17/Jun/2015:17:14:05 +0300] "GET /slovar-terminov/slovar-ocenschika-intellektualnaya-sobstvennost-10/%d0%9e/opublikovanie-4210.html HTTP/1.0" 200 15372 "-" "Mozilla/5.0 (compatible; MJ12bot/v1.4.5; http://www.majestic12.co.uk/bot.php?+)"
144.76.8.132 - - [17/Jun/2015:17:14:07 +0300] "GET /slovar-terminov/slovar-ocenschika-intellektualnaya-sobstvennost-10/%d0%9e/opublikovanie-proizvedeniya-fonogrammy-videogrammy-4211.html HTTP/1.0" 200 18793 "-" "Mozilla/5.0 (compatible; MJ12bot/v1.4.5; http://www.majestic12.co.uk/bot.php?+)"
144.76.8.132 - - [17/Jun/2015:17:14:09 +0300] "GET /slovar-terminov/slovar-ocenschika-intellektualnaya-sobstvennost-10/%d0%9e/organizaciya-efirnogo-veschaniya-4216.html HTTP/1.0" 200 16410 "-" "Mozilla/5.0 (compatible; MJ12bot/v1.4.5; http://www.majestic12.co.uk/bot.php?+)"
144.76.8.132 - - [17/Jun/2015:17:14:11 +0300] "GET /slovar-terminov/slovar-ocenschika-intellektualnaya-sobstvennost-10/%d0%9e/organizaciya-kabelnogo-veschaniya-4214.html HTTP/1.0" 200 16454 "-" "Mozilla/5.0 (compatible; MJ12bot/v1.4.5; http://www.majestic12.co.uk/bot.php?+)"
144.76.8.132 - - [17/Jun/2015:17:14:12 +0300] "GET /slovar-terminov/slovar-ocenschika-intellektualnaya-sobstvennost-10/%d0%9e/organizaciya-kollektivnogo-upravleniya-organizaciya-kollektivnogo-upravleniya-imuschestvennymi-pravami-4215.html HTTP/1.0" 200 16279 "-" "Mozilla/5.0 (compatible; MJ12bot/v1.4.5; http://www.majestic12.co.uk/bot.php?+)"
144.76.8.132 - - [17/Jun/2015:17:14:14 +0300] "GET /slovar-terminov/slovar-ocenschika-intellektualnaya-sobstvennost-10/%d0%9e/organizaciya-veschaniya-4213.html HTTP/1.0" 200 15335 "-" "Mozilla/5.0 (compatible; MJ12bot/v1.4.5; http://www.majestic12.co.uk/bot.php?+)"
144.76.8.132 - - [17/Jun/2015:17:14:16 +0300] "GET /slovar-terminov/slovar-ocenschika-intellektualnaya-sobstvennost-10/%d0%9e/originalnost-v-otnoshenii-proizvedeniya-oznachaet-chto-eto-sobstvennoe-tvorenie-avtora-ne-skopirovan-4217.html HTTP/1.0" 200 16339 "-" "Mozilla/5.0 (compatible; MJ12bot/v1.4.5; http://www.majestic12.co.uk/bot.php?+)"
82.193.127.15 - - [17/Jun/2015:17:14:17 +0300] "GET /slovar-terminov/slovar-ocenschika-nedvizhimost-i-ipoteka-2/%d0%a0/registracionnyy-okrug-846.html HTTP/1.0" 200 17729 "-" "Mozilla/5.0 (compatible; MJ12bot/v1.4.5; http://www.majestic12.co.uk/bot.php?+)"
144.76.8.132 - - [17/Jun/2015:17:14:18 +0300] "GET /slovar-terminov/slovar-ocenschika-intellektualnaya-sobstvennost-10/%d0%9f.html HTTP/1.0" 200 31820 "-" "Mozilla/5.0 (compatible; MJ12bot/v1.4.5; http://www.majestic12.co.uk/bot.php?+)"
144.76.8.132 - - [17/Jun/2015:17:14:20 +0300] "GET /slovar-terminov/slovar-ocenschika-intellektualnaya-sobstvennost-10/%d0%9f/parizhskaya-konvenciya-po-ohrane-promyshlennoy-sobstvennosti-1883-g-4218.html HTTP/1.0" 200 16406 "-" "Mozilla/5.0 (compatible; MJ12bot/v1.4.5; http://www.majestic12.co.uk/bot.php?+)"
82.193.127.15 - - [17/Jun/2015:17:14:20 +0300] "GET /slovar-terminov/slovar-ocenschika-nedvizhimost-i-ipoteka-2/%d0%a0/registraciya-847.html HTTP/1.0" 200 16820 "-" "Mozilla/5.0 (compatible; MJ12bot/v1.4.5; http://www.majestic12.co.uk/bot.php?+)"
144.76.8.132 - - [17/Jun/2015:17:14:22 +0300] "GET /slovar-terminov/slovar-ocenschika-intellektualnaya-sobstvennost-10/%d0%9f/patent-4219.html HTTP/1.0" 200 16334 "-" "Mozilla/5.0 (compatible; MJ12bot/v1.4.5; http://www.majestic12.co.uk/bot.php?+)"
82.193.127.15 - - [17/Jun/2015:17:14:25 +0300] "GET /slovar-terminov/slovar-ocenschika-nedvizhimost-i-ipoteka-2/%d0%a0/registraciya-nedvizhimosti-v-nedvizhimosti-848.html HTTP/1.0" 200 17603 "-" "Mozilla/5.0 (compatible; MJ12bot/v1.4.5; http://www.majestic12.co.uk/bot.php?+)"
144.76.8.132 - - [17/Jun/2015:17:14:25 +0300] "GET /slovar-terminov/slovar-ocenschika-intellektualnaya-sobstvennost-10/%d0%9f/patent-na-izobretenie-poleznuyu-model-promyshlennyy-obrazec-4220.html HTTP/1.0" 200 17176 "-" "Mozilla/5.0 (compatible; MJ12bot/v1.4.5; http://www.majestic12.co.uk/bot.php?+)"
82.193.127.15 - - [17/Jun/2015:17:14:28 +0300] "GET /slovar-terminov/slovar-ocenschika-nedvizhimost-i-ipoteka-2/%d0%a0/registrovaya-indeksnaya-karta-849.html HTTP/1.0" 200 17118 "-" "Mozilla/5.0 (compatible; MJ12bot/v1.4.5; http://www.majestic12.co.uk/bot.php?+)"
144.76.8.132 - - [17/Jun/2015:17:14:28 +0300] "GET /slovar-terminov/slovar-ocenschika-intellektualnaya-sobstvennost-10/%d0%9f/patentnaya-chistota-4221.html HTTP/1.0" 200 16245 "-" "Mozilla/5.0 (compatible; MJ12bot/v1.4.5; http://www.majestic12.co.uk/bot.php?+)"
82.193.127.15 - - [17/Jun/2015:17:14:30 +0300] "GET /slovar-terminov/slovar-ocenschika-nedvizhimost-i-ipoteka-2/%d0%a0/rekviziciya-851.html HTTP/1.0" 200 17632 "-" "Mozilla/5.0 (compatible; MJ12bot/v1.4.5; http://www.majestic12.co.uk/bot.php?+)"
144.76.8.132 - - [17/Jun/2015:17:14:31 +0300] "GET /slovar-terminov/slovar-ocenschika-intellektualnaya-sobstvennost-10/%d0%9f/patentnye-poshliny-4222.html HTTP/1.0" 200 16503 "-" "Mozilla/5.0 (compatible; MJ12bot/v1.4.5; http://www.majestic12.co.uk/bot.php?+)"
82.193.127.15 - - [17/Jun/2015:17:14:32 +0300] "GET /slovar-terminov/slovar-ocenschika-nedvizhimost-i-ipoteka-2/%d0%a0/renta-i-arendnaya-plata-852.html HTTP/1.0" 200 16773 "-" "Mozilla/5.0 (compatible; MJ12bot/v1.4.5; http://www.majestic12.co.uk/bot.php?+)"
144.76.8.132 - - [17/Jun/2015:17:14:33 +0300] "GET /slovar-terminov/slovar-ocenschika-intellektualnaya-sobstvennost-10/%d0%9f/patentnyy-poverennyy-4223.html HTTP/1.0" 200 16391 "-" "Mozilla/5.0 (compatible; MJ12bot/v1.4.5; http://www.majestic12.co.uk/bot.php?+)"
144.76.8.132 - - [17/Jun/2015:17:14:35 +0300] "GET /slovar-terminov/slovar-ocenschika-intellektualnaya-sobstvennost-10/%d0%9f/patentoobladatel-4224.html HTTP/1.0" 200 17376 "-" "Mozilla/5.0 (compatible; MJ12bot/v1.4.5; http://www.majestic12.co.uk/bot.php?+)"
144.76.8.132 - - [17/Jun/2015:17:14:37 +0300] "GET /slovar-terminov/slovar-ocenschika-intellektualnaya-sobstvennost-10/%d0%9f/patenty-4225.html HTTP/1.0" 200 15256 "-" "Mozilla/5.0 (compatible; MJ12bot/v1.4.5; http://www.majestic12.co.uk/bot.php?+)"
82.193.127.15 - - [17/Jun/2015:17:14:38 +0300] "GET /slovar-terminov/slovar-ocenschika-nedvizhimost-i-ipoteka-2/%d0%a0/restituciya-v-nedvizhimosti-853.html HTTP/1.0" 200 17066 "-" "Mozilla/5.0 (compatible; MJ12bot/v1.4.5; http://www.majestic12.co.uk/bot.php?+)"
144.76.8.132 - - [17/Jun/2015:17:14:39 +0300] "GET /slovar-terminov/slovar-ocenschika-intellektualnaya-sobstvennost-10/%d0%9f/piratstvo-v-sfere-intellektualnoy-sobstvennosti-4226.html HTTP/1.0" 200 15775 "-" "Mozilla/5.0 (compatible; MJ12bot/v1.4.5; http://www.majestic12.co.uk/bot.php?+)"
144.76.8.132 - - [17/Jun/2015:17:14:41 +0300] "GET /slovar-terminov/slovar-ocenschika-intellektualnaya-sobstvennost-10/%d0%a0.html HTTP/1.0" 200 19471 "-" "Mozilla/5.0 (compatible; MJ12bot/v1.4.5; http://www.majestic12.co.uk/bot.php?+)"
82.193.127.15 - - [17/Jun/2015:17:14:43 +0300] "GET /slovar-terminov/slovar-ocenschika-nedvizhimost-i-ipoteka-2/%d0%a0/rielterskaya-deyatelnost-855.html HTTP/1.0" 200 18079 "-" "Mozilla/5.0 (compatible; MJ12bot/v1.4.5; http://www.majestic12.co.uk/bot.php?+)"
144.76.8.132 - - [17/Jun/2015:17:14:43 +0300] "GET /slovar-terminov/slovar-ocenschika-intellektualnaya-sobstvennost-10/%d0%a1.html HTTP/1.0" 200 22680 "-" "Mozilla/5.0 (compatible; MJ12bot/v1.4.5; http://www.majestic12.co.uk/bot.php?+)"
144.76.8.132 - - [17/Jun/2015:17:14:46 +0300] "GET /slovar-terminov/slovar-ocenschika-intellektualnaya-sobstvennost-10/%d0%a2.html HTTP/1.0" 200 17509 "-" "Mozilla/5.0 (compatible; MJ12bot/v1.4.5; http://www.majestic12.co.uk/bot.php?+)"
144.76.8.132 - - [17/Jun/2015:17:14:48 +0300] "GET /slovar-terminov/slovar-ocenschika-intellektualnaya-sobstvennost-10/%d0%a4.html HTTP/1.0" 200 19402 "-" "Mozilla/5.0 (compatible; MJ12bot/v1.4.5; http://www.majestic12.co.uk/bot.php?+)"
82.193.127.15 - - [17/Jun/2015:17:14:48 +0300] "GET /slovar-terminov/slovar-ocenschika-nedvizhimost-i-ipoteka-2/%d0%a0/rieltor-856.html HTTP/1.0" 200 17308 "-" "Mozilla/5.0 (compatible; MJ12bot/v1.4.5; http://www.majestic12.co.uk/bot.php?+)"
144.76.8.132 - - [17/Jun/2015:17:14:50 +0300] "GET /slovar-terminov/slovar-ocenschika-intellektualnaya-sobstvennost-10/%d0%a4/firmennoe-naimenovanie-4266.html HTTP/1.0" 200 18053 "-" "Mozilla/5.0 (compatible; MJ12bot/v1.4.5; http://www.majestic12.co.uk/bot.php?+)"
144.76.8.132 - - [17/Jun/2015:17:14:52 +0300] "GET /slovar-terminov/slovar-ocenschika-intellektualnaya-sobstvennost-10/%d0%a4/fonogramma-4267.html HTTP/1.0" 200 16146 "-" "Mozilla/5.0 (compatible; MJ12bot/v1.4.5; http://www.majestic12.co.uk/bot.php?+)"
144.76.8.132 - - [17/Jun/2015:17:14:53 +0300] "GET /slovar-terminov/slovar-ocenschika-intellektualnaya-sobstvennost-10/%d0%a4/formula-izobreteniya-4269.html HTTP/1.0" 200 17413 "-" "Mozilla/5.0 (compatible; MJ12bot/v1.4.5; http://www.majestic12.co.uk/bot.php?+)"
144.76.8.132 - - [17/Jun/2015:17:14:56 +0300] "GET /slovar-terminov/slovar-ocenschika-intellektualnaya-sobstvennost-10/%d0%a4/fors-mazhornaya-ogovorka-4268.html HTTP/1.0" 200 15802 "-" "Mozilla/5.0 (compatible; MJ12bot/v1.4.5; http://www.majestic12.co.uk/bot.php?+)"
82.193.127.15 - - [17/Jun/2015:17:14:57 +0300] "GET /slovar-terminov/slovar-ocenschika-nedvizhimost-i-ipoteka-2/%d0%a0/rynochnaya-arendnaya-plata-v-nedvizhimosti-859.html HTTP/1.0" 200 17066 "-" "Mozilla/5.0 (compatible; MJ12bot/v1.4.5; http://www.majestic12.co.uk/bot.php?+)"
144.76.8.132 - - [17/Jun/2015:17:14:58 +0300] "GET /slovar-terminov/slovar-ocenschika-intellektualnaya-sobstvennost-10/%d0%a5.html HTTP/1.0" 200 15494 "-" "Mozilla/5.0 (compatible; MJ12bot/v1.4.5; http://www.majestic12.co.uk/bot.php?+)"
144.76.8.132 - - [17/Jun/2015:17:15:01 +0300] "GET /slovar-terminov/slovar-ocenschika-intellektualnaya-sobstvennost-10/%d0%a5/hodataystvo-o-provedenii-ekspertizy-po-suschestvu-4270.html HTTP/1.0" 200 15893 "-" "Mozilla/5.0 (compatible; MJ12bot/v1.4.5; http://www.majestic12.co.uk/bot.php?+)"
82.193.127.15 - - [17/Jun/2015:17:15:00 +0300] "GET /slovar-terminov/slovar-ocenschika-nedvizhimost-i-ipoteka-2/%d0%a0/rynochnaya-stoimost-v-nedvizhimosti-860.html HTTP/1.0" 200 21040 "-" "Mozilla/5.0 (compatible; MJ12bot/v1.4.5; http://www.majestic12.co.uk/bot.php?+)"
144.76.8.132 - - [17/Jun/2015:17:15:17 +0300] "GET /slovar-terminov/slovar-ocenschika-intellektualnaya-sobstvennost-10/%d0%a6.html HTTP/1.0" 200 15989 "-" "Mozilla/5.0 (compatible; MJ12bot/v1.4.5; http://www.majestic12.co.uk/bot.php?+)"
144.76.8.132 - - [17/Jun/2015:17:15:19 +0300] "GET /slovar-terminov/slovar-ocenschika-intellektualnaya-sobstvennost-10/%d0%a6/cena-licenzii-4271.html HTTP/1.0" 200 15299 "-" "Mozilla/5.0 (compatible; MJ12bot/v1.4.5; http://www.majestic12.co.uk/bot.php?+)"
144.76.8.132 - - [17/Jun/2015:17:15:21 +0300] "GET /slovar-terminov/slovar-ocenschika-intellektualnaya-sobstvennost-10/%d0%a6/citata-4272.html HTTP/1.0" 200 16222 "-" "Mozilla/5.0 (compatible; MJ12bot/v1.4.5; http://www.majestic12.co.uk/bot.php?+)"
144.76.8.132 - - [17/Jun/2015:17:15:23 +0300] "GET /slovar-terminov/slovar-ocenschika-intellektualnaya-sobstvennost-10/%d0%a8.html HTTP/1.0" 200 15406 "-" "Mozilla/5.0 (compatible; MJ12bot/v1.4.5; http://www.majestic12.co.uk/bot.php?+)"
144.76.8.132 - - [17/Jun/2015:17:15:25 +0300] "GET /slovar-terminov/slovar-ocenschika-intellektualnaya-sobstvennost-10/%d0%a8/shtamm-mikroorganizma-kultury-kletok-rasteniy-i-zhivotny-4273.html HTTP/1.0" 200 15700 "-" "Mozilla/5.0 (compatible; MJ12bot/v1.4.5; http://www.majestic12.co.uk/bot.php?+)"
82.193.127.15 - - [17/Jun/2015:17:15:25 +0300] "GET /slovar-terminov/slovar-ocenschika-nedvizhimost-i-ipoteka-2/%d0%a0/rynochnyy-zakaz-861.html HTTP/1.0" 200 17159 "-" "Mozilla/5.0 (compatible; MJ12bot/v1.4.5; http://www.majestic12.co.uk/bot.php?+)"
144.76.8.132 - - [17/Jun/2015:17:15:26 +0300] "GET /slovar-terminov/slovar-ocenschika-intellektualnaya-sobstvennost-10/%d0%ad.html HTTP/1.0" 200 16939 "-" "Mozilla/5.0 (compatible; MJ12bot/v1.4.5; http://www.majestic12.co.uk/bot.php?+)"
144.76.8.132 - - [17/Jun/2015:17:15:29 +0300] "GET /slovar-terminov/slovar-ocenschika-intellektualnaya-sobstvennost-10/%d0%ad/ekzemplyar-fonogrammy-4276.html HTTP/1.0" 200 15787 "-" "Mozilla/5.0 (compatible; MJ12bot/v1.4.5; http://www.majestic12.co.uk/bot.php?+)"
82.193.127.15 - - [17/Jun/2015:17:15:31 +0300] "GET /slovar-terminov/slovar-ocenschika-nedvizhimost-i-ipoteka-2/%d0%a0/rynok-aukcionnyy-857.html HTTP/1.0" 200 17259 "-" "Mozilla/5.0 (compatible; MJ12bot/v1.4.5; http://www.majestic12.co.uk/bot.php?+)"
144.76.8.132 - - [17/Jun/2015:17:15:31 +0300] "GET /slovar-terminov/slovar-ocenschika-intellektualnaya-sobstvennost-10/%d0%ad/ekzemplyar-proizvedeniya-4275.html HTTP/1.0" 200 15333 "-" "Mozilla/5.0 (compatible; MJ12bot/v1.4.5; http://www.majestic12.co.uk/bot.php?+)"
144.76.8.132 - - [17/Jun/2015:17:15:34 +0300] "GET /slovar-terminov/slovar-ocenschika-intellektualnaya-sobstvennost-10/%d0%ad/ekzemplyar-videogrammy-4274.html HTTP/1.0" 200 16043 "-" "Mozilla/5.0 (compatible; MJ12bot/v1.4.5; http://www.majestic12.co.uk/bot.php?+)"
82.193.127.15 - - [17/Jun/2015:17:15:35 +0300] "GET /slovar-terminov/slovar-ocenschika-nedvizhimost-i-ipoteka-2/%d0%a0/rynok-pokupatelya-858.html HTTP/1.0" 200 17407 "-" "Mozilla/5.0 (compatible; MJ12bot/v1.4.5; http://www.majestic12.co.uk/bot.php?+)"
144.76.8.132 - - [17/Jun/2015:17:15:38 +0300] "GET /slovar-terminov/slovar-ocenschika-intellektualnaya-sobstvennost-10/%d0%ad/emblema-4277.html HTTP/1.0" 200 15330 "-" "Mozilla/5.0 (compatible; MJ12bot/v1.4.5; http://www.majestic12.co.uk/bot.php?+)"
82.193.127.15 - - [17/Jun/2015:17:15:39 +0300] "GET /slovar-terminov/slovar-ocenschika-nedvizhimost-i-ipoteka-2/%d0%a1/page-2.html HTTP/1.0" 200 27362 "-" "Mozilla/5.0 (compatible; MJ12bot/v1.4.5; http://www.majestic12.co.uk/bot.php?+)"
144.76.8.132 - - [17/Jun/2015:17:15:40 +0300] "GET /slovar-terminov/slovar-ocenschika-intellektualnaya-sobstvennost-10/%d0%af.html HTTP/1.0" 200 15275 "-" "Mozilla/5.0 (compatible; MJ12bot/v1.4.5; http://www.majestic12.co.uk/bot.php?+)"
82.193.127.15 - - [17/Jun/2015:17:15:42 +0300] "GET /slovar-terminov/slovar-ocenschika-nedvizhimost-i-ipoteka-2/%d0%a1/samovolnaya-postroyka-862.html HTTP/1.0" 200 19781 "-" "Mozilla/5.0 (compatible; MJ12bot/v1.4.5; http://www.majestic12.co.uk/bot.php?+)"
144.76.8.132 - - [17/Jun/2015:17:15:42 +0300] "GET /slovar-terminov/slovar-ocenschika-intellektualnaya-sobstvennost-10/%d0%af/yavochnaya-ekspertiza-4278.html HTTP/1.0" 200 15509 "-" "Mozilla/5.0 (compatible; MJ12bot/v1.4.5; http://www.majestic12.co.uk/bot.php?+)"
144.76.8.132 - - [17/Jun/2015:17:15:44 +0300] "GET /slovar-terminov/slovar-ocenschika-korabli-i-suda-7/%d0%94/different-3440.html HTTP/1.0" 200 15062 "-" "Mozilla/5.0 (compatible; MJ12bot/v1.4.5; http://www.majestic12.co.uk/bot.php?+)"
82.193.127.15 - - [17/Jun/2015:17:15:46 +0300] "GET /slovar-terminov/slovar-ocenschika-nedvizhimost-i-ipoteka-2/%d0%a1/sberegatelnye-obligacii-863.html HTTP/1.0" 200 17221 "-" "Mozilla/5.0 (compatible; MJ12bot/v1.4.5; http://www.majestic12.co.uk/bot.php?+)"
