5.165.114.14 - - [18/Jun/2015:12:28:32 +0300] "GET /rus-2343-xii.html HTTP/1.0" 200 413580 "http://yandex.ru/clck/jsredir?from=yandex.ru%3Bsearch%2Fpad%2F%3Bweb%3B%3B&text=&etext=720.jnYPgaQgoMTLviuxHXzOeRWI_CAAf3oBhH_eIwVl92EOGTQ-2hSuctZyqbMPmBbZ8W8Ddbybm6fWKP4cHZk36gRi8us_lVXxP7FLRRK_n8JRV_PNCBVcvM2XDwFSGM6FO2RQKPdo3YG7jTchIVgLW4O2k1m-QMJhSsRPHInoEpw.926c417689643218bfdb6d04a4077cd8ca12bbc7&uuid=&state=PEtFfuTeVD5kpHnK9lio9bb4iM1VPfe4W5x0C0-qwflIRTTifi6VAA&data=UlNrNmk5WktYejR0eWJFYk1LdmtxZ0IwM0xtOGFxVG5XOFNaM2VaM051ZXlRNnU3VDNEUmtHR0t6WkJ2YWVQbzJUa0VHOXlPVTcwU1BIV3k1WHZfQmRxSkU4U3ZLQzUwMDJodDBHdy1YaWJSUEFLSk1fN0tQdw&b64e=2&sign=abb0a110aa8ec8954c2e6ac0c5b28aa3&keyno=0&cst=AiuY0DBWFJ7IXge4WdYJQQvi1YgS6zUo8oS6GmlgXWBxWgQ3Q0uCBJNtnWXzbSYEReIj4FVCKg1tPjoMHHcOdh05M9JIu9vYvXiva_mrOwvnWt-ZFQCv_FhDS-4EqTkPFQu6rapEEr_A4A9-fv0jad6bILrQzXgmIwban2lfcZT8UXWKi1KhZvKcLZj5rBg1&ref=orjY4mGPRjk5boDnW0uvlrrd71vZw9kp9cPm4L1ICxOP9xZ9jKWzJt47YZQxIcFPMqzw2sgi6ogvdQKF_UE1oblFjH_9ZHduNznKT0yVaCutkuBTeNJFoF1_HIf_yLiV-BH80E8XSLf0ehlZuOGdAXRoTmuvdolVARtAX4wHD6rE69eT8_PbXwKnO0KxiylRo2Y5zpnJOA3kHwYCGks1-nfRNrcCzBKTaYmBo6ZX-VOTOvgDPHqJytIKswQqjTE6e54BU1nYKIt3-znQoIO1_fVdv3yrW9WwU04zRMfi4-vSVF7SuxF21q29aDpSR4wsvzqCyD7ptMe0a8znYvGsP7r4joplIo9J1erUbwGSHjuUPFJhVTtdncujdjJWLSI8-_BkX25DfIiISCGk7oedjx6FuI8kjxz2RBpkmpAZxJ9D09mGEMfZbKpd4y5JQSsnqbZZ7M_DzFrdPSsfSsvOw1ln5Im0lYuFnguqALyAHZyaZaluw4GGo0Ur81NE9xPbFHZkUbq7JHMJ3kcXQt_7H8GF2tN3HWRdiBETolshg9bBFSI0kET0N0pvHvdNmokB49TXRWxDwXl7JKbjxR8EYDMQ8LbnjFpWy4U7p53wNjUejY8GMciniSQ1da03kU9rKKIXVPrKRdmDwsEjOmNrTn8e2JzpkcB22HJFOgIF_O4nYqzlv-jOCl7Q67jGNQFQdOrGsaporBO8tANSLKv5Ln52PU7OSMB37aHVKJYE5_1SCe5FykNWkOxmccCc6ElnJ04trPDKcSFPtosRLWjd97sS46fOdVtibmBNAk8-FSnY-BU_seXF7iXPAanj9lNcl3xGjykY4DzqgzUPYTLm9r5A2M3BhnoaPp92jyBGpzVL8nyLEFMrRh6ErW6hjh4tr8tf4wuAG3SjJ8CaPW1-6yuPUuPAbR3vGjP92l7x5Axdf5nx2Z39VinJO5AHX8sT79hV9Sh0hpy31RtNHYACUUlii7haVV6uUzCMfmcfMgaVSA8cXG-VSMXVNAAksjKir_F1YGLzg1Cf4iVN2stgzNEStho6PfqmqRRAWP4mMkFSJymtCVUFjDmiUjjjs-5es4WWg786FOAkxD2HPzupEfpOb39LglJYn7MHyfnV10U2qjPuf5sSHWQYnS9L5cpQ4oufCOduZXeOrccxGL4eS-rTC2QDGK7PAuSOKQ2HLnLUgDNJ5MQuLz4Cv11x3xl1yu9Md-AP5JIprz8xqiPbnF08mNpJ4XGUqopzbkfYs4xhW9Hi_PSwexAYhJSpBFltdNc0ZZldUlIS9zZWoPvARY-o-hbxgay6TEOSYJrTYX-Nc4Aklcad7wJuyt1YE2qV6mdMSkL9PoIW1PdOPCgxJjAm1P5K40fldBIY7jNzkTPDoNai98LhtHL9LR_TZ1dQOvKWpLYHODCdeeASh4u3LbcF-XmimtQ1ASiHOef6spGO0UUib3YruAFqQZaAIRuZK-JwVVpkIEfO8MMrJgbk58lOTvx5Vz98dnWLvTQGMxTzT1FEpX8DfPFy9SJ1n1jeiwQUv5jFGtlDMCeyd0U70A5G3iu86-FH7Vk8uw7--lZB6SgGdzK8ADwp_C_6LbpAHkHPyToZP4SbybfRyq0YKcWGZL3Fc29FhD4MckVg0F8&l10n=ru&cts=1434387284611" "Mozilla/5.0 (iPad; CPU OS 8_3 like Mac OS X) AppleWebKit/600.1.4 (KHTML, like Gecko) Version/8.0 Mobile/12F69 Safari/600.1.4"
5.165.114.14 - - [18/Jun/2015:12:28:35 +0300] "GET /plugins/content/attachments_refresh.js HTTP/1.0" 200 1560 "http://citiex.com.ua/rus-2343-xii.html" "Mozilla/5.0 (iPad; CPU OS 8_3 like Mac OS X) AppleWebKit/600.1.4 (KHTML, like Gecko) Version/8.0 Mobile/12F69 Safari/600.1.4"
5.165.114.14 - - [18/Jun/2015:12:28:35 +0300] "GET /templates/gk_aumi/lib/scripts/hltable.js HTTP/1.0" 200 3646 "http://citiex.com.ua/rus-2343-xii.html" "Mozilla/5.0 (iPad; CPU OS 8_3 like Mac OS X) AppleWebKit/600.1.4 (KHTML, like Gecko) Version/8.0 Mobile/12F69 Safari/600.1.4"
5.165.114.14 - - [18/Jun/2015:12:28:35 +0300] "GET /templates/gk_aumi/lib/scripts/menu.php?style=suckerfish&width=1&height=1&opacity=1&animation=1&speed=250 HTTP/1.0" 200 253 "http://citiex.com.ua/rus-2343-xii.html" "Mozilla/5.0 (iPad; CPU OS 8_3 like Mac OS X) AppleWebKit/600.1.4 (KHTML, like Gecko) Version/8.0 Mobile/12F69 Safari/600.1.4"
5.165.114.14 - - [18/Jun/2015:12:28:35 +0300] "GET /templates/gk_aumi/images/logo.png HTTP/1.0" 200 6149 "http://citiex.com.ua/rus-2343-xii.html" "Mozilla/5.0 (iPad; CPU OS 8_3 like Mac OS X) AppleWebKit/600.1.4 (KHTML, like Gecko) Version/8.0 Mobile/12F69 Safari/600.1.4"
5.165.114.14 - - [18/Jun/2015:12:28:35 +0300] "GET /components/com_sh404sef/images/external-black.png HTTP/1.0" 200 3621 "http://citiex.com.ua/rus-2343-xii.html" "Mozilla/5.0 (iPad; CPU OS 8_3 like Mac OS X) AppleWebKit/600.1.4 (KHTML, like Gecko) Version/8.0 Mobile/12F69 Safari/600.1.4"
5.165.114.14 - - [18/Jun/2015:12:28:36 +0300] "GET /cache/assets/15e1e423d7a27a0d8ee8e70b064c44eb.css HTTP/1.0" 200 44011 "http://citiex.com.ua/rus-2343-xii.html" "Mozilla/5.0 (iPad; CPU OS 8_3 like Mac OS X) AppleWebKit/600.1.4 (KHTML, like Gecko) Version/8.0 Mobile/12F69 Safari/600.1.4"
5.165.114.14 - - [18/Jun/2015:12:28:36 +0300] "GET /media/system/js/caption.js HTTP/1.0" 200 1963 "http://citiex.com.ua/rus-2343-xii.html" "Mozilla/5.0 (iPad; CPU OS 8_3 like Mac OS X) AppleWebKit/600.1.4 (KHTML, like Gecko) Version/8.0 Mobile/12F69 Safari/600.1.4"
5.165.114.14 - - [18/Jun/2015:12:28:36 +0300] "GET /media/system/js/modal.js HTTP/1.0" 200 10588 "http://citiex.com.ua/rus-2343-xii.html" "Mozilla/5.0 (iPad; CPU OS 8_3 like Mac OS X) AppleWebKit/600.1.4 (KHTML, like Gecko) Version/8.0 Mobile/12F69 Safari/600.1.4"
5.165.114.14 - - [18/Jun/2015:12:28:36 +0300] "GET /templates/gk_aumi/lib/scripts/template_scripts.js HTTP/1.0" 200 2281 "http://citiex.com.ua/rus-2343-xii.html" "Mozilla/5.0 (iPad; CPU OS 8_3 like Mac OS X) AppleWebKit/600.1.4 (KHTML, like Gecko) Version/8.0 Mobile/12F69 Safari/600.1.4"
5.165.114.14 - - [18/Jun/2015:12:28:36 +0300] "GET /media/system/js/mootools.js HTTP/1.0" 200 74434 "http://citiex.com.ua/rus-2343-xii.html" "Mozilla/5.0 (iPad; CPU OS 8_3 like Mac OS X) AppleWebKit/600.1.4 (KHTML, like Gecko) Version/8.0 Mobile/12F69 Safari/600.1.4"
5.165.114.14 - - [18/Jun/2015:12:28:37 +0300] "GET /templates/gk_aumi/images/bg_top.png HTTP/1.0" 200 321 "http://citiex.com.ua/rus-2343-xii.html" "Mozilla/5.0 (iPad; CPU OS 8_3 like Mac OS X) AppleWebKit/600.1.4 (KHTML, like Gecko) Version/8.0 Mobile/12F69 Safari/600.1.4"
5.165.114.14 - - [18/Jun/2015:12:28:37 +0300] "GET /templates/gk_aumi/images/menu_li.png HTTP/1.0" 200 181 "http://citiex.com.ua/rus-2343-xii.html" "Mozilla/5.0 (iPad; CPU OS 8_3 like Mac OS X) AppleWebKit/600.1.4 (KHTML, like Gecko) Version/8.0 Mobile/12F69 Safari/600.1.4"
5.165.114.14 - - [18/Jun/2015:12:28:37 +0300] "GET /templates/gk_aumi/images/bg_content_middle.png HTTP/1.0" 200 89 "http://citiex.com.ua/rus-2343-xii.html" "Mozilla/5.0 (iPad; CPU OS 8_3 like Mac OS X) AppleWebKit/600.1.4 (KHTML, like Gecko) Version/8.0 Mobile/12F69 Safari/600.1.4"
5.165.114.14 - - [18/Jun/2015:12:28:37 +0300] "GET /templates/gk_aumi/images/bg_content_top.png HTTP/1.0" 200 133 "http://citiex.com.ua/rus-2343-xii.html" "Mozilla/5.0 (iPad; CPU OS 8_3 like Mac OS X) AppleWebKit/600.1.4 (KHTML, like Gecko) Version/8.0 Mobile/12F69 Safari/600.1.4"
5.165.114.14 - - [18/Jun/2015:12:28:37 +0300] "GET /templates/gk_aumi/images/bg_footer.png HTTP/1.0" 200 325 "http://citiex.com.ua/rus-2343-xii.html" "Mozilla/5.0 (iPad; CPU OS 8_3 like Mac OS X) AppleWebKit/600.1.4 (KHTML, like Gecko) Version/8.0 Mobile/12F69 Safari/600.1.4"
184.75.209.18 - - [18/Jun/2015:12:31:16 +0300] "GET / HTTP/1.0" 200 20170 "-" "Pingdom.com_bot_version_1.4_(http://www.pingdom.com/)"
157.55.39.210 - - [18/Jun/2015:12:33:58 +0300] "GET /slovar-terminov/slovar-ocenschika-nedvizhimost-i-ipoteka-2/%d0%a4.html HTTP/1.0" 200 26666 "-" "Mozilla/5.0 (compatible; bingbot/2.0; +http://www.bing.com/bingbot.htm)"
199.87.228.66 - - [18/Jun/2015:12:36:16 +0300] "GET / HTTP/1.0" 200 20170 "-" "Pingdom.com_bot_version_1.4_(http://www.pingdom.com/)"
188.93.56.218 - - [18/Jun/2015:12:36:21 +0300] "GET /robots.txt HTTP/1.0" 200 304 "-" "Mozilla/5.0 (compatible; Linux x86_64; Mail.RU_Bot/2.0; +http://go.mail.ru/help/robots)"
188.93.56.218 - - [18/Jun/2015:12:36:22 +0300] "GET /diamant-invest-menedzhment.html HTTP/1.0" 200 27607 "-" "Mozilla/5.0 (compatible; Linux x86_64; Mail.RU_Bot/2.0; +http://go.mail.ru/help/robots)"
94.247.174.83 - - [18/Jun/2015:12:41:16 +0300] "GET / HTTP/1.0" 200 20170 "-" "Pingdom.com_bot_version_1.4_(http://www.pingdom.com/)"
193.238.108.98 - - [18/Jun/2015:12:41:37 +0300] "GET /rabotay-v-citiex.html HTTP/1.0" 200 15285 "http://www.citiex.com.ua/uslugi-chastnym-litsam.html" "Mozilla/5.0 (Windows NT 6.1; WOW64) AppleWebKit/537.36 (KHTML, like Gecko) Chrome/40.0.2214.93 Safari/537.36"
193.238.108.98 - - [18/Jun/2015:12:41:39 +0300] "GET /cache/assets/15e1e423d7a27a0d8ee8e70b064c44eb.css HTTP/1.0" 200 44011 "http://www.citiex.com.ua/rabotay-v-citiex.html" "Mozilla/5.0 (Windows NT 6.1; WOW64) AppleWebKit/537.36 (KHTML, like Gecko) Chrome/40.0.2214.93 Safari/537.36"
193.238.108.98 - - [18/Jun/2015:12:41:39 +0300] "GET /templates/gk_aumi/lib/scripts/menu.php?style=suckerfish&width=1&height=1&opacity=1&animation=1&speed=250 HTTP/1.0" 200 253 "http://www.citiex.com.ua/rabotay-v-citiex.html" "Mozilla/5.0 (Windows NT 6.1; WOW64) AppleWebKit/537.36 (KHTML, like Gecko) Chrome/40.0.2214.93 Safari/537.36"
193.238.108.98 - - [18/Jun/2015:12:41:53 +0300] "GET / HTTP/1.0" 200 20565 "http://www.citiex.com.ua/rabotay-v-citiex.html" "Mozilla/5.0 (Windows NT 6.1; WOW64) AppleWebKit/537.36 (KHTML, like Gecko) Chrome/40.0.2214.93 Safari/537.36"
193.238.108.98 - - [18/Jun/2015:12:41:54 +0300] "GET /templates/gk_aumi/lib/scripts/menu.php?style=suckerfish&width=1&height=1&opacity=1&animation=1&speed=250 HTTP/1.0" 200 253 "http://www.citiex.com.ua/" "Mozilla/5.0 (Windows NT 6.1; WOW64) AppleWebKit/537.36 (KHTML, like Gecko) Chrome/40.0.2214.93 Safari/537.36"
193.238.108.98 - - [18/Jun/2015:12:41:54 +0300] "GET /cache/assets/e9ebe353e2078dee925298f522dfa216.css HTTP/1.0" 200 40053 "http://www.citiex.com.ua/" "Mozilla/5.0 (Windows NT 6.1; WOW64) AppleWebKit/537.36 (KHTML, like Gecko) Chrome/40.0.2214.93 Safari/537.36"
193.238.108.98 - - [18/Jun/2015:12:41:58 +0300] "GET /kontaktnaya-informatsiya.html HTTP/1.0" 200 30878 "http://www.citiex.com.ua/" "Mozilla/5.0 (Windows NT 6.1; WOW64) AppleWebKit/537.36 (KHTML, like Gecko) Chrome/40.0.2214.93 Safari/537.36"
193.238.108.98 - - [18/Jun/2015:12:41:59 +0300] "GET /cache/assets/b67ae19a3762049ff221ca6c6654d3bd.css HTTP/1.0" 200 54550 "http://www.citiex.com.ua/kontaktnaya-informatsiya.html" "Mozilla/5.0 (Windows NT 6.1; WOW64) AppleWebKit/537.36 (KHTML, like Gecko) Chrome/40.0.2214.93 Safari/537.36"
193.238.108.98 - - [18/Jun/2015:12:41:59 +0300] "GET /includes/js/joomla.javascript.js HTTP/1.0" 200 15405 "http://www.citiex.com.ua/kontaktnaya-informatsiya.html" "Mozilla/5.0 (Windows NT 6.1; WOW64) AppleWebKit/537.36 (KHTML, like Gecko) Chrome/40.0.2214.93 Safari/537.36"
193.238.108.98 - - [18/Jun/2015:12:41:59 +0300] "GET /media/system/js/calendar.js HTTP/1.0" 200 34315 "http://www.citiex.com.ua/kontaktnaya-informatsiya.html" "Mozilla/5.0 (Windows NT 6.1; WOW64) AppleWebKit/537.36 (KHTML, like Gecko) Chrome/40.0.2214.93 Safari/537.36"
193.238.108.98 - - [18/Jun/2015:12:41:59 +0300] "GET /templates/gk_aumi/lib/scripts/menu.php?style=suckerfish&width=1&height=1&opacity=1&animation=1&speed=250 HTTP/1.0" 200 253 "http://www.citiex.com.ua/kontaktnaya-informatsiya.html" "Mozilla/5.0 (Windows NT 6.1; WOW64) AppleWebKit/537.36 (KHTML, like Gecko) Chrome/40.0.2214.93 Safari/537.36"
193.238.108.98 - - [18/Jun/2015:12:41:59 +0300] "GET /templates/gk_aumi/images/pdf_button.png HTTP/1.0" 200 126 "http://www.citiex.com.ua/kontaktnaya-informatsiya.html" "Mozilla/5.0 (Windows NT 6.1; WOW64) AppleWebKit/537.36 (KHTML, like Gecko) Chrome/40.0.2214.93 Safari/537.36"
193.238.108.98 - - [18/Jun/2015:12:41:59 +0300] "GET /media/system/js/calendar-setup.js HTTP/1.0" 200 4919 "http://www.citiex.com.ua/kontaktnaya-informatsiya.html" "Mozilla/5.0 (Windows NT 6.1; WOW64) AppleWebKit/537.36 (KHTML, like Gecko) Chrome/40.0.2214.93 Safari/537.36"
193.238.108.98 - - [18/Jun/2015:12:41:59 +0300] "GET /templates/gk_aumi/images/emailButton.png HTTP/1.0" 200 119 "http://www.citiex.com.ua/kontaktnaya-informatsiya.html" "Mozilla/5.0 (Windows NT 6.1; WOW64) AppleWebKit/537.36 (KHTML, like Gecko) Chrome/40.0.2214.93 Safari/537.36"
193.238.108.98 - - [18/Jun/2015:12:41:59 +0300] "GET /templates/gk_aumi/images/printButton.png HTTP/1.0" 200 132 "http://www.citiex.com.ua/kontaktnaya-informatsiya.html" "Mozilla/5.0 (Windows NT 6.1; WOW64) AppleWebKit/537.36 (KHTML, like Gecko) Chrome/40.0.2214.93 Safari/537.36"
193.238.108.98 - - [18/Jun/2015:12:41:59 +0300] "GET /index.php?option=com_aicontactsafe&sTask=message&task=message&pf=3&r_id=1306576484&next_use_ajax=1&format=raw&lang=ru&Itemid=50 HTTP/1.0" 200 7402 "http://www.citiex.com.ua/kontaktnaya-informatsiya.html" "Mozilla/5.0 (Windows NT 6.1; WOW64) AppleWebKit/537.36 (KHTML, like Gecko) Chrome/40.0.2214.93 Safari/537.36"
193.238.108.98 - - [18/Jun/2015:12:41:59 +0300] "GET /index.php?option=com_aicontactsafe&sTask=captcha&task=captcha&pf=3&r_id=1306576484&lang=ru&format=raw&set_rand=7464038725 HTTP/1.0" 301 - "http://www.citiex.com.ua/kontaktnaya-informatsiya.html" "Mozilla/5.0 (Windows NT 6.1; WOW64) AppleWebKit/537.36 (KHTML, like Gecko) Chrome/40.0.2214.93 Safari/537.36"
193.238.108.98 - - [18/Jun/2015:12:41:59 +0300] "GET /contact.html?format=raw&r_id=1306576484&sTask=captcha&set_rand=7464038725&task=captcha HTTP/1.0" 200 2776 "http://www.citiex.com.ua/kontaktnaya-informatsiya.html" "Mozilla/5.0 (Windows NT 6.1; WOW64) AppleWebKit/537.36 (KHTML, like Gecko) Chrome/40.0.2214.93 Safari/537.36"
204.152.200.42 - - [18/Jun/2015:12:46:16 +0300] "GET / HTTP/1.0" 200 20170 "-" "Pingdom.com_bot_version_1.4_(http://www.pingdom.com/)"
66.249.78.236 - - [18/Jun/2015:12:50:56 +0300] "GET /component/option,com_fsf/Itemid,108/catid,0/lang,ru/limit,10/limitstart,10/view,faq/ HTTP/1.0" 200 32380 "-" "Mozilla/5.0 (compatible; Googlebot/2.1; +http://www.google.com/bot.html)"
85.17.156.11 - - [18/Jun/2015:12:51:16 +0300] "GET / HTTP/1.0" 200 20170 "-" "Pingdom.com_bot_version_1.4_(http://www.pingdom.com/)"
188.138.124.110 - - [18/Jun/2015:12:56:16 +0300] "GET / HTTP/1.0" 200 20170 "-" "Pingdom.com_bot_version_1.4_(http://www.pingdom.com/)"
157.55.39.210 - - [18/Jun/2015:12:56:45 +0300] "GET /indeks-potrebitelskih-cen-inflyacii-ukrainy.html HTTP/1.0" 200 39151 "-" "Mozilla/5.0 (iPhone; CPU iPhone OS 7_0 like Mac OS X) AppleWebKit/537.51.1 (KHTML, like Gecko) Version/7.0 Mobile/11A465 Safari/9537.53 (compatible; bingbot/2.0; http://www.bing.com/bingbot.htm)"
66.249.78.242 - - [18/Jun/2015:13:01:03 +0300] "GET /component/option,com_fsf/Itemid,108/catid,2/lang,ru/view,faq/ HTTP/1.0" 200 29562 "-" "Mozilla/5.0 (compatible; Googlebot/2.1; +http://www.google.com/bot.html)"
72.46.130.42 - - [18/Jun/2015:13:01:16 +0300] "GET / HTTP/1.0" 200 20170 "-" "Pingdom.com_bot_version_1.4_(http://www.pingdom.com/)"
66.249.78.242 - - [18/Jun/2015:13:03:01 +0300] "GET /rus-2171-xii.html HTTP/1.0" 200 86042 "-" "Mozilla/5.0 (compatible; Googlebot/2.1; +http://www.google.com/bot.html)"
66.249.78.233 - - [18/Jun/2015:13:04:40 +0300] "GET /slovar-ocenschika-samolety-i-vertolety/slovar-ocenschika-samolety-i-vertolety-8/all/page-13.html HTTP/1.0" 200 28862 "-" "Mozilla/5.0 (compatible; Googlebot/2.1; +http://www.google.com/bot.html)"
66.249.78.248 - - [18/Jun/2015:13:05:29 +0300] "GET /ukr-973-iv.html HTTP/1.0" 200 100281 "-" "Mozilla/5.0 (compatible; Googlebot/2.1; +http://www.google.com/bot.html)"
157.55.39.210 - - [18/Jun/2015:13:05:50 +0300] "GET /rus-1699-iii.html HTTP/1.0" 200 223102 "-" "Mozilla/5.0 (compatible; bingbot/2.0; +http://www.bing.com/bingbot.htm)"
178.255.153.2 - - [18/Jun/2015:13:06:16 +0300] "GET / HTTP/1.0" 200 20170 "-" "Pingdom.com_bot_version_1.4_(http://www.pingdom.com/)"
66.249.78.242 - - [18/Jun/2015:13:06:36 +0300] "GET /ocenka-jilogo-doma-ili-domovladeniya.html HTTP/1.0" 200 29624 "-" "Mozilla/5.0 (compatible; Googlebot/2.1; +http://www.google.com/bot.html)"
66.249.78.242 - - [18/Jun/2015:13:07:10 +0300] "GET /rus-1775-iii.html HTTP/1.0" 200 154605 "-" "Mozilla/5.0 (compatible; Googlebot/2.1; +http://www.google.com/bot.html)"
66.249.78.242 - - [18/Jun/2015:13:07:26 +0300] "GET /rus-2807-iv.html HTTP/1.0" 200 112770 "-" "Mozilla/5.0 (compatible; Googlebot/2.1; +http://www.google.com/bot.html)"
xd0xb0xd0xbdxd0xb0xd0xbbxd0xb8xd0xb7 xd1x80xd1x8bxd0xbdxd0xbaxd0xb0 xd0xbdxd0xb5xd0xb4xd0xb2xd0xb8xd0xb6xd0xb8xd0xbcxd0xbexd1x81xd1x82xd0xb8 xd0xa1xd0xb5xd0xb2xd0xb0xd1x81xd1x82xd0xbexd0xbfxd0xbexd0xbbxd1x8f.pdf 66.249.78.236 - - [18/Jun/2015:13:07:42 +0300] "GET /attachments/article/1342/%d0%9c%d0%b0%d1%80%d0%ba%d0%b5%d1%82%d0%b8%d0%bd%d0%b3%d0%be%d0%b2%d1%8b%d0%b9%20%d0%b0%d0%bd%d0%b0%d0%bb%d0%b8%d0%b7%20%d1%80%d1%8b%d0%bd%d0%ba%d0%b0%20%d0%bd%d0%b5%d0%b4%d0%b2%d0%b8%d0%b6%d0%b8%d0%bc%d0%be%d1%81%d1%82%d0%b8%20%d0%a1%d0%b5%d0%b2%d0%b0%d1%81%d1%82%d0%be%d0%bf%d0%be%d0%bb%d1%8f.pdf HTTP/1.0" 304 - "-" "Mozilla/5.0 (compatible; Googlebot/2.1; +http://www.google.com/bot.html)"
66.249.78.248 - - [18/Jun/2015:13:08:16 +0300] "GET /rus-3480-iv.html HTTP/1.0" 200 230868 "-" "Mozilla/5.0 (compatible; Googlebot/2.1; +http://www.google.com/bot.html)"
66.249.78.236 - - [18/Jun/2015:13:08:49 +0300] "GET /ocenka-oborudovaniya.html HTTP/1.0" 200 28776 "-" "Mozilla/5.0 (compatible; Googlebot/2.1; +http://www.google.com/bot.html)"
66.249.78.236 - - [18/Jun/2015:13:09:05 +0300] "GET /chto-vliyaet-na-stoimost-kvartiry.html HTTP/1.0" 200 43210 "-" "Mozilla/5.0 (compatible; Googlebot/2.1; +http://www.google.com/bot.html)"
66.249.78.236 - - [18/Jun/2015:13:09:22 +0300] "GET /rus-606-xiv.html HTTP/1.0" 200 388695 "-" "Mozilla/5.0 (compatible; Googlebot/2.1; +http://www.google.com/bot.html)"
66.249.78.236 - - [18/Jun/2015:13:10:28 +0300] "GET /ocenka-zemli-i-zemelnyh-uchastkov.html HTTP/1.0" 200 27481 "-" "Mozilla/5.0 (compatible; Googlebot/2.1; +http://www.google.com/bot.html)"
66.249.78.242 - - [18/Jun/2015:13:11:02 +0300] "GET /nejinskoe-bti.html HTTP/1.0" 200 17641 "-" "Mozilla/5.0 (compatible; Googlebot/2.1; +http://www.google.com/bot.html)"
108.62.115.226 - - [18/Jun/2015:13:11:16 +0300] "GET / HTTP/1.0" 200 20170 "-" "Pingdom.com_bot_version_1.4_(http://www.pingdom.com/)"
66.249.78.242 - - [18/Jun/2015:13:11:52 +0300] "GET /postanovlenie-kmu-ot-26-oktyabrya-2011-1103-nekotorye-voprosy-opredeleniya-ocenochnoy-stoimosti-nedvijimosti-i-obektov-nezavershennogo-stroitelstva-kotorye-prodayutsya-obmenivayutsya.html HTTP/1.0" 200 38114 "-" "Mozilla/5.0 (compatible; Googlebot/2.1; +http://www.google.com/bot.html)"
66.249.78.248 - - [18/Jun/2015:13:12:08 +0300] "GET /komanda-ocenshikov-i-konsultantov.html HTTP/1.0" 200 17710 "-" "Mozilla/5.0 (compatible; Googlebot/2.1; +http://www.google.com/bot.html)"
66.249.78.248 - - [18/Jun/2015:13:12:42 +0300] "GET /bezriskovaya-stavka.html HTTP/1.0" 200 17057 "-" "Mozilla/5.0 (compatible; Googlebot/2.1; +http://www.google.com/bot.html)"
66.249.78.242 - - [18/Jun/2015:13:14:38 +0300] "GET /belgorod-dnestrovskoe-bti.html HTTP/1.0" 200 17741 "-" "Mozilla/5.0 (compatible; Googlebot/2.1; +http://www.google.com/bot.html)"
66.249.78.236 - - [18/Jun/2015:13:15:48 +0300] "GET /component/option,com_fsf/Itemid,99/catid,8/lang,ru/view,faq/function.mysql-real-escape-string HTTP/1.0" 200 15003 "-" "Mozilla/5.0 (compatible; Googlebot/2.1; +http://www.google.com/bot.html)"
184.75.209.18 - - [18/Jun/2015:13:16:16 +0300] "GET / HTTP/1.0" 200 20170 "-" "Pingdom.com_bot_version_1.4_(http://www.pingdom.com/)"
199.87.228.66 - - [18/Jun/2015:13:21:16 +0300] "GET / HTTP/1.0" 200 20170 "-" "Pingdom.com_bot_version_1.4_(http://www.pingdom.com/)"
94.247.174.83 - - [18/Jun/2015:13:26:16 +0300] "GET / HTTP/1.0" 200 20170 "-" "Pingdom.com_bot_version_1.4_(http://www.pingdom.com/)"
157.55.39.210 - - [18/Jun/2015:13:31:06 +0300] "GET /fingrin.html HTTP/1.0" 200 27607 "-" "Mozilla/5.0 (compatible; bingbot/2.0; +http://www.bing.com/bingbot.htm)"
204.152.200.42 - - [18/Jun/2015:13:31:16 +0300] "GET / HTTP/1.0" 200 20170 "-" "Pingdom.com_bot_version_1.4_(http://www.pingdom.com/)"
91.220.252.20 - - [18/Jun/2015:13:32:25 +0300] "GET /kompanii-po-upravleniyu-aktivami-ukrainy.html HTTP/1.0" 200 73071 "http://yandex.ua/clck/jsredir?from=yandex.ua%3Bsearch%2F%3Bweb%3B%3B&text=&etext=723.C7NqM0fjw37AANKkeGw6O7Dy-I-1calM3yw1vfmyWTXEq2EY0vz4dexfSda1aDnI-pTHYuvVIeBbIBGMtd51cg.11b0149b8d040bfe2a708d00ddbef5952eb6db40&uuid=&state=PEtFfuTeVD5kpHnK9lio9aJ2gf1Q1OEQHP1rbfzHEMvZEAs4QuMnSA&data=UlNrNmk5WktYejR0eWJFYk1LdmtxZ0IwM0xtOGFxVG5XOFNaM2VaM051ZTM3dnJPaHRKMkJvNEFieHllRGdmckdlODVkSGg5RTlhT1diUThmMUFSNzFRV0hoUnZKVmVxUTN6LUpSc0l2T2FnNVZrUDRmZWZ3TzBRZkhFVlZQRDdmTUtfSHY2dUphS3B4bWVRUG01am9BTjBxLVhIbGpTbA&b64e=2&sign=071d003dccf8a32a5e6e08c61456eada&keyno=0&cst=AiuY0DBWFJ7IXge4WdYJQRJlt-zx8hWF-6SxbkXNik2qgg4ZrNgSzcHSQ3LexuMiJYTzONBGOXjsb0mkjFjW7YoO0LicA4trRWpCNKdcpQ5TohnAHJekD22-DYe3jEZS3MiVnYhNtFIGJ319fCzchQQNqg3i0Ppucccyr_p5jMWl_LnSZZogxcxvimDYbRtU&ref=cM777e4sMODZ_bseNIiUXLLP1hUpxJxqkeQGMTBFnsI15ZnYBYSrSn2NpJIrd8gFNxXWdZJTh-TXXo6-qivWXksw6IjEFBuwQE3Ebh3232Q8aCY3-rVRZ7HbtCarijWnmGAwd7rSAsWCTNpMBFdeazDL_YOBPBX3b3L_iEj8wP9x_27hdBKcBR9NvB2xD4v738R5pI3PqxO6j8TKPFqqTlDOP20mWRqV&l10n=ru&cts=1434623541367&mc=3.188721875540867" "Mozilla/5.0 (Windows NT 6.1; rv:38.0) Gecko/20100101 Firefox/38.0"
91.220.252.20 - - [18/Jun/2015:13:32:27 +0300] "GET /cache/assets/15e1e423d7a27a0d8ee8e70b064c44eb.css HTTP/1.0" 200 44011 "http://citiex.com.ua/kompanii-po-upravleniyu-aktivami-ukrainy.html" "Mozilla/5.0 (Windows NT 6.1; rv:38.0) Gecko/20100101 Firefox/38.0"
91.220.252.20 - - [18/Jun/2015:13:32:27 +0300] "GET /media/system/js/mootools.js HTTP/1.0" 200 74434 "http://citiex.com.ua/kompanii-po-upravleniyu-aktivami-ukrainy.html" "Mozilla/5.0 (Windows NT 6.1; rv:38.0) Gecko/20100101 Firefox/38.0"
91.220.252.20 - - [18/Jun/2015:13:32:27 +0300] "GET /media/system/js/caption.js HTTP/1.0" 200 1963 "http://citiex.com.ua/kompanii-po-upravleniyu-aktivami-ukrainy.html" "Mozilla/5.0 (Windows NT 6.1; rv:38.0) Gecko/20100101 Firefox/38.0"
91.220.252.20 - - [18/Jun/2015:13:32:27 +0300] "GET /plugins/content/attachments_refresh.js HTTP/1.0" 200 1560 "http://citiex.com.ua/kompanii-po-upravleniyu-aktivami-ukrainy.html" "Mozilla/5.0 (Windows NT 6.1; rv:38.0) Gecko/20100101 Firefox/38.0"
91.220.252.20 - - [18/Jun/2015:13:32:27 +0300] "GET /media/system/js/modal.js HTTP/1.0" 200 10588 "http://citiex.com.ua/kompanii-po-upravleniyu-aktivami-ukrainy.html" "Mozilla/5.0 (Windows NT 6.1; rv:38.0) Gecko/20100101 Firefox/38.0"
91.220.252.20 - - [18/Jun/2015:13:32:27 +0300] "GET /templates/gk_aumi/lib/scripts/template_scripts.js HTTP/1.0" 200 2281 "http://citiex.com.ua/kompanii-po-upravleniyu-aktivami-ukrainy.html" "Mozilla/5.0 (Windows NT 6.1; rv:38.0) Gecko/20100101 Firefox/38.0"
91.220.252.20 - - [18/Jun/2015:13:32:27 +0300] "GET /templates/gk_aumi/lib/scripts/hltable.js HTTP/1.0" 200 3646 "http://citiex.com.ua/kompanii-po-upravleniyu-aktivami-ukrainy.html" "Mozilla/5.0 (Windows NT 6.1; rv:38.0) Gecko/20100101 Firefox/38.0"
91.220.252.20 - - [18/Jun/2015:13:32:27 +0300] "GET /templates/gk_aumi/lib/scripts/menu.php?style=suckerfish&width=1&height=1&opacity=1&animation=1&speed=250 HTTP/1.0" 200 253 "http://citiex.com.ua/kompanii-po-upravleniyu-aktivami-ukrainy.html" "Mozilla/5.0 (Windows NT 6.1; rv:38.0) Gecko/20100101 Firefox/38.0"
91.220.252.20 - - [18/Jun/2015:13:32:27 +0300] "GET /templates/gk_aumi/favicon.ico HTTP/1.0" 200 1406 "-" "Mozilla/5.0 (Windows NT 6.1; rv:38.0) Gecko/20100101 Firefox/38.0"
91.220.252.20 - - [18/Jun/2015:13:32:28 +0300] "GET /templates/gk_aumi/images/logo.png HTTP/1.0" 200 6149 "http://citiex.com.ua/kompanii-po-upravleniyu-aktivami-ukrainy.html" "Mozilla/5.0 (Windows NT 6.1; rv:38.0) Gecko/20100101 Firefox/38.0"
91.220.252.20 - - [18/Jun/2015:13:32:28 +0300] "GET /components/com_sh404sef/images/external-black.png HTTP/1.0" 200 3621 "http://citiex.com.ua/kompanii-po-upravleniyu-aktivami-ukrainy.html" "Mozilla/5.0 (Windows NT 6.1; rv:38.0) Gecko/20100101 Firefox/38.0"
91.220.252.20 - - [18/Jun/2015:13:32:28 +0300] "GET /templates/gk_aumi/images/bg_top.png HTTP/1.0" 200 321 "http://citiex.com.ua/cache/assets/15e1e423d7a27a0d8ee8e70b064c44eb.css" "Mozilla/5.0 (Windows NT 6.1; rv:38.0) Gecko/20100101 Firefox/38.0"
91.220.252.20 - - [18/Jun/2015:13:32:28 +0300] "GET /templates/gk_aumi/images/bg_footer.png HTTP/1.0" 200 325 "http://citiex.com.ua/cache/assets/15e1e423d7a27a0d8ee8e70b064c44eb.css" "Mozilla/5.0 (Windows NT 6.1; rv:38.0) Gecko/20100101 Firefox/38.0"
91.220.252.20 - - [18/Jun/2015:13:32:29 +0300] "GET /templates/gk_aumi/images/menu_li.png HTTP/1.0" 200 181 "http://citiex.com.ua/cache/assets/15e1e423d7a27a0d8ee8e70b064c44eb.css" "Mozilla/5.0 (Windows NT 6.1; rv:38.0) Gecko/20100101 Firefox/38.0"
91.220.252.20 - - [18/Jun/2015:13:32:29 +0300] "GET /templates/gk_aumi/images/bg_content_middle.png HTTP/1.0" 200 89 "http://citiex.com.ua/cache/assets/15e1e423d7a27a0d8ee8e70b064c44eb.css" "Mozilla/5.0 (Windows NT 6.1; rv:38.0) Gecko/20100101 Firefox/38.0"
91.220.252.20 - - [18/Jun/2015:13:32:29 +0300] "GET /templates/gk_aumi/images/bg_content_top.png HTTP/1.0" 200 133 "http://citiex.com.ua/cache/assets/15e1e423d7a27a0d8ee8e70b064c44eb.css" "Mozilla/5.0 (Windows NT 6.1; rv:38.0) Gecko/20100101 Firefox/38.0"
157.55.39.127 - - [18/Jun/2015:13:32:55 +0300] "GET /novosti/slovar-ocenschika-korabli-i-suda-7.html HTTP/1.0" 200 48426 "-" "Mozilla/5.0 (compatible; bingbot/2.0; +http://www.bing.com/bingbot.htm)"
157.55.39.63 - - [18/Jun/2015:13:33:17 +0300] "GET /rus-2171-xii.html HTTP/1.0" 200 86042 "-" "Mozilla/5.0 (compatible; bingbot/2.0; +http://www.bing.com/bingbot.htm)"
5.255.253.203 - - [18/Jun/2015:13:35:52 +0300] "GET /kompanii-po-upravleniyu-aktivami-ukrainy.html HTTP/1.0" 200 73071 "-" "Mozilla/5.0 (compatible; YandexBot/3.0; +http://yandex.com/bots)"
85.17.156.11 - - [18/Jun/2015:13:36:16 +0300] "GET / HTTP/1.0" 200 20170 "-" "Pingdom.com_bot_version_1.4_(http://www.pingdom.com/)"
207.46.13.135 - - [18/Jun/2015:13:39:28 +0300] "GET /slovar-terminov/slovar-ocenschika-stroitelstvo-3/%d0%a6.html HTTP/1.0" 200 18928 "-" "Mozilla/5.0 (compatible; bingbot/2.0; +http://www.bing.com/bingbot.htm)"
188.138.124.110 - - [18/Jun/2015:13:41:16 +0300] "GET / HTTP/1.0" 200 20170 "-" "Pingdom.com_bot_version_1.4_(http://www.pingdom.com/)"
123.125.71.29 - - [18/Jun/2015:13:46:09 +0300] "GET /uslugi-gosudarstvennym-uchrezhdeniyam.html HTTP/1.0" 200 20189 "-" "Mozilla/5.0 (compatible; Baiduspider/2.0; +http://www.baidu.com/search/spider.html)"
72.46.130.42 - - [18/Jun/2015:13:46:16 +0300] "GET / HTTP/1.0" 200 20170 "-" "Pingdom.com_bot_version_1.4_(http://www.pingdom.com/)"
66.249.78.242 - - [18/Jun/2015:13:48:22 +0300] "GET /frunzenskoe-bti.html HTTP/1.0" 200 17655 "-" "Mozilla/5.0 (compatible; Googlebot/2.1; +http://www.google.com/bot.html)"
178.255.153.2 - - [18/Jun/2015:13:51:16 +0300] "GET / HTTP/1.0" 200 20170 "-" "Pingdom.com_bot_version_1.4_(http://www.pingdom.com/)"
157.55.39.63 - - [18/Jun/2015:13:52:01 +0300] "GET /slovar-terminov/slovar-ocenschika-nedvizhimost-i-ipoteka-2/I/interest-455.html HTTP/1.0" 200 16820 "-" "Mozilla/5.0 (compatible; bingbot/2.0; +http://www.bing.com/bingbot.htm)"
108.62.115.226 - - [18/Jun/2015:13:56:16 +0300] "GET / HTTP/1.0" 200 20170 "-" "Pingdom.com_bot_version_1.4_(http://www.pingdom.com/)"
184.75.209.18 - - [18/Jun/2015:14:01:16 +0300] "GET / HTTP/1.0" 200 20170 "-" "Pingdom.com_bot_version_1.4_(http://www.pingdom.com/)"
199.87.228.66 - - [18/Jun/2015:14:06:16 +0300] "GET / HTTP/1.0" 200 20170 "-" "Pingdom.com_bot_version_1.4_(http://www.pingdom.com/)"
94.247.174.83 - - [18/Jun/2015:14:11:16 +0300] "GET / HTTP/1.0" 200 20170 "-" "Pingdom.com_bot_version_1.4_(http://www.pingdom.com/)"
66.249.78.242 - - [18/Jun/2015:14:13:49 +0300] "GET /component/option,com_fsf/Itemid,108/catid,4/lang,ru/view,faq/ HTTP/1.0" 200 29526 "-" "Mozilla/5.0 (compatible; Googlebot/2.1; +http://www.google.com/bot.html)"
184.75.209.18 - - [18/Jun/2015:14:16:16 +0300] "GET / HTTP/1.0" 200 20170 "-" "Pingdom.com_bot_version_1.4_(http://www.pingdom.com/)"
199.87.228.66 - - [18/Jun/2015:14:21:16 +0300] "GET / HTTP/1.0" 200 20170 "-" "Pingdom.com_bot_version_1.4_(http://www.pingdom.com/)"
94.247.174.83 - - [18/Jun/2015:14:26:16 +0300] "GET / HTTP/1.0" 200 20170 "-" "Pingdom.com_bot_version_1.4_(http://www.pingdom.com/)"
66.249.78.242 - - [18/Jun/2015:14:30:32 +0300] "GET /component/option,com_fsf/Itemid,108/catid,0/faqid,22/lang,ru/limitstart,10/tmpl,component/view,faq/ HTTP/1.0" 200 6279 "-" "Mozilla/5.0 (compatible; Googlebot/2.1; +http://www.google.com/bot.html)"
204.152.200.42 - - [18/Jun/2015:14:31:16 +0300] "GET / HTTP/1.0" 200 20170 "-" "Pingdom.com_bot_version_1.4_(http://www.pingdom.com/)"
96.31.66.245 - - [18/Jun/2015:14:36:16 +0300] "GET / HTTP/1.0" 200 20170 "-" "Pingdom.com_bot_version_1.4_(http://www.pingdom.com/)"
85.17.156.11 - - [18/Jun/2015:14:41:16 +0300] "GET / HTTP/1.0" 200 20170 "-" "Pingdom.com_bot_version_1.4_(http://www.pingdom.com/)"
157.55.39.127 - - [18/Jun/2015:14:44:33 +0300] "GET /robots.txt HTTP/1.0" 200 304 "-" "Mozilla/5.0 (compatible; bingbot/2.0; +http://www.bing.com/bingbot.htm)"
188.138.124.110 - - [18/Jun/2015:14:46:16 +0300] "GET / HTTP/1.0" 200 20170 "-" "Pingdom.com_bot_version_1.4_(http://www.pingdom.com/)"
5.255.253.203 - - [18/Jun/2015:14:51:15 +0300] "GET / HTTP/1.0" 200 20170 "-" "Mozilla/5.0 (compatible; YandexBot/3.0; +http://yandex.com/bots)"
5.255.253.203 - - [18/Jun/2015:14:51:17 +0300] "GET /templates/gk_aumi/favicon.ico HTTP/1.0" 200 1406 "-" "Mozilla/5.0 (compatible; YandexBot/3.0; +http://yandex.com/bots)"
72.46.130.42 - - [18/Jun/2015:14:51:16 +0300] "GET / HTTP/1.0" 200 20170 "-" "Pingdom.com_bot_version_1.4_(http://www.pingdom.com/)"
178.255.153.2 - - [18/Jun/2015:14:56:16 +0300] "GET / HTTP/1.0" 200 20170 "-" "Pingdom.com_bot_version_1.4_(http://www.pingdom.com/)"
157.55.39.63 - - [18/Jun/2015:15:00:50 +0300] "GET /indeksy-udorojaniya-za-iyun-2012.html HTTP/1.0" 200 21869 "-" "Mozilla/5.0 (compatible; bingbot/2.0; +http://www.bing.com/bingbot.htm)"
108.62.115.226 - - [18/Jun/2015:15:01:16 +0300] "GET / HTTP/1.0" 200 20170 "-" "Pingdom.com_bot_version_1.4_(http://www.pingdom.com/)"
66.249.78.248 - - [18/Jun/2015:15:02:59 +0300] "GET /component/option,com_fsf/Itemid,99/catid,2/lang,ru/view,faq/ HTTP/1.0" 200 14998 "-" "Mozilla/5.0 (compatible; Googlebot/2.1; +http://www.google.com/bot.html)"
157.55.39.127 - - [18/Jun/2015:15:03:01 +0300] "GET /indeksy-udorojaniya-v-ukraine-za-avgust-2011.html HTTP/1.0" 200 22029 "-" "Mozilla/5.0 (compatible; bingbot/2.0; +http://www.bing.com/bingbot.htm)"
184.75.209.18 - - [18/Jun/2015:15:06:16 +0300] "GET / HTTP/1.0" 200 20170 "-" "Pingdom.com_bot_version_1.4_(http://www.pingdom.com/)"
199.87.228.66 - - [18/Jun/2015:15:11:16 +0300] "GET / HTTP/1.0" 200 20170 "-" "Pingdom.com_bot_version_1.4_(http://www.pingdom.com/)"
95.135.22.60 - - [18/Jun/2015:15:13:15 +0300] "GET /rus-20298.html HTTP/1.0" 200 92391 "http://www.google.com.ua/url?url=http://citiex.com.ua/rus-20298.html&rct=j&q=&esrc=s&sa=U&ei=zbWCVc7ADMWssgH8v4DYBg&ved=0CCQQFjAD&usg=AFQjCNFR8VHYG1mE40wEf1UZ9EBHZLkR-Q" "Opera/9.80 (Windows NT 5.2; WOW64) Presto/2.12.388 Version/12.17"
95.135.22.60 - - [18/Jun/2015:15:13:17 +0300] "GET /templates/gk_aumi/favicon.ico HTTP/1.0" 200 1406 "http://citiex.com.ua/rus-20298.html" "Opera/9.80 (Windows NT 5.2; WOW64) Presto/2.12.388 Version/12.17"
95.135.22.60 - - [18/Jun/2015:15:13:17 +0300] "GET /templates/gk_aumi/lib/scripts/template_scripts.js HTTP/1.0" 200 2281 "http://citiex.com.ua/rus-20298.html" "Opera/9.80 (Windows NT 5.2; WOW64) Presto/2.12.388 Version/12.17"
95.135.22.60 - - [18/Jun/2015:15:13:17 +0300] "GET /templates/gk_aumi/lib/scripts/hltable.js HTTP/1.0" 200 3646 "http://citiex.com.ua/rus-20298.html" "Opera/9.80 (Windows NT 5.2; WOW64) Presto/2.12.388 Version/12.17"
95.135.22.60 - - [18/Jun/2015:15:13:17 +0300] "GET /cache/assets/15e1e423d7a27a0d8ee8e70b064c44eb.css HTTP/1.0" 200 44011 "http://citiex.com.ua/rus-20298.html" "Opera/9.80 (Windows NT 5.2; WOW64) Presto/2.12.388 Version/12.17"
95.135.22.60 - - [18/Jun/2015:15:13:17 +0300] "GET /media/system/js/modal.js HTTP/1.0" 200 10588 "http://citiex.com.ua/rus-20298.html" "Opera/9.80 (Windows NT 5.2; WOW64) Presto/2.12.388 Version/12.17"
95.135.22.60 - - [18/Jun/2015:15:13:17 +0300] "GET /media/system/js/caption.js HTTP/1.0" 200 1963 "http://citiex.com.ua/rus-20298.html" "Opera/9.80 (Windows NT 5.2; WOW64) Presto/2.12.388 Version/12.17"
95.135.22.60 - - [18/Jun/2015:15:13:17 +0300] "GET /components/com_sh404sef/images/external-black.png HTTP/1.0" 200 3621 "http://citiex.com.ua/rus-20298.html" "Opera/9.80 (Windows NT 5.2; WOW64) Presto/2.12.388 Version/12.17"
95.135.22.60 - - [18/Jun/2015:15:13:17 +0300] "GET /templates/gk_aumi/lib/scripts/menu.php?style=suckerfish&width=1&height=1&opacity=1&animation=1&speed=250 HTTP/1.0" 200 253 "http://citiex.com.ua/rus-20298.html" "Opera/9.80 (Windows NT 5.2; WOW64) Presto/2.12.388 Version/12.17"
95.135.22.60 - - [18/Jun/2015:15:13:17 +0300] "GET /cache/assets/15e1e423d7a27a0d8ee8e70b064c44eb.css HTTP/1.0" 200 44011 "http://citiex.com.ua/rus-20298.html" "Opera/9.80 (Windows NT 5.2; WOW64) Presto/2.12.388 Version/12.17"
95.135.22.60 - - [18/Jun/2015:15:13:17 +0300] "GET /templates/gk_aumi/lib/scripts/menu.php?style=suckerfish&width=1&height=1&opacity=1&animation=1&speed=250 HTTP/1.0" 200 253 "http://citiex.com.ua/rus-20298.html" "Opera/9.80 (Windows NT 5.2; WOW64) Presto/2.12.388 Version/12.17"
95.135.22.60 - - [18/Jun/2015:15:13:17 +0300] "GET /components/com_sh404sef/images/external-black.png HTTP/1.0" 200 3621 "http://citiex.com.ua/rus-20298.html" "Opera/9.80 (Windows NT 5.2; WOW64) Presto/2.12.388 Version/12.17"
95.135.22.60 - - [18/Jun/2015:15:13:18 +0300] "GET /templates/gk_aumi/images/bg_top.png HTTP/1.0" 200 321 "http://citiex.com.ua/rus-20298.html" "Opera/9.80 (Windows NT 5.2; WOW64) Presto/2.12.388 Version/12.17"
95.135.22.60 - - [18/Jun/2015:15:13:18 +0300] "GET /templates/gk_aumi/images/bg_content_middle.png HTTP/1.0" 200 89 "http://citiex.com.ua/rus-20298.html" "Opera/9.80 (Windows NT 5.2; WOW64) Presto/2.12.388 Version/12.17"
95.135.22.60 - - [18/Jun/2015:15:13:18 +0300] "GET /templates/gk_aumi/images/menu_li.png HTTP/1.0" 200 181 "http://citiex.com.ua/rus-20298.html" "Opera/9.80 (Windows NT 5.2; WOW64) Presto/2.12.388 Version/12.17"
95.135.22.60 - - [18/Jun/2015:15:13:18 +0300] "GET /templates/gk_aumi/images/bg_content_top.png HTTP/1.0" 200 133 "http://citiex.com.ua/rus-20298.html" "Opera/9.80 (Windows NT 5.2; WOW64) Presto/2.12.388 Version/12.17"
95.135.22.60 - - [18/Jun/2015:15:13:18 +0300] "GET /templates/gk_aumi/images/bg_footer.png HTTP/1.0" 200 325 "http://citiex.com.ua/rus-20298.html" "Opera/9.80 (Windows NT 5.2; WOW64) Presto/2.12.388 Version/12.17"
95.135.22.60 - - [18/Jun/2015:15:14:16 +0300] "GET /templates/gk_aumi/images/menu_bullet.png HTTP/1.0" 200 104 "http://citiex.com.ua/rus-20298.html" "Opera/9.80 (Windows NT 5.2; WOW64) Presto/2.12.388 Version/12.17"
195.24.132.3 - - [18/Jun/2015:15:15:53 +0300] "GET /kompanii-po-upravleniyu-aktivami-ukrainy.html HTTP/1.0" 200 73071 "http://www.google.com.ua/url?sa=t&rct=j&q=&esrc=s&source=web&cd=1&cad=rja&uact=8&ved=0CB0QFjAA&url=http%3A%2F%2Fcitiex.com.ua%2Fkompanii-po-upravleniyu-aktivami-ukrainy.html&ei=craCVZ3JBsKUsAH7nYOQDw&usg=AFQjCNHA4WGwNXW2taM4lIN9lP_cGovBlQ&bvm=bv.96041959,d.bGg" "Mozilla/5.0 (Windows NT 6.1; rv:38.0) Gecko/20100101 Firefox/38.0"
195.24.132.3 - - [18/Jun/2015:15:15:56 +0300] "GET /cache/assets/15e1e423d7a27a0d8ee8e70b064c44eb.css HTTP/1.0" 200 44011 "http://citiex.com.ua/kompanii-po-upravleniyu-aktivami-ukrainy.html" "Mozilla/5.0 (Windows NT 6.1; rv:38.0) Gecko/20100101 Firefox/38.0"
195.24.132.3 - - [18/Jun/2015:15:15:56 +0300] "GET /media/system/js/caption.js HTTP/1.0" 200 1963 "http://citiex.com.ua/kompanii-po-upravleniyu-aktivami-ukrainy.html" "Mozilla/5.0 (Windows NT 6.1; rv:38.0) Gecko/20100101 Firefox/38.0"
195.24.132.3 - - [18/Jun/2015:15:15:56 +0300] "GET /media/system/js/modal.js HTTP/1.0" 200 10588 "http://citiex.com.ua/kompanii-po-upravleniyu-aktivami-ukrainy.html" "Mozilla/5.0 (Windows NT 6.1; rv:38.0) Gecko/20100101 Firefox/38.0"
195.24.132.3 - - [18/Jun/2015:15:15:56 +0300] "GET /media/system/js/mootools.js HTTP/1.0" 200 74434 "http://citiex.com.ua/kompanii-po-upravleniyu-aktivami-ukrainy.html" "Mozilla/5.0 (Windows NT 6.1; rv:38.0) Gecko/20100101 Firefox/38.0"
195.24.132.3 - - [18/Jun/2015:15:15:56 +0300] "GET /plugins/content/attachments_refresh.js HTTP/1.0" 200 1560 "http://citiex.com.ua/kompanii-po-upravleniyu-aktivami-ukrainy.html" "Mozilla/5.0 (Windows NT 6.1; rv:38.0) Gecko/20100101 Firefox/38.0"
195.24.132.3 - - [18/Jun/2015:15:15:56 +0300] "GET /templates/gk_aumi/lib/scripts/template_scripts.js HTTP/1.0" 200 2281 "http://citiex.com.ua/kompanii-po-upravleniyu-aktivami-ukrainy.html" "Mozilla/5.0 (Windows NT 6.1; rv:38.0) Gecko/20100101 Firefox/38.0"
195.24.132.3 - - [18/Jun/2015:15:15:56 +0300] "GET /templates/gk_aumi/lib/scripts/hltable.js HTTP/1.0" 200 3646 "http://citiex.com.ua/kompanii-po-upravleniyu-aktivami-ukrainy.html" "Mozilla/5.0 (Windows NT 6.1; rv:38.0) Gecko/20100101 Firefox/38.0"
195.24.132.3 - - [18/Jun/2015:15:15:56 +0300] "GET /templates/gk_aumi/lib/scripts/menu.php?style=suckerfish&width=1&height=1&opacity=1&animation=1&speed=250 HTTP/1.0" 200 253 "http://citiex.com.ua/kompanii-po-upravleniyu-aktivami-ukrainy.html" "Mozilla/5.0 (Windows NT 6.1; rv:38.0) Gecko/20100101 Firefox/38.0"
195.24.132.3 - - [18/Jun/2015:15:15:56 +0300] "GET /templates/gk_aumi/favicon.ico HTTP/1.0" 200 1406 "-" "Mozilla/5.0 (Windows NT 6.1; rv:38.0) Gecko/20100101 Firefox/38.0"
195.24.132.3 - - [18/Jun/2015:15:15:56 +0300] "GET /templates/gk_aumi/images/logo.png HTTP/1.0" 200 6149 "http://citiex.com.ua/kompanii-po-upravleniyu-aktivami-ukrainy.html" "Mozilla/5.0 (Windows NT 6.1; rv:38.0) Gecko/20100101 Firefox/38.0"
195.24.132.3 - - [18/Jun/2015:15:15:56 +0300] "GET /components/com_sh404sef/images/external-black.png HTTP/1.0" 200 3621 "http://citiex.com.ua/kompanii-po-upravleniyu-aktivami-ukrainy.html" "Mozilla/5.0 (Windows NT 6.1; rv:38.0) Gecko/20100101 Firefox/38.0"
195.24.132.3 - - [18/Jun/2015:15:15:56 +0300] "GET /templates/gk_aumi/images/bg_top.png HTTP/1.0" 200 321 "http://citiex.com.ua/cache/assets/15e1e423d7a27a0d8ee8e70b064c44eb.css" "Mozilla/5.0 (Windows NT 6.1; rv:38.0) Gecko/20100101 Firefox/38.0"
195.24.132.3 - - [18/Jun/2015:15:15:56 +0300] "GET /templates/gk_aumi/images/menu_li.png HTTP/1.0" 200 181 "http://citiex.com.ua/cache/assets/15e1e423d7a27a0d8ee8e70b064c44eb.css" "Mozilla/5.0 (Windows NT 6.1; rv:38.0) Gecko/20100101 Firefox/38.0"
195.24.132.3 - - [18/Jun/2015:15:15:56 +0300] "GET /templates/gk_aumi/images/bg_content_middle.png HTTP/1.0" 200 89 "http://citiex.com.ua/cache/assets/15e1e423d7a27a0d8ee8e70b064c44eb.css" "Mozilla/5.0 (Windows NT 6.1; rv:38.0) Gecko/20100101 Firefox/38.0"
195.24.132.3 - - [18/Jun/2015:15:15:56 +0300] "GET /templates/gk_aumi/images/bg_content_top.png HTTP/1.0" 200 133 "http://citiex.com.ua/cache/assets/15e1e423d7a27a0d8ee8e70b064c44eb.css" "Mozilla/5.0 (Windows NT 6.1; rv:38.0) Gecko/20100101 Firefox/38.0"
195.24.132.3 - - [18/Jun/2015:15:15:56 +0300] "GET /templates/gk_aumi/images/bg_footer.png HTTP/1.0" 200 325 "http://citiex.com.ua/cache/assets/15e1e423d7a27a0d8ee8e70b064c44eb.css" "Mozilla/5.0 (Windows NT 6.1; rv:38.0) Gecko/20100101 Firefox/38.0"
195.24.132.3 - - [18/Jun/2015:15:15:57 +0300] "GET /templates/gk_aumi/images/menu_bullet.png HTTP/1.0" 200 104 "http://citiex.com.ua/cache/assets/15e1e423d7a27a0d8ee8e70b064c44eb.css" "Mozilla/5.0 (Windows NT 6.1; rv:38.0) Gecko/20100101 Firefox/38.0"
157.55.39.210 - - [18/Jun/2015:15:16:03 +0300] "GET /rus-1457-iv.html HTTP/1.0" 200 73988 "-" "Mozilla/5.0 (compatible; bingbot/2.0; +http://www.bing.com/bingbot.htm)"
94.247.174.83 - - [18/Jun/2015:15:16:16 +0300] "GET / HTTP/1.0" 200 20170 "-" "Pingdom.com_bot_version_1.4_(http://www.pingdom.com/)"
195.24.132.3 - - [18/Jun/2015:15:16:22 +0300] "GET /index.php?option=com_content&view=article&id=635&catid=44 HTTP/1.0" 301 - "http://citiex.com.ua/kompanii-po-upravleniyu-aktivami-ukrainy.html" "Mozilla/5.0 (Windows NT 6.1; rv:38.0) Gecko/20100101 Firefox/38.0"
195.24.132.3 - - [18/Jun/2015:15:16:23 +0300] "GET /i.s.invest.html HTTP/1.0" 200 27607 "http://citiex.com.ua/kompanii-po-upravleniyu-aktivami-ukrainy.html" "Mozilla/5.0 (Windows NT 6.1; rv:38.0) Gecko/20100101 Firefox/38.0"
157.55.39.127 - - [18/Jun/2015:15:18:26 +0300] "GET /slovar-terminov/slovar-ocenschika-zemelnye-uchastki-4/%d0%a0/reducirovanie-napravleniy-2410.html HTTP/1.0" 200 15480 "-" "Mozilla/5.0 (compatible; bingbot/2.0; +http://www.bing.com/bingbot.htm)"
204.152.200.42 - - [18/Jun/2015:15:21:16 +0300] "GET / HTTP/1.0" 200 20170 "-" "Pingdom.com_bot_version_1.4_(http://www.pingdom.com/)"
195.24.132.3 - - [18/Jun/2015:15:22:51 +0300] "GET /index.php?option=com_content&view=article&id=635&catid=44 HTTP/1.0" 301 - "http://citiex.com.ua/kompanii-po-upravleniyu-aktivami-ukrainy.html" "Mozilla/5.0 (Windows NT 6.1; rv:38.0) Gecko/20100101 Firefox/38.0"
195.24.132.3 - - [18/Jun/2015:15:22:52 +0300] "GET /i.s.invest.html HTTP/1.0" 200 27607 "http://citiex.com.ua/kompanii-po-upravleniyu-aktivami-ukrainy.html" "Mozilla/5.0 (Windows NT 6.1; rv:38.0) Gecko/20100101 Firefox/38.0"
96.31.66.245 - - [18/Jun/2015:15:26:16 +0300] "GET / HTTP/1.0" 200 20170 "-" "Pingdom.com_bot_version_1.4_(http://www.pingdom.com/)"
85.17.156.11 - - [18/Jun/2015:15:31:16 +0300] "GET / HTTP/1.0" 200 20170 "-" "Pingdom.com_bot_version_1.4_(http://www.pingdom.com/)"
188.138.124.110 - - [18/Jun/2015:15:36:16 +0300] "GET / HTTP/1.0" 200 20170 "-" "Pingdom.com_bot_version_1.4_(http://www.pingdom.com/)"
5.255.253.203 - - [18/Jun/2015:15:38:03 +0300] "GET /rus-20298.html HTTP/1.0" 200 92391 "-" "Mozilla/5.0 (compatible; YandexBot/3.0; +http://yandex.com/bots)"
66.249.78.248 - - [18/Jun/2015:15:40:52 +0300] "GET /1-obschie-voprosy-po-ocenke-imuschestva/8-v-kakih-sluchayah-provedenie-ocenki-yavlyaetsya-obyazatelnym.html?task=vote&vote=1 HTTP/1.0" 303 - "-" "Mozilla/5.0 (compatible; Googlebot/2.1; +http://www.google.com/bot.html)"
66.249.78.242 - - [18/Jun/2015:15:40:54 +0300] "GET /1-obschie-voprosy-po-ocenke-imuschestva/8-v-kakih-sluchayah-provedenie-ocenki-yavlyaetsya-obyazatelnym.html HTTP/1.0" 200 31494 "-" "Mozilla/5.0 (compatible; Googlebot/2.1; +http://www.google.com/bot.html)"
72.46.130.42 - - [18/Jun/2015:15:41:31 +0300] "GET / HTTP/1.0" 200 20170 "-" "Pingdom.com_bot_version_1.4_(http://www.pingdom.com/)"
87.206.220.101 - - [18/Jun/2015:15:45:57 +0300] "GET /index.php/component/user/?task=register HTTP/1.0" 301 - "http://citiex.com.ua/index.php/component/user/?task=register" "Mozilla/5.0 (Windows NT 6.1; WOW64) AppleWebKit/537.36 (KHTML, like Gecko) Chrome/41.0.2272.89 Safari/537.36 OPR/28.0.1750.48"
87.206.220.101 - - [18/Jun/2015:15:45:57 +0300] "GET /create-an-account.html?Itemid= HTTP/1.0" 200 13899 "http://citiex.com.ua/create-an-account.html?Itemid=" "Mozilla/5.0 (Windows NT 6.1; WOW64) AppleWebKit/537.36 (KHTML, like Gecko) Chrome/41.0.2272.89 Safari/537.36 OPR/28.0.1750.48"
178.255.153.2 - - [18/Jun/2015:15:46:16 +0300] "GET / HTTP/1.0" 200 20170 "-" "Pingdom.com_bot_version_1.4_(http://www.pingdom.com/)"
157.55.39.63 - - [18/Jun/2015:15:48:11 +0300] "GET /robots.txt HTTP/1.0" 200 304 "-" "Mozilla/5.0 (compatible; bingbot/2.0; +http://www.bing.com/bingbot.htm)"
157.55.39.127 - - [18/Jun/2015:15:48:12 +0300] "GET /slovar-terminov/slovar-ocenschika-obschie-terminy-1/%d0%93.html HTTP/1.0" 200 15354 "-" "Mozilla/5.0 (compatible; bingbot/2.0; +http://www.bing.com/bingbot.htm)"
157.55.39.63 - - [18/Jun/2015:15:48:17 +0300] "GET /slovar-terminov/slovar-ocenschika-korabli-i-suda-7/%d0%a1/sluzhebno-vspomogatelnye-suda-3656.html HTTP/1.0" 200 16694 "-" "Mozilla/5.0 (compatible; bingbot/2.0; +http://www.bing.com/bingbot.htm)"
108.62.115.226 - - [18/Jun/2015:15:51:16 +0300] "GET / HTTP/1.0" 200 20170 "-" "Pingdom.com_bot_version_1.4_(http://www.pingdom.com/)"
184.75.209.18 - - [18/Jun/2015:15:56:16 +0300] "GET / HTTP/1.0" 200 20170 "-" "Pingdom.com_bot_version_1.4_(http://www.pingdom.com/)"
199.87.228.66 - - [18/Jun/2015:16:01:16 +0300] "GET / HTTP/1.0" 200 20170 "-" "Pingdom.com_bot_version_1.4_(http://www.pingdom.com/)"
157.55.39.37 - - [18/Jun/2015:16:04:18 +0300] "GET /pershiy-dialog.html HTTP/1.0" 200 27607 "-" "Mozilla/5.0 (compatible; bingbot/2.0; +http://www.bing.com/bingbot.htm)"
94.247.174.83 - - [18/Jun/2015:16:06:16 +0300] "GET / HTTP/1.0" 200 20170 "-" "Pingdom.com_bot_version_1.4_(http://www.pingdom.com/)"
66.249.67.127 - - [18/Jun/2015:16:07:25 +0300] "GET /robots.txt HTTP/1.0" 200 304 "-" "Mozilla/5.0 (compatible; Googlebot/2.1; +http://www.google.com/bot.html)"
66.249.78.236 - - [18/Jun/2015:16:07:25 +0300] "GET /component/option,com_fsf/Itemid,108/catid,3/lang,ru/view,faq/ HTTP/1.0" 200 29616 "-" "Mozilla/5.0 (compatible; Googlebot/2.1; +http://www.google.com/bot.html)"
92.242.36.2 - - [18/Jun/2015:16:10:40 +0300] "GET /robots.txt HTTP/1.0" 200 304 "-" "Mozilla/5.0 (Windows NT 6.1; WOW64; rv:25.0) Gecko/20100101 Firefox/25.0"
157.55.39.126 - - [18/Jun/2015:16:10:40 +0300] "GET /slovar-terminov/slovar-ocenschika-obschie-terminy-1/%d0%9c.html HTTP/1.0" 200 28370 "-" "Mozilla/5.0 (compatible; bingbot/2.0; +http://www.bing.com/bingbot.htm)"
92.242.36.2 - - [18/Jun/2015:16:10:45 +0300] "GET / HTTP/1.0" 200 20170 "-" "Mozilla/5.0 (Windows NT 6.1; WOW64; rv:25.0) Gecko/20100101 Firefox/25.0"
92.242.36.2 - - [18/Jun/2015:16:10:50 +0300] "GET / HTTP/1.0" 200 20170 "-" "Mozilla/5.0 (Windows NT 6.1; WOW64; rv:25.0) Gecko/20100101 Firefox/25.0"
204.152.200.42 - - [18/Jun/2015:16:11:16 +0300] "GET / HTTP/1.0" 200 20170 "-" "Pingdom.com_bot_version_1.4_(http://www.pingdom.com/)"
66.249.78.248 - - [18/Jun/2015:16:12:22 +0300] "GET /index.php?option=com_aicontactsafe&sTask=message&task=message&pf=4&next_use_ajax=1&r_id=614768006&format=raw&lang=ru&Itemid=108 HTTP/1.0" 301 - "-" "Mozilla/5.0 (compatible; Googlebot/2.1; +http://www.google.com/bot.html)"
66.249.78.248 - - [18/Jun/2015:16:12:23 +0300] "GET /faq.html?format=raw&next_use_ajax=1&r_id=614768006&sTask=message&task=message HTTP/1.0" 200 5551 "-" "Mozilla/5.0 (compatible; Googlebot/2.1; +http://www.google.com/bot.html)"
37.140.188.35 - - [18/Jun/2015:16:15:28 +0300] "GET /3.html?format=feed&lang=ru&type=atom HTTP/1.0" 200 3998 "-" "Mozilla/5.0 (compatible; YandexBot/3.0; +http://yandex.com/bots)"
5.153.168.6 - - [18/Jun/2015:16:15:37 +0300] "GET /rus-2866-iii.html HTTP/1.0" 200 111868 "http://yandex.ua/clck/jsredir?from=yandex.ua%3Byandsearch%3Bweb%3B%3B&text=&etext=723.xbmiu3otsobuRCvoHYVSmiTgEYkyhACaJ9aIieRooC8wPrLcQFNp0vIe4Cd0ywZnBtdjN-bgqINdY6d75wNPdZZb7eUZm8LZE04KoV8yq-VcpTw61KQP1yp4EUJ1xew3.8aee136b6d8cb1e8544ab3b217bc828d684f691e&uuid=&state=PEtFfuTeVD5kpHnK9lio9daDl0Ow0EQqBnwXqr2CGSTlhSDEzIy2U7BBTY65_y93-qwDrx71SbSVJRsoLuhczA&data=UlNrNmk5WktYejR0eWJFYk1LdmtxZ0IwM0xtOGFxVG5XOFNaM2VaM051ZGlKUm1EMFlFcThGRTA3OHpOVmRZSXBYRndJVG5RcGlPcmdEOWlWWlJsRWtPYS01azh5ajBBRVdLQkkwS01QYmxOMnJJMUlYRjRFZw&b64e=2&sign=b8985965d04f541510c6a53b767d3a19&keyno=0&cst=AiuY0DBWFJ7IXge4WdYJQX8zuBZMVj_GK1EgkhDK2xN3eCNZxN9lbalax-a-P9Rf2l8ZnWGBU9JoLj1FhOPFvPN6qEQ7JvjDeJQTRtlluXJMgjFF2ZQCk-OAr9EmvAwfE45I0p4TJf0HariYiT-N0jlweYbS1vcTNAuE1cmJupz0APr0M_S8Vg&ref=cM777e4sMODZ_bseNIiUXGHUFc96C3BGMrDXJ-xmQeY0cMoHuAKpJaJhNNJv0NJFwCzXhEShyW3_vjHgveMfFxTnw-4-33IAEGOlGqsjQBBE-ctzvQZ_5Cqpk8hXR6Z0cxgj0aV8vWpvo5xKzAuFx_14xeOo5-JzclcIvLAlrg9FC-i6fUFUw4_OEKVwNxb1XwRANr2B1M7-AXxhhEatWhUv_bx322h7NGaMNFhJaMywRi1-PWEpIPS2iHDcqckF9NRxSS-GqDr35IMI0vCUOfZvFoT-LVMt8lEVQGu4xbr9gQKAVqELbxEO9g8ggNLE-avBarF1E6Rslf5d_Nx9T1UWaLWRvkCOY3VeHElXwZHw-vUSLeGiSC3jtnjUDF6BXbUulUmTP3qo7ucDY3a5jd7yso8PvegYB4BO5GQ5lBj91QnAXcMxjibz6mBNDjMX&l10n=uk&cts=1434633339502&mc=3" "Mozilla/5.0 (Windows NT 6.3; WOW64) AppleWebKit/537.36 (KHTML, like Gecko) Chrome/41.0.2272.118 YaBrowser/15.4.2272.3716 Safari/537.36"
5.153.168.6 - - [18/Jun/2015:16:15:38 +0300] "GET /cache/assets/15e1e423d7a27a0d8ee8e70b064c44eb.css HTTP/1.0" 200 44011 "http://citiex.com.ua/rus-2866-iii.html" "Mozilla/5.0 (Windows NT 6.3; WOW64) AppleWebKit/537.36 (KHTML, like Gecko) Chrome/41.0.2272.118 YaBrowser/15.4.2272.3716 Safari/537.36"
5.153.168.6 - - [18/Jun/2015:16:15:38 +0300] "GET /plugins/content/attachments_refresh.js HTTP/1.0" 200 1560 "http://citiex.com.ua/rus-2866-iii.html" "Mozilla/5.0 (Windows NT 6.3; WOW64) AppleWebKit/537.36 (KHTML, like Gecko) Chrome/41.0.2272.118 YaBrowser/15.4.2272.3716 Safari/537.36"
5.153.168.6 - - [18/Jun/2015:16:15:38 +0300] "GET /media/system/js/caption.js HTTP/1.0" 200 1963 "http://citiex.com.ua/rus-2866-iii.html" "Mozilla/5.0 (Windows NT 6.3; WOW64) AppleWebKit/537.36 (KHTML, like Gecko) Chrome/41.0.2272.118 YaBrowser/15.4.2272.3716 Safari/537.36"
5.153.168.6 - - [18/Jun/2015:16:15:38 +0300] "GET /media/system/js/modal.js HTTP/1.0" 200 10588 "http://citiex.com.ua/rus-2866-iii.html" "Mozilla/5.0 (Windows NT 6.3; WOW64) AppleWebKit/537.36 (KHTML, like Gecko) Chrome/41.0.2272.118 YaBrowser/15.4.2272.3716 Safari/537.36"
5.153.168.6 - - [18/Jun/2015:16:15:38 +0300] "GET /media/system/js/mootools.js HTTP/1.0" 200 74434 "http://citiex.com.ua/rus-2866-iii.html" "Mozilla/5.0 (Windows NT 6.3; WOW64) AppleWebKit/537.36 (KHTML, like Gecko) Chrome/41.0.2272.118 YaBrowser/15.4.2272.3716 Safari/537.36"
5.153.168.6 - - [18/Jun/2015:16:15:38 +0300] "GET /templates/gk_aumi/lib/scripts/hltable.js HTTP/1.0" 200 3646 "http://citiex.com.ua/rus-2866-iii.html" "Mozilla/5.0 (Windows NT 6.3; WOW64) AppleWebKit/537.36 (KHTML, like Gecko) Chrome/41.0.2272.118 YaBrowser/15.4.2272.3716 Safari/537.36"
5.153.168.6 - - [18/Jun/2015:16:15:38 +0300] "GET /templates/gk_aumi/lib/scripts/menu.php?style=suckerfish&width=1&height=1&opacity=1&animation=1&speed=250 HTTP/1.0" 200 253 "http://citiex.com.ua/rus-2866-iii.html" "Mozilla/5.0 (Windows NT 6.3; WOW64) AppleWebKit/537.36 (KHTML, like Gecko) Chrome/41.0.2272.118 YaBrowser/15.4.2272.3716 Safari/537.36"
5.153.168.6 - - [18/Jun/2015:16:15:38 +0300] "GET /components/com_sh404sef/images/external-black.png HTTP/1.0" 200 3621 "http://citiex.com.ua/rus-2866-iii.html" "Mozilla/5.0 (Windows NT 6.3; WOW64) AppleWebKit/537.36 (KHTML, like Gecko) Chrome/41.0.2272.118 YaBrowser/15.4.2272.3716 Safari/537.36"
