157.55.39.37 - - [17/Jun/2015:19:52:26 +0300] "GET /kontakt-strahovanie.html HTTP/1.0" 200 27607 "-" "Mozilla/5.0 (compatible; bingbot/2.0; +http://www.bing.com/bingbot.htm)"
157.55.39.37 - - [17/Jun/2015:19:52:27 +0300] "GET /kompanii-po-upravleniyu-aktivami-ukrainy.html HTTP/1.0" 200 73071 "-" "Mozilla/5.0 (compatible; bingbot/2.0; +http://www.bing.com/bingbot.htm)"
157.55.39.37 - - [17/Jun/2015:19:52:28 +0300] "GET /komanda-ocenshikov-i-konsultantov.html HTTP/1.0" 200 17710 "-" "Mozilla/5.0 (compatible; bingbot/2.0; +http://www.bing.com/bingbot.htm)"
157.55.39.37 - - [17/Jun/2015:19:52:29 +0300] "GET /kicmanskoe-bti.html HTTP/1.0" 200 17658 "-" "Mozilla/5.0 (compatible; bingbot/2.0; +http://www.bing.com/bingbot.htm)"
157.55.39.37 - - [17/Jun/2015:19:52:30 +0300] "GET /kerchenskoe-bti.html HTTP/1.0" 200 17647 "-" "Mozilla/5.0 (compatible; bingbot/2.0; +http://www.bing.com/bingbot.htm)"
157.55.39.37 - - [17/Jun/2015:19:52:31 +0300] "GET /kazna.html HTTP/1.0" 200 27607 "-" "Mozilla/5.0 (compatible; bingbot/2.0; +http://www.bing.com/bingbot.htm)"
157.55.39.37 - - [17/Jun/2015:19:52:31 +0300] "GET /svyatiy-martin.html HTTP/1.0" 200 27607 "-" "Mozilla/5.0 (compatible; bingbot/2.0; +http://www.bing.com/bingbot.htm)"
157.55.39.37 - - [17/Jun/2015:19:52:32 +0300] "GET /slovar-terminov/slovar-ocenschika-korabli-i-suda-7/all/page-3.html HTTP/1.0" 200 63939 "-" "Mozilla/5.0 (compatible; bingbot/2.0; +http://www.bing.com/bingbot.htm)"
157.55.39.37 - - [17/Jun/2015:19:52:33 +0300] "GET /slovar-terminov/slovar-ocenschika-korabli-i-suda-7/All/page-7.html HTTP/1.0" 200 15894 "-" "Mozilla/5.0 (compatible; bingbot/2.0; +http://www.bing.com/bingbot.htm)"
157.55.39.37 - - [17/Jun/2015:19:52:34 +0300] "GET /slovar-terminov/slovar-ocenschika-korabli-i-suda-7/%d0%a2/tralovaya-doska-3670.html HTTP/1.0" 200 19483 "-" "Mozilla/5.0 (compatible; bingbot/2.0; +http://www.bing.com/bingbot.htm)"
157.55.39.37 - - [17/Jun/2015:19:52:35 +0300] "GET /slovar-terminov/slovar-ocenschika-korabli-i-suda-7/%d0%94/deformaciya-korpusa-sudna-3431.html HTTP/1.0" 200 18870 "-" "Mozilla/5.0 (compatible; bingbot/2.0; +http://www.bing.com/bingbot.htm)"
157.55.39.37 - - [17/Jun/2015:19:52:36 +0300] "GET /volodimirskij.html HTTP/1.0" 200 27607 "-" "Mozilla/5.0 (compatible; bingbot/2.0; +http://www.bing.com/bingbot.htm)"
157.55.39.37 - - [17/Jun/2015:19:52:37 +0300] "GET /uslugi-kompaniyam.html HTTP/1.0" 200 22163 "-" "Mozilla/5.0 (compatible; bingbot/2.0; +http://www.bing.com/bingbot.htm)"
157.55.39.37 - - [17/Jun/2015:19:52:38 +0300] "GET /unikombank.html HTTP/1.0" 200 27607 "-" "Mozilla/5.0 (compatible; bingbot/2.0; +http://www.bing.com/bingbot.htm)"
157.55.39.37 - - [17/Jun/2015:19:52:39 +0300] "GET /ukrgorstroy-finans.html HTTP/1.0" 200 27607 "-" "Mozilla/5.0 (compatible; bingbot/2.0; +http://www.bing.com/bingbot.htm)"
157.55.39.37 - - [17/Jun/2015:19:52:40 +0300] "GET /tovaristvo-vzaemniy-kredit.html HTTP/1.0" 200 27607 "-" "Mozilla/5.0 (compatible; bingbot/2.0; +http://www.bing.com/bingbot.htm)"
157.55.39.185 - - [17/Jun/2015:19:53:32 +0300] "GET /rus-2163-xii.html HTTP/1.0" 200 177107 "-" "Mozilla/5.0 (compatible; bingbot/2.0; +http://www.bing.com/bingbot.htm)"
157.55.39.127 - - [17/Jun/2015:19:55:31 +0300] "GET /sotrudnichay-s-citiex.html HTTP/1.0" 200 15415 "-" "Mozilla/5.0 (compatible; bingbot/2.0; +http://www.bing.com/bingbot.htm)"
157.55.39.127 - - [17/Jun/2015:19:55:32 +0300] "GET /rv-fdmu-po-sevastopolyu.html HTTP/1.0" 200 27607 "-" "Mozilla/5.0 (compatible; bingbot/2.0; +http://www.bing.com/bingbot.htm)"
157.55.39.127 - - [17/Jun/2015:19:55:33 +0300] "GET /rus-3480-iv.html HTTP/1.0" 200 230868 "-" "Mozilla/5.0 (compatible; bingbot/2.0; +http://www.bing.com/bingbot.htm)"
157.55.39.127 - - [17/Jun/2015:19:55:35 +0300] "GET /polzovatelskoe-soglashenie.html HTTP/1.0" 200 27552 "-" "Mozilla/5.0 (compatible; bingbot/2.0; +http://www.bing.com/bingbot.htm)"
157.55.39.127 - - [17/Jun/2015:19:55:35 +0300] "GET /ocenka-sudov-i-korabley.html HTTP/1.0" 200 29796 "-" "Mozilla/5.0 (compatible; bingbot/2.0; +http://www.bing.com/bingbot.htm)"
157.55.39.127 - - [17/Jun/2015:19:55:36 +0300] "GET /ocenka-kvartiry.html HTTP/1.0" 200 27247 "-" "Mozilla/5.0 (compatible; bingbot/2.0; +http://www.bing.com/bingbot.htm)"
157.55.39.127 - - [17/Jun/2015:19:55:37 +0300] "GET /ocenka-kommercheskoy-nedvijimosti.html HTTP/1.0" 200 29711 "-" "Mozilla/5.0 (compatible; bingbot/2.0; +http://www.bing.com/bingbot.htm)"
157.55.39.127 - - [17/Jun/2015:19:55:38 +0300] "GET /ocenka-katerov-yaht-i-motornyh-lodok.html HTTP/1.0" 200 28082 "-" "Mozilla/5.0 (compatible; bingbot/2.0; +http://www.bing.com/bingbot.htm)"
157.55.39.127 - - [17/Jun/2015:19:55:39 +0300] "GET /ocenka-jilogo-domovladeniya.html HTTP/1.0" 200 27148 "-" "Mozilla/5.0 (compatible; bingbot/2.0; +http://www.bing.com/bingbot.htm)"
157.55.39.127 - - [17/Jun/2015:19:55:40 +0300] "GET /kreditnye-soyuzy-ukrainy.html HTTP/1.0" 200 54266 "-" "Mozilla/5.0 (compatible; bingbot/2.0; +http://www.bing.com/bingbot.htm)"
157.55.39.127 - - [17/Jun/2015:19:55:41 +0300] "GET /kontaktnaya-informatsiya.html HTTP/1.0" 200 30563 "-" "Mozilla/5.0 (compatible; bingbot/2.0; +http://www.bing.com/bingbot.htm)"
157.55.39.127 - - [17/Jun/2015:19:55:42 +0300] "GET /kompaniya.html HTTP/1.0" 200 19682 "-" "Mozilla/5.0 (compatible; bingbot/2.0; +http://www.bing.com/bingbot.htm)"
157.55.39.127 - - [17/Jun/2015:19:55:42 +0300] "GET /klienty-i-partnery-kompanii.html HTTP/1.0" 200 16350 "-" "Mozilla/5.0 (compatible; bingbot/2.0; +http://www.bing.com/bingbot.htm)"
157.55.39.127 - - [17/Jun/2015:19:55:43 +0300] "GET /kiev-re.html HTTP/1.0" 200 27607 "-" "Mozilla/5.0 (compatible; bingbot/2.0; +http://www.bing.com/bingbot.htm)"
157.55.39.127 - - [17/Jun/2015:19:55:45 +0300] "GET /indeksy-udorojaniya-za-fevral-2013.html HTTP/1.0" 200 21317 "-" "Mozilla/5.0 (compatible; bingbot/2.0; +http://www.bing.com/bingbot.htm)"
157.55.39.127 - - [17/Jun/2015:19:55:46 +0300] "GET /indeks-smr-na-1-yanvarya-2013-goda.html HTTP/1.0" 200 22132 "-" "Mozilla/5.0 (compatible; bingbot/2.0; +http://www.bing.com/bingbot.htm)"
157.55.39.127 - - [17/Jun/2015:19:55:47 +0300] "GET /grin-bank.html HTTP/1.0" 200 27607 "-" "Mozilla/5.0 (compatible; bingbot/2.0; +http://www.bing.com/bingbot.htm)"
157.55.39.127 - - [17/Jun/2015:19:55:48 +0300] "GET /byuro-tehnicheskoy-inventarizacii-bti.html HTTP/1.0" 200 84431 "-" "Mozilla/5.0 (compatible; bingbot/2.0; +http://www.bing.com/bingbot.htm)"
157.55.39.127 - - [17/Jun/2015:19:55:49 +0300] "GET /bank-rinkovi-tehnologiyi.html HTTP/1.0" 200 27607 "-" "Mozilla/5.0 (compatible; bingbot/2.0; +http://www.bing.com/bingbot.htm)"
157.55.39.127 - - [17/Jun/2015:19:55:49 +0300] "GET /arkada.html HTTP/1.0" 200 27607 "-" "Mozilla/5.0 (compatible; bingbot/2.0; +http://www.bing.com/bingbot.htm)"
157.55.39.127 - - [17/Jun/2015:19:55:50 +0300] "GET /ar-mou.html HTTP/1.0" 200 27607 "-" "Mozilla/5.0 (compatible; bingbot/2.0; +http://www.bing.com/bingbot.htm)"
157.55.39.127 - - [17/Jun/2015:19:55:51 +0300] "GET / HTTP/1.0" 200 20170 "-" "Mozilla/5.0 (compatible; bingbot/2.0; +http://www.bing.com/bingbot.htm)"
157.55.39.127 - - [17/Jun/2015:19:55:52 +0300] "GET /slovar-terminov/slovar-ocenschika-stroitelstvo-3/all/page-4.html HTTP/1.0" 200 27738 "-" "Mozilla/5.0 (compatible; bingbot/2.0; +http://www.bing.com/bingbot.htm)"
157.55.39.127 - - [17/Jun/2015:19:55:53 +0300] "GET /slovar-terminov/slovar-ocenschika-korabli-i-suda-7/all/page-6.html HTTP/1.0" 200 50555 "-" "Mozilla/5.0 (compatible; bingbot/2.0; +http://www.bing.com/bingbot.htm)"
157.55.39.127 - - [17/Jun/2015:19:55:54 +0300] "GET /slovar-terminov/slovar-ocenschika-korabli-i-suda-7/all/page-2.html HTTP/1.0" 200 67514 "-" "Mozilla/5.0 (compatible; bingbot/2.0; +http://www.bing.com/bingbot.htm)"
157.55.39.127 - - [17/Jun/2015:19:55:56 +0300] "GET /slovar-terminov/slovar-ocenschika-korabli-i-suda-7/all/page-17.html HTTP/1.0" 200 33857 "-" "Mozilla/5.0 (compatible; bingbot/2.0; +http://www.bing.com/bingbot.htm)"
157.55.39.127 - - [17/Jun/2015:19:55:57 +0300] "GET /slovar-terminov/slovar-ocenschika-korabli-i-suda-7/%d0%a0/rotornyy-dvizhitel-3633.html HTTP/1.0" 200 28521 "-" "Mozilla/5.0 (compatible; bingbot/2.0; +http://www.bing.com/bingbot.htm)"
157.55.39.127 - - [17/Jun/2015:19:55:58 +0300] "GET /slovar-terminov/slovar-ocenschika-korabli-i-suda-7/%d0%a2/tral-promyslovyy-3669.html HTTP/1.0" 200 32585 "-" "Mozilla/5.0 (compatible; bingbot/2.0; +http://www.bing.com/bingbot.htm)"
157.55.39.127 - - [17/Jun/2015:19:55:59 +0300] "GET /slovar-terminov/slovar-ocenschika-korabli-i-suda-7/%d0%9d/normy-ostoychivosti-sudna-3542.html HTTP/1.0" 200 20618 "-" "Mozilla/5.0 (compatible; bingbot/2.0; +http://www.bing.com/bingbot.htm)"
157.55.39.127 - - [17/Jun/2015:19:56:00 +0300] "GET /slovar-terminov/slovar-ocenschika-korabli-i-suda-7/%d0%94/dokovanie-sudna-3447.html HTTP/1.0" 200 21319 "-" "Mozilla/5.0 (compatible; bingbot/2.0; +http://www.bing.com/bingbot.htm)"
108.62.115.226 - - [17/Jun/2015:19:56:16 +0300] "GET / HTTP/1.0" 200 20170 "-" "Pingdom.com_bot_version_1.4_(http://www.pingdom.com/)"
184.75.209.18 - - [17/Jun/2015:20:01:16 +0300] "GET / HTTP/1.0" 200 20170 "-" "Pingdom.com_bot_version_1.4_(http://www.pingdom.com/)"
199.87.228.66 - - [17/Jun/2015:20:06:16 +0300] "GET / HTTP/1.0" 200 20170 "-" "Pingdom.com_bot_version_1.4_(http://www.pingdom.com/)"
176.195.176.73 - - [17/Jun/2015:20:09:51 +0300] "GET /slovar-terminov/slovar-ocenschika-nedvizhimost-i-ipoteka-2/%d0%98/ipotechnyy-zalog-726.html HTTP/1.0" 200 16679 "http://yandex.ru/clck/jsredir?from=yandex.ru%3Bsearch%3Bweb%3B%3B&text=&etext=722.VaCpeglVncJyG1X8NnzV07ts6VFzTEEGSwrYWPEHODc7fI5QvtTsf4ySFeXKtl00.bc728602f4432022d427f4dfb8e4a74e2c817495&uuid=&state=AiuY0DBWFJ4ePaEse6rgeAjgs2pI3DW9J0KiE5XNXd0dp0ZMwFHoviUoYa6nzP7MFsomsouu4qePEiXgl-SgLUPOEg0CeRDRmpal8MtFbRuSRRjTZgfwj5uO5IZf-bBy4rnjE0Lw9XwEyzb7YnaEYCsezQ-tWbMFrAbvqtbegOQlR2cb5urIVd0qPf1OiyOgUDM_ZqtN0fC6qvzGawkeAg&data=UlNrNmk5WktYejR0eWJFYk1LdmtxZ0IwM0xtOGFxVG5XOFNaM2VaM051Zjc3OGYwNUp1MHdkSnJsNy1ZNlp1WHhjTFl3SzRVZ1dKd3lCeWpqTFVydURNRkRNUlJMUGppRXMtejYxSHh4M3lZS0hUSG5QUjM2VkI2bmFnLVA5TFM4YXVLMXhKalF5dUtOME9MLVdpWEJ3TnJHRUw1MDRma3NMWmgzMnlXNTk2QW5ydWYySjl3RWJJNDAyVnVqN2JhU0dVRUNtX2xFM1Y2Vk1GMHZhUzRoYWpaNmkydW9Gd184YVFPc2xUZDJqMA&b64e=2&sign=384faba63fe30c34827800b64489781b&keyno=0&l10n=ru&cts=1434560233243&mc=5.95188051202" "Mozilla/5.0 (Windows NT 5.1) AppleWebKit/537.4 (KHTML, like Gecko) Chrome/22.0.1104.222 YaBrowser/1.5.1104.222 Safari/537.4"
176.195.176.73 - - [17/Jun/2015:20:09:52 +0300] "GET /media/system/js/mootools.js HTTP/1.0" 200 74434 "http://citiex.com.ua/slovar-terminov/slovar-ocenschika-nedvizhimost-i-ipoteka-2/%D0%98/ipotechnyy-zalog-726.html" "Mozilla/5.0 (Windows NT 5.1) AppleWebKit/537.4 (KHTML, like Gecko) Chrome/22.0.1104.222 YaBrowser/1.5.1104.222 Safari/537.4"
176.195.176.73 - - [17/Jun/2015:20:09:52 +0300] "GET /templates/gk_aumi/lib/scripts/hltable.js HTTP/1.0" 200 3646 "http://citiex.com.ua/slovar-terminov/slovar-ocenschika-nedvizhimost-i-ipoteka-2/%D0%98/ipotechnyy-zalog-726.html" "Mozilla/5.0 (Windows NT 5.1) AppleWebKit/537.4 (KHTML, like Gecko) Chrome/22.0.1104.222 YaBrowser/1.5.1104.222 Safari/537.4"
176.195.176.73 - - [17/Jun/2015:20:09:52 +0300] "GET /templates/gk_aumi/lib/scripts/template_scripts.js HTTP/1.0" 200 2281 "http://citiex.com.ua/slovar-terminov/slovar-ocenschika-nedvizhimost-i-ipoteka-2/%D0%98/ipotechnyy-zalog-726.html" "Mozilla/5.0 (Windows NT 5.1) AppleWebKit/537.4 (KHTML, like Gecko) Chrome/22.0.1104.222 YaBrowser/1.5.1104.222 Safari/537.4"
176.195.176.73 - - [17/Jun/2015:20:09:53 +0300] "GET /cache/assets/ef65064a64c7ce9b4395600cb8db9f36.css HTTP/1.0" 200 41592 "http://citiex.com.ua/slovar-terminov/slovar-ocenschika-nedvizhimost-i-ipoteka-2/%D0%98/ipotechnyy-zalog-726.html" "Mozilla/5.0 (Windows NT 5.1) AppleWebKit/537.4 (KHTML, like Gecko) Chrome/22.0.1104.222 YaBrowser/1.5.1104.222 Safari/537.4"
176.195.176.73 - - [17/Jun/2015:20:09:53 +0300] "GET /templates/gk_aumi/lib/scripts/menu.php?style=suckerfish&width=1&height=1&opacity=1&animation=1&speed=250 HTTP/1.0" 200 253 "http://citiex.com.ua/slovar-terminov/slovar-ocenschika-nedvizhimost-i-ipoteka-2/%D0%98/ipotechnyy-zalog-726.html" "Mozilla/5.0 (Windows NT 5.1) AppleWebKit/537.4 (KHTML, like Gecko) Chrome/22.0.1104.222 YaBrowser/1.5.1104.222 Safari/537.4"
176.195.176.73 - - [17/Jun/2015:20:09:53 +0300] "GET /templates/gk_aumi/images/logo.png HTTP/1.0" 200 6149 "http://citiex.com.ua/slovar-terminov/slovar-ocenschika-nedvizhimost-i-ipoteka-2/%D0%98/ipotechnyy-zalog-726.html" "Mozilla/5.0 (Windows NT 5.1) AppleWebKit/537.4 (KHTML, like Gecko) Chrome/22.0.1104.222 YaBrowser/1.5.1104.222 Safari/537.4"
176.195.176.73 - - [17/Jun/2015:20:09:53 +0300] "GET /components/com_sh404sef/images/external-black.png HTTP/1.0" 200 3621 "http://citiex.com.ua/slovar-terminov/slovar-ocenschika-nedvizhimost-i-ipoteka-2/%D0%98/ipotechnyy-zalog-726.html" "Mozilla/5.0 (Windows NT 5.1) AppleWebKit/537.4 (KHTML, like Gecko) Chrome/22.0.1104.222 YaBrowser/1.5.1104.222 Safari/537.4"
176.195.176.73 - - [17/Jun/2015:20:09:53 +0300] "GET /templates/gk_aumi/images/bg_top.png HTTP/1.0" 200 321 "http://citiex.com.ua/slovar-terminov/slovar-ocenschika-nedvizhimost-i-ipoteka-2/%D0%98/ipotechnyy-zalog-726.html" "Mozilla/5.0 (Windows NT 5.1) AppleWebKit/537.4 (KHTML, like Gecko) Chrome/22.0.1104.222 YaBrowser/1.5.1104.222 Safari/537.4"
176.195.176.73 - - [17/Jun/2015:20:09:53 +0300] "GET /templates/gk_aumi/images/bg_content_middle.png HTTP/1.0" 200 89 "http://citiex.com.ua/slovar-terminov/slovar-ocenschika-nedvizhimost-i-ipoteka-2/%D0%98/ipotechnyy-zalog-726.html" "Mozilla/5.0 (Windows NT 5.1) AppleWebKit/537.4 (KHTML, like Gecko) Chrome/22.0.1104.222 YaBrowser/1.5.1104.222 Safari/537.4"
176.195.176.73 - - [17/Jun/2015:20:09:53 +0300] "GET /templates/gk_aumi/images/menu_li.png HTTP/1.0" 200 181 "http://citiex.com.ua/slovar-terminov/slovar-ocenschika-nedvizhimost-i-ipoteka-2/%D0%98/ipotechnyy-zalog-726.html" "Mozilla/5.0 (Windows NT 5.1) AppleWebKit/537.4 (KHTML, like Gecko) Chrome/22.0.1104.222 YaBrowser/1.5.1104.222 Safari/537.4"
176.195.176.73 - - [17/Jun/2015:20:09:53 +0300] "GET /templates/gk_aumi/images/bg_content_top.png HTTP/1.0" 200 133 "http://citiex.com.ua/slovar-terminov/slovar-ocenschika-nedvizhimost-i-ipoteka-2/%D0%98/ipotechnyy-zalog-726.html" "Mozilla/5.0 (Windows NT 5.1) AppleWebKit/537.4 (KHTML, like Gecko) Chrome/22.0.1104.222 YaBrowser/1.5.1104.222 Safari/537.4"
176.195.176.73 - - [17/Jun/2015:20:09:53 +0300] "GET /templates/gk_aumi/images/bg_footer.png HTTP/1.0" 200 325 "http://citiex.com.ua/slovar-terminov/slovar-ocenschika-nedvizhimost-i-ipoteka-2/%D0%98/ipotechnyy-zalog-726.html" "Mozilla/5.0 (Windows NT 5.1) AppleWebKit/537.4 (KHTML, like Gecko) Chrome/22.0.1104.222 YaBrowser/1.5.1104.222 Safari/537.4"
94.247.174.83 - - [17/Jun/2015:20:11:16 +0300] "GET / HTTP/1.0" 200 20170 "-" "Pingdom.com_bot_version_1.4_(http://www.pingdom.com/)"
157.55.39.127 - - [17/Jun/2015:20:13:34 +0300] "GET /vest-fajnens-end-kredit-bank.html HTTP/1.0" 200 27607 "-" "Mozilla/5.0 (compatible; bingbot/2.0; +http://www.bing.com/bingbot.htm)"
157.55.39.127 - - [17/Jun/2015:20:13:35 +0300] "GET /ves-perechen-uslug-kompanii.html HTTP/1.0" 200 16852 "-" "Mozilla/5.0 (compatible; bingbot/2.0; +http://www.bing.com/bingbot.htm)"
157.55.39.127 - - [17/Jun/2015:20:13:36 +0300] "GET /uslugi.html HTTP/1.0" 200 22644 "-" "Mozilla/5.0 (compatible; bingbot/2.0; +http://www.bing.com/bingbot.htm)"
157.55.39.127 - - [17/Jun/2015:20:13:37 +0300] "GET /uslugi-chastnym-litsam.html HTTP/1.0" 200 20524 "-" "Mozilla/5.0 (compatible; bingbot/2.0; +http://www.bing.com/bingbot.htm)"
157.55.39.127 - - [17/Jun/2015:20:13:38 +0300] "GET /kaves.html HTTP/1.0" 200 27607 "-" "Mozilla/5.0 (compatible; bingbot/2.0; +http://www.bing.com/bingbot.htm)"
157.55.39.127 - - [17/Jun/2015:20:13:39 +0300] "GET /ukr-2121-iii.html HTTP/1.0" 200 400971 "-" "Mozilla/5.0 (compatible; bingbot/2.0; +http://www.bing.com/bingbot.htm)"
157.55.39.127 - - [17/Jun/2015:20:13:43 +0300] "GET /transmagistral.html HTTP/1.0" 200 27607 "-" "Mozilla/5.0 (compatible; bingbot/2.0; +http://www.bing.com/bingbot.htm)"
157.55.39.127 - - [17/Jun/2015:20:13:44 +0300] "GET /tovarischestvo.html HTTP/1.0" 200 27607 "-" "Mozilla/5.0 (compatible; bingbot/2.0; +http://www.bing.com/bingbot.htm)"
157.55.39.127 - - [17/Jun/2015:20:13:45 +0300] "GET /tim-ekspert.html HTTP/1.0" 200 27607 "-" "Mozilla/5.0 (compatible; bingbot/2.0; +http://www.bing.com/bingbot.htm)"
157.55.39.127 - - [17/Jun/2015:20:13:47 +0300] "GET /indeks-potrebitelskih-cen-inflyacii-ukrainy.html HTTP/1.0" 200 39151 "-" "Mozilla/5.0 (compatible; bingbot/2.0; +http://www.bing.com/bingbot.htm)"
204.152.200.42 - - [17/Jun/2015:20:16:16 +0300] "GET / HTTP/1.0" 200 20170 "-" "Pingdom.com_bot_version_1.4_(http://www.pingdom.com/)"
85.17.156.11 - - [17/Jun/2015:20:21:16 +0300] "GET / HTTP/1.0" 200 20170 "-" "Pingdom.com_bot_version_1.4_(http://www.pingdom.com/)"
188.138.124.110 - - [17/Jun/2015:20:26:16 +0300] "GET / HTTP/1.0" 200 20170 "-" "Pingdom.com_bot_version_1.4_(http://www.pingdom.com/)"
72.46.130.42 - - [17/Jun/2015:20:31:16 +0300] "GET / HTTP/1.0" 200 20170 "-" "Pingdom.com_bot_version_1.4_(http://www.pingdom.com/)"
217.69.136.209 - - [17/Jun/2015:20:32:47 +0300] "GET /robots.txt HTTP/1.0" 200 304 "-" "Mozilla/5.0 (compatible; Linux x86_64; Mail.RU_Bot/2.0; +http://go.mail.ru/help/robots)"
178.255.153.2 - - [17/Jun/2015:20:36:16 +0300] "GET / HTTP/1.0" 200 20170 "-" "Pingdom.com_bot_version_1.4_(http://www.pingdom.com/)"
108.62.115.226 - - [17/Jun/2015:20:41:16 +0300] "GET / HTTP/1.0" 200 20170 "-" "Pingdom.com_bot_version_1.4_(http://www.pingdom.com/)"
184.75.209.18 - - [17/Jun/2015:20:46:16 +0300] "GET / HTTP/1.0" 200 20170 "-" "Pingdom.com_bot_version_1.4_(http://www.pingdom.com/)"
46.211.186.88 - - [17/Jun/2015:20:50:10 +0300] "GET /rus-2807-iv.html HTTP/1.0" 200 112770 "http://yandex.ua/clck/jsredir?from=yandex.ua%3Byandsearch%3Bweb%3B%3B&text=&etext=711.VaWYXIZ2Dox5b9gMDIEXe1kQrXz8UNKymU8YoTJVnLxBlGNLPngsYwrfdsMZqcd5dAk_ZRZgpjcI1PYGAtpq1l2aofH2zFSZenvmyDqwvJrYO90c0Amtro3o5bLHSBy43snmbxQk5nnjJqbG5LRTFvn7VRhiQ7j4JJCyP2aLySY.8ff8e0d7f1906720912decfa13dd42d93834bb42&uuid=&state=PEtFfuTeVD5kpHnK9lio9daDl0Ow0EQqBnwXqr2CGSTlhSDEzIy2U7BBTY65_y93j84sMdfKKZUEwnd9NPNFfQ&data=UlNrNmk5WktYejR0eWJFYk1LdmtxZ0IwM0xtOGFxVG5XOFNaM2VaM051ZThlVWd3aWxYWWhjc2JKblo2OGVMVmxiLVVhNXZsWWR0NVg4UXdwdDlmX0VRZ0ltMGZHUVdhS2JIaXd1QlNvREtFR1dfUXpGSkwyQQ&b64e=2&sign=c53afad52e10e2e37cadfe38842231b3&keyno=0&cst=AiuY0DBWFJ7IXge4WdYJQRJlt-zx8hWFL0sSD5K1J3SO-SpdeyC6cIf_JYii4TXTzJ9I05AmdnawnH1dq_juxQZC6kB3bF7JfcwpWZypfwZjuyvVwb1y9zUPepximrLtom1HOp3hhR6gcVM0c0GaelbChUXOAfhXVmbaWuAB0aUaKmHD61LQIEIOYZJMZ3jKG_0hUOL_iUI&ref=cM777e4sMODZ_bseNIiUXGHUFc96C3BG6VGzdhdkS2YRmwQ-km9uIPFbBtqfX9H5m-43ee5sSE1z2uUOkJOU-QZv4TXrz3ulU3DVxo29THyrgm-FKUQl3yGPU-N1Wo1MbeX7hfb39V1fBPEqLyRbSAVut1Fp2AiV8BCUM9-a8AplDYIMFEHjaa5d5dHVuZicJqImo_o-tgUru0tLPULchoCvXtgKA1dc-Gu8XOPXXDHoMG0OBVqCoyTRyLv4zMZS_6ylAk3ED_41tkuk36IwBeI9LFop9x4TXgDHQfCKKovL2B9PgeyvN20fMllM4YH80p2lN8wYWSLXmvOOOmsBn_GJTGuIIhn6U3eaQldSsEud2AngvcaPeUTdON1iaJjnNk0J1kHWQTq4iUCdKr09l8aBS1b9BI_f4PBKiv36RysjjlQFQIv1KUDrbxz5mbu3PPvHM3qSCBBaY2DeIJsE79df8uh_29yrXPQBP_FdnYRBEsz-lnHU2oQ7zM4bYp-Y&l10n=ru&cts=1433652540111&mc=3.5464393446710156" "Mozilla/5.0 (Windows NT 6.1; WOW64) AppleWebKit/537.36 (KHTML, like Gecko) Chrome/43.0.2357.81 Safari/537.36 OPR/30.0.1835.59"
199.87.228.66 - - [17/Jun/2015:20:51:16 +0300] "GET / HTTP/1.0" 200 20170 "-" "Pingdom.com_bot_version_1.4_(http://www.pingdom.com/)"
78.111.187.95 - - [17/Jun/2015:20:52:28 +0300] "GET /slovar-terminov/slovar-ocenschika-zemelnye-uchastki-4/%d0%a2/topograficheskaya-lineyka-2521.html HTTP/1.0" 200 15380 "http://www.google.com.ua/url?sa=t&rct=j&q=%D1%82%D0%BE%D0%BF%D0%BE%D0%B3%D1%80%D0%B0%D1%84%D0%B8%D1%87%D0%B5%D1%81%D0%BA%D0%B0%D1%8F+%D0%BB%D0%B8%D0%BD%D0%B5%D0%B9%D0%BA%D0%B0&source=web&cd=15&ved=0CCUQFjAEOAo&url=http%3A%2F%2Fcitiex.com.ua%2Fslovar-terminov%2Fslovar-ocenschika-zemelnye-uchastki-4%2F%25D0%25A2%2Ftopograficheskaya-lineyka-2521.html&ei=p7OBVfHyCKriywOfyJDQDw&usg=AFQjCNG4YnxXmIR4w009N5WriNWNsVLqFg&bvm=bv.96041959,d.bGQ" "Mozilla/5.0 (Linux; U; Android 4.0.3; ru-ru; A500 Build/IML74K) AppleWebKit/534.30 (KHTML, like Gecko) Version/4.0 Safari/534.30"
78.111.187.95 - - [17/Jun/2015:20:52:29 +0300] "GET /media/system/js/mootools.js HTTP/1.0" 200 74434 "http://citiex.com.ua/slovar-terminov/slovar-ocenschika-zemelnye-uchastki-4/%D0%A2/topograficheskaya-lineyka-2521.html" "Mozilla/5.0 (Linux; U; Android 4.0.3; ru-ru; A500 Build/IML74K) AppleWebKit/534.30 (KHTML, like Gecko) Version/4.0 Safari/534.30"
78.111.187.95 - - [17/Jun/2015:20:52:29 +0300] "GET /cache/assets/ef65064a64c7ce9b4395600cb8db9f36.css HTTP/1.0" 200 41592 "http://citiex.com.ua/slovar-terminov/slovar-ocenschika-zemelnye-uchastki-4/%D0%A2/topograficheskaya-lineyka-2521.html" "Mozilla/5.0 (Linux; U; Android 4.0.3; ru-ru; A500 Build/IML74K) AppleWebKit/534.30 (KHTML, like Gecko) Version/4.0 Safari/534.30"
78.111.187.95 - - [17/Jun/2015:20:52:29 +0300] "GET /templates/gk_aumi/lib/scripts/hltable.js HTTP/1.0" 200 3646 "http://citiex.com.ua/slovar-terminov/slovar-ocenschika-zemelnye-uchastki-4/%D0%A2/topograficheskaya-lineyka-2521.html" "Mozilla/5.0 (Linux; U; Android 4.0.3; ru-ru; A500 Build/IML74K) AppleWebKit/534.30 (KHTML, like Gecko) Version/4.0 Safari/534.30"
78.111.187.95 - - [17/Jun/2015:20:52:29 +0300] "GET /templates/gk_aumi/lib/scripts/template_scripts.js HTTP/1.0" 200 2281 "http://citiex.com.ua/slovar-terminov/slovar-ocenschika-zemelnye-uchastki-4/%D0%A2/topograficheskaya-lineyka-2521.html" "Mozilla/5.0 (Linux; U; Android 4.0.3; ru-ru; A500 Build/IML74K) AppleWebKit/534.30 (KHTML, like Gecko) Version/4.0 Safari/534.30"
78.111.187.95 - - [17/Jun/2015:20:52:29 +0300] "GET /templates/gk_aumi/lib/scripts/menu.php?style=suckerfish&width=1&height=1&opacity=1&animation=1&speed=250 HTTP/1.0" 200 253 "http://citiex.com.ua/slovar-terminov/slovar-ocenschika-zemelnye-uchastki-4/%D0%A2/topograficheskaya-lineyka-2521.html" "Mozilla/5.0 (Linux; U; Android 4.0.3; ru-ru; A500 Build/IML74K) AppleWebKit/534.30 (KHTML, like Gecko) Version/4.0 Safari/534.30"
78.111.187.95 - - [17/Jun/2015:20:52:30 +0300] "GET /templates/gk_aumi/images/bg_top.png HTTP/1.0" 200 321 "http://citiex.com.ua/slovar-terminov/slovar-ocenschika-zemelnye-uchastki-4/%D0%A2/topograficheskaya-lineyka-2521.html" "Mozilla/5.0 (Linux; U; Android 4.0.3; ru-ru; A500 Build/IML74K) AppleWebKit/534.30 (KHTML, like Gecko) Version/4.0 Safari/534.30"
78.111.187.95 - - [17/Jun/2015:20:52:30 +0300] "GET /templates/gk_aumi/images/logo.png HTTP/1.0" 200 6149 "http://citiex.com.ua/slovar-terminov/slovar-ocenschika-zemelnye-uchastki-4/%D0%A2/topograficheskaya-lineyka-2521.html" "Mozilla/5.0 (Linux; U; Android 4.0.3; ru-ru; A500 Build/IML74K) AppleWebKit/534.30 (KHTML, like Gecko) Version/4.0 Safari/534.30"
78.111.187.95 - - [17/Jun/2015:20:52:30 +0300] "GET /templates/gk_aumi/images/menu_li.png HTTP/1.0" 200 181 "http://citiex.com.ua/slovar-terminov/slovar-ocenschika-zemelnye-uchastki-4/%D0%A2/topograficheskaya-lineyka-2521.html" "Mozilla/5.0 (Linux; U; Android 4.0.3; ru-ru; A500 Build/IML74K) AppleWebKit/534.30 (KHTML, like Gecko) Version/4.0 Safari/534.30"
78.111.187.95 - - [17/Jun/2015:20:52:30 +0300] "GET /templates/gk_aumi/images/bg_content_middle.png HTTP/1.0" 200 89 "http://citiex.com.ua/slovar-terminov/slovar-ocenschika-zemelnye-uchastki-4/%D0%A2/topograficheskaya-lineyka-2521.html" "Mozilla/5.0 (Linux; U; Android 4.0.3; ru-ru; A500 Build/IML74K) AppleWebKit/534.30 (KHTML, like Gecko) Version/4.0 Safari/534.30"
78.111.187.95 - - [17/Jun/2015:20:52:30 +0300] "GET /templates/gk_aumi/images/bg_content_top.png HTTP/1.0" 200 133 "http://citiex.com.ua/slovar-terminov/slovar-ocenschika-zemelnye-uchastki-4/%D0%A2/topograficheskaya-lineyka-2521.html" "Mozilla/5.0 (Linux; U; Android 4.0.3; ru-ru; A500 Build/IML74K) AppleWebKit/534.30 (KHTML, like Gecko) Version/4.0 Safari/534.30"
78.111.187.95 - - [17/Jun/2015:20:52:30 +0300] "GET /components/com_sh404sef/images/external-black.png HTTP/1.0" 200 3621 "http://citiex.com.ua/slovar-terminov/slovar-ocenschika-zemelnye-uchastki-4/%D0%A2/topograficheskaya-lineyka-2521.html" "Mozilla/5.0 (Linux; U; Android 4.0.3; ru-ru; A500 Build/IML74K) AppleWebKit/534.30 (KHTML, like Gecko) Version/4.0 Safari/534.30"
78.111.187.95 - - [17/Jun/2015:20:52:31 +0300] "GET /templates/gk_aumi/images/bg_footer.png HTTP/1.0" 200 325 "http://citiex.com.ua/slovar-terminov/slovar-ocenschika-zemelnye-uchastki-4/%D0%A2/topograficheskaya-lineyka-2521.html" "Mozilla/5.0 (Linux; U; Android 4.0.3; ru-ru; A500 Build/IML74K) AppleWebKit/534.30 (KHTML, like Gecko) Version/4.0 Safari/534.30"
78.111.187.95 - - [17/Jun/2015:20:52:31 +0300] "GET /templates/gk_aumi/favicon.ico HTTP/1.0" 200 1406 "http://citiex.com.ua/slovar-terminov/slovar-ocenschika-zemelnye-uchastki-4/%D0%A2/topograficheskaya-lineyka-2521.html" "Mozilla/5.0 (Linux; U; Android 4.0.3; ru-ru; A500 Build/IML74K) AppleWebKit/534.30 (KHTML, like Gecko) Version/4.0 Safari/534.30"
94.247.174.83 - - [17/Jun/2015:20:56:16 +0300] "GET / HTTP/1.0" 200 20170 "-" "Pingdom.com_bot_version_1.4_(http://www.pingdom.com/)"
157.55.39.185 - - [17/Jun/2015:20:57:18 +0300] "GET /slovar-terminov/slovar-ocenschika-nedvizhimost-i-ipoteka-2/%d0%a1/sertifikat-titula/na-prava-sobstvennosti-874.html HTTP/1.0" 200 18180 "-" "Mozilla/5.0 (compatible; bingbot/2.0; +http://www.bing.com/bingbot.htm)"
66.249.78.248 - - [17/Jun/2015:20:58:24 +0300] "GET /feodosiyskoe-mbti.html HTTP/1.0" 200 17679 "-" "Mozilla/5.0 (compatible; Googlebot/2.1; +http://www.google.com/bot.html)"
204.152.200.42 - - [17/Jun/2015:21:01:16 +0300] "GET / HTTP/1.0" 200 20170 "-" "Pingdom.com_bot_version_1.4_(http://www.pingdom.com/)"
157.55.39.210 - - [17/Jun/2015:21:05:10 +0300] "GET /slovar-terminov/slovar-ocenschika-avtotransport-5/%d0%a3.html HTTP/1.0" 200 22760 "-" "Mozilla/5.0 (compatible; bingbot/2.0; +http://www.bing.com/bingbot.htm)"
85.17.156.11 - - [17/Jun/2015:21:06:16 +0300] "GET / HTTP/1.0" 200 20170 "-" "Pingdom.com_bot_version_1.4_(http://www.pingdom.com/)"
188.138.124.110 - - [17/Jun/2015:21:11:16 +0300] "GET / HTTP/1.0" 200 20170 "-" "Pingdom.com_bot_version_1.4_(http://www.pingdom.com/)"
72.46.130.42 - - [17/Jun/2015:21:16:16 +0300] "GET / HTTP/1.0" 200 20373 "-" "Pingdom.com_bot_version_1.4_(http://www.pingdom.com/)"
178.76.225.224 - - [17/Jun/2015:21:16:34 +0300] "GET /feodosiyskoe-mbti.html HTTP/1.0" 200 17882 "http://yandex.ru/clck/jsredir?from=yandex.ru%3Byandsearch%3Bweb%3B%3B&text=&etext=722.Drm92-7iPf2SzC3zWGrOsNqR7j2g6DNy1Bum33YPdLi2LNPBKzafXWiobDLanFCGil6r3a_FZYWtU5eit3juEVtpnVjHteukvMxQ5JXpw2o.778a8c675bf614e46005bc186cac0b204dc8002a&uuid=&state=PEtFfuTeVD5kpHnK9lio9bb4iM1VPfe4W5x0C0-qwflIRTTifi6VAA&data=UlNrNmk5WktYejR0eWJFYk1LdmtxZ0IwM0xtOGFxVG5XOFNaM2VaM051ZEtjV2JEenVqbHU5YkNPNjBvZWhhejZic1pkM1h2R0d5SFp0ek1NWjhmMTgwT2VsS0V6NUpvWnh2VUJUQ3RPU05paVdaZFNaOF9GNXg1d0F5bmxzLWQ&b64e=2&sign=36bd18c7693687decf546c8e109e52ea&keyno=0&cst=AiuY0DBWFJ7IXge4WdYJQfH8488Q1iANS_M6yIABGOiOkokg7uGA1_LCyTnu4jcEr4e6QSaDqjzzFLS-eWshPqDIqG9tv67BtYoqnoFwkat7Ql1_P8w2SxYZVYZ9V5-SWF7jgGcNY8tDCcJcMCErFMoazn-A1SYeduHFaFUW-W9zRWd496fXrRXoIhLPDI2_2PaD3GtSZItEUbKvucce-ZRckP1Pb6CY&ref=cM777e4sMOAycdZhdUbYHtkusEOiLu3mxyDiA91nX7xKBibB97tBsgqhDmrBLIaV5YZ60M_7o0bPpSBbWHTBZxmNmLU8XqZyNB_BabBJoAL5X0OKfBOAzuTv__PZn2hgTBGeIekSFJBiU2piPz7b8cHWnQ12n2FNfh9SXIir5wau22X9xawiQ8z4DZHyeh_Tnd4fhIeLVAFpVIMqk7Lo511QUG-LElnNzqwjQkrBx1qSH0iIm7Ocffl0DrNnLn9r&l10n=ru&cts=1434564992587&mc=3.8492239123906247" "Mozilla/5.0 (Windows NT 6.1) AppleWebKit/537.36 (KHTML, like Gecko) Chrome/43.0.2357.81 Safari/537.36 OPR/30.0.1835.59"
85.17.156.11 - - [17/Jun/2015:21:16:53 +0300] "GET / HTTP/1.0" 200 20373 "-" "Pingdom.com_bot_version_1.4_(http://www.pingdom.com/)"
85.17.156.11 - - [17/Jun/2015:21:17:24 +0300] "GET / HTTP/1.0" 200 20373 "-" "Pingdom.com_bot_version_1.4_(http://www.pingdom.com/)"
72.46.130.42 - - [17/Jun/2015:21:17:25 +0300] "GET / HTTP/1.0" 200 20373 "-" "Pingdom.com_bot_version_1.4_(http://www.pingdom.com/)"
178.255.153.2 - - [17/Jun/2015:21:21:16 +0300] "GET / HTTP/1.0" 200 20170 "-" "Pingdom.com_bot_version_1.4_(http://www.pingdom.com/)"
5.255.253.127 - - [17/Jun/2015:21:24:55 +0300] "GET /feodosiyskoe-mbti.html HTTP/1.0" 200 17679 "-" "Mozilla/5.0 (compatible; YandexBot/3.0; +http://yandex.com/bots)"
108.62.115.226 - - [17/Jun/2015:21:26:16 +0300] "GET / HTTP/1.0" 200 20170 "-" "Pingdom.com_bot_version_1.4_(http://www.pingdom.com/)"
184.75.209.18 - - [17/Jun/2015:21:31:16 +0300] "GET / HTTP/1.0" 200 20170 "-" "Pingdom.com_bot_version_1.4_(http://www.pingdom.com/)"
217.69.136.204 - - [17/Jun/2015:21:33:43 +0300] "GET /slovar-terminov/slovar-ocenschika-stroitelstvo-3/%d0%91/beton-1032.html HTTP/1.0" 200 15334 "-" "Mozilla/5.0 (compatible; Linux x86_64; Mail.RU_Bot/2.0; +http://go.mail.ru/help/robots)"
199.87.228.66 - - [17/Jun/2015:21:36:16 +0300] "GET / HTTP/1.0" 200 20170 "-" "Pingdom.com_bot_version_1.4_(http://www.pingdom.com/)"
94.247.174.83 - - [17/Jun/2015:21:41:16 +0300] "GET / HTTP/1.0" 200 20170 "-" "Pingdom.com_bot_version_1.4_(http://www.pingdom.com/)"
204.152.200.42 - - [17/Jun/2015:21:46:16 +0300] "GET / HTTP/1.0" 200 20170 "-" "Pingdom.com_bot_version_1.4_(http://www.pingdom.com/)"
85.17.156.11 - - [17/Jun/2015:21:51:16 +0300] "GET / HTTP/1.0" 200 20170 "-" "Pingdom.com_bot_version_1.4_(http://www.pingdom.com/)"
157.55.39.37 - - [17/Jun/2015:21:54:41 +0300] "GET /slovar-terminov/slovar-ocenschika-korabli-i-suda-7/%d0%a7/charter-3701.html HTTP/1.0" 200 18008 "-" "Mozilla/5.0 (compatible; bingbot/2.0; +http://www.bing.com/bingbot.htm)"
157.55.39.37 - - [17/Jun/2015:21:55:11 +0300] "GET /slovar-terminov/slovar-ocenschika-nedvizhimost-i-ipoteka-2/%d0%a4/formy-sobstvennosti-na-zemlyu-939.html HTTP/1.0" 200 17543 "-" "Mozilla/5.0 (compatible; bingbot/2.0; +http://www.bing.com/bingbot.htm)"
188.138.124.110 - - [17/Jun/2015:21:56:16 +0300] "GET / HTTP/1.0" 200 20170 "-" "Pingdom.com_bot_version_1.4_(http://www.pingdom.com/)"
157.55.39.127 - - [17/Jun/2015:22:00:35 +0300] "GET /novosti/slovar-ocenschika-korabli-i-suda-7.html HTTP/1.0" 200 48426 "-" "Mozilla/5.0 (compatible; bingbot/2.0; +http://www.bing.com/bingbot.htm)"
72.46.130.42 - - [17/Jun/2015:22:01:16 +0300] "GET / HTTP/1.0" 200 20170 "-" "Pingdom.com_bot_version_1.4_(http://www.pingdom.com/)"
176.37.126.11 - - [17/Jun/2015:22:02:35 +0300] "GET /sotrudnichestvo-otsenochnye-kompanii.html HTTP/1.0" 200 21201 "http://yandex.ua/clck/jsredir?from=yandex.ua%3Bsearch%2F%3Bweb%3B%3B&text=&etext=722.0IKopeyXvKKMjHzhmhROpOUEquyIyh8zV2QnljbQDC20fdkS9OYdm7S-ulU2wPNUjcjwwXwksTnRXxOzG8ZCaBwlV_OB5Gn518xkg_Oxabpe0NtdPSflNQBNgcXkL9WFJz9m93YV80AMmw0ZujRsVA.51a5024d5b1ce8976715874ba023d8d9a7c7ce8e&uuid=&state=PEtFfuTeVD5kpHnK9lio9cUEbBkAQk_OhAzHcv9PulIpF4ylKJ2-qA&data=UlNrNmk5WktYejR0eWJFYk1LdmtxZ0IwM0xtOGFxVG5XOFNaM2VaM051Y1F0emxBY0pUdktGMGJ6WjJvZERPcWZYbXl0RDMtLTh2ZkNtaTVVUTZuT0JoZEFDOHp0aFhDYzRkd0lIUGRDajE5MV9hbXJwV2d0RlVxZEllbXZabEl0OWZxT05lYTNZZnM1V2pmRENCaHR3&b64e=2&sign=5b2b0fa2a71cd2766b03d63641f007bb&keyno=0&cst=AiuY0DBWFJ7IXge4WdYJQRJlt-zx8hWFXqqjtZ4C1UHkWbCtlJrbR1OcnlfcWsZqAILoiemaqc3r9O5klQOqoLhfe4v4wEIE0-xxSeIYXhTiwN_HPEYYjjzl30Bz38dX8NMFZYBeKvp-syazO4lyURhI2FlwQuzwT2Ty-whVRt3-z0Mbgp4ZFvMDUV05Ghnn9GNbHJB16h9HfFslIkPIXRlzziT5oqpOymvV-FanRh2jb5y5F7Cp4V-jphVvO-Pn0WginJCNyU7pCWmS9C8MWQ_C46j8Hs2ExLGkbB46zKeXtw610eiSHHABBjarMK8QVsnSJyhU7Wg&ref=cM777e4sMODZ_bseNIiUXLLP1hUpxJxqJpnvWj8jeso3Ud_7hjsrR1TKDwAdJX3TLU5LbEP7v0__dYaV3wbxKWViNro_6M-wtHQpXGij4spq3VYb4Zq4Gfl9Q6onroPDSqwV1U0h-zQLxuuaIcnFctdy-zBfM9q7w7ELQUa2ls0rV4Ir__Malpz69lAc9EHgbTGY-7cgJbgg8zqUTv9P55vuSntJFixMpnT63YTJOKG64uTJkVkkSfxSfSrArTwZkd7UrFudbDoDsRoxf139OvrF6NmJok0KbgAhUTJf_xAIx9vC0yNUBXu5bSjT2nM2VM9Gc-_RllkXv_ms3Fon7pl454FAko1wR4hUbXI8RwWYJt0I7-Q6CPeLRlaCqpVG1PcBzMukmtULQvXyD7K8w8hgn7G-0ftJ0Ct9wCzfoiD94HhhM7P5BJVP5BSz6rWC8tMrQmLP4mpTjno6BvIXpuqg-KtP3YcYXaSh1l3F2Md1-v53NHUbd8ELlOKYDkcPGr8l0zrbpW7ljCTTMqhb3lgwmc4EfGsSYfVd3vd_whk3zTr2TTUkQavGBPWM7to_wz1jKQH3mIbauTmXjTShW0_Q1Geju4q1ArOqXFSJcA5DJEcl5LAfnSC6OUSWm3F2ZGXhqdhJjlpnrfPecw_DtA-D8ahffhMGmIZ7SPMp5MRVbXzSoriPVPsx30fDzKRBRao2sDSEliOuavrwTy9264e4JZLYnsLtre0L7gyO-HasKFWoWggvzPMj7KsVBp6CkyifH63PXIju_6W_VOWL8-oiwgyEui8Av4UrVDEM-yfJq0vssoi7g1L2YuKhTYTI6gNMO-fU9EU0hCAkE4FzAEewR4y6vyLJh-DOotKUTsn-ZiWu4BgVTkn3TJNJ3Q2aJ43THMecD_eUIV9_wyNxbcc9kr2Es-eMfzHjWxUEDM6yoNtm6nbo7XsuqwjD77L23hXgb_kdh4HUDlSbLr8RyvBc2wTE3pGmAb87dFOle_BSG8jlhgoGEviY3vCdx3MIxyt5EyKOPYHvV37bX5g1ON6srmEvBpqdDz_drSeBlpBfWEZ4pgBPML-tYCosHG9fza29ned9J1pyZFj2J5bzN0bwCQRRM4BGBAlWG2LFIJ9Og7YTdNrHcTT62V06A-NHLg1X4B_vfuaGxMeiMqN_QbDGgv4jW-DArYXI0fRN8Jj12Ob_s0Y7pZ6_3jCUPF0JZ7mWcM6Z56gQx0DKz7aoA6_Uda8qKIGHwFUb7sHG7UVC2sqN8XZv29UzCtCGTr3pouFf3pjj9eV33tiasEV05tzNxJNYxbXfTp0o9wLtGRwHyMG6CE4aKUNAshTvmetJBSs2YvtTNNlaEE3A1qfQLeBlxLks_M409E1cJhsDLvJr-XhvQjsQPxE_agXCXzeF6NeAHdZ6gxXDvA9WEZ6MgsosLZiQAzWdAL5lZ4x-zUYZYFPib77vMl46dkgZDoLCrUsBpPAJXJmAwXIHYTePizqUcvLFT5gpNr9h-KRJUN0UDQ12FqzqzJVverUOjsQv1ENeFTE9U5cAyoc410O476lx1-8apRudVE6JIfV5egQ4e-1xgnfJPLxuesh7IsaCHP15zJsv60_fbhljbTrvfGFIakwV0ibjWsasqJ2WFuVPJGhpY4A_y-3R8WCF0fVPmYTLD2Zhj-taSUjcSWAShKS6XQukS7FZnA-0dC82EDGK3DpQJvYIUm8QTPuJYJj7DodMj5TbIQu5G0MYUbbWFZkxKmrrLiE7w1yyxcxyeVBAfkUeEMOICog_YL67X9fMiQQoizkFrbAOry07RE8y8jQbqbZr3Ft_gDa9eH33leuT5LhMCMkGMaNG2WVzK9B7rcyBSKlbm0quZ6vTGXwcCeVSuvJcLgQxwAu07tevo0EAp1yNym1BojtI4cu7lpS06lgXFzKehiSGggArxIQusDgf2Hwq4a6ggfn3qQY6o7Vdbc0sXe7RGw&l10n=ru&cts=1434654062924&mc=5.263085098232829" "Mozilla/5.0 (Windows NT 6.1) AppleWebKit/537.36 (KHTML, like Gecko) Chrome/43.0.2357.81 Safari/537.36 OPR/30.0.1835.59"
176.37.126.11 - - [17/Jun/2015:22:02:37 +0300] "GET /cache/assets/15e1e423d7a27a0d8ee8e70b064c44eb.css HTTP/1.0" 200 44011 "http://citiex.com.ua/sotrudnichestvo-otsenochnye-kompanii.html" "Mozilla/5.0 (Windows NT 6.1) AppleWebKit/537.36 (KHTML, like Gecko) Chrome/43.0.2357.81 Safari/537.36 OPR/30.0.1835.59"
176.37.126.11 - - [17/Jun/2015:22:02:37 +0300] "GET /plugins/content/attachments_refresh.js HTTP/1.0" 200 1560 "http://citiex.com.ua/sotrudnichestvo-otsenochnye-kompanii.html" "Mozilla/5.0 (Windows NT 6.1) AppleWebKit/537.36 (KHTML, like Gecko) Chrome/43.0.2357.81 Safari/537.36 OPR/30.0.1835.59"
176.37.126.11 - - [17/Jun/2015:22:02:37 +0300] "GET /media/system/js/mootools.js HTTP/1.0" 200 74434 "http://citiex.com.ua/sotrudnichestvo-otsenochnye-kompanii.html" "Mozilla/5.0 (Windows NT 6.1) AppleWebKit/537.36 (KHTML, like Gecko) Chrome/43.0.2357.81 Safari/537.36 OPR/30.0.1835.59"
176.37.126.11 - - [17/Jun/2015:22:02:37 +0300] "GET /media/system/js/modal.js HTTP/1.0" 200 10588 "http://citiex.com.ua/sotrudnichestvo-otsenochnye-kompanii.html" "Mozilla/5.0 (Windows NT 6.1) AppleWebKit/537.36 (KHTML, like Gecko) Chrome/43.0.2357.81 Safari/537.36 OPR/30.0.1835.59"
176.37.126.11 - - [17/Jun/2015:22:02:37 +0300] "GET /templates/gk_aumi/lib/scripts/template_scripts.js HTTP/1.0" 200 2281 "http://citiex.com.ua/sotrudnichestvo-otsenochnye-kompanii.html" "Mozilla/5.0 (Windows NT 6.1) AppleWebKit/537.36 (KHTML, like Gecko) Chrome/43.0.2357.81 Safari/537.36 OPR/30.0.1835.59"
176.37.126.11 - - [17/Jun/2015:22:02:37 +0300] "GET /templates/gk_aumi/lib/scripts/menu.php?style=suckerfish&width=1&height=1&opacity=1&animation=1&speed=250 HTTP/1.0" 200 253 "http://citiex.com.ua/sotrudnichestvo-otsenochnye-kompanii.html" "Mozilla/5.0 (Windows NT 6.1) AppleWebKit/537.36 (KHTML, like Gecko) Chrome/43.0.2357.81 Safari/537.36 OPR/30.0.1835.59"
176.37.126.11 - - [17/Jun/2015:22:02:37 +0300] "GET /templates/gk_aumi/lib/scripts/hltable.js HTTP/1.0" 200 3646 "http://citiex.com.ua/sotrudnichestvo-otsenochnye-kompanii.html" "Mozilla/5.0 (Windows NT 6.1) AppleWebKit/537.36 (KHTML, like Gecko) Chrome/43.0.2357.81 Safari/537.36 OPR/30.0.1835.59"
176.37.126.11 - - [17/Jun/2015:22:02:37 +0300] "GET /templates/gk_aumi/images/logo.png HTTP/1.0" 200 6149 "http://citiex.com.ua/sotrudnichestvo-otsenochnye-kompanii.html" "Mozilla/5.0 (Windows NT 6.1) AppleWebKit/537.36 (KHTML, like Gecko) Chrome/43.0.2357.81 Safari/537.36 OPR/30.0.1835.59"
176.37.126.11 - - [17/Jun/2015:22:02:37 +0300] "GET /templates/gk_aumi/images/bg_top.png HTTP/1.0" 200 321 "http://citiex.com.ua/cache/assets/15e1e423d7a27a0d8ee8e70b064c44eb.css" "Mozilla/5.0 (Windows NT 6.1) AppleWebKit/537.36 (KHTML, like Gecko) Chrome/43.0.2357.81 Safari/537.36 OPR/30.0.1835.59"
176.37.126.11 - - [17/Jun/2015:22:02:37 +0300] "GET /components/com_sh404sef/images/external-black.png HTTP/1.0" 200 3621 "http://citiex.com.ua/sotrudnichestvo-otsenochnye-kompanii.html" "Mozilla/5.0 (Windows NT 6.1) AppleWebKit/537.36 (KHTML, like Gecko) Chrome/43.0.2357.81 Safari/537.36 OPR/30.0.1835.59"
176.37.126.11 - - [17/Jun/2015:22:02:37 +0300] "GET /templates/gk_aumi/images/bg_content_middle.png HTTP/1.0" 200 89 "http://citiex.com.ua/cache/assets/15e1e423d7a27a0d8ee8e70b064c44eb.css" "Mozilla/5.0 (Windows NT 6.1) AppleWebKit/537.36 (KHTML, like Gecko) Chrome/43.0.2357.81 Safari/537.36 OPR/30.0.1835.59"
176.37.126.11 - - [17/Jun/2015:22:02:37 +0300] "GET /templates/gk_aumi/images/menu_li.png HTTP/1.0" 200 181 "http://citiex.com.ua/cache/assets/15e1e423d7a27a0d8ee8e70b064c44eb.css" "Mozilla/5.0 (Windows NT 6.1) AppleWebKit/537.36 (KHTML, like Gecko) Chrome/43.0.2357.81 Safari/537.36 OPR/30.0.1835.59"
176.37.126.11 - - [17/Jun/2015:22:02:37 +0300] "GET /templates/gk_aumi/images/bg_content_top.png HTTP/1.0" 200 133 "http://citiex.com.ua/cache/assets/15e1e423d7a27a0d8ee8e70b064c44eb.css" "Mozilla/5.0 (Windows NT 6.1) AppleWebKit/537.36 (KHTML, like Gecko) Chrome/43.0.2357.81 Safari/537.36 OPR/30.0.1835.59"
176.37.126.11 - - [17/Jun/2015:22:02:37 +0300] "GET /templates/gk_aumi/images/bullet.png HTTP/1.0" 200 2887 "http://citiex.com.ua/cache/assets/15e1e423d7a27a0d8ee8e70b064c44eb.css" "Mozilla/5.0 (Windows NT 6.1) AppleWebKit/537.36 (KHTML, like Gecko) Chrome/43.0.2357.81 Safari/537.36 OPR/30.0.1835.59"
176.37.126.11 - - [17/Jun/2015:22:02:37 +0300] "GET /templates/gk_aumi/images/bg_footer.png HTTP/1.0" 200 325 "http://citiex.com.ua/cache/assets/15e1e423d7a27a0d8ee8e70b064c44eb.css" "Mozilla/5.0 (Windows NT 6.1) AppleWebKit/537.36 (KHTML, like Gecko) Chrome/43.0.2357.81 Safari/537.36 OPR/30.0.1835.59"
176.37.126.11 - - [17/Jun/2015:22:02:37 +0300] "GET /templates/gk_aumi/favicon.ico HTTP/1.0" 200 1406 "http://citiex.com.ua/sotrudnichestvo-otsenochnye-kompanii.html" "Mozilla/5.0 (Windows NT 6.1) AppleWebKit/537.36 (KHTML, like Gecko) Chrome/43.0.2357.81 Safari/537.36 OPR/30.0.1835.59"
176.37.126.11 - - [17/Jun/2015:22:03:32 +0300] "GET /templates/gk_aumi/images/menu_bullet.png HTTP/1.0" 200 104 "http://citiex.com.ua/cache/assets/15e1e423d7a27a0d8ee8e70b064c44eb.css" "Mozilla/5.0 (Windows NT 6.1) AppleWebKit/537.36 (KHTML, like Gecko) Chrome/43.0.2357.81 Safari/537.36 OPR/30.0.1835.59"
176.37.126.11 - - [17/Jun/2015:22:03:48 +0300] "GET /kontaktnaya-informatsiya.html HTTP/1.0" 200 30564 "http://citiex.com.ua/sotrudnichestvo-otsenochnye-kompanii.html" "Mozilla/5.0 (Windows NT 6.1) AppleWebKit/537.36 (KHTML, like Gecko) Chrome/43.0.2357.81 Safari/537.36 OPR/30.0.1835.59"
176.37.126.11 - - [17/Jun/2015:22:03:49 +0300] "GET /cache/assets/71870965b5d545c66f17b30a1df34f9d.css HTTP/1.0" 200 54542 "http://citiex.com.ua/kontaktnaya-informatsiya.html" "Mozilla/5.0 (Windows NT 6.1) AppleWebKit/537.36 (KHTML, like Gecko) Chrome/43.0.2357.81 Safari/537.36 OPR/30.0.1835.59"
176.37.126.11 - - [17/Jun/2015:22:03:49 +0300] "GET /media/system/js/caption.js HTTP/1.0" 200 1963 "http://citiex.com.ua/kontaktnaya-informatsiya.html" "Mozilla/5.0 (Windows NT 6.1) AppleWebKit/537.36 (KHTML, like Gecko) Chrome/43.0.2357.81 Safari/537.36 OPR/30.0.1835.59"
176.37.126.11 - - [17/Jun/2015:22:03:49 +0300] "GET /media/system/js/calendar-setup.js HTTP/1.0" 200 4919 "http://citiex.com.ua/kontaktnaya-informatsiya.html" "Mozilla/5.0 (Windows NT 6.1) AppleWebKit/537.36 (KHTML, like Gecko) Chrome/43.0.2357.81 Safari/537.36 OPR/30.0.1835.59"
176.37.126.11 - - [17/Jun/2015:22:03:49 +0300] "GET /media/system/js/calendar.js HTTP/1.0" 200 34315 "http://citiex.com.ua/kontaktnaya-informatsiya.html" "Mozilla/5.0 (Windows NT 6.1) AppleWebKit/537.36 (KHTML, like Gecko) Chrome/43.0.2357.81 Safari/537.36 OPR/30.0.1835.59"
176.37.126.11 - - [17/Jun/2015:22:03:49 +0300] "GET /templates/gk_aumi/lib/scripts/menu.php?style=suckerfish&width=1&height=1&opacity=1&animation=1&speed=250 HTTP/1.0" 200 253 "http://citiex.com.ua/kontaktnaya-informatsiya.html" "Mozilla/5.0 (Windows NT 6.1) AppleWebKit/537.36 (KHTML, like Gecko) Chrome/43.0.2357.81 Safari/537.36 OPR/30.0.1835.59"
176.37.126.11 - - [17/Jun/2015:22:03:49 +0300] "GET /includes/js/joomla.javascript.js HTTP/1.0" 200 15405 "http://citiex.com.ua/kontaktnaya-informatsiya.html" "Mozilla/5.0 (Windows NT 6.1) AppleWebKit/537.36 (KHTML, like Gecko) Chrome/43.0.2357.81 Safari/537.36 OPR/30.0.1835.59"
176.37.126.11 - - [17/Jun/2015:22:03:49 +0300] "GET /templates/gk_aumi/images/pdf_button.png HTTP/1.0" 200 126 "http://citiex.com.ua/kontaktnaya-informatsiya.html" "Mozilla/5.0 (Windows NT 6.1) AppleWebKit/537.36 (KHTML, like Gecko) Chrome/43.0.2357.81 Safari/537.36 OPR/30.0.1835.59"
176.37.126.11 - - [17/Jun/2015:22:03:49 +0300] "GET /templates/gk_aumi/images/printButton.png HTTP/1.0" 200 132 "http://citiex.com.ua/kontaktnaya-informatsiya.html" "Mozilla/5.0 (Windows NT 6.1) AppleWebKit/537.36 (KHTML, like Gecko) Chrome/43.0.2357.81 Safari/537.36 OPR/30.0.1835.59"
176.37.126.11 - - [17/Jun/2015:22:03:49 +0300] "GET /templates/gk_aumi/images/emailButton.png HTTP/1.0" 200 119 "http://citiex.com.ua/kontaktnaya-informatsiya.html" "Mozilla/5.0 (Windows NT 6.1) AppleWebKit/537.36 (KHTML, like Gecko) Chrome/43.0.2357.81 Safari/537.36 OPR/30.0.1835.59"
176.37.126.11 - - [17/Jun/2015:22:03:49 +0300] "GET /templates/gk_aumi/images/module_default/mod_tlb.png HTTP/1.0" 200 231 "http://citiex.com.ua/cache/assets/71870965b5d545c66f17b30a1df34f9d.css" "Mozilla/5.0 (Windows NT 6.1) AppleWebKit/537.36 (KHTML, like Gecko) Chrome/43.0.2357.81 Safari/537.36 OPR/30.0.1835.59"
176.37.126.11 - - [17/Jun/2015:22:03:49 +0300] "GET /templates/gk_aumi/images/module_default/mod_trb.png HTTP/1.0" 200 468 "http://citiex.com.ua/cache/assets/71870965b5d545c66f17b30a1df34f9d.css" "Mozilla/5.0 (Windows NT 6.1) AppleWebKit/537.36 (KHTML, like Gecko) Chrome/43.0.2357.81 Safari/537.36 OPR/30.0.1835.59"
176.37.126.11 - - [17/Jun/2015:22:03:49 +0300] "GET /index.php?option=com_aicontactsafe&sTask=message&task=message&pf=3&r_id=1727639609&next_use_ajax=1&format=raw&lang=ru&Itemid=50 HTTP/1.0" 200 7390 "http://citiex.com.ua/kontaktnaya-informatsiya.html" "Mozilla/5.0 (Windows NT 6.1) AppleWebKit/537.36 (KHTML, like Gecko) Chrome/43.0.2357.81 Safari/537.36 OPR/30.0.1835.59"
176.37.126.11 - - [17/Jun/2015:22:03:49 +0300] "GET /index.php?option=com_aicontactsafe&sTask=captcha&task=captcha&pf=3&r_id=1727639609&lang=ru&format=raw&set_rand=5357487090 HTTP/1.0" 301 - "http://citiex.com.ua/kontaktnaya-informatsiya.html" "Mozilla/5.0 (Windows NT 6.1) AppleWebKit/537.36 (KHTML, like Gecko) Chrome/43.0.2357.81 Safari/537.36 OPR/30.0.1835.59"
176.37.126.11 - - [17/Jun/2015:22:03:50 +0300] "GET /contact.html?format=raw&r_id=1727639609&sTask=captcha&set_rand=5357487090&task=captcha HTTP/1.0" 200 3301 "http://citiex.com.ua/kontaktnaya-informatsiya.html" "Mozilla/5.0 (Windows NT 6.1) AppleWebKit/537.36 (KHTML, like Gecko) Chrome/43.0.2357.81 Safari/537.36 OPR/30.0.1835.59"
178.255.153.2 - - [17/Jun/2015:22:06:16 +0300] "GET / HTTP/1.0" 200 20170 "-" "Pingdom.com_bot_version_1.4_(http://www.pingdom.com/)"
157.55.39.127 - - [17/Jun/2015:22:07:30 +0300] "GET /robots.txt HTTP/1.0" 200 304 "-" "Mozilla/5.0 (compatible; bingbot/2.0; +http://www.bing.com/bingbot.htm)"
157.55.39.126 - - [17/Jun/2015:22:07:38 +0300] "GET /slovar-terminov/slovar-ocenschika-samolety-i-vertolety-8/%d0%90/aviacionnaya-tehnika-dvoynogo-naznacheniya-3716.html HTTP/1.0" 200 15657 "-" "Mozilla/5.0 (compatible; bingbot/2.0; +http://www.bing.com/bingbot.htm)"
87.206.220.101 - - [17/Jun/2015:22:07:54 +0300] "GET /component/user/?task=register HTTP/1.0" 301 - "-" "Mozilla/5.0 (Windows NT 6.1; WOW64) AppleWebKit/537.36 (KHTML, like Gecko) Chrome/34.0.1847.137 Safari/537.36"
87.206.220.101 - - [17/Jun/2015:22:07:55 +0300] "GET /create-an-account.html?Itemid= HTTP/1.0" 200 13899 "-" "Mozilla/5.0 (Windows NT 6.1; WOW64) AppleWebKit/537.36 (KHTML, like Gecko) Chrome/34.0.1847.137 Safari/537.36"
87.206.220.101 - - [17/Jun/2015:22:07:54 +0300] "GET /component/users/?view=registration HTTP/1.0" 301 - "-" "Mozilla/5.0 (Windows NT 6.1; WOW64) AppleWebKit/537.36 (KHTML, like Gecko) Chrome/34.0.1847.137 Safari/537.36"
87.206.220.101 - - [17/Jun/2015:22:07:56 +0300] "GET /component/option,com_users/Itemid,/view,registration/ HTTP/1.0" 404 14792 "-" "Mozilla/5.0 (Windows NT 6.1; WOW64) AppleWebKit/537.36 (KHTML, like Gecko) Chrome/34.0.1847.137 Safari/537.36"
5.255.253.127 - - [17/Jun/2015:22:09:02 +0300] "GET /sotrudnichestvo-otsenochnye-kompanii.html HTTP/1.0" 200 21201 "-" "Mozilla/5.0 (compatible; YandexBot/3.0; +http://yandex.com/bots)"
108.62.115.226 - - [17/Jun/2015:22:11:16 +0300] "GET / HTTP/1.0" 200 20170 "-" "Pingdom.com_bot_version_1.4_(http://www.pingdom.com/)"
184.75.209.18 - - [17/Jun/2015:22:16:16 +0300] "GET / HTTP/1.0" 200 20170 "-" "Pingdom.com_bot_version_1.4_(http://www.pingdom.com/)"
199.87.228.66 - - [17/Jun/2015:22:21:16 +0300] "GET / HTTP/1.0" 200 20170 "-" "Pingdom.com_bot_version_1.4_(http://www.pingdom.com/)"
94.247.174.83 - - [17/Jun/2015:22:26:16 +0300] "GET / HTTP/1.0" 200 20170 "-" "Pingdom.com_bot_version_1.4_(http://www.pingdom.com/)"
87.206.220.101 - - [17/Jun/2015:22:28:34 +0300] "GET /registration-page HTTP/1.0" 404 14158 "-" "Mozilla/5.0 (Windows NT 6.1; WOW64) AppleWebKit/537.36 (KHTML, like Gecko) Chrome/34.0.1847.137 Safari/537.36"
204.152.200.42 - - [17/Jun/2015:22:31:16 +0300] "GET / HTTP/1.0" 200 20170 "-" "Pingdom.com_bot_version_1.4_(http://www.pingdom.com/)"
204.152.200.42 - - [17/Jun/2015:22:36:52 +0300] "GET / HTTP/1.0" 200 20170 "-" "Pingdom.com_bot_version_1.4_(http://www.pingdom.com/)"
5.255.253.203 - - [17/Jun/2015:22:39:02 +0300] "GET /robots.txt HTTP/1.0" 200 304 "-" "Mozilla/5.0 (compatible; YandexBot/3.0; +http://yandex.com/bots)"
5.255.253.203 - - [17/Jun/2015:22:39:04 +0300] "GET /templates/gk_aumi/favicon.ico HTTP/1.0" 200 1406 "-" "Mozilla/5.0 (compatible; YandexBot/3.0; +http://yandex.com/bots)"
188.138.124.110 - - [17/Jun/2015:22:41:16 +0300] "GET / HTTP/1.0" 200 20170 "-" "Pingdom.com_bot_version_1.4_(http://www.pingdom.com/)"
85.17.156.11 - - [17/Jun/2015:22:36:16 +0300] "GET / HTTP/1.0" 200 - "-" "Pingdom.com_bot_version_1.4_(http://www.pingdom.com/)"
72.46.130.42 - - [17/Jun/2015:22:46:16 +0300] "GET / HTTP/1.0" 200 20170 "-" "Pingdom.com_bot_version_1.4_(http://www.pingdom.com/)"
178.255.153.2 - - [17/Jun/2015:22:51:16 +0300] "GET / HTTP/1.0" 200 20170 "-" "Pingdom.com_bot_version_1.4_(http://www.pingdom.com/)"
46.211.181.111 - - [17/Jun/2015:22:51:51 +0300] "GET /rus-2807-iv.html HTTP/1.0" 200 112770 "http://yandex.ua/clck/jsredir?from=yandex.ua%3Byandsearch%3Bweb%3B%3B&text=&etext=711.VaWYXIZ2Dox5b9gMDIEXe1kQrXz8UNKymU8YoTJVnLxBlGNLPngsYwrfdsMZqcd5dAk_ZRZgpjcI1PYGAtpq1l2aofH2zFSZenvmyDqwvJrYO90c0Amtro3o5bLHSBy43snmbxQk5nnjJqbG5LRTFvn7VRhiQ7j4JJCyP2aLySY.8ff8e0d7f1906720912decfa13dd42d93834bb42&uuid=&state=PEtFfuTeVD5kpHnK9lio9daDl0Ow0EQqBnwXqr2CGSTlhSDEzIy2U7BBTY65_y93j84sMdfKKZUEwnd9NPNFfQ&data=UlNrNmk5WktYejR0eWJFYk1LdmtxZ0IwM0xtOGFxVG5XOFNaM2VaM051ZThlVWd3aWxYWWhjc2JKblo2OGVMVmxiLVVhNXZsWWR0NVg4UXdwdDlmX0VRZ0ltMGZHUVdhS2JIaXd1QlNvREtFR1dfUXpGSkwyQQ&b64e=2&sign=c53afad52e10e2e37cadfe38842231b3&keyno=0&cst=AiuY0DBWFJ7IXge4WdYJQRJlt-zx8hWFL0sSD5K1J3SO-SpdeyC6cIf_JYii4TXTzJ9I05AmdnawnH1dq_juxQZC6kB3bF7JfcwpWZypfwZjuyvVwb1y9zUPepximrLtom1HOp3hhR6gcVM0c0GaelbChUXOAfhXVmbaWuAB0aUaKmHD61LQIEIOYZJMZ3jKG_0hUOL_iUI&ref=cM777e4sMODZ_bseNIiUXGHUFc96C3BG6VGzdhdkS2YRmwQ-km9uIPFbBtqfX9H5m-43ee5sSE1z2uUOkJOU-QZv4TXrz3ulU3DVxo29THyrgm-FKUQl3yGPU-N1Wo1MbeX7hfb39V1fBPEqLyRbSAVut1Fp2AiV8BCUM9-a8AplDYIMFEHjaa5d5dHVuZicJqImo_o-tgUru0tLPULchoCvXtgKA1dc-Gu8XOPXXDHoMG0OBVqCoyTRyLv4zMZS_6ylAk3ED_41tkuk36IwBeI9LFop9x4TXgDHQfCKKovL2B9PgeyvN20fMllM4YH80p2lN8wYWSLXmvOOOmsBn_GJTGuIIhn6U3eaQldSsEud2AngvcaPeUTdON1iaJjnNk0J1kHWQTq4iUCdKr09l8aBS1b9BI_f4PBKiv36RysjjlQFQIv1KUDrbxz5mbu3PPvHM3qSCBBaY2DeIJsE79df8uh_29yrXPQBP_FdnYRBEsz-lnHU2oQ7zM4bYp-Y&l10n=ru&cts=1433652540111&mc=3.5464393446710156" "Mozilla/5.0 (Windows NT 6.1; WOW64) AppleWebKit/537.36 (KHTML, like Gecko) Chrome/43.0.2357.81 Safari/537.36 OPR/30.0.1835.59"
46.211.181.111 - - [17/Jun/2015:22:51:55 +0300] "GET /cache/assets/15e1e423d7a27a0d8ee8e70b064c44eb.css HTTP/1.0" 200 44011 "http://citiex.com.ua/rus-2807-iv.html" "Mozilla/5.0 (Windows NT 6.1; WOW64) AppleWebKit/537.36 (KHTML, like Gecko) Chrome/43.0.2357.81 Safari/537.36 OPR/30.0.1835.59"
46.211.181.111 - - [17/Jun/2015:22:52:00 +0300] "GET /templates/gk_aumi/lib/scripts/menu.php?style=suckerfish&width=1&height=1&opacity=1&animation=1&speed=250 HTTP/1.0" 200 253 "http://citiex.com.ua/rus-2807-iv.html" "Mozilla/5.0 (Windows NT 6.1; WOW64) AppleWebKit/537.36 (KHTML, like Gecko) Chrome/43.0.2357.81 Safari/537.36 OPR/30.0.1835.59"
123.125.71.58 - - [17/Jun/2015:22:53:17 +0300] "GET / HTTP/1.0" 200 20170 "-" "Mozilla/5.0 (Windows NT 5.1; rv:6.0.2) Gecko/20100101 Firefox/6.0.2"
157.55.39.37 - - [17/Jun/2015:22:54:58 +0300] "GET /nova.html HTTP/1.0" 200 27607 "-" "Mozilla/5.0 (compatible; bingbot/2.0; +http://www.bing.com/bingbot.htm)"
123.125.71.20 - - [17/Jun/2015:22:55:03 +0300] "GET / HTTP/1.0" 200 20170 "-" "Mozilla/5.0 (Windows NT 5.1; rv:6.0.2) Gecko/20100101 Firefox/6.0.2"
108.62.115.226 - - [17/Jun/2015:22:56:16 +0300] "GET / HTTP/1.0" 200 20170 "-" "Pingdom.com_bot_version_1.4_(http://www.pingdom.com/)"
220.181.108.163 - - [17/Jun/2015:22:56:58 +0300] "GET / HTTP/1.0" 200 20170 "-" "Mozilla/5.0 (Windows NT 5.1; rv:6.0.2) Gecko/20100101 Firefox/6.0.2"
