176.113.251.53 - - [15/Jun/2015:08:53:50 +0300] "GET /cache/assets/15e1e423d7a27a0d8ee8e70b064c44eb.css HTTP/1.0" 200 44011 "http://citiex.com.ua/rus-2658-iii.html" "Mozilla/5.0 (Windows NT 6.3; WOW64) AppleWebKit/537.36 (KHTML, like Gecko) Chrome/43.0.2357.124 Safari/537.36"
176.113.251.53 - - [15/Jun/2015:08:53:53 +0300] "GET /templates/gk_aumi/lib/scripts/menu.php?style=suckerfish&width=1&height=1&opacity=1&animation=1&speed=250 HTTP/1.0" 200 253 "http://citiex.com.ua/rus-2658-iii.html" "Mozilla/5.0 (Windows NT 6.3; WOW64) AppleWebKit/537.36 (KHTML, like Gecko) Chrome/43.0.2357.124 Safari/537.36"
94.247.174.83 - - [15/Jun/2015:08:56:16 +0300] "GET / HTTP/1.0" 200 20170 "-" "Pingdom.com_bot_version_1.4_(http://www.pingdom.com/)"
204.152.200.42 - - [15/Jun/2015:09:01:16 +0300] "GET / HTTP/1.0" 200 20170 "-" "Pingdom.com_bot_version_1.4_(http://www.pingdom.com/)"
157.55.39.152 - - [15/Jun/2015:09:04:49 +0300] "GET /1-obschie-voprosy-po-ocenke-imuschestva/5-chto-takoe-aktualizaciya-otcheta-ob-ocenke.html HTTP/1.0" 200 29506 "-" "Mozilla/5.0 (compatible; bingbot/2.0; +http://www.bing.com/bingbot.htm)"
96.31.66.245 - - [15/Jun/2015:09:06:16 +0300] "GET / HTTP/1.0" 200 20170 "-" "Pingdom.com_bot_version_1.4_(http://www.pingdom.com/)"
85.17.156.11 - - [15/Jun/2015:09:11:16 +0300] "GET / HTTP/1.0" 200 20170 "-" "Pingdom.com_bot_version_1.4_(http://www.pingdom.com/)"
5.255.253.163 - - [15/Jun/2015:09:15:01 +0300] "GET /novoselickoe-bti.html HTTP/1.0" 200 17663 "-" "Mozilla/5.0 (compatible; YandexBot/3.0; +http://yandex.com/bots)"
188.138.124.110 - - [15/Jun/2015:09:16:16 +0300] "GET / HTTP/1.0" 200 20170 "-" "Pingdom.com_bot_version_1.4_(http://www.pingdom.com/)"
91.243.202.81 - - [15/Jun/2015:09:18:22 +0300] "GET /ocenka-avtomobiley-i-motociklov.html HTTP/1.0" 200 26795 "http://yandex.ru/msearch?text=%D0%BA%D0%B0%D0%BA%D0%B8%D0%B5%20%D0%B4%D0%BE%D0%BA%D1%83%D0%BC%D0%B5%D0%BD%D1%82%D1%8B%20%D0%BD%D1%83%D0%B6%D0%BD%D1%8B%20%D0%B4%D0%BB%D1%8F%20%D0%BE%D1%86%D0%B5%D0%BD%D0%BA%D0%B8%20%D0%B0%D0%B2%D1%82%D0%BE%20%D1%83%D0%BA%D1%80%D0%B0%D0%B8%D0%BD%D0%B0%20&clid=1697134&lr=29024&redircnt=1434349031.1" "Mozilla/5.0 (compatible; MSIE 9.0; Windows NT 6.1; Trident/5.0; XBLWP7; ZuneWP7)"
91.243.202.81 - - [15/Jun/2015:09:18:23 +0300] "GET /cache/assets/15e1e423d7a27a0d8ee8e70b064c44eb.css HTTP/1.0" 200 44011 "http://yandex.ru/msearch?text=%D0%BA%D0%B0%D0%BA%D0%B8%D0%B5%20%D0%B4%D0%BE%D0%BA%D1%83%D0%BC%D0%B5%D0%BD%D1%82%D1%8B%20%D0%BD%D1%83%D0%B6%D0%BD%D1%8B%20%D0%B4%D0%BB%D1%8F%20%D0%BE%D1%86%D0%B5%D0%BD%D0%BA%D0%B8%20%D0%B0%D0%B2%D1%82%D0%BE%20%D1%83%D0%BA%D1%80%D0%B0%D0%B8%D0%BD%D0%B0%20&clid=1697134&lr=29024&redircnt=1434349031.1" "Mozilla/5.0 (compatible; MSIE 9.0; Windows NT 6.1; Trident/5.0; XBLWP7; ZuneWP7)"
91.243.202.81 - - [15/Jun/2015:09:18:23 +0300] "GET /media/system/js/mootools.js HTTP/1.0" 200 74434 "http://yandex.ru/msearch?text=%D0%BA%D0%B0%D0%BA%D0%B8%D0%B5%20%D0%B4%D0%BE%D0%BA%D1%83%D0%BC%D0%B5%D0%BD%D1%82%D1%8B%20%D0%BD%D1%83%D0%B6%D0%BD%D1%8B%20%D0%B4%D0%BB%D1%8F%20%D0%BE%D1%86%D0%B5%D0%BD%D0%BA%D0%B8%20%D0%B0%D0%B2%D1%82%D0%BE%20%D1%83%D0%BA%D1%80%D0%B0%D0%B8%D0%BD%D0%B0%20&clid=1697134&lr=29024&redircnt=1434349031.1" "Mozilla/5.0 (compatible; MSIE 9.0; Windows NT 6.1; Trident/5.0; XBLWP7; ZuneWP7)"
91.243.202.81 - - [15/Jun/2015:09:18:23 +0300] "GET /media/system/js/caption.js HTTP/1.0" 200 1963 "http://yandex.ru/msearch?text=%D0%BA%D0%B0%D0%BA%D0%B8%D0%B5%20%D0%B4%D0%BE%D0%BA%D1%83%D0%BC%D0%B5%D0%BD%D1%82%D1%8B%20%D0%BD%D1%83%D0%B6%D0%BD%D1%8B%20%D0%B4%D0%BB%D1%8F%20%D0%BE%D1%86%D0%B5%D0%BD%D0%BA%D0%B8%20%D0%B0%D0%B2%D1%82%D0%BE%20%D1%83%D0%BA%D1%80%D0%B0%D0%B8%D0%BD%D0%B0%20&clid=1697134&lr=29024&redircnt=1434349031.1" "Mozilla/5.0 (compatible; MSIE 9.0; Windows NT 6.1; Trident/5.0; XBLWP7; ZuneWP7)"
91.243.202.81 - - [15/Jun/2015:09:18:23 +0300] "GET /media/system/js/modal.js HTTP/1.0" 200 10588 "http://yandex.ru/msearch?text=%D0%BA%D0%B0%D0%BA%D0%B8%D0%B5%20%D0%B4%D0%BE%D0%BA%D1%83%D0%BC%D0%B5%D0%BD%D1%82%D1%8B%20%D0%BD%D1%83%D0%B6%D0%BD%D1%8B%20%D0%B4%D0%BB%D1%8F%20%D0%BE%D1%86%D0%B5%D0%BD%D0%BA%D0%B8%20%D0%B0%D0%B2%D1%82%D0%BE%20%D1%83%D0%BA%D1%80%D0%B0%D0%B8%D0%BD%D0%B0%20&clid=1697134&lr=29024&redircnt=1434349031.1" "Mozilla/5.0 (compatible; MSIE 9.0; Windows NT 6.1; Trident/5.0; XBLWP7; ZuneWP7)"
91.243.202.81 - - [15/Jun/2015:09:18:23 +0300] "GET /templates/gk_aumi/lib/scripts/menu.php?style=suckerfish&width=1&height=1&opacity=1&animation=1&speed=250 HTTP/1.0" 200 253 "http://yandex.ru/msearch?text=%D0%BA%D0%B0%D0%BA%D0%B8%D0%B5%20%D0%B4%D0%BE%D0%BA%D1%83%D0%BC%D0%B5%D0%BD%D1%82%D1%8B%20%D0%BD%D1%83%D0%B6%D0%BD%D1%8B%20%D0%B4%D0%BB%D1%8F%20%D0%BE%D1%86%D0%B5%D0%BD%D0%BA%D0%B8%20%D0%B0%D0%B2%D1%82%D0%BE%20%D1%83%D0%BA%D1%80%D0%B0%D0%B8%D0%BD%D0%B0%20&clid=1697134&lr=29024&redircnt=1434349031.1" "Mozilla/5.0 (compatible; MSIE 9.0; Windows NT 6.1; Trident/5.0; XBLWP7; ZuneWP7)"
91.243.202.81 - - [15/Jun/2015:09:18:23 +0300] "GET /plugins/content/attachments_refresh.js HTTP/1.0" 200 1560 "http://yandex.ru/msearch?text=%D0%BA%D0%B0%D0%BA%D0%B8%D0%B5%20%D0%B4%D0%BE%D0%BA%D1%83%D0%BC%D0%B5%D0%BD%D1%82%D1%8B%20%D0%BD%D1%83%D0%B6%D0%BD%D1%8B%20%D0%B4%D0%BB%D1%8F%20%D0%BE%D1%86%D0%B5%D0%BD%D0%BA%D0%B8%20%D0%B0%D0%B2%D1%82%D0%BE%20%D1%83%D0%BA%D1%80%D0%B0%D0%B8%D0%BD%D0%B0%20&clid=1697134&lr=29024&redircnt=1434349031.1" "Mozilla/5.0 (compatible; MSIE 9.0; Windows NT 6.1; Trident/5.0; XBLWP7; ZuneWP7)"
91.243.202.81 - - [15/Jun/2015:09:18:23 +0300] "GET /templates/gk_aumi/images/logo.png HTTP/1.0" 200 6149 "http://yandex.ru/msearch?text=%D0%BA%D0%B0%D0%BA%D0%B8%D0%B5%20%D0%B4%D0%BE%D0%BA%D1%83%D0%BC%D0%B5%D0%BD%D1%82%D1%8B%20%D0%BD%D1%83%D0%B6%D0%BD%D1%8B%20%D0%B4%D0%BB%D1%8F%20%D0%BE%D1%86%D0%B5%D0%BD%D0%BA%D0%B8%20%D0%B0%D0%B2%D1%82%D0%BE%20%D1%83%D0%BA%D1%80%D0%B0%D0%B8%D0%BD%D0%B0%20&clid=1697134&lr=29024&redircnt=1434349031.1" "Mozilla/5.0 (compatible; MSIE 9.0; Windows NT 6.1; Trident/5.0; XBLWP7; ZuneWP7)"
91.243.202.81 - - [15/Jun/2015:09:18:23 +0300] "GET /templates/gk_aumi/lib/scripts/template_scripts.js HTTP/1.0" 200 2281 "http://yandex.ru/msearch?text=%D0%BA%D0%B0%D0%BA%D0%B8%D0%B5%20%D0%B4%D0%BE%D0%BA%D1%83%D0%BC%D0%B5%D0%BD%D1%82%D1%8B%20%D0%BD%D1%83%D0%B6%D0%BD%D1%8B%20%D0%B4%D0%BB%D1%8F%20%D0%BE%D1%86%D0%B5%D0%BD%D0%BA%D0%B8%20%D0%B0%D0%B2%D1%82%D0%BE%20%D1%83%D0%BA%D1%80%D0%B0%D0%B8%D0%BD%D0%B0%20&clid=1697134&lr=29024&redircnt=1434349031.1" "Mozilla/5.0 (compatible; MSIE 9.0; Windows NT 6.1; Trident/5.0; XBLWP7; ZuneWP7)"
91.243.202.81 - - [15/Jun/2015:09:18:23 +0300] "GET /templates/gk_aumi/lib/scripts/hltable.js HTTP/1.0" 200 3646 "http://yandex.ru/msearch?text=%D0%BA%D0%B0%D0%BA%D0%B8%D0%B5%20%D0%B4%D0%BE%D0%BA%D1%83%D0%BC%D0%B5%D0%BD%D1%82%D1%8B%20%D0%BD%D1%83%D0%B6%D0%BD%D1%8B%20%D0%B4%D0%BB%D1%8F%20%D0%BE%D1%86%D0%B5%D0%BD%D0%BA%D0%B8%20%D0%B0%D0%B2%D1%82%D0%BE%20%D1%83%D0%BA%D1%80%D0%B0%D0%B8%D0%BD%D0%B0%20&clid=1697134&lr=29024&redircnt=1434349031.1" "Mozilla/5.0 (compatible; MSIE 9.0; Windows NT 6.1; Trident/5.0; XBLWP7; ZuneWP7)"
91.243.202.81 - - [15/Jun/2015:09:18:23 +0300] "GET /components/com_sh404sef/images/external-black.png HTTP/1.0" 200 3621 "http://yandex.ru/msearch?text=%D0%BA%D0%B0%D0%BA%D0%B8%D0%B5%20%D0%B4%D0%BE%D0%BA%D1%83%D0%BC%D0%B5%D0%BD%D1%82%D1%8B%20%D0%BD%D1%83%D0%B6%D0%BD%D1%8B%20%D0%B4%D0%BB%D1%8F%20%D0%BE%D1%86%D0%B5%D0%BD%D0%BA%D0%B8%20%D0%B0%D0%B2%D1%82%D0%BE%20%D1%83%D0%BA%D1%80%D0%B0%D0%B8%D0%BD%D0%B0%20&clid=1697134&lr=29024&redircnt=1434349031.1" "Mozilla/5.0 (compatible; MSIE 9.0; Windows NT 6.1; Trident/5.0; XBLWP7; ZuneWP7)"
91.243.202.81 - - [15/Jun/2015:09:18:24 +0300] "GET /templates/gk_aumi/images/bg_content_top.png HTTP/1.0" 200 133 "http://yandex.ru/msearch?text=%D0%BA%D0%B0%D0%BA%D0%B8%D0%B5%20%D0%B4%D0%BE%D0%BA%D1%83%D0%BC%D0%B5%D0%BD%D1%82%D1%8B%20%D0%BD%D1%83%D0%B6%D0%BD%D1%8B%20%D0%B4%D0%BB%D1%8F%20%D0%BE%D1%86%D0%B5%D0%BD%D0%BA%D0%B8%20%D0%B0%D0%B2%D1%82%D0%BE%20%D1%83%D0%BA%D1%80%D0%B0%D0%B8%D0%BD%D0%B0%20&clid=1697134&lr=29024&redircnt=1434349031.1" "Mozilla/5.0 (compatible; MSIE 9.0; Windows NT 6.1; Trident/5.0; XBLWP7; ZuneWP7)"
91.243.202.81 - - [15/Jun/2015:09:18:24 +0300] "GET /templates/gk_aumi/images/bg_content_middle.png HTTP/1.0" 200 89 "http://yandex.ru/msearch?text=%D0%BA%D0%B0%D0%BA%D0%B8%D0%B5%20%D0%B4%D0%BE%D0%BA%D1%83%D0%BC%D0%B5%D0%BD%D1%82%D1%8B%20%D0%BD%D1%83%D0%B6%D0%BD%D1%8B%20%D0%B4%D0%BB%D1%8F%20%D0%BE%D1%86%D0%B5%D0%BD%D0%BA%D0%B8%20%D0%B0%D0%B2%D1%82%D0%BE%20%D1%83%D0%BA%D1%80%D0%B0%D0%B8%D0%BD%D0%B0%20&clid=1697134&lr=29024&redircnt=1434349031.1" "Mozilla/5.0 (compatible; MSIE 9.0; Windows NT 6.1; Trident/5.0; XBLWP7; ZuneWP7)"
91.243.202.81 - - [15/Jun/2015:09:18:24 +0300] "GET /templates/gk_aumi/images/bg_top.png HTTP/1.0" 200 321 "http://yandex.ru/msearch?text=%D0%BA%D0%B0%D0%BA%D0%B8%D0%B5%20%D0%B4%D0%BE%D0%BA%D1%83%D0%BC%D0%B5%D0%BD%D1%82%D1%8B%20%D0%BD%D1%83%D0%B6%D0%BD%D1%8B%20%D0%B4%D0%BB%D1%8F%20%D0%BE%D1%86%D0%B5%D0%BD%D0%BA%D0%B8%20%D0%B0%D0%B2%D1%82%D0%BE%20%D1%83%D0%BA%D1%80%D0%B0%D0%B8%D0%BD%D0%B0%20&clid=1697134&lr=29024&redircnt=1434349031.1" "Mozilla/5.0 (compatible; MSIE 9.0; Windows NT 6.1; Trident/5.0; XBLWP7; ZuneWP7)"
91.243.202.81 - - [15/Jun/2015:09:18:24 +0300] "GET /templates/gk_aumi/images/bullet.png HTTP/1.0" 200 2887 "http://yandex.ru/msearch?text=%D0%BA%D0%B0%D0%BA%D0%B8%D0%B5%20%D0%B4%D0%BE%D0%BA%D1%83%D0%BC%D0%B5%D0%BD%D1%82%D1%8B%20%D0%BD%D1%83%D0%B6%D0%BD%D1%8B%20%D0%B4%D0%BB%D1%8F%20%D0%BE%D1%86%D0%B5%D0%BD%D0%BA%D0%B8%20%D0%B0%D0%B2%D1%82%D0%BE%20%D1%83%D0%BA%D1%80%D0%B0%D0%B8%D0%BD%D0%B0%20&clid=1697134&lr=29024&redircnt=1434349031.1" "Mozilla/5.0 (compatible; MSIE 9.0; Windows NT 6.1; Trident/5.0; XBLWP7; ZuneWP7)"
91.243.202.81 - - [15/Jun/2015:09:18:24 +0300] "GET /templates/gk_aumi/images/menu_li.png HTTP/1.0" 200 181 "http://yandex.ru/msearch?text=%D0%BA%D0%B0%D0%BA%D0%B8%D0%B5%20%D0%B4%D0%BE%D0%BA%D1%83%D0%BC%D0%B5%D0%BD%D1%82%D1%8B%20%D0%BD%D1%83%D0%B6%D0%BD%D1%8B%20%D0%B4%D0%BB%D1%8F%20%D0%BE%D1%86%D0%B5%D0%BD%D0%BA%D0%B8%20%D0%B0%D0%B2%D1%82%D0%BE%20%D1%83%D0%BA%D1%80%D0%B0%D0%B8%D0%BD%D0%B0%20&clid=1697134&lr=29024&redircnt=1434349031.1" "Mozilla/5.0 (compatible; MSIE 9.0; Windows NT 6.1; Trident/5.0; XBLWP7; ZuneWP7)"
91.243.202.81 - - [15/Jun/2015:09:18:24 +0300] "GET /templates/gk_aumi/images/bg_footer.png HTTP/1.0" 200 325 "http://yandex.ru/msearch?text=%D0%BA%D0%B0%D0%BA%D0%B8%D0%B5%20%D0%B4%D0%BE%D0%BA%D1%83%D0%BC%D0%B5%D0%BD%D1%82%D1%8B%20%D0%BD%D1%83%D0%B6%D0%BD%D1%8B%20%D0%B4%D0%BB%D1%8F%20%D0%BE%D1%86%D0%B5%D0%BD%D0%BA%D0%B8%20%D0%B0%D0%B2%D1%82%D0%BE%20%D1%83%D0%BA%D1%80%D0%B0%D0%B8%D0%BD%D0%B0%20&clid=1697134&lr=29024&redircnt=1434349031.1" "Mozilla/5.0 (compatible; MSIE 9.0; Windows NT 6.1; Trident/5.0; XBLWP7; ZuneWP7)"
91.243.202.81 - - [15/Jun/2015:09:18:24 +0300] "GET /templates/gk_aumi/images/module_default/mod_tlb.png HTTP/1.0" 200 231 "http://yandex.ru/msearch?text=%D0%BA%D0%B0%D0%BA%D0%B8%D0%B5%20%D0%B4%D0%BE%D0%BA%D1%83%D0%BC%D0%B5%D0%BD%D1%82%D1%8B%20%D0%BD%D1%83%D0%B6%D0%BD%D1%8B%20%D0%B4%D0%BB%D1%8F%20%D0%BE%D1%86%D0%B5%D0%BD%D0%BA%D0%B8%20%D0%B0%D0%B2%D1%82%D0%BE%20%D1%83%D0%BA%D1%80%D0%B0%D0%B8%D0%BD%D0%B0%20&clid=1697134&lr=29024&redircnt=1434349031.1" "Mozilla/5.0 (compatible; MSIE 9.0; Windows NT 6.1; Trident/5.0; XBLWP7; ZuneWP7)"
91.243.202.81 - - [15/Jun/2015:09:18:24 +0300] "GET /templates/gk_aumi/images/module_default/mod_trb.png HTTP/1.0" 200 468 "http://yandex.ru/msearch?text=%D0%BA%D0%B0%D0%BA%D0%B8%D0%B5%20%D0%B4%D0%BE%D0%BA%D1%83%D0%BC%D0%B5%D0%BD%D1%82%D1%8B%20%D0%BD%D1%83%D0%B6%D0%BD%D1%8B%20%D0%B4%D0%BB%D1%8F%20%D0%BE%D1%86%D0%B5%D0%BD%D0%BA%D0%B8%20%D0%B0%D0%B2%D1%82%D0%BE%20%D1%83%D0%BA%D1%80%D0%B0%D0%B8%D0%BD%D0%B0%20&clid=1697134&lr=29024&redircnt=1434349031.1" "Mozilla/5.0 (compatible; MSIE 9.0; Windows NT 6.1; Trident/5.0; XBLWP7; ZuneWP7)"
72.46.130.42 - - [15/Jun/2015:09:21:16 +0300] "GET / HTTP/1.0" 200 20170 "-" "Pingdom.com_bot_version_1.4_(http://www.pingdom.com/)"
178.255.153.2 - - [15/Jun/2015:09:26:16 +0300] "GET / HTTP/1.0" 200 20170 "-" "Pingdom.com_bot_version_1.4_(http://www.pingdom.com/)"
108.62.115.226 - - [15/Jun/2015:09:31:16 +0300] "GET / HTTP/1.0" 200 20170 "-" "Pingdom.com_bot_version_1.4_(http://www.pingdom.com/)"
184.75.209.18 - - [15/Jun/2015:09:36:16 +0300] "GET / HTTP/1.0" 200 20170 "-" "Pingdom.com_bot_version_1.4_(http://www.pingdom.com/)"
199.87.228.66 - - [15/Jun/2015:09:41:16 +0300] "GET / HTTP/1.0" 200 20170 "-" "Pingdom.com_bot_version_1.4_(http://www.pingdom.com/)"
66.249.65.142 - - [15/Jun/2015:09:42:02 +0300] "GET /sotrudnichestvo-strahovye-kompanii.html HTTP/1.0" 200 16456 "-" "Mozilla/5.0 (iPhone; CPU iPhone OS 6_0 like Mac OS X) AppleWebKit/536.26 (KHTML, like Gecko) Version/6.0 Mobile/10A5376e Safari/8536.25 (compatible; Googlebot/2.1; +http://www.google.com/bot.html)"
94.181.180.194 - - [15/Jun/2015:09:43:07 +0300] "GET / HTTP/1.0" 200 20170 "-" "-"
94.247.174.83 - - [15/Jun/2015:09:46:16 +0300] "GET / HTTP/1.0" 200 20170 "-" "Pingdom.com_bot_version_1.4_(http://www.pingdom.com/)"
204.152.200.42 - - [15/Jun/2015:09:51:16 +0300] "GET / HTTP/1.0" 200 20170 "-" "Pingdom.com_bot_version_1.4_(http://www.pingdom.com/)"
157.55.39.136 - - [15/Jun/2015:09:51:44 +0300] "GET /slovar-terminov/slovar-ocenschika-nedvizhimost-i-ipoteka-2/%d0%9a.html HTTP/1.0" 200 29524 "-" "Mozilla/5.0 (compatible; bingbot/2.0; +http://www.bing.com/bingbot.htm)"
208.115.111.71 - - [15/Jun/2015:09:53:10 +0300] "GET /robots.txt HTTP/1.0" 200 304 "-" "Mozilla/5.0 (compatible; DotBot/1.1; http://www.opensiteexplorer.org/dotbot, help@moz.com)"
96.31.66.245 - - [15/Jun/2015:09:56:16 +0300] "GET / HTTP/1.0" 200 20170 "-" "Pingdom.com_bot_version_1.4_(http://www.pingdom.com/)"
5.255.253.163 - - [15/Jun/2015:09:56:51 +0300] "GET /rus-2163-xii.html HTTP/1.0" 200 177107 "-" "Mozilla/5.0 (compatible; YandexBot/3.0; +http://yandex.com/bots)"
85.17.156.11 - - [15/Jun/2015:10:01:16 +0300] "GET / HTTP/1.0" 200 20170 "-" "Pingdom.com_bot_version_1.4_(http://www.pingdom.com/)"
188.138.124.110 - - [15/Jun/2015:10:06:16 +0300] "GET / HTTP/1.0" 200 20170 "-" "Pingdom.com_bot_version_1.4_(http://www.pingdom.com/)"
72.46.130.42 - - [15/Jun/2015:10:11:16 +0300] "GET / HTTP/1.0" 200 20170 "-" "Pingdom.com_bot_version_1.4_(http://www.pingdom.com/)"
195.211.187.159 - - [15/Jun/2015:10:16:03 +0300] "GET /ocenka-sudov-i-korabley.html HTTP/1.0" 200 29796 "https://www.google.com.ua/" "Mozilla/5.0 (Windows NT 6.2; WOW64) AppleWebKit/537.36 (KHTML, like Gecko) Chrome/43.0.2357.81 Safari/537.36 OPR/30.0.1835.59"
195.211.187.159 - - [15/Jun/2015:10:16:03 +0300] "GET /cache/assets/15e1e423d7a27a0d8ee8e70b064c44eb.css HTTP/1.0" 200 44011 "http://citiex.com.ua/ocenka-sudov-i-korabley.html" "Mozilla/5.0 (Windows NT 6.2; WOW64) AppleWebKit/537.36 (KHTML, like Gecko) Chrome/43.0.2357.81 Safari/537.36 OPR/30.0.1835.59"
195.211.187.159 - - [15/Jun/2015:10:16:04 +0300] "GET /plugins/content/attachments_refresh.js HTTP/1.0" 200 1560 "http://citiex.com.ua/ocenka-sudov-i-korabley.html" "Mozilla/5.0 (Windows NT 6.2; WOW64) AppleWebKit/537.36 (KHTML, like Gecko) Chrome/43.0.2357.81 Safari/537.36 OPR/30.0.1835.59"
195.211.187.159 - - [15/Jun/2015:10:16:04 +0300] "GET /templates/gk_aumi/lib/scripts/menu.php?style=suckerfish&width=1&height=1&opacity=1&animation=1&speed=250 HTTP/1.0" 200 253 "http://citiex.com.ua/ocenka-sudov-i-korabley.html" "Mozilla/5.0 (Windows NT 6.2; WOW64) AppleWebKit/537.36 (KHTML, like Gecko) Chrome/43.0.2357.81 Safari/537.36 OPR/30.0.1835.59"
195.211.187.159 - - [15/Jun/2015:10:16:04 +0300] "GET /media/system/js/modal.js HTTP/1.0" 200 10588 "http://citiex.com.ua/ocenka-sudov-i-korabley.html" "Mozilla/5.0 (Windows NT 6.2; WOW64) AppleWebKit/537.36 (KHTML, like Gecko) Chrome/43.0.2357.81 Safari/537.36 OPR/30.0.1835.59"
195.211.187.159 - - [15/Jun/2015:10:16:04 +0300] "GET /media/system/js/caption.js HTTP/1.0" 200 1963 "http://citiex.com.ua/ocenka-sudov-i-korabley.html" "Mozilla/5.0 (Windows NT 6.2; WOW64) AppleWebKit/537.36 (KHTML, like Gecko) Chrome/43.0.2357.81 Safari/537.36 OPR/30.0.1835.59"
195.211.187.159 - - [15/Jun/2015:10:16:04 +0300] "GET /media/system/js/mootools.js HTTP/1.0" 200 74434 "http://citiex.com.ua/ocenka-sudov-i-korabley.html" "Mozilla/5.0 (Windows NT 6.2; WOW64) AppleWebKit/537.36 (KHTML, like Gecko) Chrome/43.0.2357.81 Safari/537.36 OPR/30.0.1835.59"
195.211.187.159 - - [15/Jun/2015:10:16:04 +0300] "GET /templates/gk_aumi/images/logo.png HTTP/1.0" 200 6149 "http://citiex.com.ua/ocenka-sudov-i-korabley.html" "Mozilla/5.0 (Windows NT 6.2; WOW64) AppleWebKit/537.36 (KHTML, like Gecko) Chrome/43.0.2357.81 Safari/537.36 OPR/30.0.1835.59"
195.211.187.159 - - [15/Jun/2015:10:16:04 +0300] "GET /components/com_sh404sef/images/external-black.png HTTP/1.0" 200 3621 "http://citiex.com.ua/ocenka-sudov-i-korabley.html" "Mozilla/5.0 (Windows NT 6.2; WOW64) AppleWebKit/537.36 (KHTML, like Gecko) Chrome/43.0.2357.81 Safari/537.36 OPR/30.0.1835.59"
195.211.187.159 - - [15/Jun/2015:10:16:04 +0300] "GET /templates/gk_aumi/images/bg_top.png HTTP/1.0" 200 321 "http://citiex.com.ua/cache/assets/15e1e423d7a27a0d8ee8e70b064c44eb.css" "Mozilla/5.0 (Windows NT 6.2; WOW64) AppleWebKit/537.36 (KHTML, like Gecko) Chrome/43.0.2357.81 Safari/537.36 OPR/30.0.1835.59"
195.211.187.159 - - [15/Jun/2015:10:16:04 +0300] "GET /templates/gk_aumi/images/menu_li.png HTTP/1.0" 200 181 "http://citiex.com.ua/cache/assets/15e1e423d7a27a0d8ee8e70b064c44eb.css" "Mozilla/5.0 (Windows NT 6.2; WOW64) AppleWebKit/537.36 (KHTML, like Gecko) Chrome/43.0.2357.81 Safari/537.36 OPR/30.0.1835.59"
195.211.187.159 - - [15/Jun/2015:10:16:04 +0300] "GET /templates/gk_aumi/images/bg_content_middle.png HTTP/1.0" 200 89 "http://citiex.com.ua/cache/assets/15e1e423d7a27a0d8ee8e70b064c44eb.css" "Mozilla/5.0 (Windows NT 6.2; WOW64) AppleWebKit/537.36 (KHTML, like Gecko) Chrome/43.0.2357.81 Safari/537.36 OPR/30.0.1835.59"
195.211.187.159 - - [15/Jun/2015:10:16:04 +0300] "GET /templates/gk_aumi/images/bg_content_top.png HTTP/1.0" 200 133 "http://citiex.com.ua/cache/assets/15e1e423d7a27a0d8ee8e70b064c44eb.css" "Mozilla/5.0 (Windows NT 6.2; WOW64) AppleWebKit/537.36 (KHTML, like Gecko) Chrome/43.0.2357.81 Safari/537.36 OPR/30.0.1835.59"
195.211.187.159 - - [15/Jun/2015:10:16:04 +0300] "GET /templates/gk_aumi/images/bullet.png HTTP/1.0" 200 2887 "http://citiex.com.ua/cache/assets/15e1e423d7a27a0d8ee8e70b064c44eb.css" "Mozilla/5.0 (Windows NT 6.2; WOW64) AppleWebKit/537.36 (KHTML, like Gecko) Chrome/43.0.2357.81 Safari/537.36 OPR/30.0.1835.59"
195.211.187.159 - - [15/Jun/2015:10:16:04 +0300] "GET /templates/gk_aumi/images/module_default/mod_trb.png HTTP/1.0" 200 468 "http://citiex.com.ua/cache/assets/15e1e423d7a27a0d8ee8e70b064c44eb.css" "Mozilla/5.0 (Windows NT 6.2; WOW64) AppleWebKit/537.36 (KHTML, like Gecko) Chrome/43.0.2357.81 Safari/537.36 OPR/30.0.1835.59"
195.211.187.159 - - [15/Jun/2015:10:16:04 +0300] "GET /templates/gk_aumi/images/module_default/mod_tlb.png HTTP/1.0" 200 231 "http://citiex.com.ua/cache/assets/15e1e423d7a27a0d8ee8e70b064c44eb.css" "Mozilla/5.0 (Windows NT 6.2; WOW64) AppleWebKit/537.36 (KHTML, like Gecko) Chrome/43.0.2357.81 Safari/537.36 OPR/30.0.1835.59"
195.211.187.159 - - [15/Jun/2015:10:16:04 +0300] "GET /templates/gk_aumi/images/bg_footer.png HTTP/1.0" 200 325 "http://citiex.com.ua/cache/assets/15e1e423d7a27a0d8ee8e70b064c44eb.css" "Mozilla/5.0 (Windows NT 6.2; WOW64) AppleWebKit/537.36 (KHTML, like Gecko) Chrome/43.0.2357.81 Safari/537.36 OPR/30.0.1835.59"
195.211.187.159 - - [15/Jun/2015:10:16:04 +0300] "GET /templates/gk_aumi/favicon.ico HTTP/1.0" 200 1406 "http://citiex.com.ua/ocenka-sudov-i-korabley.html" "Mozilla/5.0 (Windows NT 6.2; WOW64) AppleWebKit/537.36 (KHTML, like Gecko) Chrome/43.0.2357.81 Safari/537.36 OPR/30.0.1835.59"
178.255.153.2 - - [15/Jun/2015:10:16:16 +0300] "GET / HTTP/1.0" 200 20170 "-" "Pingdom.com_bot_version_1.4_(http://www.pingdom.com/)"
108.62.115.226 - - [15/Jun/2015:10:21:16 +0300] "GET / HTTP/1.0" 200 20170 "-" "Pingdom.com_bot_version_1.4_(http://www.pingdom.com/)"
184.75.209.18 - - [15/Jun/2015:10:26:16 +0300] "GET / HTTP/1.0" 200 20170 "-" "Pingdom.com_bot_version_1.4_(http://www.pingdom.com/)"
5.255.253.210 - - [15/Jun/2015:10:29:43 +0300] "GET /rus-2658-iii.html HTTP/1.0" 200 122715 "-" "Mozilla/5.0 (compatible; YandexBot/3.0; +http://yandex.com/bots)"
199.87.228.66 - - [15/Jun/2015:10:31:16 +0300] "GET / HTTP/1.0" 200 20170 "-" "Pingdom.com_bot_version_1.4_(http://www.pingdom.com/)"
157.55.39.37 - - [15/Jun/2015:10:32:09 +0300] "GET /3-voprosy-po-ocenke-nedvizhimogo-imuschestva.html HTTP/1.0" 200 30088 "-" "Mozilla/5.0 (compatible; bingbot/2.0; +http://www.bing.com/bingbot.htm)"
94.247.174.83 - - [15/Jun/2015:10:36:16 +0300] "GET / HTTP/1.0" 200 20170 "-" "Pingdom.com_bot_version_1.4_(http://www.pingdom.com/)"
157.55.39.37 - - [15/Jun/2015:10:39:41 +0300] "GET /slovar-terminov/slovar-ocenschika-obschie-terminy-1/%d0%95.html HTTP/1.0" 200 16016 "-" "Mozilla/5.0 (compatible; bingbot/2.0; +http://www.bing.com/bingbot.htm)"
157.55.39.136 - - [15/Jun/2015:10:40:52 +0300] "GET /ocenka-jd-transporta.html HTTP/1.0" 200 26185 "-" "Mozilla/5.0 (compatible; bingbot/2.0; +http://www.bing.com/bingbot.htm)"
204.152.200.42 - - [15/Jun/2015:10:41:16 +0300] "GET / HTTP/1.0" 200 20170 "-" "Pingdom.com_bot_version_1.4_(http://www.pingdom.com/)"
96.31.66.245 - - [15/Jun/2015:10:46:16 +0300] "GET / HTTP/1.0" 200 20170 "-" "Pingdom.com_bot_version_1.4_(http://www.pingdom.com/)"
85.17.156.11 - - [15/Jun/2015:10:51:16 +0300] "GET / HTTP/1.0" 200 20170 "-" "Pingdom.com_bot_version_1.4_(http://www.pingdom.com/)"
5.255.253.163 - - [15/Jun/2015:10:53:18 +0300] "GET /energodarskoe-bti.html HTTP/1.0" 200 17681 "-" "Mozilla/5.0 (compatible; YandexBot/3.0; +http://yandex.com/bots)"
188.138.124.110 - - [15/Jun/2015:10:56:16 +0300] "GET / HTTP/1.0" 200 20170 "-" "Pingdom.com_bot_version_1.4_(http://www.pingdom.com/)"
72.46.130.42 - - [15/Jun/2015:11:01:16 +0300] "GET / HTTP/1.0" 200 20170 "-" "Pingdom.com_bot_version_1.4_(http://www.pingdom.com/)"
178.255.153.2 - - [15/Jun/2015:11:06:16 +0300] "GET / HTTP/1.0" 200 20170 "-" "Pingdom.com_bot_version_1.4_(http://www.pingdom.com/)"
108.62.115.226 - - [15/Jun/2015:11:11:16 +0300] "GET / HTTP/1.0" 200 20170 "-" "Pingdom.com_bot_version_1.4_(http://www.pingdom.com/)"
184.75.209.18 - - [15/Jun/2015:11:16:16 +0300] "GET / HTTP/1.0" 200 20170 "-" "Pingdom.com_bot_version_1.4_(http://www.pingdom.com/)"
208.115.111.71 - - [15/Jun/2015:11:21:14 +0300] "GET /sotrudnichay-s-citiex.html HTTP/1.0" 200 15439 "-" "Mozilla/5.0 (compatible; DotBot/1.1; http://www.opensiteexplorer.org/dotbot, help@moz.com)"
199.87.228.66 - - [15/Jun/2015:11:21:16 +0300] "GET / HTTP/1.0" 200 20170 "-" "Pingdom.com_bot_version_1.4_(http://www.pingdom.com/)"
94.247.174.83 - - [15/Jun/2015:11:26:16 +0300] "GET / HTTP/1.0" 200 20170 "-" "Pingdom.com_bot_version_1.4_(http://www.pingdom.com/)"
157.55.39.47 - - [15/Jun/2015:11:29:11 +0300] "GET /hdi-strahuvannya.html HTTP/1.0" 200 27607 "-" "Mozilla/5.0 (compatible; bingbot/2.0; +http://www.bing.com/bingbot.htm)"
204.152.200.42 - - [15/Jun/2015:11:31:16 +0300] "GET / HTTP/1.0" 200 20170 "-" "Pingdom.com_bot_version_1.4_(http://www.pingdom.com/)"
5.255.253.163 - - [15/Jun/2015:11:35:35 +0300] "GET /slovar-terminov/slovar-ocenschika-oborudovanie-6/%d0%a2/tiski-stanochnye-3345.html HTTP/1.0" 200 14778 "-" "Mozilla/5.0 (compatible; YandexBot/3.0; +http://yandex.com/bots)"
96.31.66.245 - - [15/Jun/2015:11:36:16 +0300] "GET / HTTP/1.0" 200 20170 "-" "Pingdom.com_bot_version_1.4_(http://www.pingdom.com/)"
85.17.156.11 - - [15/Jun/2015:11:41:16 +0300] "GET / HTTP/1.0" 200 20170 "-" "Pingdom.com_bot_version_1.4_(http://www.pingdom.com/)"
94.179.126.116 - - [15/Jun/2015:11:44:44 +0300] "GET /ukr-2269-xii.html HTTP/1.0" 200 117674 "http://yandex.ua/clck/jsredir?from=yandex.ua%3Bsearch%2F%3Bweb%3B%3B&text=&etext=720.M2H_T3TIHdKyHOZFf8Mz0W7T30ANAJ7MFrtqJh-jTeydYLex9QFwf_cuS8YS2wQqNOZf_91IxIMQHAJrl_V0_XJB_Gqs-FhX7bWA-JIUtOI.5c0f120c1c459b4a51d1d655ca38a6c9718cc0b3&uuid=&state=PEtFfuTeVD5kpHnK9lio9ThluiZ1G4ojQRnDqP1wRIksVwuBYCzfSeWNj0Fktqcd&data=UlNrNmk5WktYejR0eWJFYk1LdmtxZ0IwM0xtOGFxVG5XOFNaM2VaM051ZkJsSmpFcjZnMjdmWVRPR0lvWnVadHp3b1VHNkZDa2g3WS1YSTBEN3FaUmRPY1luMWYtSUJMY09Mcm1BS0tNYk9ya1hhVGE4SkRQdw&b64e=2&sign=d1da6aa9382e4f82440894b46023de45&keyno=0&cst=AiuY0DBWFJ7IXge4WdYJQUwx-V3Lui2mrhznJSvm6xj2tg5RllPfHJuKmzi-CqalKpCMPbcs4U9PhwYVbawu0BU6knlJ5A6okkd8bGbxq7Uicxtep3Ol6rP34nog2MP6OFVwDYY7XhvcsPR8J973XsTVplf347jDJ59shHcG6Mxq66c0voAmfcsufCvBfosL25Rbitrt8nUX3RU388T1N7SjfLqG3TVUvifQL50CpVRmU9TJMyIb--EctyIs8gGutIpN1r85wArwgyj5TmfPd9kbeXoYBl0CdJ7iTiXodgfMQfZY7GrGkZBOeBrvnI6PeGzwloMYHU3WLYvY_Jg-_TVA0Ay-53Clm0VErTZm38mY5OPHzAQQpsD6DWtjtrDq3f1fc826hvYXv17_bjG5iffAwEzGrLEtLgpvTW6FfCKoOGkapF7dQP51HUKvaqMhaOElVuhFAIt-QFRKueKSY06wSCU_fXIcsRudQaTUnFqB311SjCZ-bhha5OgFrTyF&ref=cM777e4sMODZ_bseNIiUXLLP1hUpxJxqE9N91wKY9TwQdVzZ0hg-Qz4p6QAN-x8R4ast7uy9xma4LUWC8n0T8I6HhwDmsEHDFYE3InAwnkSgKel6NLDUjpXJVJSVVDa8Tg5qg_mYDV3_GSJhovcrhT7Jw3ZIfHgJca9QDRrlBfmYEPQzB9bovQOs1dnXTzLrkOuQP0H8K2J9vyJMQblOGFKfJc1-EgRvTIs84JaXxaM1O73sns5rH7cipntxmECxLMftz37_F0vdOkLKiD4OCqDBWZG9nGhqbBcGeqxB9Ny1-wtUty2m7RwRqiIGqTlapQa8tV-qnBBPz-8pwTvQce-X6fP4Rqvt0ENFW6Y1w5A&l10n=uk&cts=1434357746812&mc=4.654614857333293" "Mozilla/5.0 (Windows NT 5.1) AppleWebKit/537.36 (KHTML, like Gecko) Chrome/43.0.2357.81 Safari/537.36 OPR/30.0.1835.59"
94.179.126.116 - - [15/Jun/2015:11:44:46 +0300] "GET /cache/assets/15e1e423d7a27a0d8ee8e70b064c44eb.css HTTP/1.0" 200 44011 "http://citiex.com.ua/ukr-2269-xii.html" "Mozilla/5.0 (Windows NT 5.1) AppleWebKit/537.36 (KHTML, like Gecko) Chrome/43.0.2357.81 Safari/537.36 OPR/30.0.1835.59"
94.179.126.116 - - [15/Jun/2015:11:44:46 +0300] "GET /media/system/js/mootools.js HTTP/1.0" 200 74434 "http://citiex.com.ua/ukr-2269-xii.html" "Mozilla/5.0 (Windows NT 5.1) AppleWebKit/537.36 (KHTML, like Gecko) Chrome/43.0.2357.81 Safari/537.36 OPR/30.0.1835.59"
94.179.126.116 - - [15/Jun/2015:11:44:46 +0300] "GET /media/system/js/caption.js HTTP/1.0" 200 1963 "http://citiex.com.ua/ukr-2269-xii.html" "Mozilla/5.0 (Windows NT 5.1) AppleWebKit/537.36 (KHTML, like Gecko) Chrome/43.0.2357.81 Safari/537.36 OPR/30.0.1835.59"
94.179.126.116 - - [15/Jun/2015:11:44:46 +0300] "GET /plugins/content/attachments_refresh.js HTTP/1.0" 200 1560 "http://citiex.com.ua/ukr-2269-xii.html" "Mozilla/5.0 (Windows NT 5.1) AppleWebKit/537.36 (KHTML, like Gecko) Chrome/43.0.2357.81 Safari/537.36 OPR/30.0.1835.59"
94.179.126.116 - - [15/Jun/2015:11:44:46 +0300] "GET /media/system/js/modal.js HTTP/1.0" 200 10588 "http://citiex.com.ua/ukr-2269-xii.html" "Mozilla/5.0 (Windows NT 5.1) AppleWebKit/537.36 (KHTML, like Gecko) Chrome/43.0.2357.81 Safari/537.36 OPR/30.0.1835.59"
94.179.126.116 - - [15/Jun/2015:11:44:46 +0300] "GET /templates/gk_aumi/lib/scripts/template_scripts.js HTTP/1.0" 200 2281 "http://citiex.com.ua/ukr-2269-xii.html" "Mozilla/5.0 (Windows NT 5.1) AppleWebKit/537.36 (KHTML, like Gecko) Chrome/43.0.2357.81 Safari/537.36 OPR/30.0.1835.59"
94.179.126.116 - - [15/Jun/2015:11:44:46 +0300] "GET /templates/gk_aumi/lib/scripts/hltable.js HTTP/1.0" 200 3646 "http://citiex.com.ua/ukr-2269-xii.html" "Mozilla/5.0 (Windows NT 5.1) AppleWebKit/537.36 (KHTML, like Gecko) Chrome/43.0.2357.81 Safari/537.36 OPR/30.0.1835.59"
94.179.126.116 - - [15/Jun/2015:11:44:46 +0300] "GET /templates/gk_aumi/lib/scripts/menu.php?style=suckerfish&width=1&height=1&opacity=1&animation=1&speed=250 HTTP/1.0" 200 253 "http://citiex.com.ua/ukr-2269-xii.html" "Mozilla/5.0 (Windows NT 5.1) AppleWebKit/537.36 (KHTML, like Gecko) Chrome/43.0.2357.81 Safari/537.36 OPR/30.0.1835.59"
94.179.126.116 - - [15/Jun/2015:11:44:47 +0300] "GET /templates/gk_aumi/images/bg_content_middle.png HTTP/1.0" 200 89 "http://citiex.com.ua/cache/assets/15e1e423d7a27a0d8ee8e70b064c44eb.css" "Mozilla/5.0 (Windows NT 5.1) AppleWebKit/537.36 (KHTML, like Gecko) Chrome/43.0.2357.81 Safari/537.36 OPR/30.0.1835.59"
94.179.126.116 - - [15/Jun/2015:11:44:47 +0300] "GET /templates/gk_aumi/images/bg_content_top.png HTTP/1.0" 200 133 "http://citiex.com.ua/cache/assets/15e1e423d7a27a0d8ee8e70b064c44eb.css" "Mozilla/5.0 (Windows NT 5.1) AppleWebKit/537.36 (KHTML, like Gecko) Chrome/43.0.2357.81 Safari/537.36 OPR/30.0.1835.59"
94.179.126.116 - - [15/Jun/2015:11:44:47 +0300] "GET /templates/gk_aumi/images/logo.png HTTP/1.0" 200 6149 "http://citiex.com.ua/ukr-2269-xii.html" "Mozilla/5.0 (Windows NT 5.1) AppleWebKit/537.36 (KHTML, like Gecko) Chrome/43.0.2357.81 Safari/537.36 OPR/30.0.1835.59"
94.179.126.116 - - [15/Jun/2015:11:44:47 +0300] "GET /templates/gk_aumi/images/bg_top.png HTTP/1.0" 200 321 "http://citiex.com.ua/cache/assets/15e1e423d7a27a0d8ee8e70b064c44eb.css" "Mozilla/5.0 (Windows NT 5.1) AppleWebKit/537.36 (KHTML, like Gecko) Chrome/43.0.2357.81 Safari/537.36 OPR/30.0.1835.59"
94.179.126.116 - - [15/Jun/2015:11:44:47 +0300] "GET /components/com_sh404sef/images/external-black.png HTTP/1.0" 200 3621 "http://citiex.com.ua/ukr-2269-xii.html" "Mozilla/5.0 (Windows NT 5.1) AppleWebKit/537.36 (KHTML, like Gecko) Chrome/43.0.2357.81 Safari/537.36 OPR/30.0.1835.59"
94.179.126.116 - - [15/Jun/2015:11:44:47 +0300] "GET /templates/gk_aumi/images/bg_footer.png HTTP/1.0" 200 325 "http://citiex.com.ua/cache/assets/15e1e423d7a27a0d8ee8e70b064c44eb.css" "Mozilla/5.0 (Windows NT 5.1) AppleWebKit/537.36 (KHTML, like Gecko) Chrome/43.0.2357.81 Safari/537.36 OPR/30.0.1835.59"
94.179.126.116 - - [15/Jun/2015:11:44:49 +0300] "GET /templates/gk_aumi/images/menu_li.png HTTP/1.0" 200 181 "http://citiex.com.ua/cache/assets/15e1e423d7a27a0d8ee8e70b064c44eb.css" "Mozilla/5.0 (Windows NT 5.1) AppleWebKit/537.36 (KHTML, like Gecko) Chrome/43.0.2357.81 Safari/537.36 OPR/30.0.1835.59"
94.179.126.116 - - [15/Jun/2015:11:44:50 +0300] "GET /templates/gk_aumi/favicon.ico HTTP/1.0" 200 1406 "http://citiex.com.ua/ukr-2269-xii.html" "Mozilla/5.0 (Windows NT 5.1) AppleWebKit/537.36 (KHTML, like Gecko) Chrome/43.0.2357.81 Safari/537.36 OPR/30.0.1835.59"
188.138.124.110 - - [15/Jun/2015:11:46:16 +0300] "GET / HTTP/1.0" 200 20170 "-" "Pingdom.com_bot_version_1.4_(http://www.pingdom.com/)"
77.47.184.164 - - [15/Jun/2015:11:46:21 +0300] "GET /rus-858-iv.html HTTP/1.0" 200 141713 "-" "Mozilla/5.0 (Windows NT 6.1; Win64; x64; Trident/7.0; rv:11.0) like Gecko"
5.255.253.163 - - [15/Jun/2015:11:50:44 +0300] "GET /ukr-2269-xii.html HTTP/1.0" 200 117674 "-" "Mozilla/5.0 (compatible; YandexBot/3.0; +http://yandex.com/bots)"
72.46.130.42 - - [15/Jun/2015:11:51:16 +0300] "GET / HTTP/1.0" 200 20170 "-" "Pingdom.com_bot_version_1.4_(http://www.pingdom.com/)"
94.179.126.116 - - [15/Jun/2015:11:54:25 +0300] "GET /components/com_sh404sef/images/external-black.png HTTP/1.0" 200 3621 "-" "Mozilla/4.0 (compatible; MSIE 6.0; Windows NT 5.1; SV1; .NET CLR 1.1.4322)"
94.179.126.116 - - [15/Jun/2015:11:54:25 +0300] "GET /components/com_sh404sef/images/external-black.png HTTP/1.0" 200 3621 "-" "Mozilla/4.0 (compatible; MSIE 6.0; Windows NT 5.1; SV1; .NET CLR 1.1.4322)"
178.255.153.2 - - [15/Jun/2015:11:56:16 +0300] "GET / HTTP/1.0" 200 20170 "-" "Pingdom.com_bot_version_1.4_(http://www.pingdom.com/)"
5.255.253.163 - - [15/Jun/2015:12:00:21 +0300] "GET /slovar-terminov/slovar-ocenschika-intellektualnaya-sobstvennost-10/%d0%94.html HTTP/1.0" 200 17894 "-" "Mozilla/5.0 (compatible; YandexBot/3.0; +http://yandex.com/bots)"
108.62.115.226 - - [15/Jun/2015:12:01:16 +0300] "GET / HTTP/1.0" 200 20170 "-" "Pingdom.com_bot_version_1.4_(http://www.pingdom.com/)"
5.255.253.163 - - [15/Jun/2015:12:01:59 +0300] "GET /slovar-terminov/slovar-ocenschika-zemelnye-uchastki-4/%d0%97/zenit-2056.html HTTP/1.0" 200 15183 "-" "Mozilla/5.0 (compatible; YandexBot/3.0; +http://yandex.com/bots)"
184.75.209.18 - - [15/Jun/2015:12:06:16 +0300] "GET / HTTP/1.0" 200 20170 "-" "Pingdom.com_bot_version_1.4_(http://www.pingdom.com/)"
199.87.228.66 - - [15/Jun/2015:12:11:16 +0300] "GET / HTTP/1.0" 200 20170 "-" "Pingdom.com_bot_version_1.4_(http://www.pingdom.com/)"
157.55.39.151 - - [15/Jun/2015:12:11:40 +0300] "GET /ukr-1805-iii.html HTTP/1.0" 200 199896 "-" "Mozilla/5.0 (compatible; bingbot/2.0; +http://www.bing.com/bingbot.htm)"
94.247.174.83 - - [15/Jun/2015:12:16:16 +0300] "GET / HTTP/1.0" 200 20170 "-" "Pingdom.com_bot_version_1.4_(http://www.pingdom.com/)"
204.152.200.42 - - [15/Jun/2015:12:21:16 +0300] "GET / HTTP/1.0" 200 20170 "-" "Pingdom.com_bot_version_1.4_(http://www.pingdom.com/)"
96.31.66.245 - - [15/Jun/2015:12:26:16 +0300] "GET / HTTP/1.0" 200 20170 "-" "Pingdom.com_bot_version_1.4_(http://www.pingdom.com/)"
94.199.110.3 - - [15/Jun/2015:12:27:53 +0300] "GET /1-obschie-voprosy-po-ocenke-imuschestva/5-chto-takoe-aktualizaciya-otcheta-ob-ocenke.html HTTP/1.0" 200 29508 "http://yandex.ru/clck/jsredir?from=yandex.ru%3Bsearch%2F%3Bweb%3B%3B&text=&etext=720.6wTJgkcCZUKMLQVH1pCV6626SXMLybVQYcDv69NdCB6L4qx9G9SO2K0ATQ9V0XKEF50NfdTzX8UHj4HseV7WisvDjda6tCWkjpSaydOeSO0.c76d8be62b36ed1bfcbe473f586e4733f1ac864f&uuid=&state=PEtFfuTeVD5kpHnK9lio9aJ2gf1Q1OEQHP1rbfzHEMtWU__UxvXFoqt6c-y8_c-Q&data=UlNrNmk5WktYejR0eWJFYk1LdmtxZ0IwM0xtOGFxVG5XOFNaM2VaM051ZlVyU2t0M1UxdEliQTNLV1E4SmxubFBPQTNqaWhndlk5ZDV5WDF2cnJXYXlCU2tlRVhiVEhSVDdXOHVxUFh1c2UweHlGM3FzXzlwcFlfTUV6RGUwbk5tUXFmaWdPY05xcFJTLVladEFpQTVHU0ROREtFeTRqczBKOFQzU1BSS2tEOFRpbG5lZXdIY0NsYUNMX2pwWkI2MVcwM1FpUXFaMUl4VHVua3ZfT3VMblZndFlRSVIycGk&b64e=2&sign=f8907a985e5122e71f1076207575c971&keyno=0&cst=AiuY0DBWFJ7IXge4WdYJQSaYtyyri96F5eCUL4prOo5AnfJDqAUtxO0c-VI0VMtO3FIvkTbmJF96pm-BDktks2MYiy4WTKipGXJes_HEkFyWyguMfKxVIuyVPowrfuusBEeNaFmpkXtvwM3Dl9bhjTaPFl8seuTqHuhSJUKuIANC6Ckk4lXW7AEV-EO8YD5DKSvD7tSmTBweiNj835t3JA&ref=cM777e4sMOAycdZhdUbYHpMQ80108_UC2G940i-Cj-Qn2Nrj5s2nMWBGn5Rt_czTOyS2WAXiKlSIpMh0nUbkxBYTi1ZDkSE4d_ZghLZ-QKt50OKNT6vH-1wsvGaNLoKwIa_y6QvhX-MBa4Wa7NpLwPeprI5eXCkKTer-YBse8MzcR4Tio_4idLVSAPFHvY1sJRFB_SiNcnJ1IgbvNy21yf5_a2gwx3YuVPUIg8XZh_2YT5Ia_xjq3vGHx-A6fUpuwG57CruuRQgPsnNkO3lWIxr6X80Xwlmjy_RyKqls9GBxHiYVEkqaha7CPaG-tQeiwktryRY9e7THy7TDS93DDdbYej72TWu7AF9n3ttk8UOrtFvPdlpFzw&l10n=ru&cts=1434360466609&mc=0" "Mozilla/4.0 (compatible; MSIE 8.0; Windows NT 5.1; Trident/4.0; InfoPath.1; .NET CLR 2.0.50727; .NET CLR 3.0.4506.2152; .NET CLR 3.5.30729)"
94.199.110.3 - - [15/Jun/2015:12:27:54 +0300] "GET /cache/assets/2793a0669d4159c0474c7f01c8af4b9f.css HTTP/1.0" 200 56182 "http://citiex.com.ua/1-obschie-voprosy-po-ocenke-imuschestva/5-chto-takoe-aktualizaciya-otcheta-ob-ocenke.html" "Mozilla/4.0 (compatible; MSIE 8.0; Windows NT 5.1; Trident/4.0; InfoPath.1; .NET CLR 2.0.50727; .NET CLR 3.0.4506.2152; .NET CLR 3.5.30729)"
94.199.110.3 - - [15/Jun/2015:12:27:54 +0300] "GET /media/system/js/mootools.js HTTP/1.0" 200 74434 "http://citiex.com.ua/1-obschie-voprosy-po-ocenke-imuschestva/5-chto-takoe-aktualizaciya-otcheta-ob-ocenke.html" "Mozilla/4.0 (compatible; MSIE 8.0; Windows NT 5.1; Trident/4.0; InfoPath.1; .NET CLR 2.0.50727; .NET CLR 3.0.4506.2152; .NET CLR 3.5.30729)"
94.199.110.3 - - [15/Jun/2015:12:27:54 +0300] "GET /media/system/js/calendar-setup.js HTTP/1.0" 200 4919 "http://citiex.com.ua/1-obschie-voprosy-po-ocenke-imuschestva/5-chto-takoe-aktualizaciya-otcheta-ob-ocenke.html" "Mozilla/4.0 (compatible; MSIE 8.0; Windows NT 5.1; Trident/4.0; InfoPath.1; .NET CLR 2.0.50727; .NET CLR 3.0.4506.2152; .NET CLR 3.5.30729)"
94.199.110.3 - - [15/Jun/2015:12:27:54 +0300] "GET /templates/gk_aumi/lib/scripts/template_scripts.js HTTP/1.0" 200 2281 "http://citiex.com.ua/1-obschie-voprosy-po-ocenke-imuschestva/5-chto-takoe-aktualizaciya-otcheta-ob-ocenke.html" "Mozilla/4.0 (compatible; MSIE 8.0; Windows NT 5.1; Trident/4.0; InfoPath.1; .NET CLR 2.0.50727; .NET CLR 3.0.4506.2152; .NET CLR 3.5.30729)"
94.199.110.3 - - [15/Jun/2015:12:27:54 +0300] "GET /templates/gk_aumi/lib/scripts/hltable.js HTTP/1.0" 200 3646 "http://citiex.com.ua/1-obschie-voprosy-po-ocenke-imuschestva/5-chto-takoe-aktualizaciya-otcheta-ob-ocenke.html" "Mozilla/4.0 (compatible; MSIE 8.0; Windows NT 5.1; Trident/4.0; InfoPath.1; .NET CLR 2.0.50727; .NET CLR 3.0.4506.2152; .NET CLR 3.5.30729)"
94.199.110.3 - - [15/Jun/2015:12:27:54 +0300] "GET /includes/js/joomla.javascript.js HTTP/1.0" 200 15405 "http://citiex.com.ua/1-obschie-voprosy-po-ocenke-imuschestva/5-chto-takoe-aktualizaciya-otcheta-ob-ocenke.html" "Mozilla/4.0 (compatible; MSIE 8.0; Windows NT 5.1; Trident/4.0; InfoPath.1; .NET CLR 2.0.50727; .NET CLR 3.0.4506.2152; .NET CLR 3.5.30729)"
94.199.110.3 - - [15/Jun/2015:12:27:54 +0300] "GET /media/system/js/calendar.js HTTP/1.0" 200 34315 "http://citiex.com.ua/1-obschie-voprosy-po-ocenke-imuschestva/5-chto-takoe-aktualizaciya-otcheta-ob-ocenke.html" "Mozilla/4.0 (compatible; MSIE 8.0; Windows NT 5.1; Trident/4.0; InfoPath.1; .NET CLR 2.0.50727; .NET CLR 3.0.4506.2152; .NET CLR 3.5.30729)"
94.199.110.3 - - [15/Jun/2015:12:27:55 +0300] "GET /templates/gk_aumi/lib/scripts/menu.php?style=suckerfish&width=1&height=1&opacity=1&animation=1&speed=250 HTTP/1.0" 200 253 "http://citiex.com.ua/1-obschie-voprosy-po-ocenke-imuschestva/5-chto-takoe-aktualizaciya-otcheta-ob-ocenke.html" "Mozilla/4.0 (compatible; MSIE 8.0; Windows NT 5.1; Trident/4.0; InfoPath.1; .NET CLR 2.0.50727; .NET CLR 3.0.4506.2152; .NET CLR 3.5.30729)"
94.199.110.3 - - [15/Jun/2015:12:27:55 +0300] "GET /templates/gk_aumi/images/logo.png HTTP/1.0" 200 6149 "http://citiex.com.ua/1-obschie-voprosy-po-ocenke-imuschestva/5-chto-takoe-aktualizaciya-otcheta-ob-ocenke.html" "Mozilla/4.0 (compatible; MSIE 8.0; Windows NT 5.1; Trident/4.0; InfoPath.1; .NET CLR 2.0.50727; .NET CLR 3.0.4506.2152; .NET CLR 3.5.30729)"
94.199.110.3 - - [15/Jun/2015:12:27:55 +0300] "GET /templates/gk_aumi/images/bg_top.png HTTP/1.0" 200 321 "http://citiex.com.ua/1-obschie-voprosy-po-ocenke-imuschestva/5-chto-takoe-aktualizaciya-otcheta-ob-ocenke.html" "Mozilla/4.0 (compatible; MSIE 8.0; Windows NT 5.1; Trident/4.0; InfoPath.1; .NET CLR 2.0.50727; .NET CLR 3.0.4506.2152; .NET CLR 3.5.30729)"
94.199.110.3 - - [15/Jun/2015:12:27:55 +0300] "GET /templates/gk_aumi/images/menu_li.png HTTP/1.0" 200 181 "http://citiex.com.ua/1-obschie-voprosy-po-ocenke-imuschestva/5-chto-takoe-aktualizaciya-otcheta-ob-ocenke.html" "Mozilla/4.0 (compatible; MSIE 8.0; Windows NT 5.1; Trident/4.0; InfoPath.1; .NET CLR 2.0.50727; .NET CLR 3.0.4506.2152; .NET CLR 3.5.30729)"
94.199.110.3 - - [15/Jun/2015:12:27:55 +0300] "GET /templates/gk_aumi/images/bg_content_top.png HTTP/1.0" 200 133 "http://citiex.com.ua/1-obschie-voprosy-po-ocenke-imuschestva/5-chto-takoe-aktualizaciya-otcheta-ob-ocenke.html" "Mozilla/4.0 (compatible; MSIE 8.0; Windows NT 5.1; Trident/4.0; InfoPath.1; .NET CLR 2.0.50727; .NET CLR 3.0.4506.2152; .NET CLR 3.5.30729)"
94.199.110.3 - - [15/Jun/2015:12:27:55 +0300] "GET /templates/gk_aumi/images/bg_content_middle.png HTTP/1.0" 200 89 "http://citiex.com.ua/1-obschie-voprosy-po-ocenke-imuschestva/5-chto-takoe-aktualizaciya-otcheta-ob-ocenke.html" "Mozilla/4.0 (compatible; MSIE 8.0; Windows NT 5.1; Trident/4.0; InfoPath.1; .NET CLR 2.0.50727; .NET CLR 3.0.4506.2152; .NET CLR 3.5.30729)"
94.199.110.3 - - [15/Jun/2015:12:27:55 +0300] "GET /templates/gk_aumi/images/module_default/mod_tlb.png HTTP/1.0" 200 231 "http://citiex.com.ua/1-obschie-voprosy-po-ocenke-imuschestva/5-chto-takoe-aktualizaciya-otcheta-ob-ocenke.html" "Mozilla/4.0 (compatible; MSIE 8.0; Windows NT 5.1; Trident/4.0; InfoPath.1; .NET CLR 2.0.50727; .NET CLR 3.0.4506.2152; .NET CLR 3.5.30729)"
94.199.110.3 - - [15/Jun/2015:12:27:55 +0300] "GET /templates/gk_aumi/images/module_default/mod_trb.png HTTP/1.0" 200 468 "http://citiex.com.ua/1-obschie-voprosy-po-ocenke-imuschestva/5-chto-takoe-aktualizaciya-otcheta-ob-ocenke.html" "Mozilla/4.0 (compatible; MSIE 8.0; Windows NT 5.1; Trident/4.0; InfoPath.1; .NET CLR 2.0.50727; .NET CLR 3.0.4506.2152; .NET CLR 3.5.30729)"
94.199.110.3 - - [15/Jun/2015:12:27:55 +0300] "GET /templates/gk_aumi/images/module_default/mod_lb.png HTTP/1.0" 200 338 "http://citiex.com.ua/1-obschie-voprosy-po-ocenke-imuschestva/5-chto-takoe-aktualizaciya-otcheta-ob-ocenke.html" "Mozilla/4.0 (compatible; MSIE 8.0; Windows NT 5.1; Trident/4.0; InfoPath.1; .NET CLR 2.0.50727; .NET CLR 3.0.4506.2152; .NET CLR 3.5.30729)"
94.199.110.3 - - [15/Jun/2015:12:27:55 +0300] "GET /templates/gk_aumi/images/module_default/mod_rb.png HTTP/1.0" 200 7267 "http://citiex.com.ua/1-obschie-voprosy-po-ocenke-imuschestva/5-chto-takoe-aktualizaciya-otcheta-ob-ocenke.html" "Mozilla/4.0 (compatible; MSIE 8.0; Windows NT 5.1; Trident/4.0; InfoPath.1; .NET CLR 2.0.50727; .NET CLR 3.0.4506.2152; .NET CLR 3.5.30729)"
94.199.110.3 - - [15/Jun/2015:12:27:55 +0300] "GET /components/com_sh404sef/images/external-black.png HTTP/1.0" 200 3621 "http://citiex.com.ua/1-obschie-voprosy-po-ocenke-imuschestva/5-chto-takoe-aktualizaciya-otcheta-ob-ocenke.html" "Mozilla/4.0 (compatible; MSIE 8.0; Windows NT 5.1; Trident/4.0; InfoPath.1; .NET CLR 2.0.50727; .NET CLR 3.0.4506.2152; .NET CLR 3.5.30729)"
94.199.110.3 - - [15/Jun/2015:12:27:56 +0300] "GET /templates/gk_aumi/favicon.ico HTTP/1.0" 200 1406 "-" "Mozilla/4.0 (compatible; MSIE 8.0; Windows NT 5.1; Trident/4.0; InfoPath.1; .NET CLR 2.0.50727; .NET CLR 3.0.4506.2152; .NET CLR 3.5.30729)"
94.199.110.3 - - [15/Jun/2015:12:27:56 +0300] "GET /index.php?option=com_aicontactsafe&sTask=message&task=message&pf=4&next_use_ajax=1&r_id=1092327063&format=raw&lang=ru&Itemid=176 HTTP/1.0" 200 5573 "http://citiex.com.ua/1-obschie-voprosy-po-ocenke-imuschestva/5-chto-takoe-aktualizaciya-otcheta-ob-ocenke.html" "Mozilla/4.0 (compatible; MSIE 8.0; Windows NT 5.1; Trident/4.0; InfoPath.1; .NET CLR 2.0.50727; .NET CLR 3.0.4506.2152; .NET CLR 3.5.30729)"
94.199.110.3 - - [15/Jun/2015:12:27:56 +0300] "GET /index.php?option=com_aicontactsafe&sTask=captcha&task=captcha&pf=4&r_id=1092327063&lang=ru&format=raw&set_rand=9123562881 HTTP/1.0" 301 - "http://citiex.com.ua/1-obschie-voprosy-po-ocenke-imuschestva/5-chto-takoe-aktualizaciya-otcheta-ob-ocenke.html" "Mozilla/4.0 (compatible; MSIE 8.0; Windows NT 5.1; Trident/4.0; InfoPath.1; .NET CLR 2.0.50727; .NET CLR 3.0.4506.2152; .NET CLR 3.5.30729)"
94.199.110.3 - - [15/Jun/2015:12:27:57 +0300] "GET /faq.html?format=raw&r_id=1092327063&sTask=captcha&set_rand=9123562881&task=captcha HTTP/1.0" 200 2715 "http://citiex.com.ua/1-obschie-voprosy-po-ocenke-imuschestva/5-chto-takoe-aktualizaciya-otcheta-ob-ocenke.html" "Mozilla/4.0 (compatible; MSIE 8.0; Windows NT 5.1; Trident/4.0; InfoPath.1; .NET CLR 2.0.50727; .NET CLR 3.0.4506.2152; .NET CLR 3.5.30729)"
85.17.156.11 - - [15/Jun/2015:12:31:16 +0300] "GET / HTTP/1.0" 200 20170 "-" "Pingdom.com_bot_version_1.4_(http://www.pingdom.com/)"
5.255.253.163 - - [15/Jun/2015:12:32:05 +0300] "GET /1-obschie-voprosy-po-ocenke-imuschestva/5-chto-takoe-aktualizaciya-otcheta-ob-ocenke.html HTTP/1.0" 200 29508 "-" "Mozilla/5.0 (compatible; YandexBot/3.0; +http://yandex.com/bots)"
217.69.136.210 - - [15/Jun/2015:12:34:47 +0300] "GET /robots.txt HTTP/1.0" 200 304 "-" "Mozilla/5.0 (compatible; Linux x86_64; Mail.RU_Bot/2.0; +http://go.mail.ru/help/robots)"
188.138.124.110 - - [15/Jun/2015:12:36:16 +0300] "GET / HTTP/1.0" 200 20170 "-" "Pingdom.com_bot_version_1.4_(http://www.pingdom.com/)"
157.55.39.47 - - [15/Jun/2015:12:40:27 +0300] "GET /attachments/article/1382/20121208-%d0%90%d0%bd%d0%b0%d0%bb%d0%b8%d0%b7-%d0%a1%d0%b5%d0%b2%d0%b0%d1%81%d1%82%d0%be%d0%bf%d0%be%d0%bb%d1%8c-%d0%96%d0%b8%d0%bb%d0%b0%d1%8f%d0%97%d0%b5%d0%bc%d0%bb%d1%8f.pdf HTTP/1.0" 200 1311126 "-" "Mozilla/5.0 (compatible; bingbot/2.0; +http://www.bing.com/bingbot.htm)"
96.31.66.245 - - [15/Jun/2015:12:41:52 +0300] "GET / HTTP/1.0" 200 20170 "-" "Pingdom.com_bot_version_1.4_(http://www.pingdom.com/)"
66.249.65.142 - - [15/Jun/2015:12:42:59 +0300] "GET /zakarpatske-rv-fdmu.html HTTP/1.0" 200 27607 "-" "Mozilla/5.0 (iPhone; CPU iPhone OS 6_0 like Mac OS X) AppleWebKit/536.26 (KHTML, like Gecko) Version/6.0 Mobile/10A5376e Safari/8536.25 (compatible; Googlebot/2.1; +http://www.google.com/bot.html)"
178.255.153.2 - - [15/Jun/2015:12:46:16 +0300] "GET / HTTP/1.0" 200 20170 "-" "Pingdom.com_bot_version_1.4_(http://www.pingdom.com/)"
108.62.115.226 - - [15/Jun/2015:12:51:16 +0300] "GET / HTTP/1.0" 200 20170 "-" "Pingdom.com_bot_version_1.4_(http://www.pingdom.com/)"
178.95.55.122 - - [15/Jun/2015:12:54:01 +0300] "GET /slovar-terminov/slovar-ocenschika-korabli-i-suda-7/%d0%a2/tunnel-grebnogo-vala-3680.html HTTP/1.0" 200 18600 "https://www.google.com.ua/" "Mozilla/5.0 (Windows NT 6.1) AppleWebKit/537.36 (KHTML, like Gecko) Chrome/43.0.2357.81 Safari/537.36 OPR/30.0.1835.59"
178.95.55.122 - - [15/Jun/2015:12:54:03 +0300] "GET /media/system/js/mootools.js HTTP/1.0" 200 74434 "http://www.citiex.com.ua/slovar-terminov/slovar-ocenschika-korabli-i-suda-7/%D0%A2/tunnel-grebnogo-vala-3680.html" "Mozilla/5.0 (Windows NT 6.1) AppleWebKit/537.36 (KHTML, like Gecko) Chrome/43.0.2357.81 Safari/537.36 OPR/30.0.1835.59"
178.95.55.122 - - [15/Jun/2015:12:54:03 +0300] "GET /cache/assets/ac42e0f9a5b9539f654fb68a12914cdd.css HTTP/1.0" 200 41596 "http://www.citiex.com.ua/slovar-terminov/slovar-ocenschika-korabli-i-suda-7/%D0%A2/tunnel-grebnogo-vala-3680.html" "Mozilla/5.0 (Windows NT 6.1) AppleWebKit/537.36 (KHTML, like Gecko) Chrome/43.0.2357.81 Safari/537.36 OPR/30.0.1835.59"
178.95.55.122 - - [15/Jun/2015:12:54:03 +0300] "GET /templates/gk_aumi/lib/scripts/template_scripts.js HTTP/1.0" 200 2281 "http://www.citiex.com.ua/slovar-terminov/slovar-ocenschika-korabli-i-suda-7/%D0%A2/tunnel-grebnogo-vala-3680.html" "Mozilla/5.0 (Windows NT 6.1) AppleWebKit/537.36 (KHTML, like Gecko) Chrome/43.0.2357.81 Safari/537.36 OPR/30.0.1835.59"
178.95.55.122 - - [15/Jun/2015:12:54:03 +0300] "GET /templates/gk_aumi/lib/scripts/hltable.js HTTP/1.0" 200 3646 "http://www.citiex.com.ua/slovar-terminov/slovar-ocenschika-korabli-i-suda-7/%D0%A2/tunnel-grebnogo-vala-3680.html" "Mozilla/5.0 (Windows NT 6.1) AppleWebKit/537.36 (KHTML, like Gecko) Chrome/43.0.2357.81 Safari/537.36 OPR/30.0.1835.59"
178.95.55.122 - - [15/Jun/2015:12:54:03 +0300] "GET /templates/gk_aumi/images/logo.png HTTP/1.0" 200 6149 "http://www.citiex.com.ua/slovar-terminov/slovar-ocenschika-korabli-i-suda-7/%D0%A2/tunnel-grebnogo-vala-3680.html" "Mozilla/5.0 (Windows NT 6.1) AppleWebKit/537.36 (KHTML, like Gecko) Chrome/43.0.2357.81 Safari/537.36 OPR/30.0.1835.59"
178.95.55.122 - - [15/Jun/2015:12:54:03 +0300] "GET /templates/gk_aumi/lib/scripts/menu.php?style=suckerfish&width=1&height=1&opacity=1&animation=1&speed=250 HTTP/1.0" 200 253 "http://www.citiex.com.ua/slovar-terminov/slovar-ocenschika-korabli-i-suda-7/%D0%A2/tunnel-grebnogo-vala-3680.html" "Mozilla/5.0 (Windows NT 6.1) AppleWebKit/537.36 (KHTML, like Gecko) Chrome/43.0.2357.81 Safari/537.36 OPR/30.0.1835.59"
178.95.55.122 - - [15/Jun/2015:12:54:03 +0300] "GET /components/com_sh404sef/images/external-black.png HTTP/1.0" 200 3621 "http://www.citiex.com.ua/slovar-terminov/slovar-ocenschika-korabli-i-suda-7/%D0%A2/tunnel-grebnogo-vala-3680.html" "Mozilla/5.0 (Windows NT 6.1) AppleWebKit/537.36 (KHTML, like Gecko) Chrome/43.0.2357.81 Safari/537.36 OPR/30.0.1835.59"
178.95.55.122 - - [15/Jun/2015:12:54:03 +0300] "GET /templates/gk_aumi/images/bg_top.png HTTP/1.0" 200 321 "http://www.citiex.com.ua/cache/assets/ac42e0f9a5b9539f654fb68a12914cdd.css" "Mozilla/5.0 (Windows NT 6.1) AppleWebKit/537.36 (KHTML, like Gecko) Chrome/43.0.2357.81 Safari/537.36 OPR/30.0.1835.59"
178.95.55.122 - - [15/Jun/2015:12:54:03 +0300] "GET /templates/gk_aumi/images/menu_li.png HTTP/1.0" 200 181 "http://www.citiex.com.ua/cache/assets/ac42e0f9a5b9539f654fb68a12914cdd.css" "Mozilla/5.0 (Windows NT 6.1) AppleWebKit/537.36 (KHTML, like Gecko) Chrome/43.0.2357.81 Safari/537.36 OPR/30.0.1835.59"
178.95.55.122 - - [15/Jun/2015:12:54:03 +0300] "GET /templates/gk_aumi/images/bg_content_middle.png HTTP/1.0" 200 89 "http://www.citiex.com.ua/cache/assets/ac42e0f9a5b9539f654fb68a12914cdd.css" "Mozilla/5.0 (Windows NT 6.1) AppleWebKit/537.36 (KHTML, like Gecko) Chrome/43.0.2357.81 Safari/537.36 OPR/30.0.1835.59"
178.95.55.122 - - [15/Jun/2015:12:54:03 +0300] "GET /templates/gk_aumi/images/bg_content_top.png HTTP/1.0" 200 133 "http://www.citiex.com.ua/cache/assets/ac42e0f9a5b9539f654fb68a12914cdd.css" "Mozilla/5.0 (Windows NT 6.1) AppleWebKit/537.36 (KHTML, like Gecko) Chrome/43.0.2357.81 Safari/537.36 OPR/30.0.1835.59"
178.95.55.122 - - [15/Jun/2015:12:54:03 +0300] "GET /templates/gk_aumi/images/bg_footer.png HTTP/1.0" 200 325 "http://www.citiex.com.ua/cache/assets/ac42e0f9a5b9539f654fb68a12914cdd.css" "Mozilla/5.0 (Windows NT 6.1) AppleWebKit/537.36 (KHTML, like Gecko) Chrome/43.0.2357.81 Safari/537.36 OPR/30.0.1835.59"
178.95.55.122 - - [15/Jun/2015:12:54:04 +0300] "GET /templates/gk_aumi/favicon.ico HTTP/1.0" 200 1406 "http://www.citiex.com.ua/slovar-terminov/slovar-ocenschika-korabli-i-suda-7/%D0%A2/tunnel-grebnogo-vala-3680.html" "Mozilla/5.0 (Windows NT 6.1) AppleWebKit/537.36 (KHTML, like Gecko) Chrome/43.0.2357.81 Safari/537.36 OPR/30.0.1835.59"
178.95.55.122 - - [15/Jun/2015:12:55:23 +0300] "GET /templates/gk_aumi/images/menu_bullet.png HTTP/1.0" 200 104 "http://www.citiex.com.ua/cache/assets/ac42e0f9a5b9539f654fb68a12914cdd.css" "Mozilla/5.0 (Windows NT 6.1) AppleWebKit/537.36 (KHTML, like Gecko) Chrome/43.0.2357.81 Safari/537.36 OPR/30.0.1835.59"
184.75.209.18 - - [15/Jun/2015:12:56:16 +0300] "GET / HTTP/1.0" 200 20170 "-" "Pingdom.com_bot_version_1.4_(http://www.pingdom.com/)"
199.87.228.66 - - [15/Jun/2015:13:01:16 +0300] "GET / HTTP/1.0" 200 20170 "-" "Pingdom.com_bot_version_1.4_(http://www.pingdom.com/)"
94.247.174.83 - - [15/Jun/2015:13:06:16 +0300] "GET / HTTP/1.0" 200 20170 "-" "Pingdom.com_bot_version_1.4_(http://www.pingdom.com/)"
81.30.49.115 - - [15/Jun/2015:13:07:49 +0300] "GET /indeks-cen-stroitelno-montajnyh-rabot-ukrainy.html HTTP/1.0" 200 53249 "-" "Mozilla/5.0 (Windows NT 6.1; WOW64; rv:33.0) Gecko/20100101 Firefox/33.0"
66.249.65.142 - - [15/Jun/2015:13:08:38 +0300] "GET /links738210.php?rz=g HTTP/1.0" 200 5876 "-" "Mozilla/5.0 (compatible; Googlebot/2.1; +http://www.google.com/bot.html)"
