109.254.49.194 - - [17/Jun/2015:00:03:24 +0300] "GET /templates/gk_aumi/lib/scripts/hltable.js HTTP/1.0" 200 3646 "http://citiex.com.ua/rus-2343-xii.html" "Mozilla/5.0 (Windows NT 6.1) AppleWebKit/537.36 (KHTML, like Gecko) Chrome/43.0.2357.124 Safari/537.36"
109.254.49.194 - - [17/Jun/2015:00:03:24 +0300] "GET /templates/gk_aumi/lib/scripts/menu.php?style=suckerfish&width=1&height=1&opacity=1&animation=1&speed=250 HTTP/1.0" 200 253 "http://citiex.com.ua/rus-2343-xii.html" "Mozilla/5.0 (Windows NT 6.1) AppleWebKit/537.36 (KHTML, like Gecko) Chrome/43.0.2357.124 Safari/537.36"
109.254.49.194 - - [17/Jun/2015:00:03:24 +0300] "GET /templates/gk_aumi/images/logo.png HTTP/1.0" 200 6149 "http://citiex.com.ua/rus-2343-xii.html" "Mozilla/5.0 (Windows NT 6.1) AppleWebKit/537.36 (KHTML, like Gecko) Chrome/43.0.2357.124 Safari/537.36"
109.254.49.194 - - [17/Jun/2015:00:03:25 +0300] "GET /components/com_sh404sef/images/external-black.png HTTP/1.0" 200 3621 "http://citiex.com.ua/rus-2343-xii.html" "Mozilla/5.0 (Windows NT 6.1) AppleWebKit/537.36 (KHTML, like Gecko) Chrome/43.0.2357.124 Safari/537.36"
109.254.49.194 - - [17/Jun/2015:00:03:25 +0300] "GET /templates/gk_aumi/images/menu_li.png HTTP/1.0" 200 181 "http://citiex.com.ua/cache/assets/15e1e423d7a27a0d8ee8e70b064c44eb.css" "Mozilla/5.0 (Windows NT 6.1) AppleWebKit/537.36 (KHTML, like Gecko) Chrome/43.0.2357.124 Safari/537.36"
109.254.49.194 - - [17/Jun/2015:00:03:25 +0300] "GET /templates/gk_aumi/images/bg_content_middle.png HTTP/1.0" 200 89 "http://citiex.com.ua/cache/assets/15e1e423d7a27a0d8ee8e70b064c44eb.css" "Mozilla/5.0 (Windows NT 6.1) AppleWebKit/537.36 (KHTML, like Gecko) Chrome/43.0.2357.124 Safari/537.36"
109.254.49.194 - - [17/Jun/2015:00:03:25 +0300] "GET /templates/gk_aumi/images/bg_content_top.png HTTP/1.0" 200 133 "http://citiex.com.ua/cache/assets/15e1e423d7a27a0d8ee8e70b064c44eb.css" "Mozilla/5.0 (Windows NT 6.1) AppleWebKit/537.36 (KHTML, like Gecko) Chrome/43.0.2357.124 Safari/537.36"
109.254.49.194 - - [17/Jun/2015:00:03:25 +0300] "GET /templates/gk_aumi/images/bg_top.png HTTP/1.0" 200 321 "http://citiex.com.ua/cache/assets/15e1e423d7a27a0d8ee8e70b064c44eb.css" "Mozilla/5.0 (Windows NT 6.1) AppleWebKit/537.36 (KHTML, like Gecko) Chrome/43.0.2357.124 Safari/537.36"
109.254.49.194 - - [17/Jun/2015:00:03:25 +0300] "GET /templates/gk_aumi/images/bg_footer.png HTTP/1.0" 200 325 "http://citiex.com.ua/cache/assets/15e1e423d7a27a0d8ee8e70b064c44eb.css" "Mozilla/5.0 (Windows NT 6.1) AppleWebKit/537.36 (KHTML, like Gecko) Chrome/43.0.2357.124 Safari/537.36"
109.254.49.194 - - [17/Jun/2015:00:03:25 +0300] "GET /templates/gk_aumi/favicon.ico HTTP/1.0" 200 1406 "http://citiex.com.ua/rus-2343-xii.html" "Mozilla/5.0 (Windows NT 6.1) AppleWebKit/537.36 (KHTML, like Gecko) Chrome/43.0.2357.124 Safari/537.36"
5.255.253.203 - - [17/Jun/2015:00:05:50 +0300] "GET /slovar-terminov/slovar-ocenschika-avtotransport-5/%d0%91/ballon-2782.html HTTP/1.0" 200 16309 "-" "Mozilla/5.0 (compatible; YandexBot/3.0; +http://yandex.com/bots)"
5.255.253.127 - - [17/Jun/2015:00:05:52 +0300] "GET /rus-2343-xii.html HTTP/1.0" 200 413580 "-" "Mozilla/5.0 (compatible; YandexBot/3.0; +http://yandex.com/bots)"
94.247.174.83 - - [17/Jun/2015:00:06:16 +0300] "GET / HTTP/1.0" 200 20170 "-" "Pingdom.com_bot_version_1.4_(http://www.pingdom.com/)"
204.152.200.42 - - [17/Jun/2015:00:11:16 +0300] "GET / HTTP/1.0" 200 20170 "-" "Pingdom.com_bot_version_1.4_(http://www.pingdom.com/)"
96.31.66.245 - - [17/Jun/2015:00:16:16 +0300] "GET / HTTP/1.0" 200 20170 "-" "Pingdom.com_bot_version_1.4_(http://www.pingdom.com/)"
85.17.156.11 - - [17/Jun/2015:00:21:16 +0300] "GET / HTTP/1.0" 200 20170 "-" "Pingdom.com_bot_version_1.4_(http://www.pingdom.com/)"
188.138.124.110 - - [17/Jun/2015:00:26:16 +0300] "GET / HTTP/1.0" 200 20170 "-" "Pingdom.com_bot_version_1.4_(http://www.pingdom.com/)"
66.249.67.121 - - [17/Jun/2015:00:27:49 +0300] "GET /slovar-terminov/slovar-ocenschika-avtotransport-5/%d0%9a.html HTTP/1.0" 200 28947 "-" "Mozilla/5.0 (compatible; Googlebot/2.1; +http://www.google.com/bot.html)"
72.46.130.42 - - [17/Jun/2015:00:31:16 +0300] "GET / HTTP/1.0" 200 20170 "-" "Pingdom.com_bot_version_1.4_(http://www.pingdom.com/)"
178.255.153.2 - - [17/Jun/2015:00:36:16 +0300] "GET / HTTP/1.0" 200 20170 "-" "Pingdom.com_bot_version_1.4_(http://www.pingdom.com/)"
108.62.115.226 - - [17/Jun/2015:00:41:16 +0300] "GET / HTTP/1.0" 200 20170 "-" "Pingdom.com_bot_version_1.4_(http://www.pingdom.com/)"
184.75.209.18 - - [17/Jun/2015:00:46:16 +0300] "GET / HTTP/1.0" 200 20170 "-" "Pingdom.com_bot_version_1.4_(http://www.pingdom.com/)"
66.249.67.121 - - [17/Jun/2015:00:46:23 +0300] "GET /slovar-terminov/slovar-ocenschika-zemelnye-uchastki-4/%d0%9f/planirovka-vertikalnaya-2305.html HTTP/1.0" 200 15130 "-" "Mozilla/5.0 (compatible; Googlebot/2.1; +http://www.google.com/bot.html)"
5.255.253.203 - - [17/Jun/2015:00:46:26 +0300] "GET /slovar-terminov/slovar-ocenschika-zemelnye-uchastki-4/%d0%97/zritelnaya-truba-geodezicheskogo-pribora-2070.html HTTP/1.0" 200 16216 "-" "Mozilla/5.0 (compatible; YandexBot/3.0; +http://yandex.com/bots)"
157.55.39.151 - - [17/Jun/2015:00:50:27 +0300] "GET /stanichno-luganskoe-bti.html HTTP/1.0" 200 17720 "-" "Mozilla/5.0 (compatible; bingbot/2.0; +http://www.bing.com/bingbot.htm)"
199.87.228.66 - - [17/Jun/2015:00:51:16 +0300] "GET / HTTP/1.0" 200 20170 "-" "Pingdom.com_bot_version_1.4_(http://www.pingdom.com/)"
217.69.136.209 - - [17/Jun/2015:00:53:05 +0300] "GET /robots.txt HTTP/1.0" 200 304 "-" "Mozilla/5.0 (compatible; Linux x86_64; Mail.RU_Bot/2.0; +http://go.mail.ru/help/robots)"
94.247.174.83 - - [17/Jun/2015:00:56:16 +0300] "GET / HTTP/1.0" 200 20170 "-" "Pingdom.com_bot_version_1.4_(http://www.pingdom.com/)"
66.249.67.64 - - [17/Jun/2015:00:58:22 +0300] "GET /slovar-terminov/slovar-ocenschika-zemelnye-uchastki-4/%d0%9f/pogreshnost-izmereniya-2323.html HTTP/1.0" 200 15486 "-" "Mozilla/5.0 (compatible; Googlebot/2.1; +http://www.google.com/bot.html)"
95.30.116.249 - - [17/Jun/2015:01:01:11 +0300] "GET /wp-login.php HTTP/1.0" 404 13638 "-" "Mozilla/5.0 (Windows NT 6.1; WOW64) AppleWebKit/537.36 (KHTML, like Gecko) Chrome/36.0.1985.125 Safari/537.36"
95.30.116.249 - - [17/Jun/2015:01:01:15 +0300] "GET /admin.php HTTP/1.0" 404 14421 "-" "Mozilla/5.0 (Windows NT 6.1; WOW64) AppleWebKit/537.36 (KHTML, like Gecko) Chrome/36.0.1985.125 Safari/537.36"
204.152.200.42 - - [17/Jun/2015:01:01:16 +0300] "GET / HTTP/1.0" 200 20170 "-" "Pingdom.com_bot_version_1.4_(http://www.pingdom.com/)"
157.55.39.151 - - [17/Jun/2015:01:05:41 +0300] "GET /slovar-terminov/slovar-ocenschika-obschie-terminy-1/%c3%90%c2%a3.html HTTP/1.0" 404 14580 "-" "Mozilla/5.0 (compatible; bingbot/2.0; +http://www.bing.com/bingbot.htm)"
96.31.66.245 - - [17/Jun/2015:01:06:16 +0300] "GET / HTTP/1.0" 200 20170 "-" "Pingdom.com_bot_version_1.4_(http://www.pingdom.com/)"
66.249.67.64 - - [17/Jun/2015:01:10:01 +0300] "GET /component/option,com_fsf/layout,default/view,css/ HTTP/1.0" 200 4297 "-" "Mozilla/5.0 (compatible; Googlebot/2.1; +http://www.google.com/bot.html)"
85.17.156.11 - - [17/Jun/2015:01:11:16 +0300] "GET / HTTP/1.0" 200 20170 "-" "Pingdom.com_bot_version_1.4_(http://www.pingdom.com/)"
66.249.67.127 - - [17/Jun/2015:01:11:17 +0300] "GET /slovar-terminov/slovar-ocenschika-intellektualnaya-sobstvennost-10/%d0%9c/marketing-4190.html HTTP/1.0" 200 17996 "-" "Mozilla/5.0 (compatible; Googlebot/2.1; +http://www.google.com/bot.html)"
5.255.253.203 - - [17/Jun/2015:01:11:41 +0300] "GET /slovar-terminov/slovar-ocenschika-avtotransport-5/%d0%a1/szhatiya-stepen-3130.html HTTP/1.0" 200 16988 "-" "Mozilla/5.0 (compatible; YandexBot/3.0; +http://yandex.com/bots)"
207.46.13.41 - - [17/Jun/2015:01:11:53 +0300] "GET /bank-aljans.html HTTP/1.0" 200 27607 "-" "Mozilla/5.0 (compatible; bingbot/2.0; +http://www.bing.com/bingbot.htm)"
207.46.13.41 - - [17/Jun/2015:01:11:54 +0300] "GET /7-voprosy-po-ocenke-intellektualnoy-sobstvennosti.html HTTP/1.0" 200 27183 "-" "Mozilla/5.0 (compatible; bingbot/2.0; +http://www.bing.com/bingbot.htm)"
207.46.13.41 - - [17/Jun/2015:01:11:56 +0300] "GET /ocenka-kvartir-i-komnat.html HTTP/1.0" 200 27188 "-" "Mozilla/5.0 (compatible; bingbot/2.0; +http://www.bing.com/bingbot.htm)"
91.217.5.238 - - [17/Jun/2015:01:13:33 +0300] "GET /rus-2658-iii.html HTTP/1.0" 200 122715 "-" "Mozilla/5.0 (Windows NT 6.3; WOW64) AppleWebKit/537.36 (KHTML, like Gecko) Chrome/43.0.2357.124 Safari/537.36"
91.217.5.238 - - [17/Jun/2015:01:13:34 +0300] "GET /cache/assets/15e1e423d7a27a0d8ee8e70b064c44eb.css HTTP/1.0" 200 44011 "http://citiex.com.ua/rus-2658-iii.html" "Mozilla/5.0 (Windows NT 6.3; WOW64) AppleWebKit/537.36 (KHTML, like Gecko) Chrome/43.0.2357.124 Safari/537.36"
91.217.5.238 - - [17/Jun/2015:01:13:34 +0300] "GET /templates/gk_aumi/lib/scripts/menu.php?style=suckerfish&width=1&height=1&opacity=1&animation=1&speed=250 HTTP/1.0" 200 253 "http://citiex.com.ua/rus-2658-iii.html" "Mozilla/5.0 (Windows NT 6.3; WOW64) AppleWebKit/537.36 (KHTML, like Gecko) Chrome/43.0.2357.124 Safari/537.36"
66.249.67.115 - - [17/Jun/2015:01:13:47 +0300] "GET /slovar-terminov/slovar-ocenschika-intellektualnaya-sobstvennost-10/%d0%90.html HTTP/1.0" 200 23273 "-" "Mozilla/5.0 (compatible; Googlebot/2.1; +http://www.google.com/bot.html)"
157.55.39.152 - - [17/Jun/2015:01:14:16 +0300] "GET /oschadnij-bank-ukrayini.html HTTP/1.0" 200 27607 "-" "Mozilla/5.0 (compatible; bingbot/2.0; +http://www.bing.com/bingbot.htm)"
66.249.67.76 - - [17/Jun/2015:01:15:22 +0300] "GET /slovar-terminov/slovar-ocenschika-zemelnye-uchastki-4/%d0%93/geodezicheskaya-razbivochnaya-osnova-1908.html HTTP/1.0" 200 15485 "-" "Mozilla/5.0 (compatible; Googlebot/2.1; +http://www.google.com/bot.html)"
188.138.124.110 - - [17/Jun/2015:01:16:16 +0300] "GET / HTTP/1.0" 200 20170 "-" "Pingdom.com_bot_version_1.4_(http://www.pingdom.com/)"
207.241.225.244 - - [17/Jun/2015:01:18:35 +0300] "GET /robots.txt HTTP/1.0" 200 304 "-" "Mozilla/5.0 (compatible; archive.org_bot; Wayback Machine Live Record; +http://archive.org/details/archive.org_bot)"
72.46.130.42 - - [17/Jun/2015:01:21:16 +0300] "GET / HTTP/1.0" 200 20170 "-" "Pingdom.com_bot_version_1.4_(http://www.pingdom.com/)"
207.46.13.102 - - [17/Jun/2015:01:21:59 +0300] "GET /slovar-terminov/slovar-ocenschika-samolety-i-vertolety-8/%d0%90/aviacionnyy-poisk-i-spasanie-3720.html HTTP/1.0" 200 15603 "-" "Mozilla/5.0 (compatible; bingbot/2.0; +http://www.bing.com/bingbot.htm)"
178.255.153.2 - - [17/Jun/2015:01:26:16 +0300] "GET / HTTP/1.0" 200 20170 "-" "Pingdom.com_bot_version_1.4_(http://www.pingdom.com/)"
46.118.117.28 - - [17/Jun/2015:01:29:53 +0300] "GET /slovar-terminov/slovar-ocenschika-intellektualnaya-sobstvennost-10/%d0%9c/mezhdunarodnaya-klassifikaciya-tovarov-i-uslug-mktu-4192.html HTTP/1.0" 200 16177 "http://citiex.com.ua/slovar-terminov/slovar-ocenschika-intellektualnaya-sobstvennost-10/%D0%9C/mezhdunarodnaya-klassifikaciya-tovarov-i-uslug-mktu-4192.html" "Mozilla/5.0 (Windows NT 6.1; rv:37.0) Gecko/20100101 Firefox/37.0"
108.62.115.226 - - [17/Jun/2015:01:31:16 +0300] "GET / HTTP/1.0" 200 20170 "-" "Pingdom.com_bot_version_1.4_(http://www.pingdom.com/)"
157.55.39.151 - - [17/Jun/2015:01:32:45 +0300] "GET /slovar-terminov/slovar-ocenschika-oborudovanie-6/%d0%9f.html HTTP/1.0" 200 19709 "-" "Mozilla/5.0 (compatible; bingbot/2.0; +http://www.bing.com/bingbot.htm)"
207.46.13.102 - - [17/Jun/2015:01:34:56 +0300] "GET /chto-vliyaet-na-stoimost-kvartiry.html HTTP/1.0" 200 43210 "-" "Mozilla/5.0 (iPhone; CPU iPhone OS 7_0 like Mac OS X) AppleWebKit/537.51.1 (KHTML, like Gecko) Version/7.0 Mobile/11A465 Safari/9537.53 (compatible; bingbot/2.0; http://www.bing.com/bingbot.htm)"
184.75.209.18 - - [17/Jun/2015:01:36:16 +0300] "GET / HTTP/1.0" 200 20170 "-" "Pingdom.com_bot_version_1.4_(http://www.pingdom.com/)"
157.55.39.152 - - [17/Jun/2015:01:38:00 +0300] "GET /slovar-terminov/slovar-ocenschika-avtotransport-5/D/dps-dual-pump-system-2654.html HTTP/1.0" 200 16978 "-" "Mozilla/5.0 (compatible; bingbot/2.0; +http://www.bing.com/bingbot.htm)"
199.87.228.66 - - [17/Jun/2015:01:41:16 +0300] "GET / HTTP/1.0" 200 20170 "-" "Pingdom.com_bot_version_1.4_(http://www.pingdom.com/)"
178.154.243.90 - - [17/Jun/2015:01:45:33 +0300] "GET /slovar-terminov/slovar-ocenschika-stroitelstvo-3/%d0%9a/karniz-1234.html HTTP/1.0" 200 15486 "-" "Mozilla/5.0 (compatible; YandexBot/3.0; +http://yandex.com/bots)"
94.247.174.83 - - [17/Jun/2015:01:46:16 +0300] "GET / HTTP/1.0" 200 20170 "-" "Pingdom.com_bot_version_1.4_(http://www.pingdom.com/)"
204.152.200.42 - - [17/Jun/2015:01:51:16 +0300] "GET / HTTP/1.0" 200 20170 "-" "Pingdom.com_bot_version_1.4_(http://www.pingdom.com/)"
96.31.66.245 - - [17/Jun/2015:01:56:16 +0300] "GET / HTTP/1.0" 200 20170 "-" "Pingdom.com_bot_version_1.4_(http://www.pingdom.com/)"
85.17.156.11 - - [17/Jun/2015:02:01:16 +0300] "GET / HTTP/1.0" 200 20170 "-" "Pingdom.com_bot_version_1.4_(http://www.pingdom.com/)"
188.138.124.110 - - [17/Jun/2015:02:06:16 +0300] "GET / HTTP/1.0" 200 20170 "-" "Pingdom.com_bot_version_1.4_(http://www.pingdom.com/)"
66.249.67.121 - - [17/Jun/2015:02:07:39 +0300] "GET /rus-1953-iii.html HTTP/1.0" 200 63501 "-" "Mozilla/5.0 (compatible; Googlebot/2.1; +http://www.google.com/bot.html)"
180.76.15.9 - - [17/Jun/2015:02:08:26 +0300] "GET /citiex-ocenka-imushestva-i-konsalting.html HTTP/1.0" 200 16154 "-" "Mozilla/5.0 (compatible; Baiduspider/2.0; +http://www.baidu.com/search/spider.html)"
72.46.130.42 - - [17/Jun/2015:02:11:16 +0300] "GET / HTTP/1.0" 200 20170 "-" "Pingdom.com_bot_version_1.4_(http://www.pingdom.com/)"
157.55.39.151 - - [17/Jun/2015:02:12:29 +0300] "GET /tulchinskoe-mbti.html HTTP/1.0" 200 17654 "-" "Mozilla/5.0 (compatible; bingbot/2.0; +http://www.bing.com/bingbot.htm)"
178.255.153.2 - - [17/Jun/2015:02:16:16 +0300] "GET / HTTP/1.0" 200 20170 "-" "Pingdom.com_bot_version_1.4_(http://www.pingdom.com/)"
5.255.253.203 - - [17/Jun/2015:02:16:48 +0300] "GET /slovar-terminov/slovar-ocenschika-avtotransport-5/%d0%94/datchik-dozhdya-2852.html HTTP/1.0" 200 16922 "-" "Mozilla/5.0 (compatible; YandexBot/3.0; +http://yandex.com/bots)"
108.62.115.226 - - [17/Jun/2015:02:21:16 +0300] "GET / HTTP/1.0" 200 20170 "-" "Pingdom.com_bot_version_1.4_(http://www.pingdom.com/)"
184.75.209.18 - - [17/Jun/2015:02:26:16 +0300] "GET / HTTP/1.0" 200 20170 "-" "Pingdom.com_bot_version_1.4_(http://www.pingdom.com/)"
199.87.228.66 - - [17/Jun/2015:02:31:16 +0300] "GET / HTTP/1.0" 200 20170 "-" "Pingdom.com_bot_version_1.4_(http://www.pingdom.com/)"
207.46.13.102 - - [17/Jun/2015:02:35:22 +0300] "GET /indeks-cen-stroitelno-montajnyh-rabot-ukrainy.html HTTP/1.0" 200 53249 "-" "Mozilla/5.0 (iPhone; CPU iPhone OS 7_0 like Mac OS X) AppleWebKit/537.51.1 (KHTML, like Gecko) Version/7.0 Mobile/11A465 Safari/9537.53 (compatible; bingbot/2.0; http://www.bing.com/bingbot.htm)"
94.247.174.83 - - [17/Jun/2015:02:36:16 +0300] "GET / HTTP/1.0" 200 20170 "-" "Pingdom.com_bot_version_1.4_(http://www.pingdom.com/)"
176.37.32.124 - - [17/Jun/2015:02:38:07 +0300] "GET /rus-3480-iv.html HTTP/1.0" 200 230868 "-" "Mozilla/5.0 (Windows NT 6.1; Win64; x64; Trident/7.0; rv:11.0) like Gecko"
176.37.32.124 - - [17/Jun/2015:02:38:07 +0300] "GET / HTTP/1.0" 200 20170 "-" "Mozilla/5.0 (Windows NT 6.1; Win64; x64; Trident/7.0; rv:11.0) like Gecko"
204.152.200.42 - - [17/Jun/2015:02:41:16 +0300] "GET / HTTP/1.0" 200 20170 "-" "Pingdom.com_bot_version_1.4_(http://www.pingdom.com/)"
96.31.66.245 - - [17/Jun/2015:02:46:16 +0300] "GET / HTTP/1.0" 200 20170 "-" "Pingdom.com_bot_version_1.4_(http://www.pingdom.com/)"
85.17.156.11 - - [17/Jun/2015:02:51:16 +0300] "GET / HTTP/1.0" 200 20170 "-" "Pingdom.com_bot_version_1.4_(http://www.pingdom.com/)"
157.55.39.151 - - [17/Jun/2015:02:53:46 +0300] "GET /tulchinskoe-mbti.html HTTP/1.0" 200 17654 "-" "Mozilla/5.0 (compatible; bingbot/2.0; +http://www.bing.com/bingbot.htm)"
5.255.253.203 - - [17/Jun/2015:02:54:23 +0300] "GET /slovar-terminov/slovar-ocenschika-stroitelstvo-3/%d0%9e/ob-ekt-1380.html HTTP/1.0" 200 14910 "-" "Mozilla/5.0 (compatible; YandexBot/3.0; +http://yandex.com/bots)"
188.138.124.110 - - [17/Jun/2015:02:56:16 +0300] "GET / HTTP/1.0" 200 20170 "-" "Pingdom.com_bot_version_1.4_(http://www.pingdom.com/)"
72.46.130.42 - - [17/Jun/2015:03:01:16 +0300] "GET / HTTP/1.0" 200 20170 "-" "Pingdom.com_bot_version_1.4_(http://www.pingdom.com/)"
178.255.153.2 - - [17/Jun/2015:03:06:16 +0300] "GET / HTTP/1.0" 200 20170 "-" "Pingdom.com_bot_version_1.4_(http://www.pingdom.com/)"
157.55.39.152 - - [17/Jun/2015:03:06:58 +0300] "GET /zhinocha-vzaemodopomoga.html HTTP/1.0" 200 27607 "-" "Mozilla/5.0 (compatible; bingbot/2.0; +http://www.bing.com/bingbot.htm)"
108.62.115.226 - - [17/Jun/2015:03:11:16 +0300] "GET / HTTP/1.0" 200 20170 "-" "Pingdom.com_bot_version_1.4_(http://www.pingdom.com/)"
66.249.67.76 - - [17/Jun/2015:03:12:51 +0300] "GET /slovar-terminov/slovar-ocenschika-zemelnye-uchastki-4/%d0%9f/plan-podzemnyh-i/ili-nadzemnyh-inzhenernyh-kommunikaciy-2303.html HTTP/1.0" 200 16083 "-" "Mozilla/5.0 (compatible; Googlebot/2.1; +http://www.google.com/bot.html)"
66.249.67.115 - - [17/Jun/2015:03:14:37 +0300] "GET /zakarpatske-rv-fdmu.html HTTP/1.0" 200 27607 "-" "Mozilla/5.0 (iPhone; CPU iPhone OS 6_0 like Mac OS X) AppleWebKit/536.26 (KHTML, like Gecko) Version/6.0 Mobile/10A5376e Safari/8536.25 (compatible; Googlebot/2.1; +http://www.google.com/bot.html)"
184.75.209.18 - - [17/Jun/2015:03:16:16 +0300] "GET / HTTP/1.0" 200 20170 "-" "Pingdom.com_bot_version_1.4_(http://www.pingdom.com/)"
199.87.228.66 - - [17/Jun/2015:03:21:16 +0300] "GET / HTTP/1.0" 200 20170 "-" "Pingdom.com_bot_version_1.4_(http://www.pingdom.com/)"
94.247.174.83 - - [17/Jun/2015:03:26:16 +0300] "GET / HTTP/1.0" 200 20170 "-" "Pingdom.com_bot_version_1.4_(http://www.pingdom.com/)"
5.255.253.203 - - [17/Jun/2015:03:28:08 +0300] "GET /slovar-terminov/slovar-ocenschika-zemelnye-uchastki-4/%d0%94/dogovor-arendy-zemli-2016.html HTTP/1.0" 200 15731 "-" "Mozilla/5.0 (compatible; YandexBot/3.0; +http://yandex.com/bots)"
207.46.13.102 - - [17/Jun/2015:03:28:37 +0300] "GET /kazna.html HTTP/1.0" 200 27607 "-" "Mozilla/5.0 (compatible; bingbot/2.0; +http://www.bing.com/bingbot.htm)"
207.46.13.102 - - [17/Jun/2015:03:29:22 +0300] "GET /slovar-terminov/slovar-ocenschika-nedvizhimost-i-ipoteka-2/A/alternative-a-loan-alternativnyy-a-kredit-387.html HTTP/1.0" 200 18553 "-" "Mozilla/5.0 (compatible; bingbot/2.0; +http://www.bing.com/bingbot.htm)"
66.249.67.127 - - [17/Jun/2015:03:30:39 +0300] "GET /velta.html HTTP/1.0" 200 27607 "-" "Mozilla/5.0 (iPhone; CPU iPhone OS 6_0 like Mac OS X) AppleWebKit/536.26 (KHTML, like Gecko) Version/6.0 Mobile/10A5376e Safari/8536.25 (compatible; Googlebot/2.1; +http://www.google.com/bot.html)"
204.152.200.42 - - [17/Jun/2015:03:31:16 +0300] "GET / HTTP/1.0" 200 20170 "-" "Pingdom.com_bot_version_1.4_(http://www.pingdom.com/)"
96.31.66.245 - - [17/Jun/2015:03:36:16 +0300] "GET / HTTP/1.0" 200 20170 "-" "Pingdom.com_bot_version_1.4_(http://www.pingdom.com/)"
123.125.71.71 - - [17/Jun/2015:03:37:44 +0300] "GET /robots.txt HTTP/1.0" 200 304 "-" "Mozilla/5.0 (Windows NT 5.1; rv:6.0.2) Gecko/20100101 Firefox/6.0.2"
123.125.71.104 - - [17/Jun/2015:03:37:56 +0300] "GET /uslugi-chastnym-litsam.html HTTP/1.0" 200 20524 "-" "Mozilla/5.0 (compatible; Baiduspider/2.0; +http://www.baidu.com/search/spider.html)"
85.17.156.11 - - [17/Jun/2015:03:41:16 +0300] "GET / HTTP/1.0" 200 20170 "-" "Pingdom.com_bot_version_1.4_(http://www.pingdom.com/)"
207.46.13.102 - - [17/Jun/2015:03:44:53 +0300] "GET /9-voprosy-po-nashey-rabote.html HTTP/1.0" 200 29072 "-" "Mozilla/5.0 (compatible; bingbot/2.0; +http://www.bing.com/bingbot.htm)"
188.138.124.110 - - [17/Jun/2015:03:46:16 +0300] "GET / HTTP/1.0" 200 20170 "-" "Pingdom.com_bot_version_1.4_(http://www.pingdom.com/)"
208.115.111.71 - - [17/Jun/2015:03:48:29 +0300] "GET /sotrudnichay-s-citiex.html HTTP/1.0" 200 15439 "-" "Mozilla/5.0 (compatible; DotBot/1.1; http://www.opensiteexplorer.org/dotbot, help@moz.com)"
72.46.130.42 - - [17/Jun/2015:03:51:16 +0300] "GET / HTTP/1.0" 200 20170 "-" "Pingdom.com_bot_version_1.4_(http://www.pingdom.com/)"
217.69.136.205 - - [17/Jun/2015:03:55:24 +0300] "GET /robots.txt HTTP/1.0" 200 304 "-" "Mozilla/5.0 (compatible; Linux x86_64; Mail.RU_Bot/2.0; +http://go.mail.ru/help/robots)"
178.255.153.2 - - [17/Jun/2015:03:56:16 +0300] "GET / HTTP/1.0" 200 20170 "-" "Pingdom.com_bot_version_1.4_(http://www.pingdom.com/)"
157.55.39.152 - - [17/Jun/2015:03:57:58 +0300] "GET /tulchinskoe-mbti.html HTTP/1.0" 200 17654 "-" "Mozilla/5.0 (compatible; bingbot/2.0; +http://www.bing.com/bingbot.htm)"
37.140.188.35 - - [17/Jun/2015:04:01:08 +0300] "GET /slovar-terminov/slovar-ocenschika-korabli-i-suda-7/%d0%9f/povorotno-otkidnaya-uglovaya-kolonka-3579.html HTTP/1.0" 200 25037 "-" "Mozilla/5.0 (compatible; YandexBot/3.0; +http://yandex.com/bots)"
108.62.115.226 - - [17/Jun/2015:04:01:16 +0300] "GET / HTTP/1.0" 200 20170 "-" "Pingdom.com_bot_version_1.4_(http://www.pingdom.com/)"
66.249.67.127 - - [17/Jun/2015:04:04:11 +0300] "GET /slovar-terminov/slovar-ocenschika-korabli-i-suda-7/%d0%9c/montazh-valoprovoda-3522.html HTTP/1.0" 200 20203 "-" "Mozilla/5.0 (compatible; Googlebot/2.1; +http://www.google.com/bot.html)"
184.75.209.18 - - [17/Jun/2015:04:06:16 +0300] "GET / HTTP/1.0" 200 20170 "-" "Pingdom.com_bot_version_1.4_(http://www.pingdom.com/)"
199.87.228.66 - - [17/Jun/2015:04:11:16 +0300] "GET / HTTP/1.0" 200 20170 "-" "Pingdom.com_bot_version_1.4_(http://www.pingdom.com/)"
46.242.125.139 - - [17/Jun/2015:04:11:18 +0300] "GET /slovar-terminov/slovar-ocenschika-zemelnye-uchastki-4/%d0%a1/sputnikovye-sistemy-pozicionirovaniya-ssp-global-positioning-system-gps-gps-system-sgs-2462.html HTTP/1.0" 200 23323 "http://yandex.ru/clck/jsredir?from=yandex.ru%3Bsearch%3Bweb%3B%3B&text=&etext=721.qkvSal4Ia0MIUKlc9i24kAnF2gS2rnLcrSGgMYwilSyYhVlE6DnXFD2g6mrHi35AfBQqZQ0mw4j3FrxJg1q1dIpKJlipSibv8oUZhuHhT2MLsvu3oI76KSWKT1_JUcVX-ZSViBmUlMlgHQxXQ8eR10A62h1QKMqJ3tUUhzC9ZROsg9nBMSIHr8sJc8jb7Mlp8vd2_f5WVAF9iS2knVjISBEtkESc3aOMNVzI8-oOLDNbHFrX-WSy6b5wKl_mCzMsDSsXlPEKx5_02U0OAvE4bw.6693c079023bfa3951b2bca0396abc26a3c48ee2&uuid=&state=AiuY0DBWFJ4ePaEse6rgeAjgs2pI3DW9J0KiE5XNXd0dp0ZMwFHoviUoYa6nzP7MFsomsouu4qczaAm8fOx4IhEAwgdoeLSYFecCFFZPrpkdm5XDYArK55yzJD0B2FuRXAeOA0WJLnT021HilRZA1iOpv0B51ay53F7u5bIfeX6Fd2bqMH0RyuIzuzvZ4T4SLQbI_axaLHoDSW3_60g9dw&data=UlNrNmk5WktYejR0eWJFYk1LdmtxZ0IwM0xtOGFxVG5XOFNaM2VaM051Zjc3OGYwNUp1MHdkSnJsNy1ZNlp1WHhjTFl3SzRVZ1dKd3lCeWpqTFVydUZGR0FvYlFqMVhBMTU2b3pxQzBXazFCQUJSZDBBSmFndVJ1amNOUkc3VzNBZS1aS3dDRWZGckJaNFZMb194RTNkZ0pwMEdiYW9Ca1lHdktoSlFOTUQtYzlraDVHSkFVUVRiQ2pSSVFaekNYY0Fjcm80TlVPU1pJeGpsM1lTdGlzNWl2aUdRaVJOcVYxXzZubzhBUnJNLW9fRjlOZnB6d1N2M0RKSlRRNGxVbjdlSU5RMm1na0ZZVzgxbkltWEpIWl9XUUc3THlrSDJzN05kX0I0UGJleU13SGJSZ0NMbmtnajhLT2thbzdVV2o&b64e=2&sign=5051133b2c5c349da4e4d086203a2b35&keyno=0&l10n=ru&cts=1434503158010&mc=0" "Opera/9.80 (Android; Opera Mini/7.5.31657/28.2794; U; ru) Presto/2.8.119 Version/11.10"
46.242.125.139 - - [17/Jun/2015:04:11:19 +0300] "GET /cache/assets/ef65064a64c7ce9b4395600cb8db9f36.css HTTP/1.0" 200 41592 "http://citiex.com.ua/slovar-terminov/slovar-ocenschika-zemelnye-uchastki-4/%D0%A1/sputnikovye-sistemy-pozicionirovaniya-ssp-global-positioning-system-gps-gps-system-sgs-2462.html" "Opera/9.80 (Android; Opera Mini/7.5.31657/28.2794; U; ru) Presto/2.8.119 Version/11.10"
46.242.125.139 - - [17/Jun/2015:04:11:19 +0300] "GET /media/system/js/mootools.js HTTP/1.0" 200 74434 "http://citiex.com.ua/slovar-terminov/slovar-ocenschika-zemelnye-uchastki-4/%D0%A1/sputnikovye-sistemy-pozicionirovaniya-ssp-global-positioning-system-gps-gps-system-sgs-2462.html" "Opera/9.80 (Android; Opera Mini/7.5.31657/28.2794; U; ru) Presto/2.8.119 Version/11.10"
46.242.125.139 - - [17/Jun/2015:04:11:19 +0300] "GET /templates/gk_aumi/lib/scripts/hltable.js HTTP/1.0" 200 3646 "http://citiex.com.ua/slovar-terminov/slovar-ocenschika-zemelnye-uchastki-4/%D0%A1/sputnikovye-sistemy-pozicionirovaniya-ssp-global-positioning-system-gps-gps-system-sgs-2462.html" "Opera/9.80 (Android; Opera Mini/7.5.31657/28.2794; U; ru) Presto/2.8.119 Version/11.10"
46.242.125.139 - - [17/Jun/2015:04:11:19 +0300] "GET /templates/gk_aumi/lib/scripts/template_scripts.js HTTP/1.0" 200 2281 "http://citiex.com.ua/slovar-terminov/slovar-ocenschika-zemelnye-uchastki-4/%D0%A1/sputnikovye-sistemy-pozicionirovaniya-ssp-global-positioning-system-gps-gps-system-sgs-2462.html" "Opera/9.80 (Android; Opera Mini/7.5.31657/28.2794; U; ru) Presto/2.8.119 Version/11.10"
46.242.125.139 - - [17/Jun/2015:04:11:19 +0300] "GET /components/com_sh404sef/images/external-black.png HTTP/1.0" 200 3621 "http://citiex.com.ua/slovar-terminov/slovar-ocenschika-zemelnye-uchastki-4/%D0%A1/sputnikovye-sistemy-pozicionirovaniya-ssp-global-positioning-system-gps-gps-system-sgs-2462.html" "Opera/9.80 (Android; Opera Mini/7.5.31657/28.2794; U; ru) Presto/2.8.119 Version/11.10"
46.242.125.139 - - [17/Jun/2015:04:11:19 +0300] "GET /templates/gk_aumi/images/bg_top.png HTTP/1.0" 200 321 "http://citiex.com.ua/slovar-terminov/slovar-ocenschika-zemelnye-uchastki-4/%D0%A1/sputnikovye-sistemy-pozicionirovaniya-ssp-global-positioning-system-gps-gps-system-sgs-2462.html" "Opera/9.80 (Android; Opera Mini/7.5.31657/28.2794; U; ru) Presto/2.8.119 Version/11.10"
46.242.125.139 - - [17/Jun/2015:04:11:19 +0300] "GET /templates/gk_aumi/images/bg_content_middle.png HTTP/1.0" 200 89 "http://citiex.com.ua/slovar-terminov/slovar-ocenschika-zemelnye-uchastki-4/%D0%A1/sputnikovye-sistemy-pozicionirovaniya-ssp-global-positioning-system-gps-gps-system-sgs-2462.html" "Opera/9.80 (Android; Opera Mini/7.5.31657/28.2794; U; ru) Presto/2.8.119 Version/11.10"
46.242.125.139 - - [17/Jun/2015:04:11:19 +0300] "GET /templates/gk_aumi/images/bg_footer.png HTTP/1.0" 200 325 "http://citiex.com.ua/slovar-terminov/slovar-ocenschika-zemelnye-uchastki-4/%D0%A1/sputnikovye-sistemy-pozicionirovaniya-ssp-global-positioning-system-gps-gps-system-sgs-2462.html" "Opera/9.80 (Android; Opera Mini/7.5.31657/28.2794; U; ru) Presto/2.8.119 Version/11.10"
46.242.125.139 - - [17/Jun/2015:04:11:19 +0300] "GET /templates/gk_aumi/images/bg_content_top.png HTTP/1.0" 200 133 "http://citiex.com.ua/slovar-terminov/slovar-ocenschika-zemelnye-uchastki-4/%D0%A1/sputnikovye-sistemy-pozicionirovaniya-ssp-global-positioning-system-gps-gps-system-sgs-2462.html" "Opera/9.80 (Android; Opera Mini/7.5.31657/28.2794; U; ru) Presto/2.8.119 Version/11.10"
46.242.125.139 - - [17/Jun/2015:04:11:19 +0300] "GET /templates/gk_aumi/images/menu_li.png HTTP/1.0" 200 181 "http://citiex.com.ua/slovar-terminov/slovar-ocenschika-zemelnye-uchastki-4/%D0%A1/sputnikovye-sistemy-pozicionirovaniya-ssp-global-positioning-system-gps-gps-system-sgs-2462.html" "Opera/9.80 (Android; Opera Mini/7.5.31657/28.2794; U; ru) Presto/2.8.119 Version/11.10"
37.204.115.214 - - [17/Jun/2015:04:11:18 +0300] "GET /rus-1805-iii.html HTTP/1.0" 200 209268 "http://yandex.ru/clck/jsredir?from=yandex.ru%3Bsearch%3Bweb%3B%3B&text=&etext=721.t_yH2u5Mb1bWV5jUwWKnSi6-JdV_R-SQa_7pE2HByJwmY1euUaavALUKs8OLq2utr8fKujmJ1YIIapVyiSBTwwcVouh_lAFoYxGgptZ4G9ExG15bsVQ-AuW0mGTb7bqPBD0iKeSBU4tMtIy1G9pHMsb0IrjwRftr1X9oh6lWrHDisqhJN5hqi_uvZ4q0ZsfzWAfBC2XytG-bRct4QfBYk0hjQpUSU-g2FlIChBawhoQ7tDz1TBkG1IJgKeRfqqtkUqGRFzMDuGmQVStYvV1KxVKp25gsKGdi81ssuc23CJ0A-H1kefMooqPm-OHZnADpLgKs8DcaRLSKRr84TzepMcDJqcIx0idK9yHYMrcJiHmhSopgcM3S42bKEXXYRlg-JSjqz9ZZQEqPY5UruRQZTYyAyWo4CuxoQCBpd37Q7RI.bca4c0a0aec562476774b288cd3dac1984de2479&uuid=&state=AiuY0DBWFJ4ePaEse6rgeAjgs2pI3DW9J0KiE5XNXd0dp0ZMwFHoviUoYa6nzP7MFsomsouu4qcwtr-dWs2-jzP1ge-q4uezcfcHjx-rgagUtSKarhshZFhpxEkW5nZp34wYHW2nyuDe73HS3k0jDRikwO4H9w5mYtD8tG3JiDHSrPJRe4HdUiUxY78bwumzMTE2zkzmTtRgUnPTTTij1g&data=UlNrNmk5WktYejR0eWJFYk1LdmtxZ0IwM0xtOGFxVG5XOFNaM2VaM051ZGI3S3JSMHlJY0xROU9wX01iZm50Uk1XTjlaYUduQWdtQXR6dEJqSEcxOEM1M3R4U1hleHVuUFQxSWdvNHJuLUpoX2RiS0VwZUxNdw&b64e=2&sign=e55de753f0df85434bf6d1f8782a3427&keyno=0&l10n=ru&cts=1434503158010&mc=0" "Opera/9.80 (J2ME/MIDP; Opera Mini/5.0.19693/28.2725; U; ru) Presto/2.8.119 Version/11.10"
37.204.115.214 - - [17/Jun/2015:04:11:21 +0300] "GET /templates/gk_aumi/lib/scripts/hltable.js HTTP/1.0" 200 3646 "http://citiex.com.ua/rus-1805-iii.html" "Opera/9.80 (J2ME/MIDP; Opera Mini/5.0.19693/28.2725; U; ru) Presto/2.8.119 Version/11.10"
37.204.115.214 - - [17/Jun/2015:04:11:21 +0300] "GET /media/system/js/caption.js HTTP/1.0" 200 1963 "http://citiex.com.ua/rus-1805-iii.html" "Opera/9.80 (J2ME/MIDP; Opera Mini/5.0.19693/28.2725; U; ru) Presto/2.8.119 Version/11.10"
37.204.115.214 - - [17/Jun/2015:04:11:21 +0300] "GET /templates/gk_aumi/lib/scripts/template_scripts.js HTTP/1.0" 200 2281 "http://citiex.com.ua/rus-1805-iii.html" "Opera/9.80 (J2ME/MIDP; Opera Mini/5.0.19693/28.2725; U; ru) Presto/2.8.119 Version/11.10"
37.204.115.214 - - [17/Jun/2015:04:11:21 +0300] "GET /cache/assets/15e1e423d7a27a0d8ee8e70b064c44eb.css HTTP/1.0" 200 44011 "http://citiex.com.ua/rus-1805-iii.html" "Opera/9.80 (J2ME/MIDP; Opera Mini/5.0.19693/28.2725; U; ru) Presto/2.8.119 Version/11.10"
37.204.115.214 - - [17/Jun/2015:04:11:21 +0300] "GET /media/system/js/mootools.js HTTP/1.0" 200 74434 "http://citiex.com.ua/rus-1805-iii.html" "Opera/9.80 (J2ME/MIDP; Opera Mini/5.0.19693/28.2725; U; ru) Presto/2.8.119 Version/11.10"
37.204.115.214 - - [17/Jun/2015:04:11:21 +0300] "GET /media/system/js/modal.js HTTP/1.0" 200 10588 "http://citiex.com.ua/rus-1805-iii.html" "Opera/9.80 (J2ME/MIDP; Opera Mini/5.0.19693/28.2725; U; ru) Presto/2.8.119 Version/11.10"
37.204.115.214 - - [17/Jun/2015:04:11:21 +0300] "GET /templates/gk_aumi/images/logo.png HTTP/1.0" 200 6149 "http://citiex.com.ua/rus-1805-iii.html" "Opera/9.80 (J2ME/MIDP; Opera Mini/5.0.19693/28.2725; U; ru) Presto/2.8.119 Version/11.10"
37.204.115.214 - - [17/Jun/2015:04:11:21 +0300] "GET /components/com_sh404sef/images/external-black.png HTTP/1.0" 200 3621 "http://citiex.com.ua/rus-1805-iii.html" "Opera/9.80 (J2ME/MIDP; Opera Mini/5.0.19693/28.2725; U; ru) Presto/2.8.119 Version/11.10"
37.204.115.214 - - [17/Jun/2015:04:11:21 +0300] "GET /plugins/content/attachments_refresh.js HTTP/1.0" 200 1560 "http://citiex.com.ua/rus-1805-iii.html" "Opera/9.80 (J2ME/MIDP; Opera Mini/5.0.19693/28.2725; U; ru) Presto/2.8.119 Version/11.10"
95.25.108.40 - - [17/Jun/2015:04:11:18 +0300] "GET /ukr-1057-iv.html HTTP/1.0" 200 367207 "http://yandex.ru/clck/jsredir?from=yandex.ru%3Bsearch%3Bweb%3B%3B&text=&etext=721.0iQAijhB6nD-4bUd6chrGg1_gKQPAUzE61Rafh9xZzwBzjtLcnaSPsW_qytsZN5PSkNHuBsA7zeQGIBQ8LBMG-3eGAUnMqi7B6SIYE-0cQW6TziiulSBZwKAef-WdSw9EFUNZlS2qMV8YEZRExYjS5nnkLwYGQBPbAt-_iMeT7OcM4pwLoQylJt7lFkfM9_tVXLH7_W_vN82m-GL2PNWX5p9L-7LJAgC0FbQRCa_rvunmRH56R6UUmX_Hf_ikyGIUES2FAL2FPAn2GQuycUl_gAiXRrWP3BL7e1hdWMeUQiFUptnXoLRGe1EvHZip8QfEdlQR7GiwKRYhby6c9dtC6ENfsLBDcS2nsIol4aAT_Rvs-q-1rthPzJSeU_c5pJhPeYjHJYcIiF3Zh4g1W1nGj_V2Nz90k8O8hPkMD48_Io.4a2f0887b75fd3d63dd2813b995d4e3e9bd250e3&uuid=&state=AiuY0DBWFJ4ePaEse6rgeAjgs2pI3DW9J0KiE5XNXd0dp0ZMwFHoviUoYa6nzP7MFsomsouu4qepNGzxBf52zCfzX4HjjIo2MJ0byHV1ZlK-fuGC8NxhPV131vur_tPdZaqnLln2tWN5DTUy9iVmf0M4C62Lei3RNO-e3kCjB39A3UgyBHLIeZpIVx9g72kbZKSWXgsEHVVooEDk9YVGsA&data=UlNrNmk5WktYejR0eWJFYk1LdmtxZ0IwM0xtOGFxVG5XOFNaM2VaM051Zm1XNHkzUzZ1RVF1bFV1VHl1VndReVh1WUJEdkRmaDljdE1CWEg5LUNxM0FuYUtscFNFVmFCTGtZRWM0Y0gyVUlqRnctb3hrX0UyZw&b64e=2&sign=b1a40ec0c806b92bb61a6fe5635e130b&keyno=0&l10n=ru&cts=1434503158010&mc=0" "Mozilla/5.0 (Linux; U; Android 4.0.3; ru-ru; GT-P5110 Build/IML74K) AppleWebKit/534.30 (KHTML, like Gecko) Version/4.0 Safari/534.30"
95.25.108.40 - - [17/Jun/2015:04:11:21 +0300] "GET /media/system/js/caption.js HTTP/1.0" 200 1963 "http://citiex.com.ua/ukr-1057-iv.html" "Mozilla/5.0 (Linux; U; Android 4.0.3; ru-ru; GT-P5110 Build/IML74K) AppleWebKit/534.30 (KHTML, like Gecko) Version/4.0 Safari/534.30"
95.25.108.40 - - [17/Jun/2015:04:11:21 +0300] "GET /cache/assets/15e1e423d7a27a0d8ee8e70b064c44eb.css HTTP/1.0" 200 44011 "http://citiex.com.ua/ukr-1057-iv.html" "Mozilla/5.0 (Linux; U; Android 4.0.3; ru-ru; GT-P5110 Build/IML74K) AppleWebKit/534.30 (KHTML, like Gecko) Version/4.0 Safari/534.30"
95.25.108.40 - - [17/Jun/2015:04:11:21 +0300] "GET /media/system/js/mootools.js HTTP/1.0" 200 74434 "http://citiex.com.ua/ukr-1057-iv.html" "Mozilla/5.0 (Linux; U; Android 4.0.3; ru-ru; GT-P5110 Build/IML74K) AppleWebKit/534.30 (KHTML, like Gecko) Version/4.0 Safari/534.30"
95.25.108.40 - - [17/Jun/2015:04:11:21 +0300] "GET /media/system/js/modal.js HTTP/1.0" 200 10588 "http://citiex.com.ua/ukr-1057-iv.html" "Mozilla/5.0 (Linux; U; Android 4.0.3; ru-ru; GT-P5110 Build/IML74K) AppleWebKit/534.30 (KHTML, like Gecko) Version/4.0 Safari/534.30"
95.25.108.40 - - [17/Jun/2015:04:11:21 +0300] "GET /plugins/content/attachments_refresh.js HTTP/1.0" 200 1560 "http://citiex.com.ua/ukr-1057-iv.html" "Mozilla/5.0 (Linux; U; Android 4.0.3; ru-ru; GT-P5110 Build/IML74K) AppleWebKit/534.30 (KHTML, like Gecko) Version/4.0 Safari/534.30"
95.25.108.40 - - [17/Jun/2015:04:11:21 +0300] "GET /templates/gk_aumi/images/logo.png HTTP/1.0" 200 6149 "http://citiex.com.ua/ukr-1057-iv.html" "Mozilla/5.0 (Linux; U; Android 4.0.3; ru-ru; GT-P5110 Build/IML74K) AppleWebKit/534.30 (KHTML, like Gecko) Version/4.0 Safari/534.30"
95.25.108.40 - - [17/Jun/2015:04:11:21 +0300] "GET /templates/gk_aumi/lib/scripts/hltable.js HTTP/1.0" 200 3646 "http://citiex.com.ua/ukr-1057-iv.html" "Mozilla/5.0 (Linux; U; Android 4.0.3; ru-ru; GT-P5110 Build/IML74K) AppleWebKit/534.30 (KHTML, like Gecko) Version/4.0 Safari/534.30"
95.25.108.40 - - [17/Jun/2015:04:11:21 +0300] "GET /templates/gk_aumi/lib/scripts/template_scripts.js HTTP/1.0" 200 2281 "http://citiex.com.ua/ukr-1057-iv.html" "Mozilla/5.0 (Linux; U; Android 4.0.3; ru-ru; GT-P5110 Build/IML74K) AppleWebKit/534.30 (KHTML, like Gecko) Version/4.0 Safari/534.30"
93.80.94.53 - - [17/Jun/2015:04:11:21 +0300] "GET /ocenka-kvartiry-pri-prodaje.html HTTP/1.0" 200 32931 "http://yandex.ru/clck/jsredir?from=yandex.ru%3Bsearch%3Bweb%3B%3B&text=&etext=721.2og6a1bP7pg_IMHp-kIgdAzCb4GCNDmZWKPMd16kM_ATx8UtKvEmAJtJUGnT1Dgt-jMY3lBkIJoo6I40roGwRyB3-vFQorJZSufqmc6ny0avfAfrw8RGpg_Ed8HMfYj4kQdXPfuLPc_8Tl4V5fZpfwUGBjdDY1X3M3hDJmIvwP74XoH23G48L_4praazcjByq0LrulgT95kzglTxIQYbCwRqk7PgGv7IgfnbJ1pK21Igto1PgE7yYE60Ts97tGG-jTEuuigTk221ZG96RW6D9NaYDKfdFbrMCQgAsBZtOkYtaWhtqZQMkQQ3JkVDnmtr5C3UXgpnX2eXCU3PhdngKQ.e13a4e310f262a8c09dc8fb4aa9e786e14184fa3&uuid=&state=AiuY0DBWFJ4ePaEse6rgeAjgs2pI3DW9J0KiE5XNXd0dp0ZMwFHoviUoYa6nzP7MFsomsouu4qdxGziC3SQtmL1wmTJgvMlnM06hfldbqrtRWZ6SWWb84IDRJgiHrtffd3jJn1Cx8iQxiYcZd_2ZJ8eEOS9QQiZotyWo9wx925GLUxJt-OBtljnALz0NxWGdfqfF4qWA09hNf56pJjtJKg&data=UlNrNmk5WktYejR0eWJFYk1LdmtxZ0IwM0xtOGFxVG5XOFNaM2VaM051ZWl6cnRNdm1WNElvZmpQUFZKNHg0RWExOWNiVnV1U2xTLWtPR2dhbERYUW9yMGNHN29FVmFZQ2c4dGIxV2dTSDU0Zy1TYUJxNEg5SWFuWWdpQkhWUGJyQXp5ZUJzNGp1aw&b64e=2&sign=5e2d79a17cc53b2ab2d872c5cc3f4278&keyno=0&l10n=ru&cts=1434503158011&mc=0" "Opera/9.80 (J2ME/MIDP; Opera Mini/6.0.24093/28.2725; U; ru) Presto/2.8.119 Version/11.10"
95.25.108.40 - - [17/Jun/2015:04:11:21 +0300] "GET /components/com_sh404sef/images/external-black.png HTTP/1.0" 200 3621 "http://citiex.com.ua/ukr-1057-iv.html" "Mozilla/5.0 (Linux; U; Android 4.0.3; ru-ru; GT-P5110 Build/IML74K) AppleWebKit/534.30 (KHTML, like Gecko) Version/4.0 Safari/534.30"
93.80.94.53 - - [17/Jun/2015:04:11:22 +0300] "GET /templates/gk_aumi/lib/scripts/template_scripts.js HTTP/1.0" 200 2281 "http://citiex.com.ua/ocenka-kvartiry-pri-prodaje.html" "Opera/9.80 (J2ME/MIDP; Opera Mini/6.0.24093/28.2725; U; ru) Presto/2.8.119 Version/11.10"
93.80.94.53 - - [17/Jun/2015:04:11:22 +0300] "GET /plugins/content/attachments_refresh.js HTTP/1.0" 200 1560 "http://citiex.com.ua/ocenka-kvartiry-pri-prodaje.html" "Opera/9.80 (J2ME/MIDP; Opera Mini/6.0.24093/28.2725; U; ru) Presto/2.8.119 Version/11.10"
93.80.94.53 - - [17/Jun/2015:04:11:22 +0300] "GET /media/system/js/modal.js HTTP/1.0" 200 10588 "http://citiex.com.ua/ocenka-kvartiry-pri-prodaje.html" "Opera/9.80 (J2ME/MIDP; Opera Mini/6.0.24093/28.2725; U; ru) Presto/2.8.119 Version/11.10"
93.80.94.53 - - [17/Jun/2015:04:11:22 +0300] "GET /templates/gk_aumi/lib/scripts/hltable.js HTTP/1.0" 200 3646 "http://citiex.com.ua/ocenka-kvartiry-pri-prodaje.html" "Opera/9.80 (J2ME/MIDP; Opera Mini/6.0.24093/28.2725; U; ru) Presto/2.8.119 Version/11.10"
93.80.94.53 - - [17/Jun/2015:04:11:22 +0300] "GET /templates/gk_aumi/images/logo.png HTTP/1.0" 200 6149 "http://citiex.com.ua/ocenka-kvartiry-pri-prodaje.html" "Opera/9.80 (J2ME/MIDP; Opera Mini/6.0.24093/28.2725; U; ru) Presto/2.8.119 Version/11.10"
93.80.94.53 - - [17/Jun/2015:04:11:22 +0300] "GET /templates/gk_aumi/lib/scripts/menu.php?style=suckerfish&width=1&height=1&opacity=1&animation=1&speed=250 HTTP/1.0" 200 253 "http://citiex.com.ua/ocenka-kvartiry-pri-prodaje.html" "Opera/9.80 (J2ME/MIDP; Opera Mini/6.0.24093/28.2725; U; ru) Presto/2.8.119 Version/11.10"
93.80.94.53 - - [17/Jun/2015:04:11:22 +0300] "GET /components/com_sh404sef/images/external-black.png HTTP/1.0" 200 3621 "http://citiex.com.ua/ocenka-kvartiry-pri-prodaje.html" "Opera/9.80 (J2ME/MIDP; Opera Mini/6.0.24093/28.2725; U; ru) Presto/2.8.119 Version/11.10"
95.25.108.40 - - [17/Jun/2015:04:11:22 +0300] "GET /templates/gk_aumi/images/bg_top.png HTTP/1.0" 200 321 "http://citiex.com.ua/ukr-1057-iv.html" "Mozilla/5.0 (Linux; U; Android 4.0.3; ru-ru; GT-P5110 Build/IML74K) AppleWebKit/534.30 (KHTML, like Gecko) Version/4.0 Safari/534.30"
37.204.115.214 - - [17/Jun/2015:04:11:21 +0300] "GET /templates/gk_aumi/lib/scripts/menu.php?style=suckerfish&width=1&height=1&opacity=1&animation=1&speed=250 HTTP/1.0" 200 253 "http://citiex.com.ua/rus-1805-iii.html" "Opera/9.80 (J2ME/MIDP; Opera Mini/5.0.19693/28.2725; U; ru) Presto/2.8.119 Version/11.10"
37.204.115.214 - - [17/Jun/2015:04:11:22 +0300] "GET /templates/gk_aumi/images/bg_top.png HTTP/1.0" 200 321 "http://citiex.com.ua/rus-1805-iii.html" "Opera/9.80 (J2ME/MIDP; Opera Mini/5.0.19693/28.2725; U; ru) Presto/2.8.119 Version/11.10"
95.25.108.40 - - [17/Jun/2015:04:11:22 +0300] "GET /templates/gk_aumi/images/bg_content_middle.png HTTP/1.0" 200 89 "http://citiex.com.ua/ukr-1057-iv.html" "Mozilla/5.0 (Linux; U; Android 4.0.3; ru-ru; GT-P5110 Build/IML74K) AppleWebKit/534.30 (KHTML, like Gecko) Version/4.0 Safari/534.30"
95.25.108.40 - - [17/Jun/2015:04:11:22 +0300] "GET /templates/gk_aumi/images/menu_li.png HTTP/1.0" 200 181 "http://citiex.com.ua/ukr-1057-iv.html" "Mozilla/5.0 (Linux; U; Android 4.0.3; ru-ru; GT-P5110 Build/IML74K) AppleWebKit/534.30 (KHTML, like Gecko) Version/4.0 Safari/534.30"
95.25.108.40 - - [17/Jun/2015:04:11:22 +0300] "GET /templates/gk_aumi/images/bg_content_top.png HTTP/1.0" 200 133 "http://citiex.com.ua/ukr-1057-iv.html" "Mozilla/5.0 (Linux; U; Android 4.0.3; ru-ru; GT-P5110 Build/IML74K) AppleWebKit/534.30 (KHTML, like Gecko) Version/4.0 Safari/534.30"
95.25.108.40 - - [17/Jun/2015:04:11:22 +0300] "GET /templates/gk_aumi/images/bg_footer.png HTTP/1.0" 200 325 "http://citiex.com.ua/ukr-1057-iv.html" "Mozilla/5.0 (Linux; U; Android 4.0.3; ru-ru; GT-P5110 Build/IML74K) AppleWebKit/534.30 (KHTML, like Gecko) Version/4.0 Safari/534.30"
37.204.115.214 - - [17/Jun/2015:04:11:22 +0300] "GET /templates/gk_aumi/images/menu_li.png HTTP/1.0" 200 181 "http://citiex.com.ua/rus-1805-iii.html" "Opera/9.80 (J2ME/MIDP; Opera Mini/5.0.19693/28.2725; U; ru) Presto/2.8.119 Version/11.10"
37.204.115.214 - - [17/Jun/2015:04:11:22 +0300] "GET /templates/gk_aumi/images/bg_content_top.png HTTP/1.0" 200 133 "http://citiex.com.ua/rus-1805-iii.html" "Opera/9.80 (J2ME/MIDP; Opera Mini/5.0.19693/28.2725; U; ru) Presto/2.8.119 Version/11.10"
37.204.115.214 - - [17/Jun/2015:04:11:22 +0300] "GET /templates/gk_aumi/images/bg_content_middle.png HTTP/1.0" 200 89 "http://citiex.com.ua/rus-1805-iii.html" "Opera/9.80 (J2ME/MIDP; Opera Mini/5.0.19693/28.2725; U; ru) Presto/2.8.119 Version/11.10"
37.204.115.214 - - [17/Jun/2015:04:11:22 +0300] "GET /templates/gk_aumi/images/bg_footer.png HTTP/1.0" 200 325 "http://citiex.com.ua/rus-1805-iii.html" "Opera/9.80 (J2ME/MIDP; Opera Mini/5.0.19693/28.2725; U; ru) Presto/2.8.119 Version/11.10"
128.69.139.147 - - [17/Jun/2015:04:11:21 +0300] "GET /instruktivniy-list-fdmu-schodo-ocinki-cilisnih-maynovih-kompleksiv-pid-chas-privatizaciyi-vid-02012002-r-n-10-36-21.html HTTP/1.0" 200 24217 "http://yandex.ru/clck/jsredir?from=yandex.ru%3Bsearch%3Bweb%3B%3B&text=&etext=721.WeJ1W9vpm8fZFtoG9fCTCTySbQ7CXVdnEb5XROuLBmg63mvt86UmmPV1FumSbo-zxkmVr1rdnGncqLYrW0kGTp-VDg8SY_GtV36fK_0F34PmD5v6cYAZAhQyXlmUPlkSjufZzf0QHDowPE0WsMTNpiK6zRpBbYPSMsMB4i54tfoqh-x35roQoVc3WQoAqH3Zx89CtyC03wD03xGpfyIp5eYbsci-AlLYQAcIqedThmnYDFQG69VmUkDmn4GID8scnsXyNIakKwuyFTTS1IeWfV_XlYb17ajnBKczDD8IFEgoPTpCDwPHj9vujnwV7p4yqaBLW6LlVVBHKHNUaRxhaw.f3b4a61f1b3a755ab9d252d6a115ec5b3b472e0a&uuid=&state=AiuY0DBWFJ4ePaEse6rgeAjgs2pI3DW9J0KiE5XNXd0dp0ZMwFHoviUoYa6nzP7MFsomsouu4qfQySlD7AoM10p7AmjAjdvEH5ZFCwFYWP5QvRudnB5Fo-V_AMUUQ0h24A-2aVv0NG_H0QehaF3wYYT7Q4_D9tV0T-3fbuS9Oa43pbMqtk-OYJumtzRtjEbZgbC6CeR55H5OIKTgJFJ86A&data=UlNrNmk5WktYejR0eWJFYk1LdmtxZ0IwM0xtOGFxVG5XOFNaM2VaM051ZHMwSWFaNWdvTFJqOE8zbk1HSUhwbkNmaWNsWllfVlFXMkJvSkxJRURLN3I4WXFXOGV5dEwxVzZ3cTVDQ21mbGhNZ3hKcFF5bWtfOTRUU2JCcTB6MlpvYnUwdEpMMmVEd0ZWVFhBVHUtTFFnRlEtVkk5YUZ0enN4RUcxbnFjeUVoWHpkSm9sVHprNE1UOHN2UlVsa2dNd0ozN2hBZ1d6cHJnbVhORzByZVVzV3lKZUVDelB2ZXlncy1DMl96V19sZW5MbnJOX0VRNXBfcndCTXdIOVpENQ&b64e=2&sign=3c171d7ed23a6886506f9b9a349df1ba&keyno=0&l10n=ru&cts=1434503158011&mc=0" "Opera/9.80 (J2ME/MIDP; Opera Mini/6.5.26955/28.2766; U; ru) Presto/2.8.119 Version/11.10"
128.69.139.147 - - [17/Jun/2015:04:11:23 +0300] "GET /cache/assets/15e1e423d7a27a0d8ee8e70b064c44eb.css HTTP/1.0" 200 44011 "http://citiex.com.ua/instruktivniy-list-fdmu-schodo-ocinki-cilisnih-maynovih-kompleksiv-pid-chas-privatizaciyi-vid-02012002-r-n-10-36-21.html" "Opera/9.80 (J2ME/MIDP; Opera Mini/6.5.26955/28.2766; U; ru) Presto/2.8.119 Version/11.10"
128.69.139.147 - - [17/Jun/2015:04:11:23 +0300] "GET /templates/gk_aumi/lib/scripts/menu.php?style=suckerfish&width=1&height=1&opacity=1&animation=1&speed=250 HTTP/1.0" 200 253 "http://citiex.com.ua/instruktivniy-list-fdmu-schodo-ocinki-cilisnih-maynovih-kompleksiv-pid-chas-privatizaciyi-vid-02012002-r-n-10-36-21.html" "Opera/9.80 (J2ME/MIDP; Opera Mini/6.5.26955/28.2766; U; ru) Presto/2.8.119 Version/11.10"
128.69.139.147 - - [17/Jun/2015:04:11:23 +0300] "GET /components/com_sh404sef/images/external-black.png HTTP/1.0" 200 3621 "http://citiex.com.ua/instruktivniy-list-fdmu-schodo-ocinki-cilisnih-maynovih-kompleksiv-pid-chas-privatizaciyi-vid-02012002-r-n-10-36-21.html" "Opera/9.80 (J2ME/MIDP; Opera Mini/6.5.26955/28.2766; U; ru) Presto/2.8.119 Version/11.10"
128.69.139.147 - - [17/Jun/2015:04:11:23 +0300] "GET /templates/gk_aumi/images/logo.png HTTP/1.0" 200 6149 "http://citiex.com.ua/instruktivniy-list-fdmu-schodo-ocinki-cilisnih-maynovih-kompleksiv-pid-chas-privatizaciyi-vid-02012002-r-n-10-36-21.html" "Opera/9.80 (J2ME/MIDP; Opera Mini/6.5.26955/28.2766; U; ru) Presto/2.8.119 Version/11.10"
93.80.94.53 - - [17/Jun/2015:04:11:25 +0300] "GET /media/system/js/caption.js HTTP/1.0" 200 1963 "http://citiex.com.ua/ocenka-kvartiry-pri-prodaje.html" "Opera/9.80 (J2ME/MIDP; Opera Mini/6.0.24093/28.2725; U; ru) Presto/2.8.119 Version/11.10"
93.80.94.53 - - [17/Jun/2015:04:11:25 +0300] "GET /cache/assets/15e1e423d7a27a0d8ee8e70b064c44eb.css HTTP/1.0" 200 44011 "http://citiex.com.ua/ocenka-kvartiry-pri-prodaje.html" "Opera/9.80 (J2ME/MIDP; Opera Mini/6.0.24093/28.2725; U; ru) Presto/2.8.119 Version/11.10"
93.80.94.53 - - [17/Jun/2015:04:11:25 +0300] "GET /media/system/js/mootools.js HTTP/1.0" 200 74434 "http://citiex.com.ua/ocenka-kvartiry-pri-prodaje.html" "Opera/9.80 (J2ME/MIDP; Opera Mini/6.0.24093/28.2725; U; ru) Presto/2.8.119 Version/11.10"
93.80.94.53 - - [17/Jun/2015:04:11:25 +0300] "GET /templates/gk_aumi/images/bg_top.png HTTP/1.0" 200 321 "http://citiex.com.ua/ocenka-kvartiry-pri-prodaje.html" "Opera/9.80 (J2ME/MIDP; Opera Mini/6.0.24093/28.2725; U; ru) Presto/2.8.119 Version/11.10"
93.80.94.53 - - [17/Jun/2015:04:11:25 +0300] "GET /templates/gk_aumi/images/bg_content_middle.png HTTP/1.0" 200 89 "http://citiex.com.ua/ocenka-kvartiry-pri-prodaje.html" "Opera/9.80 (J2ME/MIDP; Opera Mini/6.0.24093/28.2725; U; ru) Presto/2.8.119 Version/11.10"
93.80.94.53 - - [17/Jun/2015:04:11:25 +0300] "GET /templates/gk_aumi/images/bg_content_top.png HTTP/1.0" 200 133 "http://citiex.com.ua/ocenka-kvartiry-pri-prodaje.html" "Opera/9.80 (J2ME/MIDP; Opera Mini/6.0.24093/28.2725; U; ru) Presto/2.8.119 Version/11.10"
93.80.94.53 - - [17/Jun/2015:04:11:25 +0300] "GET /templates/gk_aumi/images/menu_li.png HTTP/1.0" 200 181 "http://citiex.com.ua/ocenka-kvartiry-pri-prodaje.html" "Opera/9.80 (J2ME/MIDP; Opera Mini/6.0.24093/28.2725; U; ru) Presto/2.8.119 Version/11.10"
93.80.94.53 - - [17/Jun/2015:04:11:25 +0300] "GET /templates/gk_aumi/images/bullet.png HTTP/1.0" 200 2887 "http://citiex.com.ua/ocenka-kvartiry-pri-prodaje.html" "Opera/9.80 (J2ME/MIDP; Opera Mini/6.0.24093/28.2725; U; ru) Presto/2.8.119 Version/11.10"
93.80.94.53 - - [17/Jun/2015:04:11:25 +0300] "GET /templates/gk_aumi/images/bg_footer.png HTTP/1.0" 200 325 "http://citiex.com.ua/ocenka-kvartiry-pri-prodaje.html" "Opera/9.80 (J2ME/MIDP; Opera Mini/6.0.24093/28.2725; U; ru) Presto/2.8.119 Version/11.10"
93.80.94.53 - - [17/Jun/2015:04:11:25 +0300] "GET /templates/gk_aumi/images/module_default/mod_tlb.png HTTP/1.0" 200 231 "http://citiex.com.ua/ocenka-kvartiry-pri-prodaje.html" "Opera/9.80 (J2ME/MIDP; Opera Mini/6.0.24093/28.2725; U; ru) Presto/2.8.119 Version/11.10"
93.80.94.53 - - [17/Jun/2015:04:11:25 +0300] "GET /templates/gk_aumi/images/module_default/mod_trb.png HTTP/1.0" 200 468 "http://citiex.com.ua/ocenka-kvartiry-pri-prodaje.html" "Opera/9.80 (J2ME/MIDP; Opera Mini/6.0.24093/28.2725; U; ru) Presto/2.8.119 Version/11.10"
128.69.139.147 - - [17/Jun/2015:04:11:26 +0300] "GET /media/system/js/modal.js HTTP/1.0" 200 10588 "http://citiex.com.ua/instruktivniy-list-fdmu-schodo-ocinki-cilisnih-maynovih-kompleksiv-pid-chas-privatizaciyi-vid-02012002-r-n-10-36-21.html" "Opera/9.80 (J2ME/MIDP; Opera Mini/6.5.26955/28.2766; U; ru) Presto/2.8.119 Version/11.10"
128.69.139.147 - - [17/Jun/2015:04:11:26 +0300] "GET /media/system/js/mootools.js HTTP/1.0" 200 74434 "http://citiex.com.ua/instruktivniy-list-fdmu-schodo-ocinki-cilisnih-maynovih-kompleksiv-pid-chas-privatizaciyi-vid-02012002-r-n-10-36-21.html" "Opera/9.80 (J2ME/MIDP; Opera Mini/6.5.26955/28.2766; U; ru) Presto/2.8.119 Version/11.10"
128.69.139.147 - - [17/Jun/2015:04:11:26 +0300] "GET /templates/gk_aumi/lib/scripts/hltable.js HTTP/1.0" 200 3646 "http://citiex.com.ua/instruktivniy-list-fdmu-schodo-ocinki-cilisnih-maynovih-kompleksiv-pid-chas-privatizaciyi-vid-02012002-r-n-10-36-21.html" "Opera/9.80 (J2ME/MIDP; Opera Mini/6.5.26955/28.2766; U; ru) Presto/2.8.119 Version/11.10"
128.69.139.147 - - [17/Jun/2015:04:11:26 +0300] "GET /plugins/content/attachments_refresh.js HTTP/1.0" 200 1560 "http://citiex.com.ua/instruktivniy-list-fdmu-schodo-ocinki-cilisnih-maynovih-kompleksiv-pid-chas-privatizaciyi-vid-02012002-r-n-10-36-21.html" "Opera/9.80 (J2ME/MIDP; Opera Mini/6.5.26955/28.2766; U; ru) Presto/2.8.119 Version/11.10"
128.69.139.147 - - [17/Jun/2015:04:11:26 +0300] "GET /templates/gk_aumi/lib/scripts/template_scripts.js HTTP/1.0" 200 2281 "http://citiex.com.ua/instruktivniy-list-fdmu-schodo-ocinki-cilisnih-maynovih-kompleksiv-pid-chas-privatizaciyi-vid-02012002-r-n-10-36-21.html" "Opera/9.80 (J2ME/MIDP; Opera Mini/6.5.26955/28.2766; U; ru) Presto/2.8.119 Version/11.10"
128.69.139.147 - - [17/Jun/2015:04:11:26 +0300] "GET /media/system/js/caption.js HTTP/1.0" 200 1963 "http://citiex.com.ua/instruktivniy-list-fdmu-schodo-ocinki-cilisnih-maynovih-kompleksiv-pid-chas-privatizaciyi-vid-02012002-r-n-10-36-21.html" "Opera/9.80 (J2ME/MIDP; Opera Mini/6.5.26955/28.2766; U; ru) Presto/2.8.119 Version/11.10"
128.69.139.147 - - [17/Jun/2015:04:11:26 +0300] "GET /templates/gk_aumi/images/bg_top.png HTTP/1.0" 200 321 "http://citiex.com.ua/instruktivniy-list-fdmu-schodo-ocinki-cilisnih-maynovih-kompleksiv-pid-chas-privatizaciyi-vid-02012002-r-n-10-36-21.html" "Opera/9.80 (J2ME/MIDP; Opera Mini/6.5.26955/28.2766; U; ru) Presto/2.8.119 Version/11.10"
128.69.139.147 - - [17/Jun/2015:04:11:26 +0300] "GET /templates/gk_aumi/images/bg_footer.png HTTP/1.0" 200 325 "http://citiex.com.ua/instruktivniy-list-fdmu-schodo-ocinki-cilisnih-maynovih-kompleksiv-pid-chas-privatizaciyi-vid-02012002-r-n-10-36-21.html" "Opera/9.80 (J2ME/MIDP; Opera Mini/6.5.26955/28.2766; U; ru) Presto/2.8.119 Version/11.10"
128.69.139.147 - - [17/Jun/2015:04:11:26 +0300] "GET /templates/gk_aumi/images/menu_li.png HTTP/1.0" 200 181 "http://citiex.com.ua/instruktivniy-list-fdmu-schodo-ocinki-cilisnih-maynovih-kompleksiv-pid-chas-privatizaciyi-vid-02012002-r-n-10-36-21.html" "Opera/9.80 (J2ME/MIDP; Opera Mini/6.5.26955/28.2766; U; ru) Presto/2.8.119 Version/11.10"
128.69.139.147 - - [17/Jun/2015:04:11:26 +0300] "GET /templates/gk_aumi/images/bg_content_middle.png HTTP/1.0" 200 89 "http://citiex.com.ua/instruktivniy-list-fdmu-schodo-ocinki-cilisnih-maynovih-kompleksiv-pid-chas-privatizaciyi-vid-02012002-r-n-10-36-21.html" "Opera/9.80 (J2ME/MIDP; Opera Mini/6.5.26955/28.2766; U; ru) Presto/2.8.119 Version/11.10"
128.69.139.147 - - [17/Jun/2015:04:11:26 +0300] "GET /templates/gk_aumi/images/bg_content_top.png HTTP/1.0" 200 133 "http://citiex.com.ua/instruktivniy-list-fdmu-schodo-ocinki-cilisnih-maynovih-kompleksiv-pid-chas-privatizaciyi-vid-02012002-r-n-10-36-21.html" "Opera/9.80 (J2ME/MIDP; Opera Mini/6.5.26955/28.2766; U; ru) Presto/2.8.119 Version/11.10"
94.247.174.83 - - [17/Jun/2015:04:16:16 +0300] "GET / HTTP/1.0" 200 20170 "-" "Pingdom.com_bot_version_1.4_(http://www.pingdom.com/)"
66.249.67.115 - - [17/Jun/2015:04:18:40 +0300] "GET /slovar-terminov/slovar-ocenschika-avtotransport-5/%d0%9a/klima-2938.html HTTP/1.0" 200 17023 "-" "Mozilla/5.0 (compatible; Googlebot/2.1; +http://www.google.com/bot.html)"
