94.247.174.83 - - [16/Jun/2015:18:16:16 +0300] "GET / HTTP/1.0" 200 20170 "-" "Pingdom.com_bot_version_1.4_(http://www.pingdom.com/)"
193.108.227.228 - - [16/Jun/2015:18:19:50 +0300] "GET /rus-3480-iv.html HTTP/1.0" 200 230868 "http://www.google.com.ua/url?sa=t&rct=j&q=&esrc=s&frm=1&source=web&cd=6&cad=rja&uact=8&ved=0CD0QFjAFahUKEwjpg4ChwZTGAhXJ_nIKHRBzANA&url=http%3A%2F%2Fcitiex.com.ua%2Frus-3480-iv.html&ei=Ij6AVenqNsn9ywOQ5oGADQ&usg=AFQjCNH2Ew7Y52bbeHEB5k8bAy6HgO-WfA&bvm=bv.96041959,d.bGQ" "Mozilla/5.0 (compatible; MSIE 10.0; Windows NT 6.1; WOW64; Trident/6.0)"
193.108.227.228 - - [16/Jun/2015:18:19:51 +0300] "GET /cache/assets/15e1e423d7a27a0d8ee8e70b064c44eb.css HTTP/1.0" 200 44011 "http://citiex.com.ua/rus-3480-iv.html" "Mozilla/5.0 (compatible; MSIE 10.0; Windows NT 6.1; WOW64; Trident/6.0)"
193.108.227.228 - - [16/Jun/2015:18:19:51 +0300] "GET /media/system/js/caption.js HTTP/1.0" 200 1963 "http://citiex.com.ua/rus-3480-iv.html" "Mozilla/5.0 (compatible; MSIE 10.0; Windows NT 6.1; WOW64; Trident/6.0)"
193.108.227.228 - - [16/Jun/2015:18:19:51 +0300] "GET /media/system/js/mootools.js HTTP/1.0" 200 74434 "http://citiex.com.ua/rus-3480-iv.html" "Mozilla/5.0 (compatible; MSIE 10.0; Windows NT 6.1; WOW64; Trident/6.0)"
193.108.227.228 - - [16/Jun/2015:18:19:51 +0300] "GET /templates/gk_aumi/lib/scripts/template_scripts.js HTTP/1.0" 200 2281 "http://citiex.com.ua/rus-3480-iv.html" "Mozilla/5.0 (compatible; MSIE 10.0; Windows NT 6.1; WOW64; Trident/6.0)"
193.108.227.228 - - [16/Jun/2015:18:19:51 +0300] "GET /templates/gk_aumi/lib/scripts/hltable.js HTTP/1.0" 200 3646 "http://citiex.com.ua/rus-3480-iv.html" "Mozilla/5.0 (compatible; MSIE 10.0; Windows NT 6.1; WOW64; Trident/6.0)"
193.108.227.228 - - [16/Jun/2015:18:19:51 +0300] "GET /templates/gk_aumi/images/logo.png HTTP/1.0" 200 6149 "http://citiex.com.ua/rus-3480-iv.html" "Mozilla/5.0 (compatible; MSIE 10.0; Windows NT 6.1; WOW64; Trident/6.0)"
193.108.227.228 - - [16/Jun/2015:18:19:51 +0300] "GET /templates/gk_aumi/lib/scripts/menu.php?style=suckerfish&width=1&height=1&opacity=1&animation=1&speed=250 HTTP/1.0" 200 253 "http://citiex.com.ua/rus-3480-iv.html" "Mozilla/5.0 (compatible; MSIE 10.0; Windows NT 6.1; WOW64; Trident/6.0)"
193.108.227.228 - - [16/Jun/2015:18:19:51 +0300] "GET /components/com_sh404sef/images/external-black.png HTTP/1.0" 200 3621 "http://citiex.com.ua/rus-3480-iv.html" "Mozilla/5.0 (compatible; MSIE 10.0; Windows NT 6.1; WOW64; Trident/6.0)"
193.108.227.228 - - [16/Jun/2015:18:19:52 +0300] "GET /templates/gk_aumi/images/bg_top.png HTTP/1.0" 200 321 "http://citiex.com.ua/rus-3480-iv.html" "Mozilla/5.0 (compatible; MSIE 10.0; Windows NT 6.1; WOW64; Trident/6.0)"
193.108.227.228 - - [16/Jun/2015:18:19:52 +0300] "GET /templates/gk_aumi/images/menu_li.png HTTP/1.0" 200 181 "http://citiex.com.ua/rus-3480-iv.html" "Mozilla/5.0 (compatible; MSIE 10.0; Windows NT 6.1; WOW64; Trident/6.0)"
193.108.227.228 - - [16/Jun/2015:18:19:52 +0300] "GET /templates/gk_aumi/images/bg_content_middle.png HTTP/1.0" 200 89 "http://citiex.com.ua/rus-3480-iv.html" "Mozilla/5.0 (compatible; MSIE 10.0; Windows NT 6.1; WOW64; Trident/6.0)"
193.108.227.228 - - [16/Jun/2015:18:19:52 +0300] "GET /templates/gk_aumi/images/bg_footer.png HTTP/1.0" 200 325 "http://citiex.com.ua/rus-3480-iv.html" "Mozilla/5.0 (compatible; MSIE 10.0; Windows NT 6.1; WOW64; Trident/6.0)"
193.108.227.228 - - [16/Jun/2015:18:19:52 +0300] "GET /templates/gk_aumi/images/bg_content_top.png HTTP/1.0" 200 133 "http://citiex.com.ua/rus-3480-iv.html" "Mozilla/5.0 (compatible; MSIE 10.0; Windows NT 6.1; WOW64; Trident/6.0)"
193.108.227.228 - - [16/Jun/2015:18:19:52 +0300] "GET /templates/gk_aumi/favicon.ico HTTP/1.0" 200 1406 "-" "Mozilla/5.0 (compatible; MSIE 10.0; Windows NT 6.1; WOW64; Trident/6.0)"
193.108.227.228 - - [16/Jun/2015:18:20:26 +0300] "GET /templates/gk_aumi/images/menu_bullet.png HTTP/1.0" 200 104 "http://citiex.com.ua/rus-3480-iv.html" "Mozilla/5.0 (compatible; MSIE 10.0; Windows NT 6.1; WOW64; Trident/6.0)"
204.152.200.42 - - [16/Jun/2015:18:21:16 +0300] "GET / HTTP/1.0" 200 20170 "-" "Pingdom.com_bot_version_1.4_(http://www.pingdom.com/)"
96.31.66.245 - - [16/Jun/2015:18:26:16 +0300] "GET / HTTP/1.0" 200 20170 "-" "Pingdom.com_bot_version_1.4_(http://www.pingdom.com/)"
207.46.13.102 - - [16/Jun/2015:18:29:56 +0300] "GET /rus-899-iv.html HTTP/1.0" 200 84733 "-" "Mozilla/5.0 (iPhone; CPU iPhone OS 7_0 like Mac OS X) AppleWebKit/537.51.1 (KHTML, like Gecko) Version/7.0 Mobile/11A465 Safari/9537.53 (compatible; bingbot/2.0; http://www.bing.com/bingbot.htm)"
85.17.156.11 - - [16/Jun/2015:18:31:16 +0300] "GET / HTTP/1.0" 200 20170 "-" "Pingdom.com_bot_version_1.4_(http://www.pingdom.com/)"
82.145.222.146 - - [16/Jun/2015:18:32:52 +0300] "GET /ovidiopolskoe-bti.html HTTP/1.0" 200 17724 "http://www.google.com.ua/search?q=%D0%9E%D0%B2%D0%B8%D0%B4%D0%B8%D0%BE%D0%BF%D0%BE%D0%BB%D1%8C%D1%81%D0%BA%D0%BE%D0%B5+%D0%91%D0%A2%D0%98+%D0%BF%D1%80%D0%B8%D0%BD%D0%B8%D0%BC%D0%B0%D0%B5%D1%82%3F&client=ms-opera-mini&channel=new&gws_rd=cr&ei=d0GAVfekJIG9UrLwgcAJ" "Opera/9.80 (Series 60; Opera Mini/7.1.32444/36.2353; U; ru) Presto/2.12.423 Version/12.16"
82.145.222.146 - - [16/Jun/2015:18:32:53 +0300] "GET /cache/assets/15e1e423d7a27a0d8ee8e70b064c44eb.css HTTP/1.0" 200 44011 "http://citiex.com.ua/ovidiopolskoe-bti.html" "Opera/9.80 (Series 60; Opera Mini/7.1.32444/36.2353; U; ru) Presto/2.12.423 Version/12.16"
82.145.222.146 - - [16/Jun/2015:18:32:53 +0300] "GET /media/system/js/mootools.js HTTP/1.0" 200 74434 "http://citiex.com.ua/ovidiopolskoe-bti.html" "Opera/9.80 (Series 60; Opera Mini/7.1.32444/36.2353; U; ru) Presto/2.12.423 Version/12.16"
82.145.222.146 - - [16/Jun/2015:18:32:53 +0300] "GET /templates/gk_aumi/favicon.ico HTTP/1.0" 200 1406 "http://citiex.com.ua/ovidiopolskoe-bti.html" "Opera/9.80 (Series 60; Opera Mini/7.1.32444/36.2353; U; ru) Presto/2.12.423 Version/12.16"
82.145.222.146 - - [16/Jun/2015:18:32:53 +0300] "GET /media/system/js/caption.js HTTP/1.0" 200 1963 "http://citiex.com.ua/ovidiopolskoe-bti.html" "Opera/9.80 (Series 60; Opera Mini/7.1.32444/36.2353; U; ru) Presto/2.12.423 Version/12.16"
82.145.222.146 - - [16/Jun/2015:18:32:53 +0300] "GET /plugins/content/attachments_refresh.js HTTP/1.0" 200 1560 "http://citiex.com.ua/ovidiopolskoe-bti.html" "Opera/9.80 (Series 60; Opera Mini/7.1.32444/36.2353; U; ru) Presto/2.12.423 Version/12.16"
82.145.222.146 - - [16/Jun/2015:18:32:53 +0300] "GET /media/system/js/modal.js HTTP/1.0" 200 10588 "http://citiex.com.ua/ovidiopolskoe-bti.html" "Opera/9.80 (Series 60; Opera Mini/7.1.32444/36.2353; U; ru) Presto/2.12.423 Version/12.16"
82.145.222.146 - - [16/Jun/2015:18:32:55 +0300] "GET /templates/gk_aumi/lib/scripts/template_scripts.js HTTP/1.0" 200 2281 "http://citiex.com.ua/ovidiopolskoe-bti.html" "Opera/9.80 (Series 60; Opera Mini/7.1.32444/36.2353; U; ru) Presto/2.12.423 Version/12.16"
82.145.222.146 - - [16/Jun/2015:18:32:55 +0300] "GET /templates/gk_aumi/lib/scripts/hltable.js HTTP/1.0" 200 3646 "http://citiex.com.ua/ovidiopolskoe-bti.html" "Opera/9.80 (Series 60; Opera Mini/7.1.32444/36.2353; U; ru) Presto/2.12.423 Version/12.16"
82.145.222.146 - - [16/Jun/2015:18:32:55 +0300] "GET /templates/gk_aumi/lib/scripts/menu.php?style=suckerfish&width=1&height=1&opacity=1&animation=1&speed=250 HTTP/1.0" 200 253 "http://citiex.com.ua/ovidiopolskoe-bti.html" "Opera/9.80 (Series 60; Opera Mini/7.1.32444/36.2353; U; ru) Presto/2.12.423 Version/12.16"
82.145.222.146 - - [16/Jun/2015:18:32:55 +0300] "GET /templates/gk_aumi/images/logo.png HTTP/1.0" 200 6149 "http://citiex.com.ua/ovidiopolskoe-bti.html" "Opera/9.80 (Series 60; Opera Mini/7.1.32444/36.2353; U; ru) Presto/2.12.423 Version/12.16"
82.145.222.146 - - [16/Jun/2015:18:32:55 +0300] "GET /templates/gk_aumi/images/bg_top.png HTTP/1.0" 200 321 "http://citiex.com.ua/ovidiopolskoe-bti.html" "Opera/9.80 (Series 60; Opera Mini/7.1.32444/36.2353; U; ru) Presto/2.12.423 Version/12.16"
82.145.222.146 - - [16/Jun/2015:18:32:55 +0300] "GET /templates/gk_aumi/images/menu_li.png HTTP/1.0" 200 181 "http://citiex.com.ua/ovidiopolskoe-bti.html" "Opera/9.80 (Series 60; Opera Mini/7.1.32444/36.2353; U; ru) Presto/2.12.423 Version/12.16"
82.145.222.146 - - [16/Jun/2015:18:32:55 +0300] "GET /templates/gk_aumi/images/bg_content_middle.png HTTP/1.0" 200 89 "http://citiex.com.ua/ovidiopolskoe-bti.html" "Opera/9.80 (Series 60; Opera Mini/7.1.32444/36.2353; U; ru) Presto/2.12.423 Version/12.16"
82.145.222.146 - - [16/Jun/2015:18:32:55 +0300] "GET /templates/gk_aumi/images/bg_content_top.png HTTP/1.0" 200 133 "http://citiex.com.ua/ovidiopolskoe-bti.html" "Opera/9.80 (Series 60; Opera Mini/7.1.32444/36.2353; U; ru) Presto/2.12.423 Version/12.16"
82.145.222.146 - - [16/Jun/2015:18:32:55 +0300] "GET /templates/gk_aumi/images/bg_footer.png HTTP/1.0" 200 325 "http://citiex.com.ua/ovidiopolskoe-bti.html" "Opera/9.80 (Series 60; Opera Mini/7.1.32444/36.2353; U; ru) Presto/2.12.423 Version/12.16"
82.145.222.146 - - [16/Jun/2015:18:32:55 +0300] "GET /components/com_sh404sef/images/external-black.png HTTP/1.0" 200 3621 "http://citiex.com.ua/ovidiopolskoe-bti.html" "Opera/9.80 (Series 60; Opera Mini/7.1.32444/36.2353; U; ru) Presto/2.12.423 Version/12.16"
91.192.148.231 - - [16/Jun/2015:18:33:02 +0300] "GET /ovidiopolskoe-bti.html HTTP/1.0" 200 17674 "-" "Mozilla/5.0 (compatible; BegunAdvertising/3.0; +http://begun.ru/begun/technology/indexer/)"
79.126.55.247 - - [16/Jun/2015:18:35:58 +0300] "GET /slovar-terminov/slovar-ocenschika-korabli-i-suda-7/%d0%94/dnische-sudna-3441.html HTTP/1.0" 200 17995 "http://yandex.ru/clck/jsredir?from=yandex.ru%3Byandsearch%3Bweb%3B%3B&text=&etext=721.4qH9dgrIje3_EbFWOxiWywKDnL0fN2kC1V282ThB6emGmSdoJascCNtWcqLc187vTWZJaaJTyUfDMrpfMuYm8O0RzR9NeP27ryO_n0OkEKE.43fa01d403a30b3e367c3de9ceedafe4729e12bd&uuid=&state=PEtFfuTeVD5kpHnK9lio9c4pjZOyFo3kIwMu5yXQwpZ13LTNyjZW5A&data=UlNrNmk5WktYejR0eWJFYk1LdmtxZ0IwM0xtOGFxVG5XOFNaM2VaM051Zjc3OGYwNUp1MHdkSnJsNy1ZNlp1WHhjTFl3SzRVZ1dKd3lCeWpqTFVydUpPOGNGQkpZR2lPNUtiOUxTMW1DQXpONDdhVWpjLW10NENfd0ZrbGN4dkJ2dzNGa3A3Sk80YWdxVW5kZ1FQMXRoREtsYWJLTWNBN2xBNmJIVF9IQnpEeEdMblFmVS1pT2ZleS1nS29ITWg1Z0FBU28zcmtmbC1kQVlublhja3hWY0pwNGZIQ3QyZVE&b64e=2&sign=018c0dd97abb3b2120b29b648c1d64a0&keyno=0&cst=AiuY0DBWFJ7IXge4WdYJQcWQBbtB9FKbKdOJ9hc51ENhO8EKjqyUXy3X4JI6_Q0cFhgUwS1abV5_cFWS_jI9IlJu6d5ySj3zasRbL763M8bTM0fqJO6QeuKKyqnxRLiIgsHquKxaFtkHl-F-B9dtCvzVkiFvXZbo3KSIV7rp-vBSK2gEL0t-lhCdkJQV5orniWw9bRjLepT1V3SmS9c2VWALN8jmeHtB&ref=cM777e4sMOAycdZhdUbYHtkusEOiLu3m4cVndcRMfNuguIXI6uHFKl231ncOEEFzanEgrc8DKVb1TmJH1uq8tpzKWeqooKmP3F36yNLTdICftH6LzRbToQJARNvOobl_E5hFnNaWjZ1lRFSHMX9mDLsPtZmOTQAia1uRaRd0jvnLCX4ow1u9R8rLSrQDKvpfHkeheRyy7GVbUWLPqlcs6_aJTZx0ctnBelTmhov84K06Ijur0Q_b13H4noqNGjmPyD1cE0_K6ehXJpeJCPjDxUEL6prjYLAB6l5Y-00iKyvSzMkhxmHOaqjsf4Vpy9j2O9eb2EKO1tUEBBOOggXaUEkmoAwxoLRCDOlchkysWa0WLax8TfZHiYzUUjl7YiGky068Kc9916AtktW2PvyC7_S0gBBWlva-lkIo8SF-2WB_KepjlniNWH2VN2v5u4iDfKJPjFlPAevFuJqI57Gmer9nxsKDgv0KcfRYnH5XNCpmlWOkDdQ1nyqgfzoc1kz8B7t-OvaGrJLi2qrurXqJ4YAfA3cubIDYgkVbIqN9DloN_pM-W_jlf1ncoEw1dx3yFHvRY2o_f_wB0pD7K0hRndfXTBrF_VlLUthMNyiGfZFNyIiOnUEsBiyFCZ2Ug5b3vbUYri-igW_7Rc7w7s4ZhHrYWJJd4JKw3p6RNk8dt2so6XimcNJfRBaXvhQK4sycdwQEGC4zj0RCz9gXpvn-Cy286L-wVdhiDdJlX4gzb-ROu7yMFDVQNLP4hC7cdJqXx0Ec5YLTu6D2J_JopmXu-edPsffNsdcPBaupoOvV4hteCtkFO0ZNC-6hgszaa7UqsYjOEKKTJgQzUozSVUJuYDFLs1zxyNXQ_1OuQt7radCrq_44BaiHH1ouYmP6oVR3Yo-1zfMZms9ljT0p8xWubXovNVP2n7JXkVREM85KQy_lmMaxPRara0Yb2Pp4g0bGrdgZxNz9S9eZHoCF-4trndOwt9YuKz4bvOStNKIhHqJEhBQurtQvZ0lyzoex-m4a_mEC4XsOYbLZ9gbCN5mc_bhyjwyP6Kx-F5cuRi0KJCGcX_H7muwLhGWGv05nfwfG4exZxpWABFpcD6RQhjoX9KnSJzzIrSugmTAI_FmVMLVMAXiRtE1g96ZUdzus1P19Mq3HX8twlnxp2PM3GuWRxwvYw1mXRA-jH2G_Ap9nmbPia2XxURgXyxLxaf9f7fw5R_zgNMvdckrKyvdOpbQsH3wGIvywc4Axjwoir4ff7J2NqiSXqrGUZOJyYLYXO7J3ag30gvvJJjXM45jMN-UkXywscBk77sWXxhALSY3_1gg0Nd6mEGG61vqbt8bI8Axygw2-4SI1X1jyf-E6UHNXqq2h6bHP3eEM4O2XGOKZmjULUM64V5aK69Bo4K9QzQrUQnrIg6mH8IbPWgoczytdWPyFiYirToW6rBGIBUsy8wRCWa-nzB6M4gu37japqBPMUC_5gBntMRRj1eXqmOWHzeuNQIfodLksr8s__KfYlRLnv7kGRZHWqZKUtW9gHXFJ1kx8byUbWjaHzy7QzvDle1Is0Kk1M7lvSijSxg4sPtuzaRXAw_qb4bkQxX-isx0mH1KLtCvZcZc&l10n=ru&cts=1434468958899&mc=5.101946535004467" "Mozilla/5.0 (Windows NT 6.3; WOW64) AppleWebKit/537.36 (KHTML, like Gecko) Chrome/41.0.2272.118 YaBrowser/15.4.2272.3716 Safari/537.36"
79.126.55.247 - - [16/Jun/2015:18:35:59 +0300] "GET /media/system/js/mootools.js HTTP/1.0" 200 74434 "http://citiex.com.ua/slovar-terminov/slovar-ocenschika-korabli-i-suda-7/%D0%94/dnische-sudna-3441.html" "Mozilla/5.0 (Windows NT 6.3; WOW64) AppleWebKit/537.36 (KHTML, like Gecko) Chrome/41.0.2272.118 YaBrowser/15.4.2272.3716 Safari/537.36"
79.126.55.247 - - [16/Jun/2015:18:35:59 +0300] "GET /templates/gk_aumi/lib/scripts/hltable.js HTTP/1.0" 200 3646 "http://citiex.com.ua/slovar-terminov/slovar-ocenschika-korabli-i-suda-7/%D0%94/dnische-sudna-3441.html" "Mozilla/5.0 (Windows NT 6.3; WOW64) AppleWebKit/537.36 (KHTML, like Gecko) Chrome/41.0.2272.118 YaBrowser/15.4.2272.3716 Safari/537.36"
79.126.55.247 - - [16/Jun/2015:18:35:59 +0300] "GET /templates/gk_aumi/lib/scripts/template_scripts.js HTTP/1.0" 200 2281 "http://citiex.com.ua/slovar-terminov/slovar-ocenschika-korabli-i-suda-7/%D0%94/dnische-sudna-3441.html" "Mozilla/5.0 (Windows NT 6.3; WOW64) AppleWebKit/537.36 (KHTML, like Gecko) Chrome/41.0.2272.118 YaBrowser/15.4.2272.3716 Safari/537.36"
79.126.55.247 - - [16/Jun/2015:18:35:59 +0300] "GET /templates/gk_aumi/lib/scripts/menu.php?style=suckerfish&width=1&height=1&opacity=1&animation=1&speed=250 HTTP/1.0" 200 253 "http://citiex.com.ua/slovar-terminov/slovar-ocenschika-korabli-i-suda-7/%D0%94/dnische-sudna-3441.html" "Mozilla/5.0 (Windows NT 6.3; WOW64) AppleWebKit/537.36 (KHTML, like Gecko) Chrome/41.0.2272.118 YaBrowser/15.4.2272.3716 Safari/537.36"
79.126.55.247 - - [16/Jun/2015:18:36:00 +0300] "GET /components/com_sh404sef/images/external-black.png HTTP/1.0" 200 3621 "http://citiex.com.ua/slovar-terminov/slovar-ocenschika-korabli-i-suda-7/%D0%94/dnische-sudna-3441.html" "Mozilla/5.0 (Windows NT 6.3; WOW64) AppleWebKit/537.36 (KHTML, like Gecko) Chrome/41.0.2272.118 YaBrowser/15.4.2272.3716 Safari/537.36"
79.126.55.247 - - [16/Jun/2015:18:36:00 +0300] "GET /templates/gk_aumi/images/logo.png HTTP/1.0" 200 6149 "http://citiex.com.ua/slovar-terminov/slovar-ocenschika-korabli-i-suda-7/%D0%94/dnische-sudna-3441.html" "Mozilla/5.0 (Windows NT 6.3; WOW64) AppleWebKit/537.36 (KHTML, like Gecko) Chrome/41.0.2272.118 YaBrowser/15.4.2272.3716 Safari/537.36"
188.138.124.110 - - [16/Jun/2015:18:36:16 +0300] "GET / HTTP/1.0" 200 20170 "-" "Pingdom.com_bot_version_1.4_(http://www.pingdom.com/)"
72.46.130.42 - - [16/Jun/2015:18:41:16 +0300] "GET / HTTP/1.0" 200 20170 "-" "Pingdom.com_bot_version_1.4_(http://www.pingdom.com/)"
5.255.253.203 - - [16/Jun/2015:18:43:31 +0300] "GET /slovar-terminov/slovar-ocenschika-korabli-i-suda-7/%d0%94/dnische-sudna-3441.html HTTP/1.0" 200 17995 "-" "Mozilla/5.0 (compatible; YandexBot/3.0; +http://yandex.com/bots)"
178.255.153.2 - - [16/Jun/2015:18:46:16 +0300] "GET / HTTP/1.0" 200 20170 "-" "Pingdom.com_bot_version_1.4_(http://www.pingdom.com/)"
188.162.39.34 - - [16/Jun/2015:18:49:34 +0300] "GET /rus-606-xiv.html HTTP/1.0" 200 388695 "-" "Mozilla/5.0 (Windows NT 6.1; WOW64; rv:38.0) Gecko/20100101 Firefox/38.0"
108.62.115.226 - - [16/Jun/2015:18:51:16 +0300] "GET / HTTP/1.0" 200 20170 "-" "Pingdom.com_bot_version_1.4_(http://www.pingdom.com/)"
184.75.209.18 - - [16/Jun/2015:18:56:16 +0300] "GET / HTTP/1.0" 200 20170 "-" "Pingdom.com_bot_version_1.4_(http://www.pingdom.com/)"
95.215.164.111 - - [16/Jun/2015:19:01:01 +0300] "GET /templates/gk_aumi/favicon.ico HTTP/1.0" 200 1406 "-" "Mozilla/4.0 (compatible; MSIE 8.0; Windows NT 5.1; Trident/4.0; MRSPUTNIK 2, 4, 1, 328; .NET CLR 1.1.4322; .NET CLR 2.0.50727; .NET CLR 3.0.4506.2152; .NET CLR 3.5.30729; .NET4.0E; .NET4.0C)"
199.87.228.66 - - [16/Jun/2015:19:01:16 +0300] "GET / HTTP/1.0" 200 20170 "-" "Pingdom.com_bot_version_1.4_(http://www.pingdom.com/)"
188.162.65.83 - - [16/Jun/2015:19:03:18 +0300] "GET /rus-1775-iii.html HTTP/1.0" 200 154605 "http://citiex.com.ua/rus-1775-iii.html" "Mozilla/5.0 (Windows NT 6.1; WOW64) AppleWebKit/537.36 (KHTML, like Gecko) Chrome/41.0.2272.89 Safari/537.36 OPR/28.0.1750.48"
46.211.96.93 - - [16/Jun/2015:19:05:17 +0300] "GET /rus-2807-iv.html HTTP/1.0" 200 112770 "http://yandex.ua/clck/jsredir?from=yandex.ua%3Byandsearch%3Bweb%3B%3B&text=&etext=711.VaWYXIZ2Dox5b9gMDIEXe1kQrXz8UNKymU8YoTJVnLxBlGNLPngsYwrfdsMZqcd5dAk_ZRZgpjcI1PYGAtpq1l2aofH2zFSZenvmyDqwvJrYO90c0Amtro3o5bLHSBy43snmbxQk5nnjJqbG5LRTFvn7VRhiQ7j4JJCyP2aLySY.8ff8e0d7f1906720912decfa13dd42d93834bb42&uuid=&state=PEtFfuTeVD5kpHnK9lio9daDl0Ow0EQqBnwXqr2CGSTlhSDEzIy2U7BBTY65_y93j84sMdfKKZUEwnd9NPNFfQ&data=UlNrNmk5WktYejR0eWJFYk1LdmtxZ0IwM0xtOGFxVG5XOFNaM2VaM051ZThlVWd3aWxYWWhjc2JKblo2OGVMVmxiLVVhNXZsWWR0NVg4UXdwdDlmX0VRZ0ltMGZHUVdhS2JIaXd1QlNvREtFR1dfUXpGSkwyQQ&b64e=2&sign=c53afad52e10e2e37cadfe38842231b3&keyno=0&cst=AiuY0DBWFJ7IXge4WdYJQRJlt-zx8hWFL0sSD5K1J3SO-SpdeyC6cIf_JYii4TXTzJ9I05AmdnawnH1dq_juxQZC6kB3bF7JfcwpWZypfwZjuyvVwb1y9zUPepximrLtom1HOp3hhR6gcVM0c0GaelbChUXOAfhXVmbaWuAB0aUaKmHD61LQIEIOYZJMZ3jKG_0hUOL_iUI&ref=cM777e4sMODZ_bseNIiUXGHUFc96C3BG6VGzdhdkS2YRmwQ-km9uIPFbBtqfX9H5m-43ee5sSE1z2uUOkJOU-QZv4TXrz3ulU3DVxo29THyrgm-FKUQl3yGPU-N1Wo1MbeX7hfb39V1fBPEqLyRbSAVut1Fp2AiV8BCUM9-a8AplDYIMFEHjaa5d5dHVuZicJqImo_o-tgUru0tLPULchoCvXtgKA1dc-Gu8XOPXXDHoMG0OBVqCoyTRyLv4zMZS_6ylAk3ED_41tkuk36IwBeI9LFop9x4TXgDHQfCKKovL2B9PgeyvN20fMllM4YH80p2lN8wYWSLXmvOOOmsBn_GJTGuIIhn6U3eaQldSsEud2AngvcaPeUTdON1iaJjnNk0J1kHWQTq4iUCdKr09l8aBS1b9BI_f4PBKiv36RysjjlQFQIv1KUDrbxz5mbu3PPvHM3qSCBBaY2DeIJsE79df8uh_29yrXPQBP_FdnYRBEsz-lnHU2oQ7zM4bYp-Y&l10n=ru&cts=1433652540111&mc=3.5464393446710156" "Mozilla/5.0 (Windows NT 6.1; WOW64) AppleWebKit/537.36 (KHTML, like Gecko) Chrome/43.0.2357.81 Safari/537.36 OPR/30.0.1835.59"
46.211.96.93 - - [16/Jun/2015:19:05:25 +0300] "GET /cache/assets/15e1e423d7a27a0d8ee8e70b064c44eb.css HTTP/1.0" 200 44011 "http://citiex.com.ua/rus-2807-iv.html" "Mozilla/5.0 (Windows NT 6.1; WOW64) AppleWebKit/537.36 (KHTML, like Gecko) Chrome/43.0.2357.81 Safari/537.36 OPR/30.0.1835.59"
46.211.96.93 - - [16/Jun/2015:19:05:25 +0300] "GET /templates/gk_aumi/lib/scripts/menu.php?style=suckerfish&width=1&height=1&opacity=1&animation=1&speed=250 HTTP/1.0" 200 253 "http://citiex.com.ua/rus-2807-iv.html" "Mozilla/5.0 (Windows NT 6.1; WOW64) AppleWebKit/537.36 (KHTML, like Gecko) Chrome/43.0.2357.81 Safari/537.36 OPR/30.0.1835.59"
94.247.174.83 - - [16/Jun/2015:19:06:16 +0300] "GET / HTTP/1.0" 200 20170 "-" "Pingdom.com_bot_version_1.4_(http://www.pingdom.com/)"
46.211.96.93 - - [16/Jun/2015:19:06:20 +0300] "GET /templates/gk_aumi/favicon.ico HTTP/1.0" 200 1406 "http://citiex.com.ua/rus-2807-iv.html" "Mozilla/5.0 (Windows NT 6.1; WOW64) AppleWebKit/537.36 (KHTML, like Gecko) Chrome/43.0.2357.81 Safari/537.36 OPR/30.0.1835.59"
157.55.39.186 - - [16/Jun/2015:19:08:53 +0300] "GET /rus-1560-xii.html HTTP/1.0" 200 67019 "-" "Mozilla/5.0 (iPhone; CPU iPhone OS 7_0 like Mac OS X) AppleWebKit/537.51.1 (KHTML, like Gecko) Version/7.0 Mobile/11A465 Safari/9537.53 (compatible; bingbot/2.0; http://www.bing.com/bingbot.htm)"
188.93.56.218 - - [16/Jun/2015:19:10:10 +0300] "GET /robots.txt HTTP/1.0" 200 304 "-" "Mozilla/5.0 (compatible; Linux x86_64; Mail.RU_Bot/2.0; +http://go.mail.ru/help/robots)"
188.93.56.218 - - [16/Jun/2015:19:10:11 +0300] "GET /diamant-invest-menedzhment.html HTTP/1.0" 200 27607 "-" "Mozilla/5.0 (compatible; Linux x86_64; Mail.RU_Bot/2.0; +http://go.mail.ru/help/robots)"
204.152.200.42 - - [16/Jun/2015:19:11:16 +0300] "GET / HTTP/1.0" 200 20170 "-" "Pingdom.com_bot_version_1.4_(http://www.pingdom.com/)"
96.31.66.245 - - [16/Jun/2015:19:16:16 +0300] "GET / HTTP/1.0" 200 20170 "-" "Pingdom.com_bot_version_1.4_(http://www.pingdom.com/)"
85.17.156.11 - - [16/Jun/2015:19:21:16 +0300] "GET / HTTP/1.0" 200 20170 "-" "Pingdom.com_bot_version_1.4_(http://www.pingdom.com/)"
136.243.5.215 - - [16/Jun/2015:19:25:45 +0300] "GET /robots.txt HTTP/1.0" 200 304 "-" "Mozilla/5.0 (compatible; MJ12bot/v1.4.5; http://www.majestic12.co.uk/bot.php?+)"
136.243.5.215 - - [16/Jun/2015:19:25:47 +0300] "GET /slovar-terminov/slovar-ocenschika-avtotransport-5/%d0%a6/cilindr-3235.html HTTP/1.0" 200 16565 "-" "Mozilla/5.0 (compatible; MJ12bot/v1.4.5; http://www.majestic12.co.uk/bot.php?+)"
188.138.124.110 - - [16/Jun/2015:19:26:16 +0300] "GET / HTTP/1.0" 200 20170 "-" "Pingdom.com_bot_version_1.4_(http://www.pingdom.com/)"
72.46.130.42 - - [16/Jun/2015:19:31:16 +0300] "GET / HTTP/1.0" 200 20170 "-" "Pingdom.com_bot_version_1.4_(http://www.pingdom.com/)"
178.255.153.2 - - [16/Jun/2015:19:36:16 +0300] "GET / HTTP/1.0" 200 20170 "-" "Pingdom.com_bot_version_1.4_(http://www.pingdom.com/)"
108.62.115.226 - - [16/Jun/2015:19:41:16 +0300] "GET / HTTP/1.0" 200 20170 "-" "Pingdom.com_bot_version_1.4_(http://www.pingdom.com/)"
157.55.39.186 - - [16/Jun/2015:19:41:58 +0300] "GET /ovidiopolskoe-bti.html HTTP/1.0" 200 17674 "-" "Mozilla/5.0 (iPhone; CPU iPhone OS 7_0 like Mac OS X) AppleWebKit/537.51.1 (KHTML, like Gecko) Version/7.0 Mobile/11A465 Safari/9537.53 (compatible; bingbot/2.0; http://www.bing.com/bingbot.htm)"
184.75.209.18 - - [16/Jun/2015:19:46:16 +0300] "GET / HTTP/1.0" 200 20170 "-" "Pingdom.com_bot_version_1.4_(http://www.pingdom.com/)"
199.87.228.66 - - [16/Jun/2015:19:51:16 +0300] "GET / HTTP/1.0" 200 20170 "-" "Pingdom.com_bot_version_1.4_(http://www.pingdom.com/)"
94.247.174.83 - - [16/Jun/2015:19:56:16 +0300] "GET / HTTP/1.0" 200 20170 "-" "Pingdom.com_bot_version_1.4_(http://www.pingdom.com/)"
5.255.253.203 - - [16/Jun/2015:19:58:36 +0300] "GET /4.html?format=feed&lang=ru&type=rss HTTP/1.0" 200 901 "-" "Mozilla/5.0 (compatible; YandexBot/3.0; +http://yandex.com/bots)"
204.152.200.42 - - [16/Jun/2015:20:01:16 +0300] "GET / HTTP/1.0" 200 20170 "-" "Pingdom.com_bot_version_1.4_(http://www.pingdom.com/)"
96.31.66.245 - - [16/Jun/2015:20:06:16 +0300] "GET / HTTP/1.0" 200 20170 "-" "Pingdom.com_bot_version_1.4_(http://www.pingdom.com/)"
85.17.156.11 - - [16/Jun/2015:20:11:16 +0300] "GET / HTTP/1.0" 200 20170 "-" "Pingdom.com_bot_version_1.4_(http://www.pingdom.com/)"
188.138.124.110 - - [16/Jun/2015:20:16:16 +0300] "GET / HTTP/1.0" 200 20170 "-" "Pingdom.com_bot_version_1.4_(http://www.pingdom.com/)"
5.255.253.203 - - [16/Jun/2015:20:20:10 +0300] "GET /slovar-terminov/slovar-ocenschika-stroitelstvo-3/%d0%9b/lambreken-1292.html HTTP/1.0" 200 15482 "-" "Mozilla/5.0 (compatible; YandexBot/3.0; +http://yandex.com/bots)"
72.46.130.42 - - [16/Jun/2015:20:21:16 +0300] "GET / HTTP/1.0" 200 20170 "-" "Pingdom.com_bot_version_1.4_(http://www.pingdom.com/)"
217.69.136.203 - - [16/Jun/2015:20:22:01 +0300] "GET /robots.txt HTTP/1.0" 200 304 "-" "Mozilla/5.0 (compatible; Linux x86_64; Mail.RU_Bot/2.0; +http://go.mail.ru/help/robots)"
178.255.153.2 - - [16/Jun/2015:20:26:16 +0300] "GET / HTTP/1.0" 200 20170 "-" "Pingdom.com_bot_version_1.4_(http://www.pingdom.com/)"
108.62.115.226 - - [16/Jun/2015:20:31:16 +0300] "GET / HTTP/1.0" 200 20170 "-" "Pingdom.com_bot_version_1.4_(http://www.pingdom.com/)"
184.75.209.18 - - [16/Jun/2015:20:36:16 +0300] "GET / HTTP/1.0" 200 20170 "-" "Pingdom.com_bot_version_1.4_(http://www.pingdom.com/)"
5.255.253.56 - - [16/Jun/2015:20:38:05 +0300] "GET /slovar-terminov/slovar-ocenschika-stroitelstvo-3/%d0%98/insolyaciya-1211.html HTTP/1.0" 200 15064 "-" "Mozilla/5.0 (compatible; YandexBot/3.0; +http://yandex.com/bots)"
199.87.228.66 - - [16/Jun/2015:20:41:16 +0300] "GET / HTTP/1.0" 200 20170 "-" "Pingdom.com_bot_version_1.4_(http://www.pingdom.com/)"
188.130.177.18 - - [16/Jun/2015:20:41:54 +0300] "GET /belgorod-dnestrovskoe-bti.html HTTP/1.0" 200 17741 "http://www.google.com.ua/url?sa=t&rct=j&q=%D0%B1%D0%B5%D0%BB%D0%B3%D0%BE%D0%B4%D0%BD%D0%B5%D1%81%D1%82%D1%80%D0%BE%D0%B2%D1%81%D0%BA%D0%BE%D0%B5%20%D0%B1%D1%82%D0%B8&source=web&cd=20&ved=0CCkQFjATahUKEwj2wcL14JTGAhXIjywKHYXgAIc&url=http%3A%2F%2Fcitiex.com.ua%2Fbelgorod-dnestrovskoe-bti.html&ei=VV-AVbbDJ8ifsgGFwYO4CA&usg=AFQjCNHp2woxeApcfOQTnRq5jX7A4iKbLQ" "Mozilla/5.0 (iPad; CPU OS 8_3 like Mac OS X) AppleWebKit/600.1.4 (KHTML, like Gecko) GSA/6.0.51363 Mobile/12F69 Safari/600.1.4"
188.130.177.18 - - [16/Jun/2015:20:41:55 +0300] "GET /cache/assets/15e1e423d7a27a0d8ee8e70b064c44eb.css HTTP/1.0" 200 44011 "http://citiex.com.ua/belgorod-dnestrovskoe-bti.html" "Mozilla/5.0 (iPad; CPU OS 8_3 like Mac OS X) AppleWebKit/600.1.4 (KHTML, like Gecko) GSA/6.0.51363 Mobile/12F69 Safari/600.1.4"
188.130.177.18 - - [16/Jun/2015:20:41:55 +0300] "GET /plugins/content/attachments_refresh.js HTTP/1.0" 200 1560 "http://citiex.com.ua/belgorod-dnestrovskoe-bti.html" "Mozilla/5.0 (iPad; CPU OS 8_3 like Mac OS X) AppleWebKit/600.1.4 (KHTML, like Gecko) GSA/6.0.51363 Mobile/12F69 Safari/600.1.4"
188.130.177.18 - - [16/Jun/2015:20:41:55 +0300] "GET /media/system/js/caption.js HTTP/1.0" 200 1963 "http://citiex.com.ua/belgorod-dnestrovskoe-bti.html" "Mozilla/5.0 (iPad; CPU OS 8_3 like Mac OS X) AppleWebKit/600.1.4 (KHTML, like Gecko) GSA/6.0.51363 Mobile/12F69 Safari/600.1.4"
188.130.177.18 - - [16/Jun/2015:20:41:55 +0300] "GET /media/system/js/modal.js HTTP/1.0" 200 10588 "http://citiex.com.ua/belgorod-dnestrovskoe-bti.html" "Mozilla/5.0 (iPad; CPU OS 8_3 like Mac OS X) AppleWebKit/600.1.4 (KHTML, like Gecko) GSA/6.0.51363 Mobile/12F69 Safari/600.1.4"
188.130.177.18 - - [16/Jun/2015:20:41:55 +0300] "GET /media/system/js/mootools.js HTTP/1.0" 200 74434 "http://citiex.com.ua/belgorod-dnestrovskoe-bti.html" "Mozilla/5.0 (iPad; CPU OS 8_3 like Mac OS X) AppleWebKit/600.1.4 (KHTML, like Gecko) GSA/6.0.51363 Mobile/12F69 Safari/600.1.4"
188.130.177.18 - - [16/Jun/2015:20:41:55 +0300] "GET /components/com_sh404sef/images/external-black.png HTTP/1.0" 200 3621 "http://citiex.com.ua/belgorod-dnestrovskoe-bti.html" "Mozilla/5.0 (iPad; CPU OS 8_3 like Mac OS X) AppleWebKit/600.1.4 (KHTML, like Gecko) GSA/6.0.51363 Mobile/12F69 Safari/600.1.4"
188.130.177.18 - - [16/Jun/2015:20:41:55 +0300] "GET /templates/gk_aumi/images/logo.png HTTP/1.0" 200 6149 "http://citiex.com.ua/belgorod-dnestrovskoe-bti.html" "Mozilla/5.0 (iPad; CPU OS 8_3 like Mac OS X) AppleWebKit/600.1.4 (KHTML, like Gecko) GSA/6.0.51363 Mobile/12F69 Safari/600.1.4"
188.130.177.18 - - [16/Jun/2015:20:41:55 +0300] "GET /templates/gk_aumi/lib/scripts/menu.php?style=suckerfish&width=1&height=1&opacity=1&animation=1&speed=250 HTTP/1.0" 200 253 "http://citiex.com.ua/belgorod-dnestrovskoe-bti.html" "Mozilla/5.0 (iPad; CPU OS 8_3 like Mac OS X) AppleWebKit/600.1.4 (KHTML, like Gecko) GSA/6.0.51363 Mobile/12F69 Safari/600.1.4"
188.130.177.18 - - [16/Jun/2015:20:41:55 +0300] "GET /templates/gk_aumi/images/bg_top.png HTTP/1.0" 200 321 "http://citiex.com.ua/belgorod-dnestrovskoe-bti.html" "Mozilla/5.0 (iPad; CPU OS 8_3 like Mac OS X) AppleWebKit/600.1.4 (KHTML, like Gecko) GSA/6.0.51363 Mobile/12F69 Safari/600.1.4"
188.130.177.18 - - [16/Jun/2015:20:41:55 +0300] "GET /templates/gk_aumi/images/menu_li.png HTTP/1.0" 200 181 "http://citiex.com.ua/belgorod-dnestrovskoe-bti.html" "Mozilla/5.0 (iPad; CPU OS 8_3 like Mac OS X) AppleWebKit/600.1.4 (KHTML, like Gecko) GSA/6.0.51363 Mobile/12F69 Safari/600.1.4"
188.130.177.18 - - [16/Jun/2015:20:41:55 +0300] "GET /templates/gk_aumi/images/bg_content_middle.png HTTP/1.0" 200 89 "http://citiex.com.ua/belgorod-dnestrovskoe-bti.html" "Mozilla/5.0 (iPad; CPU OS 8_3 like Mac OS X) AppleWebKit/600.1.4 (KHTML, like Gecko) GSA/6.0.51363 Mobile/12F69 Safari/600.1.4"
188.130.177.18 - - [16/Jun/2015:20:41:55 +0300] "GET /templates/gk_aumi/images/bg_content_top.png HTTP/1.0" 200 133 "http://citiex.com.ua/belgorod-dnestrovskoe-bti.html" "Mozilla/5.0 (iPad; CPU OS 8_3 like Mac OS X) AppleWebKit/600.1.4 (KHTML, like Gecko) GSA/6.0.51363 Mobile/12F69 Safari/600.1.4"
188.130.177.18 - - [16/Jun/2015:20:41:55 +0300] "GET /templates/gk_aumi/images/bg_footer.png HTTP/1.0" 200 325 "http://citiex.com.ua/belgorod-dnestrovskoe-bti.html" "Mozilla/5.0 (iPad; CPU OS 8_3 like Mac OS X) AppleWebKit/600.1.4 (KHTML, like Gecko) GSA/6.0.51363 Mobile/12F69 Safari/600.1.4"
91.192.148.231 - - [16/Jun/2015:20:42:06 +0300] "GET /belgorod-dnestrovskoe-bti.html HTTP/1.0" 200 17741 "-" "Mozilla/5.0 (compatible; BegunAdvertising/3.0; +http://begun.ru/begun/technology/indexer/)"
94.247.174.83 - - [16/Jun/2015:20:46:16 +0300] "GET / HTTP/1.0" 200 20170 "-" "Pingdom.com_bot_version_1.4_(http://www.pingdom.com/)"
204.152.200.42 - - [16/Jun/2015:20:51:16 +0300] "GET / HTTP/1.0" 200 20170 "-" "Pingdom.com_bot_version_1.4_(http://www.pingdom.com/)"
96.31.66.245 - - [16/Jun/2015:20:56:16 +0300] "GET / HTTP/1.0" 200 20170 "-" "Pingdom.com_bot_version_1.4_(http://www.pingdom.com/)"
85.17.156.11 - - [16/Jun/2015:21:01:16 +0300] "GET / HTTP/1.0" 200 20170 "-" "Pingdom.com_bot_version_1.4_(http://www.pingdom.com/)"
188.138.124.110 - - [16/Jun/2015:21:06:16 +0300] "GET / HTTP/1.0" 200 20170 "-" "Pingdom.com_bot_version_1.4_(http://www.pingdom.com/)"
82.145.222.146 - - [16/Jun/2015:21:06:30 +0300] "GET /templates/gk_aumi/favicon.ico HTTP/1.0" 200 1406 "-" "Opera/9.80 (Series 60; Opera Mini/7.1.32444/36.2353; U; ru) Presto/2.12.423 Version/12.16"
141.0.13.124 - - [16/Jun/2015:21:08:17 +0300] "GET /templates/gk_aumi/favicon.ico HTTP/1.0" 200 1406 "-" "Opera/9.80 (Series 60; Opera Mini/7.1.32444/36.2353; U; ru) Presto/2.12.423 Version/12.16"
94.23.50.44 - - [16/Jun/2015:21:09:26 +0300] "GET /index.php?gf_page=upload HTTP/1.0" 200 20179 "-" "Mozilla/5.0 (compatible; MSIE 9.0; Windows NT 6.0; Trident/5.0)"
94.23.50.44 - - [16/Jun/2015:21:09:27 +0300] "GET /wp-admin/admin-ajax.php?action=revslider_ajax_action HTTP/1.0" 404 14478 "-" "Mozilla/5.0 (compatible; MSIE 9.0; Windows NT 6.0; Trident/5.0)"
5.255.253.127 - - [16/Jun/2015:21:10:18 +0300] "GET /2.html?format=feed&lang=ru&type=rss HTTP/1.0" 200 1637 "-" "Mozilla/5.0 (compatible; YandexBot/3.0; +http://yandex.com/bots)"
72.46.130.42 - - [16/Jun/2015:21:11:16 +0300] "GET / HTTP/1.0" 200 20170 "-" "Pingdom.com_bot_version_1.4_(http://www.pingdom.com/)"
178.255.153.2 - - [16/Jun/2015:21:16:16 +0300] "GET / HTTP/1.0" 200 20373 "-" "Pingdom.com_bot_version_1.4_(http://www.pingdom.com/)"
184.75.209.18 - - [16/Jun/2015:21:16:56 +0300] "GET / HTTP/1.0" 200 20373 "-" "Pingdom.com_bot_version_1.4_(http://www.pingdom.com/)"
178.255.153.2 - - [16/Jun/2015:21:17:29 +0300] "GET / HTTP/1.0" 200 20373 "-" "Pingdom.com_bot_version_1.4_(http://www.pingdom.com/)"
184.75.209.18 - - [16/Jun/2015:21:17:29 +0300] "GET / HTTP/1.0" 200 20373 "-" "Pingdom.com_bot_version_1.4_(http://www.pingdom.com/)"
157.55.39.185 - - [16/Jun/2015:21:18:13 +0300] "GET /kreditnye-soyuzy-ukrainy.html HTTP/1.0" 200 54266 "-" "Mozilla/5.0 (compatible; bingbot/2.0; +http://www.bing.com/bingbot.htm)"
108.62.115.226 - - [16/Jun/2015:21:21:16 +0300] "GET / HTTP/1.0" 200 20170 "-" "Pingdom.com_bot_version_1.4_(http://www.pingdom.com/)"
184.75.209.18 - - [16/Jun/2015:21:26:16 +0300] "GET / HTTP/1.0" 200 20170 "-" "Pingdom.com_bot_version_1.4_(http://www.pingdom.com/)"
199.87.228.66 - - [16/Jun/2015:21:31:16 +0300] "GET / HTTP/1.0" 200 20170 "-" "Pingdom.com_bot_version_1.4_(http://www.pingdom.com/)"
94.247.174.83 - - [16/Jun/2015:21:36:16 +0300] "GET / HTTP/1.0" 200 20170 "-" "Pingdom.com_bot_version_1.4_(http://www.pingdom.com/)"
5.255.253.203 - - [16/Jun/2015:21:37:14 +0300] "GET /slovar-terminov/slovar-ocenschika-avtotransport-5/%d0%a0/rele-3105.html HTTP/1.0" 200 17739 "-" "Mozilla/5.0 (compatible; YandexBot/3.0; +http://yandex.com/bots)"
5.255.253.203 - - [16/Jun/2015:21:37:16 +0300] "GET /rus-1087-iv.html HTTP/1.0" 200 86903 "-" "Mozilla/5.0 (compatible; YandexBot/3.0; +http://yandex.com/bots)"
204.152.200.42 - - [16/Jun/2015:21:41:16 +0300] "GET / HTTP/1.0" 200 20170 "-" "Pingdom.com_bot_version_1.4_(http://www.pingdom.com/)"
96.31.66.245 - - [16/Jun/2015:21:46:16 +0300] "GET / HTTP/1.0" 200 20170 "-" "Pingdom.com_bot_version_1.4_(http://www.pingdom.com/)"
66.249.67.127 - - [16/Jun/2015:21:47:29 +0300] "GET /ocenka-sudov-i-korabley.html HTTP/1.0" 200 29796 "-" "Mozilla/5.0 (iPhone; CPU iPhone OS 6_0 like Mac OS X) AppleWebKit/536.26 (KHTML, like Gecko) Version/6.0 Mobile/10A5376e Safari/8536.25 (compatible; Googlebot/2.1; +http://www.google.com/bot.html)"
5.255.253.202 - - [16/Jun/2015:21:50:36 +0300] "GET /slovar-terminov/slovar-ocenschika-stroitelstvo-3/%d0%9f/plyvun-1460.html HTTP/1.0" 200 15252 "-" "Mozilla/5.0 (compatible; YandexBot/3.0; +http://yandex.com/bots)"
37.140.188.35 - - [16/Jun/2015:21:50:38 +0300] "GET /slovar-terminov/slovar-ocenschika-zemelnye-uchastki-4/%d0%9c/metod-dvoynyh-izmereniy-2204.html HTTP/1.0" 200 15407 "-" "Mozilla/5.0 (compatible; YandexBot/3.0; +http://yandex.com/bots)"
85.17.156.11 - - [16/Jun/2015:21:51:16 +0300] "GET / HTTP/1.0" 200 20170 "-" "Pingdom.com_bot_version_1.4_(http://www.pingdom.com/)"
217.69.136.207 - - [16/Jun/2015:21:51:24 +0300] "GET /robots.txt HTTP/1.0" 200 304 "-" "Mozilla/5.0 (compatible; Linux x86_64; Mail.RU_Bot/2.0; +http://go.mail.ru/help/robots)"
188.138.124.110 - - [16/Jun/2015:21:56:16 +0300] "GET / HTTP/1.0" 200 20170 "-" "Pingdom.com_bot_version_1.4_(http://www.pingdom.com/)"
72.46.130.42 - - [16/Jun/2015:22:01:16 +0300] "GET / HTTP/1.0" 200 20170 "-" "Pingdom.com_bot_version_1.4_(http://www.pingdom.com/)"
178.255.153.2 - - [16/Jun/2015:22:06:16 +0300] "GET / HTTP/1.0" 200 20170 "-" "Pingdom.com_bot_version_1.4_(http://www.pingdom.com/)"
108.62.115.226 - - [16/Jun/2015:22:11:16 +0300] "GET / HTTP/1.0" 200 20170 "-" "Pingdom.com_bot_version_1.4_(http://www.pingdom.com/)"
184.75.209.18 - - [16/Jun/2015:22:16:16 +0300] "GET / HTTP/1.0" 200 20170 "-" "Pingdom.com_bot_version_1.4_(http://www.pingdom.com/)"
199.87.228.66 - - [16/Jun/2015:22:21:16 +0300] "GET / HTTP/1.0" 200 20170 "-" "Pingdom.com_bot_version_1.4_(http://www.pingdom.com/)"
5.255.253.203 - - [16/Jun/2015:22:23:33 +0300] "GET /robots.txt HTTP/1.0" 200 304 "-" "Mozilla/5.0 (compatible; YandexBot/3.0; +http://yandex.com/bots)"
94.247.174.83 - - [16/Jun/2015:22:26:16 +0300] "GET / HTTP/1.0" 200 20170 "-" "Pingdom.com_bot_version_1.4_(http://www.pingdom.com/)"
204.152.200.42 - - [16/Jun/2015:22:31:16 +0300] "GET / HTTP/1.0" 200 20170 "-" "Pingdom.com_bot_version_1.4_(http://www.pingdom.com/)"
96.31.66.245 - - [16/Jun/2015:22:36:16 +0300] "GET / HTTP/1.0" 200 20170 "-" "Pingdom.com_bot_version_1.4_(http://www.pingdom.com/)"
85.17.156.11 - - [16/Jun/2015:22:41:16 +0300] "GET / HTTP/1.0" 200 20170 "-" "Pingdom.com_bot_version_1.4_(http://www.pingdom.com/)"
207.46.13.41 - - [16/Jun/2015:22:43:14 +0300] "GET /robots.txt HTTP/1.0" 200 304 "-" "Mozilla/5.0 (compatible; bingbot/2.0; +http://www.bing.com/bingbot.htm)"
5.165.19.220 - - [16/Jun/2015:22:43:26 +0300] "GET /slovar-terminov/slovar-ocenschika-oborudovanie-6/?/elektromagnitnaya-mufta-3371.html HTTP/1.0" 404 14544 "-" "Mozilla/4.0 (compatible; MSIE 5.5; Windows NT 5.0)"
5.165.19.220 - - [16/Jun/2015:22:43:29 +0300] "GET /slovar-terminov/slovar-ocenschika-oborudovanie-6/?/elektromagnitnaya-mufta-3371.html HTTP/1.0" 404 14544 "-" "Mozilla/4.0 (compatible; MSIE 5.5; Windows NT 5.0)"
5.255.253.203 - - [16/Jun/2015:22:45:59 +0300] "GET /ukr-2181-iii.html HTTP/1.0" 200 392070 "-" "Mozilla/5.0 (compatible; YandexBot/3.0; +http://yandex.com/bots)"
188.138.124.110 - - [16/Jun/2015:22:46:16 +0300] "GET / HTTP/1.0" 200 20170 "-" "Pingdom.com_bot_version_1.4_(http://www.pingdom.com/)"
109.107.166.251 - - [16/Jun/2015:22:48:52 +0300] "GET /rus-33494.html HTTP/1.0" 200 676494 "-" "Mozilla/5.0 (Windows; U; Windows NT 5.1; ru; rv:1.9.1.7) Gecko/20091221 Firefox/3.5.7 (.NET CLR 3.5.30729)"
198.27.65.39 - - [16/Jun/2015:22:50:01 +0300] "GET /robots.txt HTTP/1.0" 200 304 "-" "Mozilla/5.0 (compatible; MJ12bot/v1.4.5; http://www.majestic12.co.uk/bot.php?+)"
198.27.65.39 - - [16/Jun/2015:22:50:03 +0300] "GET /slovar-terminov/slovar-ocenschika-avtotransport-5/%d0%9f/protektor-3082.html HTTP/1.0" 200 16613 "-" "Mozilla/5.0 (compatible; MJ12bot/v1.4.5; http://www.majestic12.co.uk/bot.php?+)"
198.27.65.39 - - [16/Jun/2015:22:50:20 +0300] "GET /slovar-terminov/slovar-ocenschika-avtotransport-5/%d0%a0/ralli-3091.html HTTP/1.0" 200 16669 "-" "Mozilla/5.0 (compatible; MJ12bot/v1.4.5; http://www.majestic12.co.uk/bot.php?+)"
198.27.65.39 - - [16/Jun/2015:22:50:22 +0300] "GET /slovar-terminov/slovar-ocenschika-avtotransport-5/%d0%a0/raspredelitel-zazhiganiya-3093.html HTTP/1.0" 200 16826 "-" "Mozilla/5.0 (compatible; MJ12bot/v1.4.5; http://www.majestic12.co.uk/bot.php?+)"
198.27.65.39 - - [16/Jun/2015:22:50:25 +0300] "GET /slovar-terminov/slovar-ocenschika-avtotransport-5/%d0%a0/regress-3097.html HTTP/1.0" 200 16789 "-" "Mozilla/5.0 (compatible; MJ12bot/v1.4.5; http://www.majestic12.co.uk/bot.php?+)"
198.27.65.39 - - [16/Jun/2015:22:50:28 +0300] "GET /slovar-terminov/slovar-ocenschika-avtotransport-5/%d0%a0/regulirovanie-avtomaticheskoe-3098.html HTTP/1.0" 200 18060 "-" "Mozilla/5.0 (compatible; MJ12bot/v1.4.5; http://www.majestic12.co.uk/bot.php?+)"
198.27.65.39 - - [16/Jun/2015:22:50:35 +0300] "GET /slovar-terminov/slovar-ocenschika-avtotransport-5/%d0%a0/reguliruemye-podgolovniki-3100.html HTTP/1.0" 200 17088 "-" "Mozilla/5.0 (compatible; MJ12bot/v1.4.5; http://www.majestic12.co.uk/bot.php?+)"
198.27.65.39 - - [16/Jun/2015:22:50:38 +0300] "GET /slovar-terminov/slovar-ocenschika-avtotransport-5/%d0%a0/rele-3105.html HTTP/1.0" 200 17739 "-" "Mozilla/5.0 (compatible; MJ12bot/v1.4.5; http://www.majestic12.co.uk/bot.php?+)"
198.27.65.39 - - [16/Jun/2015:22:50:41 +0300] "GET /slovar-terminov/slovar-ocenschika-avtotransport-5/%d0%a1/svetofor-3124.html HTTP/1.0" 200 17673 "-" "Mozilla/5.0 (compatible; MJ12bot/v1.4.5; http://www.majestic12.co.uk/bot.php?+)"
198.27.65.39 - - [16/Jun/2015:22:50:43 +0300] "GET /slovar-terminov/slovar-ocenschika-avtotransport-5/%d0%a4/fura-3227.html HTTP/1.0" 200 16373 "-" "Mozilla/5.0 (compatible; MJ12bot/v1.4.5; http://www.majestic12.co.uk/bot.php?+)"
72.46.130.42 - - [16/Jun/2015:22:51:16 +0300] "GET / HTTP/1.0" 200 20170 "-" "Pingdom.com_bot_version_1.4_(http://www.pingdom.com/)"
178.154.243.90 - - [16/Jun/2015:22:55:59 +0300] "GET /ukr-2299-iii.html HTTP/1.0" 200 208308 "-" "Mozilla/5.0 (compatible; YandexBot/3.0; +http://yandex.com/bots)"
178.255.153.2 - - [16/Jun/2015:22:56:16 +0300] "GET / HTTP/1.0" 200 20170 "-" "Pingdom.com_bot_version_1.4_(http://www.pingdom.com/)"
109.110.67.166 - - [16/Jun/2015:23:00:50 +0300] "GET /ocenka-kvartir-i-komnat.html HTTP/1.0" 200 27188 "http://www.google.com/url?sa=t&rct=j&q=&esrc=s&frm=1&source=web&cd=5&ved=0CDoQFjAEahUKEwj37rSWgJXGAhVl7nIKHeVDAgY&url=http%3A%2F%2Fcitiex.com.ua%2Focenka-kvartir-i-komnat.html&ei=HICAVffwB-XcywPlh4kw&usg=AFQjCNEj9Gjmj9SMuWxOEhZcTVbfEeE1zQ" "Mozilla/5.0 (compatible; MSIE 9.0; Windows NT 6.1; WOW64; Trident/5.0; NP06)"
109.110.67.166 - - [16/Jun/2015:23:00:51 +0300] "GET /cache/assets/15e1e423d7a27a0d8ee8e70b064c44eb.css HTTP/1.0" 200 44011 "http://citiex.com.ua/ocenka-kvartir-i-komnat.html" "Mozilla/5.0 (compatible; MSIE 9.0; Windows NT 6.1; WOW64; Trident/5.0; NP06)"
109.110.67.166 - - [16/Jun/2015:23:00:51 +0300] "GET /plugins/content/attachments_refresh.js HTTP/1.0" 200 1560 "http://citiex.com.ua/ocenka-kvartir-i-komnat.html" "Mozilla/5.0 (compatible; MSIE 9.0; Windows NT 6.1; WOW64; Trident/5.0; NP06)"
109.110.67.166 - - [16/Jun/2015:23:00:51 +0300] "GET /media/system/js/caption.js HTTP/1.0" 200 1963 "http://citiex.com.ua/ocenka-kvartir-i-komnat.html" "Mozilla/5.0 (compatible; MSIE 9.0; Windows NT 6.1; WOW64; Trident/5.0; NP06)"
109.110.67.166 - - [16/Jun/2015:23:00:51 +0300] "GET /media/system/js/mootools.js HTTP/1.0" 200 74434 "http://citiex.com.ua/ocenka-kvartir-i-komnat.html" "Mozilla/5.0 (compatible; MSIE 9.0; Windows NT 6.1; WOW64; Trident/5.0; NP06)"
109.110.67.166 - - [16/Jun/2015:23:00:51 +0300] "GET /templates/gk_aumi/lib/scripts/template_scripts.js HTTP/1.0" 200 2281 "http://citiex.com.ua/ocenka-kvartir-i-komnat.html" "Mozilla/5.0 (compatible; MSIE 9.0; Windows NT 6.1; WOW64; Trident/5.0; NP06)"
109.110.67.166 - - [16/Jun/2015:23:00:51 +0300] "GET /components/com_sh404sef/images/external-black.png HTTP/1.0" 200 3621 "http://citiex.com.ua/ocenka-kvartir-i-komnat.html" "Mozilla/5.0 (compatible; MSIE 9.0; Windows NT 6.1; WOW64; Trident/5.0; NP06)"
109.110.67.166 - - [16/Jun/2015:23:00:51 +0300] "GET /templates/gk_aumi/images/bg_footer.png HTTP/1.0" 200 325 "http://citiex.com.ua/ocenka-kvartir-i-komnat.html" "Mozilla/5.0 (compatible; MSIE 9.0; Windows NT 6.1; WOW64; Trident/5.0; NP06)"
109.110.67.166 - - [16/Jun/2015:23:00:51 +0300] "GET /templates/gk_aumi/images/bg_content_middle.png HTTP/1.0" 200 89 "http://citiex.com.ua/ocenka-kvartir-i-komnat.html" "Mozilla/5.0 (compatible; MSIE 9.0; Windows NT 6.1; WOW64; Trident/5.0; NP06)"
109.110.67.166 - - [16/Jun/2015:23:00:51 +0300] "GET /templates/gk_aumi/images/bg_top.png HTTP/1.0" 200 321 "http://citiex.com.ua/ocenka-kvartir-i-komnat.html" "Mozilla/5.0 (compatible; MSIE 9.0; Windows NT 6.1; WOW64; Trident/5.0; NP06)"
109.110.67.166 - - [16/Jun/2015:23:00:51 +0300] "GET /templates/gk_aumi/images/bullet.png HTTP/1.0" 200 2887 "http://citiex.com.ua/ocenka-kvartir-i-komnat.html" "Mozilla/5.0 (compatible; MSIE 9.0; Windows NT 6.1; WOW64; Trident/5.0; NP06)"
109.110.67.166 - - [16/Jun/2015:23:00:51 +0300] "GET /templates/gk_aumi/images/module_default/mod_tlb.png HTTP/1.0" 200 231 "http://citiex.com.ua/ocenka-kvartir-i-komnat.html" "Mozilla/5.0 (compatible; MSIE 9.0; Windows NT 6.1; WOW64; Trident/5.0; NP06)"
109.110.67.166 - - [16/Jun/2015:23:00:51 +0300] "GET /templates/gk_aumi/images/module_default/mod_trb.png HTTP/1.0" 200 468 "http://citiex.com.ua/ocenka-kvartir-i-komnat.html" "Mozilla/5.0 (compatible; MSIE 9.0; Windows NT 6.1; WOW64; Trident/5.0; NP06)"
109.110.67.166 - - [16/Jun/2015:23:00:52 +0300] "GET /templates/gk_aumi/favicon.ico HTTP/1.0" 200 1406 "-" "Mozilla/5.0 (compatible; MSIE 9.0; Windows NT 6.1; WOW64; Trident/5.0; NP06)"
108.62.115.226 - - [16/Jun/2015:23:01:16 +0300] "GET / HTTP/1.0" 200 20170 "-" "Pingdom.com_bot_version_1.4_(http://www.pingdom.com/)"
184.75.209.18 - - [16/Jun/2015:23:06:16 +0300] "GET / HTTP/1.0" 200 20170 "-" "Pingdom.com_bot_version_1.4_(http://www.pingdom.com/)"
199.87.228.66 - - [16/Jun/2015:23:11:16 +0300] "GET / HTTP/1.0" 200 20170 "-" "Pingdom.com_bot_version_1.4_(http://www.pingdom.com/)"
94.247.174.83 - - [16/Jun/2015:23:16:16 +0300] "GET / HTTP/1.0" 200 20170 "-" "Pingdom.com_bot_version_1.4_(http://www.pingdom.com/)"
204.152.200.42 - - [16/Jun/2015:23:21:16 +0300] "GET / HTTP/1.0" 200 20170 "-" "Pingdom.com_bot_version_1.4_(http://www.pingdom.com/)"
96.31.66.245 - - [16/Jun/2015:23:26:16 +0300] "GET / HTTP/1.0" 200 20170 "-" "Pingdom.com_bot_version_1.4_(http://www.pingdom.com/)"
37.140.188.35 - - [16/Jun/2015:23:26:41 +0300] "GET /slovar-terminov/slovar-ocenschika-nedvizhimost-i-ipoteka-2/%d0%9d/nominal-796.html HTTP/1.0" 200 16746 "-" "Mozilla/5.0 (compatible; YandexBot/3.0; +http://yandex.com/bots)"
85.17.156.11 - - [16/Jun/2015:23:31:16 +0300] "GET / HTTP/1.0" 200 20170 "-" "Pingdom.com_bot_version_1.4_(http://www.pingdom.com/)"
66.249.67.121 - - [16/Jun/2015:23:33:54 +0300] "GET /slovar-terminov/slovar-ocenschika-avtotransport-5/all/page-5.html HTTP/1.0" 200 32549 "-" "Mozilla/5.0 (compatible; Googlebot/2.1; +http://www.google.com/bot.html)"
188.138.124.110 - - [16/Jun/2015:23:36:16 +0300] "GET / HTTP/1.0" 200 20170 "-" "Pingdom.com_bot_version_1.4_(http://www.pingdom.com/)"
178.255.215.94 - - [16/Jun/2015:23:36:32 +0300] "GET /robots.txt HTTP/1.0" 200 304 "-" "Mozilla/5.0 (compatible; Exabot/3.0; +http://www.exabot.com/go/robot)"
178.255.215.94 - - [16/Jun/2015:23:36:32 +0300] "GET /uslugi-kompaniyam.html HTTP/1.0" 200 22163 "-" "Mozilla/5.0 (compatible; Exabot/3.0; +http://www.exabot.com/go/robot)"
72.46.130.42 - - [16/Jun/2015:23:41:16 +0300] "GET / HTTP/1.0" 200 20170 "-" "Pingdom.com_bot_version_1.4_(http://www.pingdom.com/)"
207.46.13.102 - - [16/Jun/2015:23:46:04 +0300] "GET /ukr-2807-iv.html HTTP/1.0" 200 108723 "-" "Mozilla/5.0 (iPhone; CPU iPhone OS 7_0 like Mac OS X) AppleWebKit/537.51.1 (KHTML, like Gecko) Version/7.0 Mobile/11A465 Safari/9537.53 (compatible; bingbot/2.0; http://www.bing.com/bingbot.htm)"
207.46.13.102 - - [16/Jun/2015:23:46:06 +0300] "GET /slovar-terminov/slovar-ocenschika-korabli-i-suda-7/%d0%9c/montazh-sudovyh-mehanizmov-i-oborudovaniya-3526.html HTTP/1.0" 200 32760 "-" "Mozilla/5.0 (iPhone; CPU iPhone OS 7_0 like Mac OS X) AppleWebKit/537.51.1 (KHTML, like Gecko) Version/7.0 Mobile/11A465 Safari/9537.53 (compatible; bingbot/2.0; http://www.bing.com/bingbot.htm)"
178.255.153.2 - - [16/Jun/2015:23:46:16 +0300] "GET / HTTP/1.0" 200 20170 "-" "Pingdom.com_bot_version_1.4_(http://www.pingdom.com/)"
207.46.13.102 - - [16/Jun/2015:23:47:33 +0300] "GET /zakonodatelstvo-ukrainy-po-ocenke-imushestva.html HTTP/1.0" 200 111321 "-" "Mozilla/5.0 (iPhone; CPU iPhone OS 7_0 like Mac OS X) AppleWebKit/537.51.1 (KHTML, like Gecko) Version/7.0 Mobile/11A465 Safari/9537.53 (compatible; bingbot/2.0; http://www.bing.com/bingbot.htm)"
108.62.115.226 - - [16/Jun/2015:23:51:16 +0300] "GET / HTTP/1.0" 200 20170 "-" "Pingdom.com_bot_version_1.4_(http://www.pingdom.com/)"
184.75.209.18 - - [16/Jun/2015:23:56:16 +0300] "GET / HTTP/1.0" 200 20170 "-" "Pingdom.com_bot_version_1.4_(http://www.pingdom.com/)"
5.255.253.127 - - [16/Jun/2015:23:58:42 +0300] "GET /3-voprosy-po-ocenke-nedvizhimogo-imuschestva/19-skolko-dlitsya-ocenka-kvartiry.html HTTP/1.0" 200 27191 "-" "Mozilla/5.0 (compatible; YandexBot/3.0; +http://yandex.com/bots)"
citiex@www.citiex.com.ua.log000644 000000 000120 00002232452 12540357677 016234 0ustar00rootwww000000 000000 157.55.39.152 - - [17/Jun/2015:00:01:15 +0300] "GET /slovar-terminov/slovar-ocenschika-zemelnye-uchastki-4/%d0%9e/organizacionno-likvidacionnye-raboty-topografo-geodezicheskogo-proizvodstva-2275.html HTTP/1.0" 200 15948 "-" "Mozilla/5.0 (compatible; bingbot/2.0; +http://www.bing.com/bingbot.htm)"
199.87.228.66 - - [17/Jun/2015:00:01:16 +0300] "GET / HTTP/1.0" 200 20170 "-" "Pingdom.com_bot_version_1.4_(http://www.pingdom.com/)"
66.249.67.115 - - [17/Jun/2015:00:03:05 +0300] "GET /bukovinskiy-alyans.html HTTP/1.0" 200 27607 "-" "Mozilla/5.0 (iPhone; CPU iPhone OS 6_0 like Mac OS X) AppleWebKit/536.26 (KHTML, like Gecko) Version/6.0 Mobile/10A5376e Safari/8536.25 (compatible; Googlebot/2.1; +http://www.google.com/bot.html)"
109.254.49.194 - - [17/Jun/2015:00:03:22 +0300] "GET /rus-2343-xii.html HTTP/1.0" 200 413580 "http://yandex.ua/clck/jsredir?from=yandex.ua%3Byandsearch%3Bweb%3B%3B&text=&etext=721.FERvzLOtSsyA-cBKJyuYrdLZCWUeDU5uwr_aMBx3MvhiW3bKQDJeMoU2YhIjgWVAb0oCLDSAm6Cv2-jVIersw74SIwufpiIpeAqDUZaIsyfd9nJDlxAo_HN2yD70czYcFZAbiTkr5P0eDAnfZUs9xsYVwHMWqfTTW5CKU_u2dAD2yskm1RBao9x_tYJw2_dAoRN2J3fJVSisPNBlmVvUDz9jMA1H8k1jvOGB-b2I_JvC7PsaV0Ff7VVXFFEyl2RoA1_m_Lpz05_GHok_M7E045oxPUMnYy6XYZcbUV-2wns.793cfa59850d7f75f3840d05358200f1d7a52f86&uuid=&state=PEtFfuTeVD5kpHnK9lio9bb4iM1VPfe4W5x0C0-qwflIRTTifi6VAA&data=UlNrNmk5WktYejR0eWJFYk1LdmtxZ0IwM0xtOGFxVG5XOFNaM2VaM051ZXlRNnU3VDNEUmtHR0t6WkJ2YWVQbzJUa0VHOXlPVTcyUERjZ0Uwc3ZQNkJ1aGN5UXpKWFkxY19EcDhack1zbG1TTEZaVXlETkNoQQ&b64e=2&sign=d1a25ae4f717df58551d40a321bfff47&keyno=0&cst=AiuY0DBWFJ7IXge4WdYJQRJlt-zx8hWFwMm7t3sl-lTuJasCiJPRqdvPCK1hMraPjay2tust6Ot5wbvcROvBY4-0_2rJ076N2y2dAV33IFxLMQV2XgCGQDxSWOwn_e0UuGRcs03RtMEMJohOr_G35IOC34E-aOvBHp-TyO_dhEhsoG8831BGUiFkViTs3c42t0RYzn_SS0hqjlRozFezj27QkBb2fva4SxM3UHvLqyXwz1nTNRpwiHqeP0Pdmuh4IMwUDcd8z3adntO34pamDQWqObRcO0QJ1DwBXRt6qQy4d1sqLdTTdaPPN7zb7GxM&ref=cM777e4sMODZ_bseNIiUXGHUFc96C3BG3DHHfYCDr0iAFmv6nU7LzTFN57o45YLBWNVpEMYv1FkJ7Ot-26hfsCf0hkj22l21nzmv76scNwCSfYatwXRsXtZxZ8Xud-xuVdwaOsQ3yhflinihBjGm4b0nbPxYIxr1yanQDxo3quPaqCMLBjWi74aozcun9uuPx_2clgTR2OinxnGhBssvQvu7tNSnrNrKVDwOb-QXmN3vTtN80SS2G0YCVyFiiyiChr8ISqKBqpBqPI6PVpZ6r2-QbqiNN3zoA7njD2iPr9e0DXicWyQA0p941aQ1nKJvyTj74b-Wiy3oTpQimlLPiYS8pq33FTDTPSa6Cz8mSkqn-Rc0aMD6L7HfzRiRsvyQPH92yj1nRg0r14s4ctklka_FitZl3qusZXcbIROorTfMSLO0yfJDEJlz59_B0SSWpVrw_VIEuGbP7c9dE82stvbw-x-seahYUMCktlULNpmqcRr4QC2rbEbC-IuGdRmebEYglNAkcowCvn8CayAimV01lal5zhaP9gKiU8YlXc1-s7RtlEGfi0wTStenfN5I-uK4l0uf0TStOhaH03hxv3gqbWNVD67GsPGwA2FyALnBylGoOUYN26NUjUofQF5HAfjgyC1fc12mHGm580WjLRe4oI-_SGctlDqgN1iY8UH2shw4retblW6kFYAgSm0NlCDkn9-H3PoX_hXy3X9_AU53_C5QiknsDGRY9AsZ-N_5KwVvuP8fRhNTTDmb-V1Z&l10n=ru&cts=1434488601981&mc=1.584962500721156" "Mozilla/5.0 (Windows NT 6.1) AppleWebKit/537.36 (KHTML, like Gecko) Chrome/43.0.2357.124 Safari/537.36"
109.254.49.194 - - [17/Jun/2015:00:03:24 +0300] "GET /cache/assets/15e1e423d7a27a0d8ee8e70b064c44eb.css HTTP/1.0" 200 44011 "http://citiex.com.ua/rus-2343-xii.html" "Mozilla/5.0 (Windows NT 6.1) AppleWebKit/537.36 (KHTML, like Gecko) Chrome/43.0.2357.124 Safari/537.36"
109.254.49.194 - - [17/Jun/2015:00:03:24 +0300] "GET /media/system/js/mootools.js HTTP/1.0" 200 74434 "http://citiex.com.ua/rus-2343-xii.html" "Mozilla/5.0 (Windows NT 6.1) AppleWebKit/537.36 (KHTML, like Gecko) Chrome/43.0.2357.124 Safari/537.36"
109.254.49.194 - - [17/Jun/2015:00:03:24 +0300] "GET /media/system/js/caption.js HTTP/1.0" 200 1963 "http://citiex.com.ua/rus-2343-xii.html" "Mozilla/5.0 (Windows NT 6.1) AppleWebKit/537.36 (KHTML, like Gecko) Chrome/43.0.2357.124 Safari/537.36"
109.254.49.194 - - [17/Jun/2015:00:03:24 +0300] "GET /plugins/content/attachments_refresh.js HTTP/1.0" 200 1560 "http://citiex.com.ua/rus-2343-xii.html" "Mozilla/5.0 (Windows NT 6.1) AppleWebKit/537.36 (KHTML, like Gecko) Chrome/43.0.2357.124 Safari/537.36"
109.254.49.194 - - [17/Jun/2015:00:03:24 +0300] "GET /media/system/js/modal.js HTTP/1.0" 200 10588 "http://citiex.com.ua/rus-2343-xii.html" "Mozilla/5.0 (Windows NT 6.1) AppleWebKit/537.36 (KHTML, like Gecko) Chrome/43.0.2357.124 Safari/537.36"
109.254.49.194 - - [17/Jun/2015:00:03:24 +0300] "GET /templates/gk_aumi/lib/scripts/template_scripts.js HTTP/1.0" 200 2281 "http://citiex.com.ua/rus-2343-xii.html" "Mozilla/5.0 (Windows NT 6.1) AppleWebKit/537.36 (KHTML, like Gecko) Chrome/43.0.2357.124 Safari/537.36"
