188.138.124.110 - - [19/Jun/2015:00:46:16 +0300] "GET / HTTP/1.0" 200 20170 "-" "Pingdom.com_bot_version_1.4_(http://www.pingdom.com/)"
92.249.101.90 - - [19/Jun/2015:00:49:17 +0300] "GET /templates/gk_aumi/images/menu_bullet.png HTTP/1.0" 200 104 "http://citiex.com.ua/cache/assets/15e1e423d7a27a0d8ee8e70b064c44eb.css" "Mozilla/5.0 (Windows NT 6.1; WOW64) AppleWebKit/537.36 (KHTML, like Gecko) Chrome/43.0.2357.124 Safari/537.36"
72.46.130.42 - - [19/Jun/2015:00:51:16 +0300] "GET / HTTP/1.0" 200 20170 "-" "Pingdom.com_bot_version_1.4_(http://www.pingdom.com/)"
46.150.97.83 - - [19/Jun/2015:00:54:00 +0300] "GET /rus-2121-iii.html HTTP/1.0" 200 419288 "-" "Mozilla/5.0 (Windows NT 6.1; WOW64; rv:38.0) Gecko/20100101 Firefox/38.0"
178.255.153.2 - - [19/Jun/2015:00:56:16 +0300] "GET / HTTP/1.0" 200 20170 "-" "Pingdom.com_bot_version_1.4_(http://www.pingdom.com/)"
89.69.57.37 - - [19/Jun/2015:01:00:48 +0300] "GET /index.php/component/user/?task=register HTTP/1.0" 301 - "http://citiex.com.ua/index.php/component/user/?task=register" "Mozilla/5.0 (Windows NT 6.1; rv:37.0) Gecko/20100101 Firefox/37.0"
89.69.57.37 - - [19/Jun/2015:01:00:49 +0300] "GET /create-an-account.html?Itemid= HTTP/1.0" 200 13899 "http://citiex.com.ua/create-an-account.html?Itemid=" "Mozilla/5.0 (Windows NT 6.1; rv:37.0) Gecko/20100101 Firefox/37.0"
108.62.115.226 - - [19/Jun/2015:01:01:16 +0300] "GET / HTTP/1.0" 200 20170 "-" "Pingdom.com_bot_version_1.4_(http://www.pingdom.com/)"
184.75.209.18 - - [19/Jun/2015:01:06:16 +0300] "GET / HTTP/1.0" 200 20170 "-" "Pingdom.com_bot_version_1.4_(http://www.pingdom.com/)"
208.115.111.71 - - [19/Jun/2015:01:11:08 +0300] "GET /uslugi.html HTTP/1.0" 200 23760 "-" "Mozilla/5.0 (compatible; DotBot/1.1; http://www.opensiteexplorer.org/dotbot, help@moz.com)"
199.87.228.66 - - [19/Jun/2015:01:11:16 +0300] "GET / HTTP/1.0" 200 20170 "-" "Pingdom.com_bot_version_1.4_(http://www.pingdom.com/)"
94.247.174.83 - - [19/Jun/2015:01:16:16 +0300] "GET / HTTP/1.0" 200 20170 "-" "Pingdom.com_bot_version_1.4_(http://www.pingdom.com/)"
204.152.200.42 - - [19/Jun/2015:01:21:16 +0300] "GET / HTTP/1.0" 200 20170 "-" "Pingdom.com_bot_version_1.4_(http://www.pingdom.com/)"
37.140.188.35 - - [19/Jun/2015:01:21:42 +0300] "GET /rus-2807-iv.html HTTP/1.0" 200 112770 "-" "Mozilla/5.0 (compatible; YandexBot/3.0; +http://yandex.com/bots)"
96.31.66.245 - - [19/Jun/2015:01:26:16 +0300] "GET / HTTP/1.0" 200 20170 "-" "Pingdom.com_bot_version_1.4_(http://www.pingdom.com/)"
85.17.156.11 - - [19/Jun/2015:01:31:16 +0300] "GET / HTTP/1.0" 200 20170 "-" "Pingdom.com_bot_version_1.4_(http://www.pingdom.com/)"
157.55.39.84 - - [19/Jun/2015:01:31:37 +0300] "GET /robots.txt HTTP/1.0" 200 304 "-" "Mozilla/5.0 (compatible; bingbot/2.0; +http://www.bing.com/bingbot.htm)"
157.55.39.84 - - [19/Jun/2015:01:31:43 +0300] "GET /slovar-terminov/slovar-ocenschika-avtotransport-5/%d0%a4.html HTTP/1.0" 200 19350 "-" "Mozilla/5.0 (compatible; bingbot/2.0; +http://www.bing.com/bingbot.htm)"
178.57.188.37 - - [19/Jun/2015:01:34:11 +0300] "GET /ocenka-sudov-i-korabley.html HTTP/1.0" 200 29796 "http://citiex.com.ua/ocenka-sudov-i-korabley.html" "Mozilla/4.0 (compatible; MSIE 6.0; Windows NT 5.1; SV1)"
188.138.124.110 - - [19/Jun/2015:01:36:16 +0300] "GET / HTTP/1.0" 200 20170 "-" "Pingdom.com_bot_version_1.4_(http://www.pingdom.com/)"
157.55.39.127 - - [19/Jun/2015:01:37:04 +0300] "GET /komanda-ocenshikov-i-konsultantov.html HTTP/1.0" 200 17710 "-" "Mozilla/5.0 (compatible; bingbot/2.0; +http://www.bing.com/bingbot.htm)"
72.46.130.42 - - [19/Jun/2015:01:41:16 +0300] "GET / HTTP/1.0" 200 20170 "-" "Pingdom.com_bot_version_1.4_(http://www.pingdom.com/)"
178.255.153.2 - - [19/Jun/2015:01:46:16 +0300] "GET / HTTP/1.0" 200 20170 "-" "Pingdom.com_bot_version_1.4_(http://www.pingdom.com/)"
108.62.115.226 - - [19/Jun/2015:01:51:16 +0300] "GET / HTTP/1.0" 200 20170 "-" "Pingdom.com_bot_version_1.4_(http://www.pingdom.com/)"
188.138.124.110 - - [19/Jun/2015:01:56:16 +0300] "GET / HTTP/1.0" 200 20170 "-" "Pingdom.com_bot_version_1.4_(http://www.pingdom.com/)"
178.255.153.2 - - [19/Jun/2015:02:01:16 +0300] "GET / HTTP/1.0" 200 20170 "-" "Pingdom.com_bot_version_1.4_(http://www.pingdom.com/)"
199.87.228.66 - - [19/Jun/2015:02:01:16 +0300] "GET / HTTP/1.0" 200 20170 "-" "Pingdom.com_bot_version_1.4_(http://www.pingdom.com/)"
108.62.115.226 - - [19/Jun/2015:02:06:16 +0300] "GET / HTTP/1.0" 200 20170 "-" "Pingdom.com_bot_version_1.4_(http://www.pingdom.com/)"
184.75.209.18 - - [19/Jun/2015:02:11:16 +0300] "GET / HTTP/1.0" 200 20170 "-" "Pingdom.com_bot_version_1.4_(http://www.pingdom.com/)"
94.247.174.83 - - [19/Jun/2015:02:16:16 +0300] "GET / HTTP/1.0" 200 20170 "-" "Pingdom.com_bot_version_1.4_(http://www.pingdom.com/)"
204.152.200.42 - - [19/Jun/2015:02:21:16 +0300] "GET / HTTP/1.0" 200 20170 "-" "Pingdom.com_bot_version_1.4_(http://www.pingdom.com/)"
96.31.66.245 - - [19/Jun/2015:02:26:16 +0300] "GET / HTTP/1.0" 200 20170 "-" "Pingdom.com_bot_version_1.4_(http://www.pingdom.com/)"
85.17.156.11 - - [19/Jun/2015:02:31:16 +0300] "GET / HTTP/1.0" 200 20170 "-" "Pingdom.com_bot_version_1.4_(http://www.pingdom.com/)"
66.249.78.227 - - [19/Jun/2015:02:31:35 +0300] "GET /3-voprosy-po-ocenke-nedvizhimogo-imuschestva/21-dlya-chego-nuzhna-ocenka-kvartiry-pri-zaklyuchenii-ipotechnoy-sdelki.html?task=vote&vote=1 HTTP/1.0" 200 26512 "-" "Mozilla/5.0 (compatible; Googlebot/2.1; +http://www.google.com/bot.html)"
66.249.78.227 - - [19/Jun/2015:02:32:31 +0300] "GET /3-voprosy-po-ocenke-nedvizhimogo-imuschestva/18-neobhodima-li-obyazatelnaya-ocenka-kvartiry-pri-prodazhe.html?task=vote&vote=1 HTTP/1.0" 200 26500 "-" "Mozilla/5.0 (compatible; Googlebot/2.1; +http://www.google.com/bot.html)"
157.55.39.63 - - [19/Jun/2015:02:34:18 +0300] "GET /robots.txt HTTP/1.0" 200 304 "-" "Mozilla/5.0 (compatible; bingbot/2.0; +http://www.bing.com/bingbot.htm)"
178.255.153.2 - - [19/Jun/2015:02:36:16 +0300] "GET / HTTP/1.0" 200 20170 "-" "Pingdom.com_bot_version_1.4_(http://www.pingdom.com/)"
5.255.253.127 - - [19/Jun/2015:02:40:11 +0300] "GET /indeks-potrebitelskih-cen-inflyacii-ukrainy.html HTTP/1.0" 200 39151 "-" "Mozilla/5.0 (compatible; YandexBot/3.0; +http://yandex.com/bots)"
89.69.57.37 - - [19/Jun/2015:02:40:59 +0300] "GET /index.php/component/user/?task=login HTTP/1.0" 301 - "http://citiex.com.ua/index.php/component/user/?task=login" "Mozilla/5.0 (Windows NT 6.1) AppleWebKit/537.36 (KHTML, like Gecko) Chrome/41.0.2272.101 Safari/537.36"
89.69.57.37 - - [19/Jun/2015:02:41:00 +0300] "GET /index.php?task=login&option=com_user&Itemid= HTTP/1.0" 200 13 "http://citiex.com.ua/index.php?task=login&option=com_user&Itemid=" "Mozilla/5.0 (Windows NT 6.1) AppleWebKit/537.36 (KHTML, like Gecko) Chrome/41.0.2272.101 Safari/537.36"
89.69.57.37 - - [19/Jun/2015:02:41:01 +0300] "GET / HTTP/1.0" 200 20170 "http://citiex.com.ua/" "Mozilla/5.0 (Windows NT 6.1) AppleWebKit/537.36 (KHTML, like Gecko) Chrome/41.0.2272.101 Safari/537.36"
108.62.115.226 - - [19/Jun/2015:02:41:16 +0300] "GET / HTTP/1.0" 200 20170 "-" "Pingdom.com_bot_version_1.4_(http://www.pingdom.com/)"
184.75.209.18 - - [19/Jun/2015:02:46:16 +0300] "GET / HTTP/1.0" 200 20170 "-" "Pingdom.com_bot_version_1.4_(http://www.pingdom.com/)"
89.69.57.37 - - [19/Jun/2015:02:48:39 +0300] "GET /index.php/component/user/?task=login HTTP/1.0" 301 - "http://citiex.com.ua/index.php/component/user/?task=login" "Mozilla/5.0 (Windows NT 6.1; WOW64; rv:36.0) Gecko/20100101 Firefox/36.0"
89.69.57.37 - - [19/Jun/2015:02:48:40 +0300] "GET /index.php?task=login&option=com_user&Itemid= HTTP/1.0" 200 13 "http://citiex.com.ua/index.php?task=login&option=com_user&Itemid=" "Mozilla/5.0 (Windows NT 6.1; WOW64; rv:36.0) Gecko/20100101 Firefox/36.0"
89.69.57.37 - - [19/Jun/2015:02:48:40 +0300] "GET / HTTP/1.0" 200 20170 "http://citiex.com.ua/" "Mozilla/5.0 (Windows NT 6.1; WOW64; rv:36.0) Gecko/20100101 Firefox/36.0"
199.87.228.66 - - [19/Jun/2015:02:51:16 +0300] "GET / HTTP/1.0" 200 20170 "-" "Pingdom.com_bot_version_1.4_(http://www.pingdom.com/)"
94.247.174.83 - - [19/Jun/2015:02:56:16 +0300] "GET / HTTP/1.0" 200 20170 "-" "Pingdom.com_bot_version_1.4_(http://www.pingdom.com/)"
204.152.200.42 - - [19/Jun/2015:03:01:16 +0300] "GET / HTTP/1.0" 200 20170 "-" "Pingdom.com_bot_version_1.4_(http://www.pingdom.com/)"
85.17.156.11 - - [19/Jun/2015:03:06:16 +0300] "GET / HTTP/1.0" 200 20170 "-" "Pingdom.com_bot_version_1.4_(http://www.pingdom.com/)"
188.138.124.110 - - [19/Jun/2015:03:11:16 +0300] "GET / HTTP/1.0" 200 20170 "-" "Pingdom.com_bot_version_1.4_(http://www.pingdom.com/)"
72.46.130.42 - - [19/Jun/2015:03:16:16 +0300] "GET / HTTP/1.0" 200 20170 "-" "Pingdom.com_bot_version_1.4_(http://www.pingdom.com/)"
5.255.253.203 - - [19/Jun/2015:03:21:03 +0300] "GET /slovar-terminov/slovar-ocenschika-zemelnye-uchastki-4/%d0%92.html HTTP/1.0" 404 14600 "-" "Mozilla/5.0 (compatible; YandexBot/3.0; +http://yandex.com/bots)"
178.255.153.2 - - [19/Jun/2015:03:21:16 +0300] "GET / HTTP/1.0" 200 20170 "-" "Pingdom.com_bot_version_1.4_(http://www.pingdom.com/)"
108.62.115.226 - - [19/Jun/2015:03:26:16 +0300] "GET / HTTP/1.0" 200 20170 "-" "Pingdom.com_bot_version_1.4_(http://www.pingdom.com/)"
184.75.209.18 - - [19/Jun/2015:03:31:16 +0300] "GET / HTTP/1.0" 200 20170 "-" "Pingdom.com_bot_version_1.4_(http://www.pingdom.com/)"
199.87.228.66 - - [19/Jun/2015:03:36:16 +0300] "GET / HTTP/1.0" 200 20170 "-" "Pingdom.com_bot_version_1.4_(http://www.pingdom.com/)"
66.249.78.233 - - [19/Jun/2015:03:39:20 +0300] "GET / HTTP/1.0" 200 20565 "-" "Mozilla/5.0 (iPhone; CPU iPhone OS 6_0 like Mac OS X) AppleWebKit/536.26 (KHTML, like Gecko) Version/6.0 Mobile/10A5376e Safari/8536.25 (compatible; Googlebot/2.1; +http://www.google.com/bot.html)"
66.249.78.242 - - [19/Jun/2015:03:41:03 +0300] "GET / HTTP/1.0" 200 20170 "-" "Mozilla/5.0 (iPhone; CPU iPhone OS 6_0 like Mac OS X) AppleWebKit/536.26 (KHTML, like Gecko) Version/6.0 Mobile/10A5376e Safari/8536.25 (compatible; Googlebot/2.1; +http://www.google.com/bot.html)"
94.247.174.83 - - [19/Jun/2015:03:41:16 +0300] "GET / HTTP/1.0" 200 20170 "-" "Pingdom.com_bot_version_1.4_(http://www.pingdom.com/)"
66.249.78.221 - - [19/Jun/2015:03:44:43 +0300] "GET /index.php?option=com_aicontactsafe&sTask=message&task=message&pf=4&next_use_ajax=1&r_id=1730438071&format=raw&lang=ru&Itemid=176 HTTP/1.0" 301 - "-" "Mozilla/5.0 (compatible; Googlebot/2.1; +http://www.google.com/bot.html)"
66.249.78.233 - - [19/Jun/2015:03:44:44 +0300] "GET /faq.html?format=raw&next_use_ajax=1&r_id=1730438071&sTask=message&task=message HTTP/1.0" 200 5566 "-" "Mozilla/5.0 (compatible; Googlebot/2.1; +http://www.google.com/bot.html)"
204.152.200.42 - - [19/Jun/2015:03:46:16 +0300] "GET / HTTP/1.0" 200 20170 "-" "Pingdom.com_bot_version_1.4_(http://www.pingdom.com/)"
85.17.156.11 - - [19/Jun/2015:03:51:16 +0300] "GET / HTTP/1.0" 200 20170 "-" "Pingdom.com_bot_version_1.4_(http://www.pingdom.com/)"
188.138.124.110 - - [19/Jun/2015:03:56:16 +0300] "GET / HTTP/1.0" 200 20170 "-" "Pingdom.com_bot_version_1.4_(http://www.pingdom.com/)"
72.46.130.42 - - [19/Jun/2015:04:01:16 +0300] "GET / HTTP/1.0" 200 20170 "-" "Pingdom.com_bot_version_1.4_(http://www.pingdom.com/)"
5.255.253.203 - - [19/Jun/2015:04:01:52 +0300] "GET /ocenka-zemli-i-zemelnyh-uchastkov.html HTTP/1.0" 200 27481 "-" "Mozilla/5.0 (compatible; YandexBot/3.0; +http://yandex.com/bots)"
178.255.153.2 - - [19/Jun/2015:04:06:16 +0300] "GET / HTTP/1.0" 200 20170 "-" "Pingdom.com_bot_version_1.4_(http://www.pingdom.com/)"
108.62.115.226 - - [19/Jun/2015:04:11:16 +0300] "GET / HTTP/1.0" 200 20170 "-" "Pingdom.com_bot_version_1.4_(http://www.pingdom.com/)"
184.75.209.18 - - [19/Jun/2015:04:16:16 +0300] "GET / HTTP/1.0" 200 20170 "-" "Pingdom.com_bot_version_1.4_(http://www.pingdom.com/)"
199.87.228.66 - - [19/Jun/2015:04:21:16 +0300] "GET / HTTP/1.0" 200 20170 "-" "Pingdom.com_bot_version_1.4_(http://www.pingdom.com/)"
46.118.112.154 - - [19/Jun/2015:04:25:43 +0300] "GET /chto-vliyaet-na-stoimost-kvartiry.html HTTP/1.0" 200 43210 "http://citiex.com.ua/chto-vliyaet-na-stoimost-kvartiry.html" "Mozilla/5.0 (Windows NT 6.1; WOW64; rv:36.0) Gecko/20100101 Firefox/36.0"
94.247.174.83 - - [19/Jun/2015:04:26:16 +0300] "GET / HTTP/1.0" 200 20170 "-" "Pingdom.com_bot_version_1.4_(http://www.pingdom.com/)"
204.152.200.42 - - [19/Jun/2015:04:31:16 +0300] "GET / HTTP/1.0" 200 20170 "-" "Pingdom.com_bot_version_1.4_(http://www.pingdom.com/)"
85.17.156.11 - - [19/Jun/2015:04:36:16 +0300] "GET / HTTP/1.0" 200 20170 "-" "Pingdom.com_bot_version_1.4_(http://www.pingdom.com/)"
207.46.13.16 - - [19/Jun/2015:04:38:53 +0300] "GET /slovar-terminov/slovar-ocenschika-nedvizhimost-i-ipoteka-2/A/agency-securities-385.html HTTP/1.0" 200 17391 "-" "Mozilla/5.0 (compatible; bingbot/2.0; +http://www.bing.com/bingbot.htm)"
66.249.78.221 - - [19/Jun/2015:04:40:47 +0300] "GET /slovar-terminov/slovar-ocenschika-obschie-terminy-1/all.html HTTP/1.0" 200 28518 "-" "Mozilla/5.0 (compatible; Googlebot/2.1; +http://www.google.com/bot.html)"
188.138.124.110 - - [19/Jun/2015:04:41:16 +0300] "GET / HTTP/1.0" 200 20170 "-" "Pingdom.com_bot_version_1.4_(http://www.pingdom.com/)"
72.46.130.42 - - [19/Jun/2015:04:46:16 +0300] "GET / HTTP/1.0" 200 20170 "-" "Pingdom.com_bot_version_1.4_(http://www.pingdom.com/)"
178.255.153.2 - - [19/Jun/2015:04:51:16 +0300] "GET / HTTP/1.0" 200 20170 "-" "Pingdom.com_bot_version_1.4_(http://www.pingdom.com/)"
108.62.115.226 - - [19/Jun/2015:04:56:16 +0300] "GET / HTTP/1.0" 200 20170 "-" "Pingdom.com_bot_version_1.4_(http://www.pingdom.com/)"
66.249.67.127 - - [19/Jun/2015:04:56:55 +0300] "GET /ocenka-kommercheskoy-nedvijimosti.html HTTP/1.0" 200 29711 "-" "Mozilla/5.0 (compatible; Googlebot/2.1; +http://www.google.com/bot.html)"
184.75.209.18 - - [19/Jun/2015:05:01:16 +0300] "GET / HTTP/1.0" 200 20170 "-" "Pingdom.com_bot_version_1.4_(http://www.pingdom.com/)"
199.87.228.66 - - [19/Jun/2015:05:06:16 +0300] "GET / HTTP/1.0" 200 20170 "-" "Pingdom.com_bot_version_1.4_(http://www.pingdom.com/)"
66.249.78.233 - - [19/Jun/2015:05:07:23 +0300] "GET /slovar-terminov/slovar-ocenschika-korabli-i-suda-7/%d0%98.html HTTP/1.0" 200 23832 "-" "Mozilla/5.0 (compatible; Googlebot/2.1; +http://www.google.com/bot.html)"
94.247.174.83 - - [19/Jun/2015:05:11:16 +0300] "GET / HTTP/1.0" 200 20170 "-" "Pingdom.com_bot_version_1.4_(http://www.pingdom.com/)"
204.152.200.42 - - [19/Jun/2015:05:16:16 +0300] "GET / HTTP/1.0" 200 20170 "-" "Pingdom.com_bot_version_1.4_(http://www.pingdom.com/)"
85.17.156.11 - - [19/Jun/2015:05:21:16 +0300] "GET / HTTP/1.0" 200 20170 "-" "Pingdom.com_bot_version_1.4_(http://www.pingdom.com/)"
216.107.155.114 - - [19/Jun/2015:05:22:14 +0300] "GET /robots.txt HTTP/1.0" 200 304 "-" "Mozilla/5.0 (compatible; MJ12bot/v1.4.5; http://www.majestic12.co.uk/bot.php?+)"
216.107.155.114 - - [19/Jun/2015:05:22:16 +0300] "GET /slovar-terminov/slovar-ocenschika-avtotransport-5/%d0%9f/protektor-3082.html HTTP/1.0" 200 16613 "-" "Mozilla/5.0 (compatible; MJ12bot/v1.4.5; http://www.majestic12.co.uk/bot.php?+)"
216.107.155.114 - - [19/Jun/2015:05:22:18 +0300] "GET /slovar-terminov/slovar-ocenschika-avtotransport-5/%d0%a0/ralli-3091.html HTTP/1.0" 200 16669 "-" "Mozilla/5.0 (compatible; MJ12bot/v1.4.5; http://www.majestic12.co.uk/bot.php?+)"
216.107.155.114 - - [19/Jun/2015:05:22:20 +0300] "GET /slovar-terminov/slovar-ocenschika-avtotransport-5/%d0%a0/raspredelitel-zazhiganiya-3093.html HTTP/1.0" 200 16826 "-" "Mozilla/5.0 (compatible; MJ12bot/v1.4.5; http://www.majestic12.co.uk/bot.php?+)"
216.107.155.114 - - [19/Jun/2015:05:22:22 +0300] "GET /slovar-terminov/slovar-ocenschika-avtotransport-5/%d0%a0/regress-3097.html HTTP/1.0" 200 16789 "-" "Mozilla/5.0 (compatible; MJ12bot/v1.4.5; http://www.majestic12.co.uk/bot.php?+)"
216.107.155.114 - - [19/Jun/2015:05:22:24 +0300] "GET /slovar-terminov/slovar-ocenschika-avtotransport-5/%d0%a0/regulirovanie-avtomaticheskoe-3098.html HTTP/1.0" 200 18060 "-" "Mozilla/5.0 (compatible; MJ12bot/v1.4.5; http://www.majestic12.co.uk/bot.php?+)"
216.107.155.114 - - [19/Jun/2015:05:22:26 +0300] "GET /slovar-terminov/slovar-ocenschika-avtotransport-5/%d0%a0/reguliruemye-podgolovniki-3100.html HTTP/1.0" 200 17088 "-" "Mozilla/5.0 (compatible; MJ12bot/v1.4.5; http://www.majestic12.co.uk/bot.php?+)"
216.107.155.114 - - [19/Jun/2015:05:22:29 +0300] "GET /slovar-terminov/slovar-ocenschika-avtotransport-5/%d0%a0/rele-3105.html HTTP/1.0" 200 17739 "-" "Mozilla/5.0 (compatible; MJ12bot/v1.4.5; http://www.majestic12.co.uk/bot.php?+)"
216.107.155.114 - - [19/Jun/2015:05:22:31 +0300] "GET /slovar-terminov/slovar-ocenschika-avtotransport-5/%d0%a1/samoblokiruyuschiysya-differencial-3120.html HTTP/1.0" 200 16904 "-" "Mozilla/5.0 (compatible; MJ12bot/v1.4.5; http://www.majestic12.co.uk/bot.php?+)"
216.107.155.114 - - [19/Jun/2015:05:22:33 +0300] "GET /slovar-terminov/slovar-ocenschika-avtotransport-5/%d0%a1/svetofor-3124.html HTTP/1.0" 200 17673 "-" "Mozilla/5.0 (compatible; MJ12bot/v1.4.5; http://www.majestic12.co.uk/bot.php?+)"
216.107.155.114 - - [19/Jun/2015:05:22:35 +0300] "GET /slovar-terminov/slovar-ocenschika-avtotransport-5/%d0%a4/fura-3227.html HTTP/1.0" 200 16373 "-" "Mozilla/5.0 (compatible; MJ12bot/v1.4.5; http://www.majestic12.co.uk/bot.php?+)"
216.107.155.114 - - [19/Jun/2015:05:22:38 +0300] "GET /slovar-terminov/slovar-ocenschika-avtotransport-5/%d0%a6/cilindr-3235.html HTTP/1.0" 200 16565 "-" "Mozilla/5.0 (compatible; MJ12bot/v1.4.5; http://www.majestic12.co.uk/bot.php?+)"
216.107.155.114 - - [19/Jun/2015:05:22:40 +0300] "GET /slovar-terminov/slovar-ocenschika-avtotransport-5/%d0%a7/chip-klyuch-3238.html HTTP/1.0" 200 16974 "-" "Mozilla/5.0 (compatible; MJ12bot/v1.4.5; http://www.majestic12.co.uk/bot.php?+)"
216.107.155.114 - - [19/Jun/2015:05:22:42 +0300] "GET /slovar-terminov/slovar-ocenschika-avtotransport-5/%d0%a7/chopper-3239.html HTTP/1.0" 200 16315 "-" "Mozilla/5.0 (compatible; MJ12bot/v1.4.5; http://www.majestic12.co.uk/bot.php?+)"
188.138.124.110 - - [19/Jun/2015:05:26:16 +0300] "GET / HTTP/1.0" 200 20170 "-" "Pingdom.com_bot_version_1.4_(http://www.pingdom.com/)"
72.46.130.42 - - [19/Jun/2015:05:31:16 +0300] "GET / HTTP/1.0" 200 20170 "-" "Pingdom.com_bot_version_1.4_(http://www.pingdom.com/)"
178.255.153.2 - - [19/Jun/2015:05:36:16 +0300] "GET / HTTP/1.0" 200 20170 "-" "Pingdom.com_bot_version_1.4_(http://www.pingdom.com/)"
178.57.188.37 - - [19/Jun/2015:05:39:04 +0300] "GET /ocenka-katerov-yaht-i-motornyh-lodok.html HTTP/1.0" 200 28082 "http://citiex.com.ua/ocenka-katerov-yaht-i-motornyh-lodok.html" "Mozilla/4.0 (compatible; MSIE 6.0; Windows NT 5.1; SV1)"
108.62.115.226 - - [19/Jun/2015:05:41:16 +0300] "GET / HTTP/1.0" 200 20170 "-" "Pingdom.com_bot_version_1.4_(http://www.pingdom.com/)"
66.249.78.236 - - [19/Jun/2015:05:42:53 +0300] "GET /rus-2299-iii.html HTTP/1.0" 200 233802 "-" "Mozilla/5.0 (iPhone; CPU iPhone OS 6_0 like Mac OS X) AppleWebKit/536.26 (KHTML, like Gecko) Version/6.0 Mobile/10A5376e Safari/8536.25 (compatible; Googlebot/2.1; +http://www.google.com/bot.html)"
184.75.209.18 - - [19/Jun/2015:05:46:16 +0300] "GET / HTTP/1.0" 200 20170 "-" "Pingdom.com_bot_version_1.4_(http://www.pingdom.com/)"
66.249.78.248 - - [19/Jun/2015:05:48:02 +0300] "GET /indeks-cen-stroitelno-montajnyh-rabot-ukrainy.html HTTP/1.0" 200 53249 "-" "Mozilla/5.0 (iPhone; CPU iPhone OS 6_0 like Mac OS X) AppleWebKit/536.26 (KHTML, like Gecko) Version/6.0 Mobile/10A5376e Safari/8536.25 (compatible; Googlebot/2.1; +http://www.google.com/bot.html)"
199.87.228.66 - - [19/Jun/2015:05:51:16 +0300] "GET / HTTP/1.0" 200 20170 "-" "Pingdom.com_bot_version_1.4_(http://www.pingdom.com/)"
94.247.174.83 - - [19/Jun/2015:05:56:16 +0300] "GET / HTTP/1.0" 200 20170 "-" "Pingdom.com_bot_version_1.4_(http://www.pingdom.com/)"
212.33.255.53 - - [19/Jun/2015:05:57:29 +0300] "HEAD / HTTP/1.0" 200 - "http://uaonline.info" "C-T bot"
204.152.200.42 - - [19/Jun/2015:06:01:16 +0300] "GET / HTTP/1.0" 200 20170 "-" "Pingdom.com_bot_version_1.4_(http://www.pingdom.com/)"
46.251.77.146 - - [19/Jun/2015:06:06:00 +0300] "GET /ukr-2780-xii.html HTTP/1.0" 200 91238 "http://yandex.ru/clck/jsredir?from=yandex.ru%3Bsearch%3Bweb%3B%3B&text=&etext=722.GEwfNdUN0KRTbRh9xpGA0HS_W4lHyTRD9qjP5XqCMWhSzLmnq4OORZovGvcP8-87MOaN6wECX-2ZgujCox42f3tuuAcioH4HC-dbdwW06_XQxpNO3oV2Z7Ur0X3Ibs7heq19Ifj1e-edxFgwrgkLPpfRj-sWufyiUkZQQWksZJ4b5H_DS7V0Su42NPSk1OWMdo8zmiT_eWcmzKJ4qhUUjfNe9WqQRXjAmjDy2ahi71_zhyGIbTvLQR3J_lHFc2ZA_MGHpY6WbmW5C9GHHqV_aiowfNuZ37-HmZ6JTkFqt0am-v9tUKAdLjJQUg4MZDCpvJNFgqyC3FfIUyYbqW1i1w9JVoCDcepbSXzn4W1ma6xoZiqt8QUp_L6VCARlYdJyrOeCPS3QD-B2whIG_jt60scP_dAOz2OFGDMz9MSVZOGwnrdEgVzMqb_dZdgvLswxEMSpoMEfA4yIthb5CiuzN4O5bpxJ4c9_6wlZgHfRCZ1BAXUWzDYNWYcEJvJ66a4ZC7ao4ejFyi-RUBku9mRBkA.04c48ab7df2c780726511adaa95cd086aa2b1030&uuid=&state=AiuY0DBWFJ4ePaEse6rgeAjgs2pI3DW9J0KiE5XNXd0dp0ZMwFHoviUoYa6nzP7MFsomsouu4qcabhdCG_SRweXIGAAyvYUbqfXDdLTVYBMqGqMRTZ7jvOKuiFj20lU--pd95y2ZTcFmHtpfav0R48gI0tBKTZjnjIR_H_-ab120da5ym9g1d25sGrajPFemkDip6offNde0eKPDDallCQ&data=UlNrNmk5WktYejR0eWJFYk1LdmtxZ0IwM0xtOGFxVG5XOFNaM2VaM051ZVpJekZ0elVwYVBNUzhTRHBCcXlkQ3BaOG12d0d0N1NicjgwN1BTbWNncU9RN2oxVGlhSjBqNVlCTDk2X0lBMnRJbDlCSVRUX2dPZw&b64e=2&sign=18c513df2afc81f2c1798b05ab5d5a37&keyno=0&l10n=ru&cts=1434682997651&mc=2.67702864024" "Mozilla/5.0 (Windows NT 6.1) AppleWebKit/537.36 (KHTML, like Gecko) Chrome/32.0.1700.41 Safari/537.36"
46.251.77.146 - - [19/Jun/2015:06:06:02 +0300] "GET /cache/assets/15e1e423d7a27a0d8ee8e70b064c44eb.css HTTP/1.0" 200 44011 "http://citiex.com.ua/ukr-2780-xii.html" "Mozilla/5.0 (Windows NT 6.1) AppleWebKit/537.36 (KHTML, like Gecko) Chrome/32.0.1700.41 Safari/537.36"
46.251.77.146 - - [19/Jun/2015:06:06:02 +0300] "GET /media/system/js/caption.js HTTP/1.0" 200 1963 "http://citiex.com.ua/ukr-2780-xii.html" "Mozilla/5.0 (Windows NT 6.1) AppleWebKit/537.36 (KHTML, like Gecko) Chrome/32.0.1700.41 Safari/537.36"
46.251.77.146 - - [19/Jun/2015:06:06:02 +0300] "GET /media/system/js/mootools.js HTTP/1.0" 200 74434 "http://citiex.com.ua/ukr-2780-xii.html" "Mozilla/5.0 (Windows NT 6.1) AppleWebKit/537.36 (KHTML, like Gecko) Chrome/32.0.1700.41 Safari/537.36"
46.251.77.146 - - [19/Jun/2015:06:06:02 +0300] "GET /media/system/js/modal.js HTTP/1.0" 200 10588 "http://citiex.com.ua/ukr-2780-xii.html" "Mozilla/5.0 (Windows NT 6.1) AppleWebKit/537.36 (KHTML, like Gecko) Chrome/32.0.1700.41 Safari/537.36"
46.251.77.146 - - [19/Jun/2015:06:06:02 +0300] "GET /templates/gk_aumi/lib/scripts/template_scripts.js HTTP/1.0" 200 2281 "http://citiex.com.ua/ukr-2780-xii.html" "Mozilla/5.0 (Windows NT 6.1) AppleWebKit/537.36 (KHTML, like Gecko) Chrome/32.0.1700.41 Safari/537.36"
46.251.77.146 - - [19/Jun/2015:06:06:02 +0300] "GET /templates/gk_aumi/lib/scripts/hltable.js HTTP/1.0" 200 3646 "http://citiex.com.ua/ukr-2780-xii.html" "Mozilla/5.0 (Windows NT 6.1) AppleWebKit/537.36 (KHTML, like Gecko) Chrome/32.0.1700.41 Safari/537.36"
46.251.77.146 - - [19/Jun/2015:06:06:02 +0300] "GET /templates/gk_aumi/images/logo.png HTTP/1.0" 200 6149 "http://citiex.com.ua/ukr-2780-xii.html" "Mozilla/5.0 (Windows NT 6.1) AppleWebKit/537.36 (KHTML, like Gecko) Chrome/32.0.1700.41 Safari/537.36"
46.251.77.146 - - [19/Jun/2015:06:06:02 +0300] "GET /components/com_sh404sef/images/external-black.png HTTP/1.0" 200 3621 "http://citiex.com.ua/ukr-2780-xii.html" "Mozilla/5.0 (Windows NT 6.1) AppleWebKit/537.36 (KHTML, like Gecko) Chrome/32.0.1700.41 Safari/537.36"
46.251.77.146 - - [19/Jun/2015:06:06:02 +0300] "GET /plugins/content/attachments_refresh.js HTTP/1.0" 200 1560 "http://citiex.com.ua/ukr-2780-xii.html" "Mozilla/5.0 (Windows NT 6.1) AppleWebKit/537.36 (KHTML, like Gecko) Chrome/32.0.1700.41 Safari/537.36"
46.251.77.146 - - [19/Jun/2015:06:06:02 +0300] "GET /templates/gk_aumi/lib/scripts/menu.php?style=suckerfish&width=1&height=1&opacity=1&animation=1&speed=250 HTTP/1.0" 200 253 "http://citiex.com.ua/ukr-2780-xii.html" "Mozilla/5.0 (Windows NT 6.1) AppleWebKit/537.36 (KHTML, like Gecko) Chrome/32.0.1700.41 Safari/537.36"
46.251.77.146 - - [19/Jun/2015:06:06:03 +0300] "GET /templates/gk_aumi/images/bg_top.png HTTP/1.0" 200 321 "http://citiex.com.ua/ukr-2780-xii.html" "Mozilla/5.0 (Windows NT 6.1) AppleWebKit/537.36 (KHTML, like Gecko) Chrome/32.0.1700.41 Safari/537.36"
46.251.77.146 - - [19/Jun/2015:06:06:03 +0300] "GET /templates/gk_aumi/images/bg_content_middle.png HTTP/1.0" 200 89 "http://citiex.com.ua/ukr-2780-xii.html" "Mozilla/5.0 (Windows NT 6.1) AppleWebKit/537.36 (KHTML, like Gecko) Chrome/32.0.1700.41 Safari/537.36"
46.251.77.146 - - [19/Jun/2015:06:06:03 +0300] "GET /templates/gk_aumi/images/bg_content_top.png HTTP/1.0" 200 133 "http://citiex.com.ua/ukr-2780-xii.html" "Mozilla/5.0 (Windows NT 6.1) AppleWebKit/537.36 (KHTML, like Gecko) Chrome/32.0.1700.41 Safari/537.36"
46.251.77.146 - - [19/Jun/2015:06:06:03 +0300] "GET /templates/gk_aumi/images/bg_footer.png HTTP/1.0" 200 325 "http://citiex.com.ua/ukr-2780-xii.html" "Mozilla/5.0 (Windows NT 6.1) AppleWebKit/537.36 (KHTML, like Gecko) Chrome/32.0.1700.41 Safari/537.36"
46.251.77.146 - - [19/Jun/2015:06:06:03 +0300] "GET /templates/gk_aumi/images/menu_li.png HTTP/1.0" 200 181 "http://citiex.com.ua/ukr-2780-xii.html" "Mozilla/5.0 (Windows NT 6.1) AppleWebKit/537.36 (KHTML, like Gecko) Chrome/32.0.1700.41 Safari/537.36"
85.17.156.11 - - [19/Jun/2015:06:06:16 +0300] "GET / HTTP/1.0" 200 20170 "-" "Pingdom.com_bot_version_1.4_(http://www.pingdom.com/)"
188.138.124.110 - - [19/Jun/2015:06:11:16 +0300] "GET / HTTP/1.0" 200 20170 "-" "Pingdom.com_bot_version_1.4_(http://www.pingdom.com/)"
72.46.130.42 - - [19/Jun/2015:06:16:16 +0300] "GET / HTTP/1.0" 200 20170 "-" "Pingdom.com_bot_version_1.4_(http://www.pingdom.com/)"
37.140.188.35 - - [19/Jun/2015:06:16:24 +0300] "GET /rus-2343-xii.html HTTP/1.0" 200 413580 "-" "Mozilla/5.0 (compatible; YandexBot/3.0; +http://yandex.com/bots)"
178.255.153.2 - - [19/Jun/2015:06:21:16 +0300] "GET / HTTP/1.0" 200 20170 "-" "Pingdom.com_bot_version_1.4_(http://www.pingdom.com/)"
66.249.78.221 - - [19/Jun/2015:06:21:30 +0300] "GET /slovar-terminov/slovar-ocenschika-zemelnye-uchastki-4/%d0%95.html HTTP/1.0" 200 16064 "-" "Mozilla/5.0 (compatible; Googlebot/2.1; +http://www.google.com/bot.html)"
108.62.115.226 - - [19/Jun/2015:06:26:16 +0300] "GET / HTTP/1.0" 200 20170 "-" "Pingdom.com_bot_version_1.4_(http://www.pingdom.com/)"
95.167.189.93 - - [19/Jun/2015:06:27:34 +0300] "GET /robots.txt HTTP/1.0" 200 304 "-" "Mozilla/5.0 (compatible; SputnikBot/2.3; +http://corp.sputnik.ru/webmaster)"
95.167.189.93 - - [19/Jun/2015:06:27:36 +0300] "GET /ocenka-avtomobiley-i-motociklov.html HTTP/1.0" 200 26795 "-" "Mozilla/5.0 (compatible; SputnikBot/2.3; +http://corp.sputnik.ru/webmaster)"
95.167.189.93 - - [19/Jun/2015:06:27:55 +0300] "GET /slovar-ocenschika-avtotransport/slovar-ocenschika-avtotransport-5/all/page-14.html HTTP/1.0" 200 30239 "-" "Mozilla/5.0 (compatible; SputnikBot/2.3; +http://corp.sputnik.ru/webmaster)"
95.167.189.93 - - [19/Jun/2015:06:28:05 +0300] "GET /slovar-ocenschika-nedvizhimost-i-ipoteka/slovar-ocenschika-nedvizhimost-i-ipoteka-2/all/page-13.html HTTP/1.0" 200 32736 "-" "Mozilla/5.0 (compatible; SputnikBot/2.3; +http://corp.sputnik.ru/webmaster)"
95.167.189.93 - - [19/Jun/2015:06:28:13 +0300] "GET /slovar-ocenschika-avtotransport/slovar-ocenschika-avtotransport-5/all/page-11.html HTTP/1.0" 200 28065 "-" "Mozilla/5.0 (compatible; SputnikBot/2.3; +http://corp.sputnik.ru/webmaster)"
95.167.189.93 - - [19/Jun/2015:06:28:31 +0300] "GET /slovar-ocenschika-stroitelstvo/slovar-ocenschika-stroitelstvo-3/all/page-25.html HTTP/1.0" 200 26942 "-" "Mozilla/5.0 (compatible; SputnikBot/2.3; +http://corp.sputnik.ru/webmaster)"
95.167.189.93 - - [19/Jun/2015:06:28:44 +0300] "GET /slovar-ocenschika-stroitelstvo/slovar-ocenschika-stroitelstvo-3/all/page-22.html HTTP/1.0" 200 26421 "-" "Mozilla/5.0 (compatible; SputnikBot/2.3; +http://corp.sputnik.ru/webmaster)"
95.167.189.93 - - [19/Jun/2015:06:28:52 +0300] "GET /slovar-ocenschika-stroitelstvo/slovar-ocenschika-stroitelstvo-3/all/page-23.html HTTP/1.0" 200 26706 "-" "Mozilla/5.0 (compatible; SputnikBot/2.3; +http://corp.sputnik.ru/webmaster)"
95.167.189.93 - - [19/Jun/2015:06:28:59 +0300] "GET /slovar-ocenschika-stroitelstvo/slovar-ocenschika-stroitelstvo-3/all/page-20.html HTTP/1.0" 200 26284 "-" "Mozilla/5.0 (compatible; SputnikBot/2.3; +http://corp.sputnik.ru/webmaster)"
95.167.189.93 - - [19/Jun/2015:06:29:07 +0300] "GET /slovar-ocenschika-stroitelstvo/slovar-ocenschika-stroitelstvo-3/all/page-19.html HTTP/1.0" 200 26308 "-" "Mozilla/5.0 (compatible; SputnikBot/2.3; +http://corp.sputnik.ru/webmaster)"
95.167.189.93 - - [19/Jun/2015:06:29:15 +0300] "GET /slovar-terminov/slovar-ocenschika-avtotransport-5/All/page-19.html HTTP/1.0" 200 17355 "-" "Mozilla/5.0 (compatible; SputnikBot/2.3; +http://corp.sputnik.ru/webmaster)"
95.167.189.93 - - [19/Jun/2015:06:29:23 +0300] "GET /slovar-terminov/slovar-ocenschika-zemelnye-uchastki-4/All/page-28.html HTTP/1.0" 200 16064 "-" "Mozilla/5.0 (compatible; SputnikBot/2.3; +http://corp.sputnik.ru/webmaster)"
95.167.189.93 - - [19/Jun/2015:06:29:29 +0300] "GET /slovar-terminov/slovar-ocenschika-avtotransport-5/All/page-17.html HTTP/1.0" 200 17355 "-" "Mozilla/5.0 (compatible; SputnikBot/2.3; +http://corp.sputnik.ru/webmaster)"
95.167.189.93 - - [19/Jun/2015:06:29:36 +0300] "GET /slovar-terminov/slovar-ocenschika-stroitelstvo-3/All/page-26.html HTTP/1.0" 200 15994 "-" "Mozilla/5.0 (compatible; SputnikBot/2.3; +http://corp.sputnik.ru/webmaster)"
184.75.209.18 - - [19/Jun/2015:06:31:16 +0300] "GET / HTTP/1.0" 200 20170 "-" "Pingdom.com_bot_version_1.4_(http://www.pingdom.com/)"
199.87.228.66 - - [19/Jun/2015:06:36:16 +0300] "GET / HTTP/1.0" 200 20170 "-" "Pingdom.com_bot_version_1.4_(http://www.pingdom.com/)"
94.247.174.83 - - [19/Jun/2015:06:41:16 +0300] "GET / HTTP/1.0" 200 20170 "-" "Pingdom.com_bot_version_1.4_(http://www.pingdom.com/)"
204.152.200.42 - - [19/Jun/2015:06:46:16 +0300] "GET / HTTP/1.0" 200 20170 "-" "Pingdom.com_bot_version_1.4_(http://www.pingdom.com/)"
85.17.156.11 - - [19/Jun/2015:06:51:16 +0300] "GET / HTTP/1.0" 200 20170 "-" "Pingdom.com_bot_version_1.4_(http://www.pingdom.com/)"
188.138.124.110 - - [19/Jun/2015:06:56:16 +0300] "GET / HTTP/1.0" 200 20170 "-" "Pingdom.com_bot_version_1.4_(http://www.pingdom.com/)"
72.46.130.42 - - [19/Jun/2015:07:01:16 +0300] "GET / HTTP/1.0" 200 20170 "-" "Pingdom.com_bot_version_1.4_(http://www.pingdom.com/)"
178.255.153.2 - - [19/Jun/2015:07:06:16 +0300] "GET / HTTP/1.0" 200 20170 "-" "Pingdom.com_bot_version_1.4_(http://www.pingdom.com/)"
108.62.115.226 - - [19/Jun/2015:07:11:16 +0300] "GET / HTTP/1.0" 200 20170 "-" "Pingdom.com_bot_version_1.4_(http://www.pingdom.com/)"
37.140.188.35 - - [19/Jun/2015:07:12:35 +0300] "GET /1-obschie-voprosy-po-ocenke-imuschestva/5-chto-takoe-aktualizaciya-otcheta-ob-ocenke.html HTTP/1.0" 200 29508 "-" "Mozilla/5.0 (compatible; YandexBot/3.0; +http://yandex.com/bots)"
184.75.209.18 - - [19/Jun/2015:07:16:16 +0300] "GET / HTTP/1.0" 200 20170 "-" "Pingdom.com_bot_version_1.4_(http://www.pingdom.com/)"
199.87.228.66 - - [19/Jun/2015:07:21:16 +0300] "GET / HTTP/1.0" 200 20170 "-" "Pingdom.com_bot_version_1.4_(http://www.pingdom.com/)"
94.247.174.83 - - [19/Jun/2015:07:26:16 +0300] "GET / HTTP/1.0" 200 20170 "-" "Pingdom.com_bot_version_1.4_(http://www.pingdom.com/)"
207.46.13.16 - - [19/Jun/2015:07:29:23 +0300] "GET /slovar-terminov/slovar-ocenschika-obschie-terminy-1/%d0%90.html HTTP/1.0" 200 22067 "-" "Mozilla/5.0 (compatible; bingbot/2.0; +http://www.bing.com/bingbot.htm)"
204.152.200.42 - - [19/Jun/2015:07:31:16 +0300] "GET / HTTP/1.0" 200 20170 "-" "Pingdom.com_bot_version_1.4_(http://www.pingdom.com/)"
.pdf 157.55.39.127 - - [19/Jun/2015:07:33:43 +0300] "GET /attachments/article/1365/20120111-%d0%90%d0%bd%d0%b0%d0%bb%d0%b8%d0%b7-%d0%a1%d0%b5%d0%b2%d0%b0%d1%81%d1%82%d0%be%d0%bf%d0%be%d0%bb%d1%8c-%d0%94%d0%be%d1%85%d0%be%d0%b4%d0%bd%d0%b0%d1%8f%20.pdf HTTP/1.0" 200 499711 "-" "Mozilla/5.0 (iPhone; CPU iPhone OS 7_0 like Mac OS X) AppleWebKit/537.51.1 (KHTML, like Gecko) Version/7.0 Mobile/11A465 Safari/9537.53 (compatible; bingbot/2.0; http://www.bing.com/bingbot.htm)"
85.17.156.11 - - [19/Jun/2015:07:36:16 +0300] "GET / HTTP/1.0" 200 20170 "-" "Pingdom.com_bot_version_1.4_(http://www.pingdom.com/)"
217.118.83.146 - - [19/Jun/2015:07:37:05 +0300] "GET /attachments/article/1389/20130318-%d0%90%d0%bd%d0%b0%d0%bb%d0%b8%d0%b7-%d0%a1%d0%b5%d0%b2%d0%b0%d1%81%d1%82%d0%be%d0%bf%d0%be%d0%bb%d1%8c-%d0%96%d0%b8%d0%bb%d0%b0%d1%8f%d0%97%d0%b5%d0%bc%d0%bb%d1%8f.pdf HTTP/1.0" 200 1195722 "http://yandex.ru/clck/jsredir?from=yandex.ru%3Bsearch%2F%3Bweb%3B%3B&text=&etext=724.935eUneWx17wRGqupz1eY1zeRyGvP0wqmJdttlx8M8UmIhoUE7kP4CoIZLkMG0la_4sV2FwTJju7EkNL5uYUKFE_MLYAopR_tUr8s1Wkppc.c0b4204fe23aaecee9e26aa00ceac7f69bfad33c&uuid=&state=PEtFfuTeVD5kpHnK9lio9T6U0-imFY5IWwl6BSUGTYkVl-Mg3SvKQJc_zCAcrBTk9X69K1t3_-DinMEZ9zXos-sZdu1EIAyAA-UbTDTjeec&data=UlNrNmk5WktYejR0eWJFYk1LdmtxZ0IwM0xtOGFxVG5XOFNaM2VaM051ZktucTZPRld1QUQ1b2V5bk5xNmM5Y3h5ZjFndUdtanc2OXliUDlCUm1tRmNNYkVFMndvNlEwM1l3Ti1TQWtBLUZtaHh2WkV3bHFvRlkzVFl6Z0xqRXhfXzdqemlXaEVmU1RobWVpc21TeXNoV1pra1E2cTNVZnZsR3VnNFFYOVdrNG10RWd4OF8yeWVLdVZmZ2VfMTZRUlNBRXV2eGNfNjEtUnRhdE5QR28yQ3lTRXM5TXpSc0RQeEVfNnVEaDd1Y2ZLUnpITG9XWmhXcmk1YktKbFZ1dEpBeWpLN0tWNmgtUGpkT0pZbjFVRFVVcmE5TWNWQlRZakxCYld4ci1FSHhRdmoyZ0ZGZnBEN3M0OUZzUXVWbTRIcGpsNzF1NWktTjFUX0FHMDVuY0lnaklqR0hNalVNODBhMmlleU9lMl9Wc01qQjdqU3ppcFBQVE9nLTBuOVlWaDZDOHNyT2lnSEsyeWI2SjFtWjIyS2pKcm9MODdVVUkxSTVHOWVMUVhOU0tmUXFHbU9nYWVkNkVqTlJ2ZTB6RmJ0WkZFd2ZVOGVXNzVWUnVyMk5QLVhxWTNDVWhjOGZlSjZ1d1pMbU91Q0pGaW5QeGkta0piWDhnemFBbHgySHF5aFB1ZGJra2FnNA&b64e=2&sign=dd03153bc3aaf657ee70256b1666b5f1&keyno=0&cst=AiuY0DBWFJ7IXge4WdYJQSaYtyyri96F-oxAwovwyLYC_BkGQnkRCeCNUMCCdBAvr8wC0QmTGLn9OZiGnun9v3NR4flRFgs1kK5_m-eQGfc43vsgT_NeNF8tVzZcXfA_Dn71tPOSYQgujEJo-J9FebjsP_21j5e9kr7r6XiBszb55VcMR7FVPtbfR386ZnmkUeSkJnYSmh2S5DLqGzkdXFwAbDGmv44g6gJctdgqwtKJJOG5q1i1fiPs3KtCNDpimsF5oOxF42pXM7r0QrPzhvlA5rXDHuIC_-g5suKLZGmdyAyg0DgAX5FefcpbAxhyoEj-FpJB0woPCBTjBjte6WCDSIYRXwB2UV71u2ZeK2DAfAY8FG454GHSmoX4-wai&ref=cM777e4sMOAycdZhdUbYHpMQ80108_UCHgI4h6Y0hbtoes4Cfdh8gJPRV2UyT2MULqatEX8jYtyCFyCiBF2gvGFjsZMpnMHNpuTu3pReNIXMYS33vXxfbLyDHGn-xwiJ8LdTose4bjX-1BBejO9k-xywPx74rRrdhYqieWfu9ShVVwLG0u24S__a7lG5crqD7c3hCuWsyIB4QcqATLcyJ98h6e15NPr9TQQ5xFfOcyVrEa0Uiu687JmfoUIqgoriVokQfTOiccV80lJxKzMX61ifTJimEvlgeXf-Y-5arQZQG86T9tBG5fZJ6_MY7oxfklif210ZGAxVEu11W6UDmP-xjcwJK_C1QLMhG-LPsHQBzFvA0r-x_f4Ean4wmpKMULWQob53hzvkrJ4vt0kqcDxR1KRboFfARcEPwOc__CrDpsGioudvgRhnzzafPKZI7L4sHuW7_HkWJUUXD2prYKK94oLYiK_E9YlU0E3_CYHA84eriq3TgtPNXQdAj1xTUJNvctTCGVyOs80mc1H82JctgMqkaXLFDkOr2lfYp4Nn8HhTXT1kr2cmMuS1zxPPVvhr3yMg03oiHzsOrecnYknCkXEdJPouagB0aWlBshRiqtIk4BHet-zADN8-4hXcPwqZZNpk5m87OLrsbGjLPdiqzcYft3Ym6Riw1ZXlDVgadmQI1462GtJ2gEK7VEQmidFjpVzT1-FtbSwDZUy-VudReO2iAcYliTeCZMnTRHZzhbnkK1RUiNYXsNV5XhzNBNWJ6dNaRcYODKNmLVaKk3FajW5jLwOKp95dix9BdWZbmSxYTsJ7XVmWUV6cYD8tEH8hMA0TdocPbSJQtJ3azJhkE87fSZ_eqyEWewnNovjZxVtmxC0SuiNVsxdwuMDOVmBgohHrrKOc7FrS-mv9ibznmbNVEb6b_0Asou5HNxRLZw121-rU5evZ-visHw8RrJCka1WalbnOhzcQ42L1RxMnpiTqg4Jm0m3K7nmxpfcnbK4_GRmeTO4IZN-0NiyqebrZ0LYUPQ1OZEkeS0kEurW70J_eD2cooNWkoSJTUmhsaOVcGDwlVQhheDqVg4RjgnAoP7BWvDEyiq-aQ8OD0OrxFH0s2sErKfwMBVZqIyP2NTUpw1AxHyYjLbr24BmIrQlb0XXyP6Kx8ZVr4jmEurPSa2pI38mUs8kcwRYc1tJ6XjlCiHp1p4upxkh9yyTUiR9j0qHmJ77Imvyw0pLf6nSkGEyRlg9txE79ndwFsyUnVy29SA2ExN48e-IB5OE0pMJwAf9fePD5PgZ1UwJtxx3PkFjDy4e_oN6xvRO1XSkcpOUK-5QpubENS6dRZC9NSCc4buDWB9eloE8VCP6IQJyf_TCCt0oyPjVVNg_8MLWUF8mIRWXjxbCpgICzkBwBleemuXOBUEe4NNFYssO9QPMu6fpkSRAEM7_q7AKVXxjehU3UQ20aWf6ik0rwRLmxEvQgQ3JTCrS1NC6MpA24roC70n78PaVRbXZzc4qvsObn4DSJj4SJw9kWvzMr-3FjZarJHxQpEREj9hlE1TN5KiQ9o8o20iDfjqtX_HhdxNpuEwEXkXY8toRaXnxuuIvF_lhxU73ofVYBqbLswEbnbr5nP704g2wPLxq0fD_-h6Yb5qny0f5jJ_fhNw0QuLTRotNCflm9IuzsH8ABxGbmDPC2LVhHR4dAgFie0Zdyugb5Qoa8sjiIqCUpXgjHluH_6hCUbk487oW-d-bPYrvU72_dbfjhYRPWLiD1gtGjESG_6gQIHJ6IvYzTXY_0jeWOv6CNZvTEGLZzM2u0JtfBOO64hGW_9rGBR2En1PQoC3q3Qfns3biBww&l10n=ru&cts=1434688591784&mc=5.3780500853810445" "Mozilla/5.0 (Windows NT 6.1; WOW64) AppleWebKit/537.36 (KHTML, like Gecko) Chrome/43.0.2357.81 Safari/537.36 OPR/30.0.1835.59"
217.118.83.146 - - [19/Jun/2015:07:37:06 +0300] "GET /attachments/article/1389/20130318-%d0%90%d0%bd%d0%b0%d0%bb%d0%b8%d0%b7-%d0%a1%d0%b5%d0%b2%d0%b0%d1%81%d1%82%d0%be%d0%bf%d0%be%d0%bb%d1%8c-%d0%96%d0%b8%d0%bb%d0%b0%d1%8f%d0%97%d0%b5%d0%bc%d0%bb%d1%8f.pdf HTTP/1.0" 206 32768 "http://citiex.com.ua/attachments/article/1389/20130318-%D0%90%D0%BD%D0%B0%D0%BB%D0%B8%D0%B7-%D0%A1%D0%B5%D0%B2%D0%B0%D1%81%D1%82%D0%BE%D0%BF%D0%BE%D0%BB%D1%8C-%D0%96%D0%B8%D0%BB%D0%B0%D1%8F%D0%97%D0%B5%D0%BC%D0%BB%D1%8F.pdf" "Mozilla/5.0 (Windows NT 6.1; WOW64) AppleWebKit/537.36 (KHTML, like Gecko) Chrome/43.0.2357.81 Safari/537.36 OPR/30.0.1835.59"
217.118.83.146 - - [19/Jun/2015:07:37:07 +0300] "GET /attachments/article/1389/20130318-%d0%90%d0%bd%d0%b0%d0%bb%d0%b8%d0%b7-%d0%a1%d0%b5%d0%b2%d0%b0%d1%81%d1%82%d0%be%d0%bf%d0%be%d0%bb%d1%8c-%d0%96%d0%b8%d0%bb%d0%b0%d1%8f%d0%97%d0%b5%d0%bc%d0%bb%d1%8f.pdf HTTP/1.0" 206 406265 "http://citiex.com.ua/attachments/article/1389/20130318-%D0%90%D0%BD%D0%B0%D0%BB%D0%B8%D0%B7-%D0%A1%D0%B5%D0%B2%D0%B0%D1%81%D1%82%D0%BE%D0%BF%D0%BE%D0%BB%D1%8C-%D0%96%D0%B8%D0%BB%D0%B0%D1%8F%D0%97%D0%B5%D0%BC%D0%BB%D1%8F.pdf" "Mozilla/5.0 (Windows NT 6.1; WOW64) AppleWebKit/537.36 (KHTML, like Gecko) Chrome/43.0.2357.81 Safari/537.36 OPR/30.0.1835.59"
217.118.83.146 - - [19/Jun/2015:07:37:09 +0300] "GET /attachments/article/1389/20130318-%d0%90%d0%bd%d0%b0%d0%bb%d0%b8%d0%b7-%d0%a1%d0%b5%d0%b2%d0%b0%d1%81%d1%82%d0%be%d0%bf%d0%be%d0%bb%d1%8c-%d0%96%d0%b8%d0%bb%d0%b0%d1%8f%d0%97%d0%b5%d0%bc%d0%bb%d1%8f.pdf HTTP/1.0" 206 32768 "http://citiex.com.ua/attachments/article/1389/20130318-%D0%90%D0%BD%D0%B0%D0%BB%D0%B8%D0%B7-%D0%A1%D0%B5%D0%B2%D0%B0%D1%81%D1%82%D0%BE%D0%BF%D0%BE%D0%BB%D1%8C-%D0%96%D0%B8%D0%BB%D0%B0%D1%8F%D0%97%D0%B5%D0%BC%D0%BB%D1%8F.pdf" "Mozilla/5.0 (Windows NT 6.1; WOW64) AppleWebKit/537.36 (KHTML, like Gecko) Chrome/43.0.2357.81 Safari/537.36 OPR/30.0.1835.59"
217.118.83.146 - - [19/Jun/2015:07:37:10 +0300] "GET /attachments/article/1389/20130318-%d0%90%d0%bd%d0%b0%d0%bb%d0%b8%d0%b7-%d0%a1%d0%b5%d0%b2%d0%b0%d1%81%d1%82%d0%be%d0%bf%d0%be%d0%bb%d1%8c-%d0%96%d0%b8%d0%bb%d0%b0%d1%8f%d0%97%d0%b5%d0%bc%d0%bb%d1%8f.pdf HTTP/1.0" 206 32768 "http://citiex.com.ua/attachments/article/1389/20130318-%D0%90%D0%BD%D0%B0%D0%BB%D0%B8%D0%B7-%D0%A1%D0%B5%D0%B2%D0%B0%D1%81%D1%82%D0%BE%D0%BF%D0%BE%D0%BB%D1%8C-%D0%96%D0%B8%D0%BB%D0%B0%D1%8F%D0%97%D0%B5%D0%BC%D0%BB%D1%8F.pdf" "Mozilla/5.0 (Windows NT 6.1; WOW64) AppleWebKit/537.36 (KHTML, like Gecko) Chrome/43.0.2357.81 Safari/537.36 OPR/30.0.1835.59"
217.118.83.146 - - [19/Jun/2015:07:37:11 +0300] "GET /attachments/article/1389/20130318-%d0%90%d0%bd%d0%b0%d0%bb%d0%b8%d0%b7-%d0%a1%d0%b5%d0%b2%d0%b0%d1%81%d1%82%d0%be%d0%bf%d0%be%d0%bb%d1%8c-%d0%96%d0%b8%d0%bb%d0%b0%d1%8f%d0%97%d0%b5%d0%bc%d0%bb%d1%8f.pdf HTTP/1.0" 206 32768 "http://citiex.com.ua/attachments/article/1389/20130318-%D0%90%D0%BD%D0%B0%D0%BB%D0%B8%D0%B7-%D0%A1%D0%B5%D0%B2%D0%B0%D1%81%D1%82%D0%BE%D0%BF%D0%BE%D0%BB%D1%8C-%D0%96%D0%B8%D0%BB%D0%B0%D1%8F%D0%97%D0%B5%D0%BC%D0%BB%D1%8F.pdf" "Mozilla/5.0 (Windows NT 6.1; WOW64) AppleWebKit/537.36 (KHTML, like Gecko) Chrome/43.0.2357.81 Safari/537.36 OPR/30.0.1835.59"
217.118.83.146 - - [19/Jun/2015:07:37:11 +0300] "GET /attachments/article/1389/20130318-%d0%90%d0%bd%d0%b0%d0%bb%d0%b8%d0%b7-%d0%a1%d0%b5%d0%b2%d0%b0%d1%81%d1%82%d0%be%d0%bf%d0%be%d0%bb%d1%8c-%d0%96%d0%b8%d0%bb%d0%b0%d1%8f%d0%97%d0%b5%d0%bc%d0%bb%d1%8f.pdf HTTP/1.0" 206 32768 "http://citiex.com.ua/attachments/article/1389/20130318-%D0%90%D0%BD%D0%B0%D0%BB%D0%B8%D0%B7-%D0%A1%D0%B5%D0%B2%D0%B0%D1%81%D1%82%D0%BE%D0%BF%D0%BE%D0%BB%D1%8C-%D0%96%D0%B8%D0%BB%D0%B0%D1%8F%D0%97%D0%B5%D0%BC%D0%BB%D1%8F.pdf" "Mozilla/5.0 (Windows NT 6.1; WOW64) AppleWebKit/537.36 (KHTML, like Gecko) Chrome/43.0.2357.81 Safari/537.36 OPR/30.0.1835.59"
217.118.83.146 - - [19/Jun/2015:07:37:12 +0300] "GET /attachments/article/1389/20130318-%d0%90%d0%bd%d0%b0%d0%bb%d0%b8%d0%b7-%d0%a1%d0%b5%d0%b2%d0%b0%d1%81%d1%82%d0%be%d0%bf%d0%be%d0%bb%d1%8c-%d0%96%d0%b8%d0%bb%d0%b0%d1%8f%d0%97%d0%b5%d0%bc%d0%bb%d1%8f.pdf HTTP/1.0" 206 32768 "http://citiex.com.ua/attachments/article/1389/20130318-%D0%90%D0%BD%D0%B0%D0%BB%D0%B8%D0%B7-%D0%A1%D0%B5%D0%B2%D0%B0%D1%81%D1%82%D0%BE%D0%BF%D0%BE%D0%BB%D1%8C-%D0%96%D0%B8%D0%BB%D0%B0%D1%8F%D0%97%D0%B5%D0%BC%D0%BB%D1%8F.pdf" "Mozilla/5.0 (Windows NT 6.1; WOW64) AppleWebKit/537.36 (KHTML, like Gecko) Chrome/43.0.2357.81 Safari/537.36 OPR/30.0.1835.59"
217.118.83.146 - - [19/Jun/2015:07:37:12 +0300] "GET /attachments/article/1389/20130318-%d0%90%d0%bd%d0%b0%d0%bb%d0%b8%d0%b7-%d0%a1%d0%b5%d0%b2%d0%b0%d1%81%d1%82%d0%be%d0%bf%d0%be%d0%bb%d1%8c-%d0%96%d0%b8%d0%bb%d0%b0%d1%8f%d0%97%d0%b5%d0%bc%d0%bb%d1%8f.pdf HTTP/1.0" 206 32768 "http://citiex.com.ua/attachments/article/1389/20130318-%D0%90%D0%BD%D0%B0%D0%BB%D0%B8%D0%B7-%D0%A1%D0%B5%D0%B2%D0%B0%D1%81%D1%82%D0%BE%D0%BF%D0%BE%D0%BB%D1%8C-%D0%96%D0%B8%D0%BB%D0%B0%D1%8F%D0%97%D0%B5%D0%BC%D0%BB%D1%8F.pdf" "Mozilla/5.0 (Windows NT 6.1; WOW64) AppleWebKit/537.36 (KHTML, like Gecko) Chrome/43.0.2357.81 Safari/537.36 OPR/30.0.1835.59"
217.118.83.146 - - [19/Jun/2015:07:37:12 +0300] "GET /attachments/article/1389/20130318-%d0%90%d0%bd%d0%b0%d0%bb%d0%b8%d0%b7-%d0%a1%d0%b5%d0%b2%d0%b0%d1%81%d1%82%d0%be%d0%bf%d0%be%d0%bb%d1%8c-%d0%96%d0%b8%d0%bb%d0%b0%d1%8f%d0%97%d0%b5%d0%bc%d0%bb%d1%8f.pdf HTTP/1.0" 206 32768 "http://citiex.com.ua/attachments/article/1389/20130318-%D0%90%D0%BD%D0%B0%D0%BB%D0%B8%D0%B7-%D0%A1%D0%B5%D0%B2%D0%B0%D1%81%D1%82%D0%BE%D0%BF%D0%BE%D0%BB%D1%8C-%D0%96%D0%B8%D0%BB%D0%B0%D1%8F%D0%97%D0%B5%D0%BC%D0%BB%D1%8F.pdf" "Mozilla/5.0 (Windows NT 6.1; WOW64) AppleWebKit/537.36 (KHTML, like Gecko) Chrome/43.0.2357.81 Safari/537.36 OPR/30.0.1835.59"
217.118.83.146 - - [19/Jun/2015:07:37:13 +0300] "GET /attachments/article/1389/20130318-%d0%90%d0%bd%d0%b0%d0%bb%d0%b8%d0%b7-%d0%a1%d0%b5%d0%b2%d0%b0%d1%81%d1%82%d0%be%d0%bf%d0%be%d0%bb%d1%8c-%d0%96%d0%b8%d0%bb%d0%b0%d1%8f%d0%97%d0%b5%d0%bc%d0%bb%d1%8f.pdf HTTP/1.0" 206 32768 "http://citiex.com.ua/attachments/article/1389/20130318-%D0%90%D0%BD%D0%B0%D0%BB%D0%B8%D0%B7-%D0%A1%D0%B5%D0%B2%D0%B0%D1%81%D1%82%D0%BE%D0%BF%D0%BE%D0%BB%D1%8C-%D0%96%D0%B8%D0%BB%D0%B0%D1%8F%D0%97%D0%B5%D0%BC%D0%BB%D1%8F.pdf" "Mozilla/5.0 (Windows NT 6.1; WOW64) AppleWebKit/537.36 (KHTML, like Gecko) Chrome/43.0.2357.81 Safari/537.36 OPR/30.0.1835.59"
217.118.83.146 - - [19/Jun/2015:07:37:13 +0300] "GET /attachments/article/1389/20130318-%d0%90%d0%bd%d0%b0%d0%bb%d0%b8%d0%b7-%d0%a1%d0%b5%d0%b2%d0%b0%d1%81%d1%82%d0%be%d0%bf%d0%be%d0%bb%d1%8c-%d0%96%d0%b8%d0%bb%d0%b0%d1%8f%d0%97%d0%b5%d0%bc%d0%bb%d1%8f.pdf HTTP/1.0" 206 32768 "http://citiex.com.ua/attachments/article/1389/20130318-%D0%90%D0%BD%D0%B0%D0%BB%D0%B8%D0%B7-%D0%A1%D0%B5%D0%B2%D0%B0%D1%81%D1%82%D0%BE%D0%BF%D0%BE%D0%BB%D1%8C-%D0%96%D0%B8%D0%BB%D0%B0%D1%8F%D0%97%D0%B5%D0%BC%D0%BB%D1%8F.pdf" "Mozilla/5.0 (Windows NT 6.1; WOW64) AppleWebKit/537.36 (KHTML, like Gecko) Chrome/43.0.2357.81 Safari/537.36 OPR/30.0.1835.59"
217.118.83.146 - - [19/Jun/2015:07:37:13 +0300] "GET /attachments/article/1389/20130318-%d0%90%d0%bd%d0%b0%d0%bb%d0%b8%d0%b7-%d0%a1%d0%b5%d0%b2%d0%b0%d1%81%d1%82%d0%be%d0%bf%d0%be%d0%bb%d1%8c-%d0%96%d0%b8%d0%bb%d0%b0%d1%8f%d0%97%d0%b5%d0%bc%d0%bb%d1%8f.pdf HTTP/1.0" 206 65536 "http://citiex.com.ua/attachments/article/1389/20130318-%D0%90%D0%BD%D0%B0%D0%BB%D0%B8%D0%B7-%D0%A1%D0%B5%D0%B2%D0%B0%D1%81%D1%82%D0%BE%D0%BF%D0%BE%D0%BB%D1%8C-%D0%96%D0%B8%D0%BB%D0%B0%D1%8F%D0%97%D0%B5%D0%BC%D0%BB%D1%8F.pdf" "Mozilla/5.0 (Windows NT 6.1; WOW64) AppleWebKit/537.36 (KHTML, like Gecko) Chrome/43.0.2357.81 Safari/537.36 OPR/30.0.1835.59"
217.118.83.146 - - [19/Jun/2015:07:37:14 +0300] "GET /attachments/article/1389/20130318-%d0%90%d0%bd%d0%b0%d0%bb%d0%b8%d0%b7-%d0%a1%d0%b5%d0%b2%d0%b0%d1%81%d1%82%d0%be%d0%bf%d0%be%d0%bb%d1%8c-%d0%96%d0%b8%d0%bb%d0%b0%d1%8f%d0%97%d0%b5%d0%bc%d0%bb%d1%8f.pdf HTTP/1.0" 206 65536 "http://citiex.com.ua/attachments/article/1389/20130318-%D0%90%D0%BD%D0%B0%D0%BB%D0%B8%D0%B7-%D0%A1%D0%B5%D0%B2%D0%B0%D1%81%D1%82%D0%BE%D0%BF%D0%BE%D0%BB%D1%8C-%D0%96%D0%B8%D0%BB%D0%B0%D1%8F%D0%97%D0%B5%D0%BC%D0%BB%D1%8F.pdf" "Mozilla/5.0 (Windows NT 6.1; WOW64) AppleWebKit/537.36 (KHTML, like Gecko) Chrome/43.0.2357.81 Safari/537.36 OPR/30.0.1835.59"
217.118.83.146 - - [19/Jun/2015:07:37:14 +0300] "GET /attachments/article/1389/20130318-%d0%90%d0%bd%d0%b0%d0%bb%d0%b8%d0%b7-%d0%a1%d0%b5%d0%b2%d0%b0%d1%81%d1%82%d0%be%d0%bf%d0%be%d0%bb%d1%8c-%d0%96%d0%b8%d0%bb%d0%b0%d1%8f%d0%97%d0%b5%d0%bc%d0%bb%d1%8f.pdf HTTP/1.0" 206 65536 "http://citiex.com.ua/attachments/article/1389/20130318-%D0%90%D0%BD%D0%B0%D0%BB%D0%B8%D0%B7-%D0%A1%D0%B5%D0%B2%D0%B0%D1%81%D1%82%D0%BE%D0%BF%D0%BE%D0%BB%D1%8C-%D0%96%D0%B8%D0%BB%D0%B0%D1%8F%D0%97%D0%B5%D0%BC%D0%BB%D1%8F.pdf" "Mozilla/5.0 (Windows NT 6.1; WOW64) AppleWebKit/537.36 (KHTML, like Gecko) Chrome/43.0.2357.81 Safari/537.36 OPR/30.0.1835.59"
217.118.83.146 - - [19/Jun/2015:07:37:15 +0300] "GET /attachments/article/1389/20130318-%d0%90%d0%bd%d0%b0%d0%bb%d0%b8%d0%b7-%d0%a1%d0%b5%d0%b2%d0%b0%d1%81%d1%82%d0%be%d0%bf%d0%be%d0%bb%d1%8c-%d0%96%d0%b8%d0%bb%d0%b0%d1%8f%d0%97%d0%b5%d0%bc%d0%bb%d1%8f.pdf HTTP/1.0" 206 65536 "http://citiex.com.ua/attachments/article/1389/20130318-%D0%90%D0%BD%D0%B0%D0%BB%D0%B8%D0%B7-%D0%A1%D0%B5%D0%B2%D0%B0%D1%81%D1%82%D0%BE%D0%BF%D0%BE%D0%BB%D1%8C-%D0%96%D0%B8%D0%BB%D0%B0%D1%8F%D0%97%D0%B5%D0%BC%D0%BB%D1%8F.pdf" "Mozilla/5.0 (Windows NT 6.1; WOW64) AppleWebKit/537.36 (KHTML, like Gecko) Chrome/43.0.2357.81 Safari/537.36 OPR/30.0.1835.59"
217.118.83.146 - - [19/Jun/2015:07:37:15 +0300] "GET /attachments/article/1389/20130318-%d0%90%d0%bd%d0%b0%d0%bb%d0%b8%d0%b7-%d0%a1%d0%b5%d0%b2%d0%b0%d1%81%d1%82%d0%be%d0%bf%d0%be%d0%bb%d1%8c-%d0%96%d0%b8%d0%bb%d0%b0%d1%8f%d0%97%d0%b5%d0%bc%d0%bb%d1%8f.pdf HTTP/1.0" 206 65536 "http://citiex.com.ua/attachments/article/1389/20130318-%D0%90%D0%BD%D0%B0%D0%BB%D0%B8%D0%B7-%D0%A1%D0%B5%D0%B2%D0%B0%D1%81%D1%82%D0%BE%D0%BF%D0%BE%D0%BB%D1%8C-%D0%96%D0%B8%D0%BB%D0%B0%D1%8F%D0%97%D0%B5%D0%BC%D0%BB%D1%8F.pdf" "Mozilla/5.0 (Windows NT 6.1; WOW64) AppleWebKit/537.36 (KHTML, like Gecko) Chrome/43.0.2357.81 Safari/537.36 OPR/30.0.1835.59"
217.118.83.146 - - [19/Jun/2015:07:37:16 +0300] "GET /attachments/article/1389/20130318-%d0%90%d0%bd%d0%b0%d0%bb%d0%b8%d0%b7-%d0%a1%d0%b5%d0%b2%d0%b0%d1%81%d1%82%d0%be%d0%bf%d0%be%d0%bb%d1%8c-%d0%96%d0%b8%d0%bb%d0%b0%d1%8f%d0%97%d0%b5%d0%bc%d0%bb%d1%8f.pdf HTTP/1.0" 206 65536 "http://citiex.com.ua/attachments/article/1389/20130318-%D0%90%D0%BD%D0%B0%D0%BB%D0%B8%D0%B7-%D0%A1%D0%B5%D0%B2%D0%B0%D1%81%D1%82%D0%BE%D0%BF%D0%BE%D0%BB%D1%8C-%D0%96%D0%B8%D0%BB%D0%B0%D1%8F%D0%97%D0%B5%D0%BC%D0%BB%D1%8F.pdf" "Mozilla/5.0 (Windows NT 6.1; WOW64) AppleWebKit/537.36 (KHTML, like Gecko) Chrome/43.0.2357.81 Safari/537.36 OPR/30.0.1835.59"
217.118.83.146 - - [19/Jun/2015:07:37:16 +0300] "GET /attachments/article/1389/20130318-%d0%90%d0%bd%d0%b0%d0%bb%d0%b8%d0%b7-%d0%a1%d0%b5%d0%b2%d0%b0%d1%81%d1%82%d0%be%d0%bf%d0%be%d0%bb%d1%8c-%d0%96%d0%b8%d0%bb%d0%b0%d1%8f%d0%97%d0%b5%d0%bc%d0%bb%d1%8f.pdf HTTP/1.0" 206 68561 "http://citiex.com.ua/attachments/article/1389/20130318-%D0%90%D0%BD%D0%B0%D0%BB%D0%B8%D0%B7-%D0%A1%D0%B5%D0%B2%D0%B0%D1%81%D1%82%D0%BE%D0%BF%D0%BE%D0%BB%D1%8C-%D0%96%D0%B8%D0%BB%D0%B0%D1%8F%D0%97%D0%B5%D0%BC%D0%BB%D1%8F.pdf" "Mozilla/5.0 (Windows NT 6.1; WOW64) AppleWebKit/537.36 (KHTML, like Gecko) Chrome/43.0.2357.81 Safari/537.36 OPR/30.0.1835.59"
217.118.83.146 - - [19/Jun/2015:07:39:55 +0300] "GET /attachments/article/1389/20130318-%d0%90%d0%bd%d0%b0%d0%bb%d0%b8%d0%b7-%d0%a1%d0%b5%d0%b2%d0%b0%d1%81%d1%82%d0%be%d0%bf%d0%be%d0%bb%d1%8c-%d0%96%d0%b8%d0%bb%d0%b0%d1%8f%d0%97%d0%b5%d0%bc%d0%bb%d1%8f.pdf HTTP/1.0" 206 32768 "-" "Mozilla/5.0 (Windows NT 6.1; WOW64) AppleWebKit/537.36 (KHTML, like Gecko) Chrome/43.0.2357.81 Safari/537.36 OPR/30.0.1835.59"
188.138.124.110 - - [19/Jun/2015:07:41:16 +0300] "GET / HTTP/1.0" 200 20170 "-" "Pingdom.com_bot_version_1.4_(http://www.pingdom.com/)"
72.46.130.42 - - [19/Jun/2015:07:46:16 +0300] "GET / HTTP/1.0" 200 20170 "-" "Pingdom.com_bot_version_1.4_(http://www.pingdom.com/)"
46.138.157.161 - - [19/Jun/2015:07:48:30 +0300] "GET /rus-606-xiv.html HTTP/1.0" 200 388695 "http://yandex.ru/clck/jsredir?from=yandex.ru%3Bsearch%3Bweb%3B%3B&text=&etext=724.2UzSlpgZ-RfP8TJYp4GXb4_-qZhyHbQID8578JwjndBGmvN-hgZKS3nBnaRW5w3oKURuq_GnPulzhGKA6Om3FXdxGuAUFUh0aXtkfArXYz72v8FXH5dzbDohPmudjSnwTWzNe_JtVoyZYFTuhsHV_0jS-tx5Z5lKTuqvOBBuQrqHEP2oLpe2nh3aHdluWjjt1hAZlYS8vxQXadxpz-d2IJxQpUi33mxNG6ES7J4EDZ-uuDcs-iCfD8iiFoISsiD4Y740hHiDqnPUT0Ais7LKEtyuI4uS_Yv0CvrxP9fZNsv7RnYhL0S3gXesKOkxxRB46wd_6ot1WRgG_3Y2Wg-IyYhDRazUa3hMZhAwN1-wSWE.81479ce501201ab740248120750044c6dc3fc2fe&uuid=&state=AiuY0DBWFJ4ePaEse6rgeAjgs2pI3DW9J0KiE5XNXd0dp0ZMwFHoviUoYa6nzP7MFsomsouu4qcWQ_S6aniCVn2j1IW_p3u1UAMBrmFdB9-Ek1n70DrgfKDtLemKNW0SxPaJvvTi8ULxhiv1dSOIOjHcaOE4eJExJh3bK4YqMVzA5oXsA5B4i9q6c-EBASuiNf3SRqjgorrry2Mg9Q3B3A&data=UlNrNmk5WktYejR0eWJFYk1LdmtxZ0IwM0xtOGFxVG5XOFNaM2VaM051ZmczUjVOdGpxQWZpSndmQnNSOVVpLTYxZGFLTkxMOW5FRU9jYUxTbDdreDllcXN3MFlRX1pOb0N3M2lseXZvUDBuNUk4TTEybUZuUQ&b64e=2&sign=f43d3a2cb7d5137e92fd05b8abc01f6e&keyno=0&l10n=ru&cts=1434686610850&mc=4.04289767098" "Mozilla/5.0 (compatible; MSIE 10.0; Windows NT 6.2; WOW64; Trident/6.0; Touch; ASU2JS)"
46.138.157.161 - - [19/Jun/2015:07:48:33 +0300] "GET /cache/assets/15e1e423d7a27a0d8ee8e70b064c44eb.css HTTP/1.0" 200 44011 "http://citiex.com.ua/rus-606-xiv.html" "Mozilla/5.0 (compatible; MSIE 10.0; Windows NT 6.2; WOW64; Trident/6.0; Touch; ASU2JS)"
46.138.157.161 - - [19/Jun/2015:07:48:33 +0300] "GET /media/system/js/mootools.js HTTP/1.0" 200 74434 "http://citiex.com.ua/rus-606-xiv.html" "Mozilla/5.0 (compatible; MSIE 10.0; Windows NT 6.2; WOW64; Trident/6.0; Touch; ASU2JS)"
46.138.157.161 - - [19/Jun/2015:07:48:33 +0300] "GET /media/system/js/caption.js HTTP/1.0" 200 1963 "http://citiex.com.ua/rus-606-xiv.html" "Mozilla/5.0 (compatible; MSIE 10.0; Windows NT 6.2; WOW64; Trident/6.0; Touch; ASU2JS)"
