212.40.56.82 - - [18/Jun/2015:05:34:41 +0300] "GET /slovar-terminov/slovar-ocenschika-avtotransport-5/%d0%a4/fia-3223.html HTTP/1.0" 200 16837 "-" "Mozilla/5.0 (compatible; MJ12bot/v1.4.5; http://www.majestic12.co.uk/bot.php?+)"
212.40.56.82 - - [18/Jun/2015:05:34:44 +0300] "GET /slovar-terminov/slovar-ocenschika-avtotransport-5/%d0%a4/flanec-3224.html HTTP/1.0" 200 16925 "-" "Mozilla/5.0 (compatible; MJ12bot/v1.4.5; http://www.majestic12.co.uk/bot.php?+)"
212.40.56.82 - - [18/Jun/2015:05:34:47 +0300] "GET /slovar-terminov/slovar-ocenschika-avtotransport-5/%d0%a4/forsunka-3225.html HTTP/1.0" 200 16613 "-" "Mozilla/5.0 (compatible; MJ12bot/v1.4.5; http://www.majestic12.co.uk/bot.php?+)"
212.40.56.82 - - [18/Jun/2015:05:34:51 +0300] "GET /slovar-terminov/slovar-ocenschika-avtotransport-5/%d0%a4/frivey-3226.html HTTP/1.0" 200 16149 "-" "Mozilla/5.0 (compatible; MJ12bot/v1.4.5; http://www.majestic12.co.uk/bot.php?+)"
212.40.56.82 - - [18/Jun/2015:05:34:54 +0300] "GET /slovar-terminov/slovar-ocenschika-avtotransport-5/%d0%a5/hardtop-3229.html HTTP/1.0" 200 16261 "-" "Mozilla/5.0 (compatible; MJ12bot/v1.4.5; http://www.majestic12.co.uk/bot.php?+)"
212.40.56.82 - - [18/Jun/2015:05:34:57 +0300] "GET /slovar-terminov/slovar-ocenschika-avtotransport-5/%d0%a5/hayvey-3228.html HTTP/1.0" 200 16375 "-" "Mozilla/5.0 (compatible; MJ12bot/v1.4.5; http://www.majestic12.co.uk/bot.php?+)"
212.40.56.82 - - [18/Jun/2015:05:34:59 +0300] "GET /slovar-terminov/slovar-ocenschika-avtotransport-5/%d0%a5/hromirovanie-3231.html HTTP/1.0" 200 16863 "-" "Mozilla/5.0 (compatible; MJ12bot/v1.4.5; http://www.majestic12.co.uk/bot.php?+)"
212.40.56.82 - - [18/Jun/2015:05:35:06 +0300] "GET /slovar-terminov/slovar-ocenschika-avtotransport-5/%d0%a6/capfa-3233.html HTTP/1.0" 200 16353 "-" "Mozilla/5.0 (compatible; MJ12bot/v1.4.5; http://www.majestic12.co.uk/bot.php?+)"
212.40.56.82 - - [18/Jun/2015:05:35:21 +0300] "GET /slovar-terminov/slovar-ocenschika-avtotransport-5/%d0%a6/centralnyy-zamok-3234.html HTTP/1.0" 200 16508 "-" "Mozilla/5.0 (compatible; MJ12bot/v1.4.5; http://www.majestic12.co.uk/bot.php?+)"
212.40.56.82 - - [18/Jun/2015:05:35:24 +0300] "GET /slovar-terminov/slovar-ocenschika-avtotransport-5/%d0%a6/cilindrovaya-moschnost-3236.html HTTP/1.0" 200 16492 "-" "Mozilla/5.0 (compatible; MJ12bot/v1.4.5; http://www.majestic12.co.uk/bot.php?+)"
212.40.56.82 - - [18/Jun/2015:05:35:30 +0300] "GET /slovar-terminov/slovar-ocenschika-avtotransport-5/%d0%a6/cisterna-3237.html HTTP/1.0" 200 16475 "-" "Mozilla/5.0 (compatible; MJ12bot/v1.4.5; http://www.majestic12.co.uk/bot.php?+)"
212.40.56.82 - - [18/Jun/2015:05:35:34 +0300] "GET /slovar-terminov/slovar-ocenschika-avtotransport-5/%d0%a8/sharnir-3240.html HTTP/1.0" 200 16453 "-" "Mozilla/5.0 (compatible; MJ12bot/v1.4.5; http://www.majestic12.co.uk/bot.php?+)"
212.40.56.82 - - [18/Jun/2015:05:35:37 +0300] "GET /slovar-terminov/slovar-ocenschika-avtotransport-5/%d0%a8/shassi-3241.html HTTP/1.0" 200 16687 "-" "Mozilla/5.0 (compatible; MJ12bot/v1.4.5; http://www.majestic12.co.uk/bot.php?+)"
212.40.56.82 - - [18/Jun/2015:05:35:40 +0300] "GET /slovar-terminov/slovar-ocenschika-avtotransport-5/%d0%a8/shesternya-3242.html HTTP/1.0" 200 16283 "-" "Mozilla/5.0 (compatible; MJ12bot/v1.4.5; http://www.majestic12.co.uk/bot.php?+)"
212.40.56.82 - - [18/Jun/2015:05:35:45 +0300] "GET /slovar-terminov/slovar-ocenschika-avtotransport-5/%d0%a8/shimmi-3243.html HTTP/1.0" 200 16593 "-" "Mozilla/5.0 (compatible; MJ12bot/v1.4.5; http://www.majestic12.co.uk/bot.php?+)"
212.40.56.82 - - [18/Jun/2015:05:35:49 +0300] "GET /slovar-terminov/slovar-ocenschika-avtotransport-5/%d0%a8/shina-3244.html HTTP/1.0" 200 16927 "-" "Mozilla/5.0 (compatible; MJ12bot/v1.4.5; http://www.majestic12.co.uk/bot.php?+)"
212.40.56.82 - - [18/Jun/2015:05:35:52 +0300] "GET /slovar-terminov/slovar-ocenschika-avtotransport-5/%d0%a8/shiny-3245.html HTTP/1.0" 200 16459 "-" "Mozilla/5.0 (compatible; MJ12bot/v1.4.5; http://www.majestic12.co.uk/bot.php?+)"
212.40.56.82 - - [18/Jun/2015:05:35:55 +0300] "GET /slovar-terminov/slovar-ocenschika-avtotransport-5/%d0%a8/shosse-3246.html HTTP/1.0" 200 16477 "-" "Mozilla/5.0 (compatible; MJ12bot/v1.4.5; http://www.majestic12.co.uk/bot.php?+)"
212.40.56.82 - - [18/Jun/2015:05:35:59 +0300] "GET /slovar-terminov/slovar-ocenschika-avtotransport-5/%d0%a8/shtift-avtomobilestroenie-3247.html HTTP/1.0" 200 17804 "-" "Mozilla/5.0 (compatible; MJ12bot/v1.4.5; http://www.majestic12.co.uk/bot.php?+)"
212.40.56.82 - - [18/Jun/2015:05:36:02 +0300] "GET /slovar-terminov/slovar-ocenschika-avtotransport-5/%d0%a8/shtok-3248.html HTTP/1.0" 200 16537 "-" "Mozilla/5.0 (compatible; MJ12bot/v1.4.5; http://www.majestic12.co.uk/bot.php?+)"
212.40.56.82 - - [18/Jun/2015:05:36:06 +0300] "GET /slovar-terminov/slovar-ocenschika-avtotransport-5/%d0%a8/shtorki-bezopasnosti-3249.html HTTP/1.0" 200 16916 "-" "Mozilla/5.0 (compatible; MJ12bot/v1.4.5; http://www.majestic12.co.uk/bot.php?+)"
212.40.56.82 - - [18/Jun/2015:05:36:10 +0300] "GET /slovar-terminov/slovar-ocenschika-avtotransport-5/%d0%a8/shtucer-3251.html HTTP/1.0" 200 17357 "-" "Mozilla/5.0 (compatible; MJ12bot/v1.4.5; http://www.majestic12.co.uk/bot.php?+)"
212.40.56.82 - - [18/Jun/2015:05:36:13 +0300] "GET /slovar-terminov/slovar-ocenschika-avtotransport-5/%d0%a8/shturval-3250.html HTTP/1.0" 200 16525 "-" "Mozilla/5.0 (compatible; MJ12bot/v1.4.5; http://www.majestic12.co.uk/bot.php?+)"
212.40.56.82 - - [18/Jun/2015:05:36:15 +0300] "GET /slovar-terminov/slovar-ocenschika-avtotransport-5/%d0%ad/ekonomayzer-3252.html HTTP/1.0" 200 16615 "-" "Mozilla/5.0 (compatible; MJ12bot/v1.4.5; http://www.majestic12.co.uk/bot.php?+)"
178.255.153.2 - - [18/Jun/2015:05:36:16 +0300] "GET / HTTP/1.0" 200 20170 "-" "Pingdom.com_bot_version_1.4_(http://www.pingdom.com/)"
212.40.56.82 - - [18/Jun/2015:05:36:19 +0300] "GET /slovar-terminov/slovar-ocenschika-avtotransport-5/%d0%ad/elektrokorrektor-far-3253.html HTTP/1.0" 200 16620 "-" "Mozilla/5.0 (compatible; MJ12bot/v1.4.5; http://www.majestic12.co.uk/bot.php?+)"
212.40.56.82 - - [18/Jun/2015:05:36:22 +0300] "GET /slovar-terminov/slovar-ocenschika-avtotransport-5/%d0%ad/elektronnaya-blokirovka-differenciala-eds-3255.html HTTP/1.0" 200 16893 "-" "Mozilla/5.0 (compatible; MJ12bot/v1.4.5; http://www.majestic12.co.uk/bot.php?+)"
212.40.56.82 - - [18/Jun/2015:05:36:26 +0300] "GET /slovar-terminov/slovar-ocenschika-avtotransport-5/%d0%ad/elektronnaya-imitaciya-blokirovki-differenciala-adb-x-3256.html HTTP/1.0" 200 16986 "-" "Mozilla/5.0 (compatible; MJ12bot/v1.4.5; http://www.majestic12.co.uk/bot.php?+)"
212.40.56.82 - - [18/Jun/2015:05:36:32 +0300] "GET /slovar-terminov/slovar-ocenschika-avtotransport-5/%d0%ad/elektronnaya-sistema-ekstrennogo-tormozheniya-eba-3257.html HTTP/1.0" 200 17662 "-" "Mozilla/5.0 (compatible; MJ12bot/v1.4.5; http://www.majestic12.co.uk/bot.php?+)"
212.40.56.82 - - [18/Jun/2015:05:36:38 +0300] "GET /slovar-terminov/slovar-ocenschika-avtotransport-5/%d0%ad/elektronno-upravlyaemaya-mnogodiskovaya-mufta-3254.html HTTP/1.0" 200 16826 "-" "Mozilla/5.0 (compatible; MJ12bot/v1.4.5; http://www.majestic12.co.uk/bot.php?+)"
212.40.56.82 - - [18/Jun/2015:05:36:41 +0300] "GET /slovar-terminov/slovar-ocenschika-avtotransport-5/%d0%ae/yuz-3258.html HTTP/1.0" 200 16617 "-" "Mozilla/5.0 (compatible; MJ12bot/v1.4.5; http://www.majestic12.co.uk/bot.php?+)"
5.255.253.127 - - [18/Jun/2015:05:36:46 +0300] "GET /shostkinskoe-mbti.html HTTP/1.0" 200 17649 "-" "Mozilla/5.0 (compatible; YandexBot/3.0; +http://yandex.com/bots)"
108.62.115.226 - - [18/Jun/2015:05:41:16 +0300] "GET / HTTP/1.0" 200 20170 "-" "Pingdom.com_bot_version_1.4_(http://www.pingdom.com/)"
66.249.78.236 - - [18/Jun/2015:05:45:22 +0300] "GET /1-obshie-voprosy-po-ocenke-imushestva/9.html?format=feed&lang=ru&type=rss HTTP/1.0" 200 14311 "-" "Mozilla/5.0 (compatible; Googlebot/2.1; +http://www.google.com/bot.html)"
184.75.209.18 - - [18/Jun/2015:05:46:16 +0300] "GET / HTTP/1.0" 200 20170 "-" "Pingdom.com_bot_version_1.4_(http://www.pingdom.com/)"
199.87.228.66 - - [18/Jun/2015:05:51:16 +0300] "GET / HTTP/1.0" 200 20170 "-" "Pingdom.com_bot_version_1.4_(http://www.pingdom.com/)"
157.55.39.127 - - [18/Jun/2015:05:55:16 +0300] "GET /robots.txt HTTP/1.0" 200 304 "-" "Mozilla/5.0 (compatible; bingbot/2.0; +http://www.bing.com/bingbot.htm)"
157.55.39.127 - - [18/Jun/2015:05:55:21 +0300] "GET /indeks-smr-na-1-yanvarya-2013-goda.html HTTP/1.0" 200 22132 "-" "Mozilla/5.0 (compatible; bingbot/2.0; +http://www.bing.com/bingbot.htm)"
94.247.174.83 - - [18/Jun/2015:05:56:16 +0300] "GET / HTTP/1.0" 200 20170 "-" "Pingdom.com_bot_version_1.4_(http://www.pingdom.com/)"
157.55.39.37 - - [18/Jun/2015:05:54:49 +0300] "GET /slovar-terminov/slovar-ocenschika-nedvizhimost-i-ipoteka-2/B/backstop-facility-rezervnyy-kredit-396.html HTTP/1.0" 200 273 "-" "Mozilla/5.0 (compatible; bingbot/2.0; +http://www.bing.com/bingbot.htm)"
204.152.200.42 - - [18/Jun/2015:06:01:16 +0300] "GET / HTTP/1.0" 200 20170 "-" "Pingdom.com_bot_version_1.4_(http://www.pingdom.com/)"
157.55.39.210 - - [18/Jun/2015:06:05:54 +0300] "GET /slovar-ocenschika-oborudovanie/slovar-ocenschika-oborudovanie-6/all.html HTTP/1.0" 200 23999 "-" "Mozilla/5.0 (compatible; bingbot/2.0; +http://www.bing.com/bingbot.htm)"
85.17.156.11 - - [18/Jun/2015:06:06:16 +0300] "GET / HTTP/1.0" 200 20170 "-" "Pingdom.com_bot_version_1.4_(http://www.pingdom.com/)"
217.69.136.207 - - [18/Jun/2015:06:10:16 +0300] "GET /oberegi.html HTTP/1.0" 200 27607 "-" "Mozilla/5.0 (compatible; Linux x86_64; Mail.RU_Bot/2.0; +http://go.mail.ru/help/robots)"
188.138.124.110 - - [18/Jun/2015:06:11:16 +0300] "GET / HTTP/1.0" 200 20170 "-" "Pingdom.com_bot_version_1.4_(http://www.pingdom.com/)"
72.46.130.42 - - [18/Jun/2015:06:16:17 +0300] "GET / HTTP/1.0" 200 20170 "-" "Pingdom.com_bot_version_1.4_(http://www.pingdom.com/)"
178.255.153.2 - - [18/Jun/2015:06:21:16 +0300] "GET / HTTP/1.0" 200 20170 "-" "Pingdom.com_bot_version_1.4_(http://www.pingdom.com/)"
108.62.115.226 - - [18/Jun/2015:06:26:16 +0300] "GET / HTTP/1.0" 200 20170 "-" "Pingdom.com_bot_version_1.4_(http://www.pingdom.com/)"
66.249.78.242 - - [18/Jun/2015:06:28:45 +0300] "GET /rus-899-iv.html HTTP/1.0" 200 84733 "-" "Mozilla/5.0 (compatible; Googlebot/2.1; +http://www.google.com/bot.html)"
184.75.209.18 - - [18/Jun/2015:06:31:16 +0300] "GET / HTTP/1.0" 200 20170 "-" "Pingdom.com_bot_version_1.4_(http://www.pingdom.com/)"
94.247.174.83 - - [18/Jun/2015:06:36:22 +0300] "GET / HTTP/1.0" 200 20170 "-" "Pingdom.com_bot_version_1.4_(http://www.pingdom.com/)"
94.247.174.83 - - [18/Jun/2015:06:41:16 +0300] "GET / HTTP/1.0" 200 20170 "-" "Pingdom.com_bot_version_1.4_(http://www.pingdom.com/)"
204.152.200.42 - - [18/Jun/2015:06:46:16 +0300] "GET / HTTP/1.0" 200 20170 "-" "Pingdom.com_bot_version_1.4_(http://www.pingdom.com/)"
85.17.156.11 - - [18/Jun/2015:06:51:16 +0300] "GET / HTTP/1.0" 200 20170 "-" "Pingdom.com_bot_version_1.4_(http://www.pingdom.com/)"
5.255.253.127 - - [18/Jun/2015:06:53:01 +0300] "GET /ocenka-jilogo-doma-ili-domovladeniya.html HTTP/1.0" 200 29624 "-" "Mozilla/5.0 (compatible; YandexBot/3.0; +http://yandex.com/bots)"
188.138.124.110 - - [18/Jun/2015:06:56:16 +0300] "GET / HTTP/1.0" 200 20170 "-" "Pingdom.com_bot_version_1.4_(http://www.pingdom.com/)"
72.46.130.42 - - [18/Jun/2015:07:01:16 +0300] "GET / HTTP/1.0" 200 20170 "-" "Pingdom.com_bot_version_1.4_(http://www.pingdom.com/)"
157.55.39.127 - - [18/Jun/2015:07:04:29 +0300] "GET /shidno-promislovij-komertsijnij-bank.html HTTP/1.0" 200 27607 "-" "Mozilla/5.0 (compatible; bingbot/2.0; +http://www.bing.com/bingbot.htm)"
157.55.39.126 - - [18/Jun/2015:07:04:43 +0300] "GET /pismo-fgiu-otnositelno-predostavleniya-razyasneniy-o-sroke-deystviya-kvalifikacionnyh-svidetelstv-ocenschikov-ot-30012007-10-36-1309.html HTTP/1.0" 200 22413 "-" "Mozilla/5.0 (compatible; bingbot/2.0; +http://www.bing.com/bingbot.htm)"
178.255.153.2 - - [18/Jun/2015:07:06:16 +0300] "GET / HTTP/1.0" 200 20170 "-" "Pingdom.com_bot_version_1.4_(http://www.pingdom.com/)"
95.167.189.102 - - [18/Jun/2015:07:08:57 +0300] "GET /robots.txt HTTP/1.0" 200 304 "-" "Mozilla/5.0 (compatible; SputnikBot/2.3; +http://corp.sputnik.ru/webmaster)"
95.167.189.102 - - [18/Jun/2015:07:08:59 +0300] "GET /indeks-cen-stroitelno-montajnyh-rabot-ukrainy.html HTTP/1.0" 200 53249 "-" "Mozilla/5.0 (compatible; SputnikBot/2.3; +http://corp.sputnik.ru/webmaster)"
95.167.189.102 - - [18/Jun/2015:07:09:26 +0300] "GET /slovar-ocenschika-avtotransport/slovar-ocenschika-avtotransport-5/all/page-15.html HTTP/1.0" 200 29298 "-" "Mozilla/5.0 (compatible; SputnikBot/2.3; +http://corp.sputnik.ru/webmaster)"
95.167.189.102 - - [18/Jun/2015:07:09:49 +0300] "GET /slovar-ocenschika-stroitelstvo/slovar-ocenschika-stroitelstvo-3/all/page-21.html HTTP/1.0" 200 25588 "-" "Mozilla/5.0 (compatible; SputnikBot/2.3; +http://corp.sputnik.ru/webmaster)"
95.167.189.102 - - [18/Jun/2015:07:10:08 +0300] "GET /slovar-ocenschika-stroitelstvo/slovar-ocenschika-stroitelstvo-3/all/page-24.html HTTP/1.0" 200 28402 "-" "Mozilla/5.0 (compatible; SputnikBot/2.3; +http://corp.sputnik.ru/webmaster)"
108.62.115.226 - - [18/Jun/2015:07:11:16 +0300] "GET / HTTP/1.0" 200 20170 "-" "Pingdom.com_bot_version_1.4_(http://www.pingdom.com/)"
95.167.189.102 - - [18/Jun/2015:07:11:40 +0300] "GET /slovar-terminov/slovar-ocenschika-stroitelstvo-3/All/page-27.html HTTP/1.0" 200 15994 "-" "Mozilla/5.0 (compatible; SputnikBot/2.3; +http://corp.sputnik.ru/webmaster)"
95.167.189.102 - - [18/Jun/2015:07:12:00 +0300] "GET /slovar-terminov/slovar-ocenschika-stroitelstvo-3/All/page-28.html HTTP/1.0" 200 15994 "-" "Mozilla/5.0 (compatible; SputnikBot/2.3; +http://corp.sputnik.ru/webmaster)"
95.167.189.102 - - [18/Jun/2015:07:12:17 +0300] "GET /slovar-terminov/slovar-ocenschika-avtotransport-5/All/page-18.html HTTP/1.0" 200 17355 "-" "Mozilla/5.0 (compatible; SputnikBot/2.3; +http://corp.sputnik.ru/webmaster)"
95.167.189.102 - - [18/Jun/2015:07:12:36 +0300] "GET /slovar-terminov/slovar-ocenschika-zemelnye-uchastki-4/All/page-26.html HTTP/1.0" 200 16064 "-" "Mozilla/5.0 (compatible; SputnikBot/2.3; +http://corp.sputnik.ru/webmaster)"
95.167.189.102 - - [18/Jun/2015:07:12:54 +0300] "GET /slovar-terminov/slovar-ocenschika-zemelnye-uchastki-4/All/page-27.html HTTP/1.0" 200 16064 "-" "Mozilla/5.0 (compatible; SputnikBot/2.3; +http://corp.sputnik.ru/webmaster)"
184.75.209.18 - - [18/Jun/2015:07:16:16 +0300] "GET / HTTP/1.0" 200 20170 "-" "Pingdom.com_bot_version_1.4_(http://www.pingdom.com/)"
199.87.228.66 - - [18/Jun/2015:07:21:16 +0300] "GET / HTTP/1.0" 200 20170 "-" "Pingdom.com_bot_version_1.4_(http://www.pingdom.com/)"
157.55.39.210 - - [18/Jun/2015:07:21:33 +0300] "GET /slovar-ocenschika-stroitelstvo/slovar-ocenschika-stroitelstvo-3/all.html HTTP/1.0" 200 27351 "-" "Mozilla/5.0 (compatible; bingbot/2.0; +http://www.bing.com/bingbot.htm)"
94.247.174.83 - - [18/Jun/2015:07:26:16 +0300] "GET / HTTP/1.0" 200 20170 "-" "Pingdom.com_bot_version_1.4_(http://www.pingdom.com/)"
204.152.200.42 - - [18/Jun/2015:07:31:16 +0300] "GET / HTTP/1.0" 200 20170 "-" "Pingdom.com_bot_version_1.4_(http://www.pingdom.com/)"
85.17.156.11 - - [18/Jun/2015:07:36:16 +0300] "GET / HTTP/1.0" 200 20170 "-" "Pingdom.com_bot_version_1.4_(http://www.pingdom.com/)"
157.55.39.37 - - [18/Jun/2015:07:38:37 +0300] "GET /rus-687-xiv.html HTTP/1.0" 200 115166 "-" "Mozilla/5.0 (compatible; bingbot/2.0; +http://www.bing.com/bingbot.htm)"
188.138.124.110 - - [18/Jun/2015:07:41:16 +0300] "GET / HTTP/1.0" 200 20170 "-" "Pingdom.com_bot_version_1.4_(http://www.pingdom.com/)"
72.46.130.42 - - [18/Jun/2015:07:46:16 +0300] "GET / HTTP/1.0" 200 20170 "-" "Pingdom.com_bot_version_1.4_(http://www.pingdom.com/)"
178.255.153.2 - - [18/Jun/2015:07:51:16 +0300] "GET / HTTP/1.0" 200 20170 "-" "Pingdom.com_bot_version_1.4_(http://www.pingdom.com/)"
66.249.78.236 - - [18/Jun/2015:07:52:15 +0300] "GET /slovar-terminov/slovar-ocenschika-avtotransport-5/%d0%ad/elektrokorrektor-far-3253.html HTTP/1.0" 200 16620 "-" "Mozilla/5.0 (compatible; Googlebot/2.1; +http://www.google.com/bot.html)"
108.62.115.226 - - [18/Jun/2015:07:56:16 +0300] "GET / HTTP/1.0" 200 20170 "-" "Pingdom.com_bot_version_1.4_(http://www.pingdom.com/)"
184.75.209.18 - - [18/Jun/2015:08:01:16 +0300] "GET / HTTP/1.0" 200 20170 "-" "Pingdom.com_bot_version_1.4_(http://www.pingdom.com/)"
5.255.253.203 - - [18/Jun/2015:08:03:53 +0300] "GET /slovar-terminov/slovar-ocenschika-korabli-i-suda-7/%d0%9f/povorotno-otkidnaya-uglovaya-kolonka-3579.html HTTP/1.0" 200 25037 "-" "Mozilla/5.0 (compatible; YandexBot/3.0; +http://yandex.com/bots)"
157.55.39.210 - - [18/Jun/2015:08:04:24 +0300] "GET /robots.txt HTTP/1.0" 200 304 "-" "Mozilla/5.0 (compatible; bingbot/2.0; +http://www.bing.com/bingbot.htm)"
157.55.39.210 - - [18/Jun/2015:08:04:27 +0300] "GET /slovar-terminov/slovar-ocenschika-avtotransport-5/%d0%94.html HTTP/1.0" 200 30560 "-" "Mozilla/5.0 (compatible; bingbot/2.0; +http://www.bing.com/bingbot.htm)"
157.55.39.37 - - [18/Jun/2015:08:05:07 +0300] "GET /slovar-terminov/slovar-ocenschika-nedvizhimost-i-ipoteka-2/%d0%a4/fiskalnaya-podsistema-zemelnogo-kadastra-933.html HTTP/1.0" 200 18203 "-" "Mozilla/5.0 (compatible; bingbot/2.0; +http://www.bing.com/bingbot.htm)"
199.87.228.66 - - [18/Jun/2015:08:06:16 +0300] "GET / HTTP/1.0" 200 20170 "-" "Pingdom.com_bot_version_1.4_(http://www.pingdom.com/)"
94.247.174.83 - - [18/Jun/2015:08:11:16 +0300] "GET / HTTP/1.0" 200 20170 "-" "Pingdom.com_bot_version_1.4_(http://www.pingdom.com/)"
204.152.200.42 - - [18/Jun/2015:08:16:16 +0300] "GET / HTTP/1.0" 200 20170 "-" "Pingdom.com_bot_version_1.4_(http://www.pingdom.com/)"
88.135.114.50 - - [18/Jun/2015:08:18:43 +0300] "GET /indeks-cen-stroitelno-montajnyh-rabot-ukrainy.html HTTP/1.0" 200 53249 "-" "Mozilla/5.0 (Windows NT 5.1) AppleWebKit/537.36 (KHTML, like Gecko) Chrome/39.0.2171.95 Safari/537.36"
85.17.156.11 - - [18/Jun/2015:08:21:16 +0300] "GET / HTTP/1.0" 200 20170 "-" "Pingdom.com_bot_version_1.4_(http://www.pingdom.com/)"
88.135.114.50 - - [18/Jun/2015:08:21:58 +0300] "GET /indeks-cen-stroitelno-montajnyh-rabot-ukrainy.html HTTP/1.0" 200 53249 "-" "Mozilla/5.0 (Windows NT 5.1) AppleWebKit/537.36 (KHTML, like Gecko) Chrome/39.0.2171.95 Safari/537.36"
88.135.114.50 - - [18/Jun/2015:08:22:16 +0300] "GET /indeks-cen-stroitelno-montajnyh-rabot-ukrainy.html HTTP/1.0" 200 53249 "-" "Mozilla/5.0 (Windows NT 5.1) AppleWebKit/537.36 (KHTML, like Gecko) Chrome/39.0.2171.95 Safari/537.36"
207.46.13.135 - - [18/Jun/2015:08:24:32 +0300] "GET /radikal-bank.html HTTP/1.0" 200 27607 "-" "Mozilla/5.0 (compatible; bingbot/2.0; +http://www.bing.com/bingbot.htm)"
188.138.124.110 - - [18/Jun/2015:08:26:16 +0300] "GET / HTTP/1.0" 200 20170 "-" "Pingdom.com_bot_version_1.4_(http://www.pingdom.com/)"
66.249.78.236 - - [18/Jun/2015:08:29:28 +0300] "GET /component/option,com_fsf/Itemid,99/catid,9/view,faq/function.mysql-real-escape-string HTTP/1.0" 200 15085 "-" "Mozilla/5.0 (compatible; Googlebot/2.1; +http://www.google.com/bot.html)"
72.46.130.42 - - [18/Jun/2015:08:31:16 +0300] "GET / HTTP/1.0" 200 20170 "-" "Pingdom.com_bot_version_1.4_(http://www.pingdom.com/)"
178.255.153.2 - - [18/Jun/2015:08:36:16 +0300] "GET / HTTP/1.0" 200 20170 "-" "Pingdom.com_bot_version_1.4_(http://www.pingdom.com/)"
108.62.115.226 - - [18/Jun/2015:08:41:16 +0300] "GET / HTTP/1.0" 200 20170 "-" "Pingdom.com_bot_version_1.4_(http://www.pingdom.com/)"
178.89.24.97 - - [18/Jun/2015:08:45:55 +0300] "GET /rus-2343-xii.html HTTP/1.0" 200 413580 "http://go.mail.ru/search?fr=vbm10&fr2=query&q=%D0%97%D0%90%D0%AF%D0%92%D0%9B%D0%95%D0%9D%D0%98%D0%95+%D0%94%D0%9E%D0%9B%D0%96%D0%9D%D0%98%D0%9A%D0%90+%D0%BE+%D0%BF%D1%80%D0%B8%D0%B7%D0%BD%D0%B0%D0%BD%D0%B8%D0%B8+%D0%BD%D0%B5%D0%BF%D0%BB%D0%B0%D1%82%D0%B5%D0%B6%D0%B5%D1%81%D0%BF%D0%BE%D1%81%D0%BE%D0%B1%D0%BD%D0%BE%D0%B3%D0%BE+%D0%BF%D1%80%D0%B5%D0%B4%D0%BF%D1%80%D0%B8%D1%8F%D1%82%D0%B8%D1%8F+%D0%BE+%D1%80%D0%B5%D0%B0%D0%B1%D0%B8%D0%BB%D0%B8%D1%82%D0%B0%D1%86%D0%B8%D0%B8" "Mozilla/5.0 (Windows NT 6.1; WOW64) AppleWebKit/537.36 (KHTML, like Gecko) Chrome/43.0.2357.124 Safari/537.36"
178.89.24.97 - - [18/Jun/2015:08:45:58 +0300] "GET /cache/assets/15e1e423d7a27a0d8ee8e70b064c44eb.css HTTP/1.0" 200 44011 "http://citiex.com.ua/rus-2343-xii.html" "Mozilla/5.0 (Windows NT 6.1; WOW64) AppleWebKit/537.36 (KHTML, like Gecko) Chrome/43.0.2357.124 Safari/537.36"
178.89.24.97 - - [18/Jun/2015:08:45:59 +0300] "GET /media/system/js/caption.js HTTP/1.0" 200 1963 "http://citiex.com.ua/rus-2343-xii.html" "Mozilla/5.0 (Windows NT 6.1; WOW64) AppleWebKit/537.36 (KHTML, like Gecko) Chrome/43.0.2357.124 Safari/537.36"
178.89.24.97 - - [18/Jun/2015:08:45:59 +0300] "GET /media/system/js/mootools.js HTTP/1.0" 200 74434 "http://citiex.com.ua/rus-2343-xii.html" "Mozilla/5.0 (Windows NT 6.1; WOW64) AppleWebKit/537.36 (KHTML, like Gecko) Chrome/43.0.2357.124 Safari/537.36"
178.89.24.97 - - [18/Jun/2015:08:45:59 +0300] "GET /plugins/content/attachments_refresh.js HTTP/1.0" 200 1560 "http://citiex.com.ua/rus-2343-xii.html" "Mozilla/5.0 (Windows NT 6.1; WOW64) AppleWebKit/537.36 (KHTML, like Gecko) Chrome/43.0.2357.124 Safari/537.36"
178.89.24.97 - - [18/Jun/2015:08:45:59 +0300] "GET /media/system/js/modal.js HTTP/1.0" 200 10588 "http://citiex.com.ua/rus-2343-xii.html" "Mozilla/5.0 (Windows NT 6.1; WOW64) AppleWebKit/537.36 (KHTML, like Gecko) Chrome/43.0.2357.124 Safari/537.36"
178.89.24.97 - - [18/Jun/2015:08:45:59 +0300] "GET /templates/gk_aumi/lib/scripts/hltable.js HTTP/1.0" 200 3646 "http://citiex.com.ua/rus-2343-xii.html" "Mozilla/5.0 (Windows NT 6.1; WOW64) AppleWebKit/537.36 (KHTML, like Gecko) Chrome/43.0.2357.124 Safari/537.36"
178.89.24.97 - - [18/Jun/2015:08:45:59 +0300] "GET /templates/gk_aumi/lib/scripts/template_scripts.js HTTP/1.0" 200 2281 "http://citiex.com.ua/rus-2343-xii.html" "Mozilla/5.0 (Windows NT 6.1; WOW64) AppleWebKit/537.36 (KHTML, like Gecko) Chrome/43.0.2357.124 Safari/537.36"
178.89.24.97 - - [18/Jun/2015:08:45:59 +0300] "GET /templates/gk_aumi/lib/scripts/menu.php?style=suckerfish&width=1&height=1&opacity=1&animation=1&speed=250 HTTP/1.0" 200 253 "http://citiex.com.ua/rus-2343-xii.html" "Mozilla/5.0 (Windows NT 6.1; WOW64) AppleWebKit/537.36 (KHTML, like Gecko) Chrome/43.0.2357.124 Safari/537.36"
178.89.24.97 - - [18/Jun/2015:08:45:59 +0300] "GET /templates/gk_aumi/images/logo.png HTTP/1.0" 200 6149 "http://citiex.com.ua/rus-2343-xii.html" "Mozilla/5.0 (Windows NT 6.1; WOW64) AppleWebKit/537.36 (KHTML, like Gecko) Chrome/43.0.2357.124 Safari/537.36"
178.89.24.97 - - [18/Jun/2015:08:45:59 +0300] "GET /components/com_sh404sef/images/external-black.png HTTP/1.0" 200 3621 "http://citiex.com.ua/rus-2343-xii.html" "Mozilla/5.0 (Windows NT 6.1; WOW64) AppleWebKit/537.36 (KHTML, like Gecko) Chrome/43.0.2357.124 Safari/537.36"
178.89.24.97 - - [18/Jun/2015:08:45:59 +0300] "GET /templates/gk_aumi/images/bg_top.png HTTP/1.0" 200 321 "http://citiex.com.ua/cache/assets/15e1e423d7a27a0d8ee8e70b064c44eb.css" "Mozilla/5.0 (Windows NT 6.1; WOW64) AppleWebKit/537.36 (KHTML, like Gecko) Chrome/43.0.2357.124 Safari/537.36"
178.89.24.97 - - [18/Jun/2015:08:45:59 +0300] "GET /templates/gk_aumi/images/menu_li.png HTTP/1.0" 200 181 "http://citiex.com.ua/cache/assets/15e1e423d7a27a0d8ee8e70b064c44eb.css" "Mozilla/5.0 (Windows NT 6.1; WOW64) AppleWebKit/537.36 (KHTML, like Gecko) Chrome/43.0.2357.124 Safari/537.36"
178.89.24.97 - - [18/Jun/2015:08:45:59 +0300] "GET /templates/gk_aumi/images/bg_content_top.png HTTP/1.0" 200 133 "http://citiex.com.ua/cache/assets/15e1e423d7a27a0d8ee8e70b064c44eb.css" "Mozilla/5.0 (Windows NT 6.1; WOW64) AppleWebKit/537.36 (KHTML, like Gecko) Chrome/43.0.2357.124 Safari/537.36"
178.89.24.97 - - [18/Jun/2015:08:45:59 +0300] "GET /templates/gk_aumi/images/bg_content_middle.png HTTP/1.0" 200 89 "http://citiex.com.ua/cache/assets/15e1e423d7a27a0d8ee8e70b064c44eb.css" "Mozilla/5.0 (Windows NT 6.1; WOW64) AppleWebKit/537.36 (KHTML, like Gecko) Chrome/43.0.2357.124 Safari/537.36"
178.89.24.97 - - [18/Jun/2015:08:45:59 +0300] "GET /templates/gk_aumi/images/bg_footer.png HTTP/1.0" 200 325 "http://citiex.com.ua/cache/assets/15e1e423d7a27a0d8ee8e70b064c44eb.css" "Mozilla/5.0 (Windows NT 6.1; WOW64) AppleWebKit/537.36 (KHTML, like Gecko) Chrome/43.0.2357.124 Safari/537.36"
178.89.24.97 - - [18/Jun/2015:08:46:00 +0300] "GET /templates/gk_aumi/favicon.ico HTTP/1.0" 200 1406 "http://citiex.com.ua/rus-2343-xii.html" "Mozilla/5.0 (Windows NT 6.1; WOW64) AppleWebKit/537.36 (KHTML, like Gecko) Chrome/43.0.2357.124 Safari/537.36"
184.75.209.18 - - [18/Jun/2015:08:46:16 +0300] "GET / HTTP/1.0" 200 20170 "-" "Pingdom.com_bot_version_1.4_(http://www.pingdom.com/)"
199.87.228.66 - - [18/Jun/2015:08:51:16 +0300] "GET / HTTP/1.0" 200 20170 "-" "Pingdom.com_bot_version_1.4_(http://www.pingdom.com/)"
94.247.174.83 - - [18/Jun/2015:08:56:16 +0300] "GET / HTTP/1.0" 200 20170 "-" "Pingdom.com_bot_version_1.4_(http://www.pingdom.com/)"
204.152.200.42 - - [18/Jun/2015:09:01:16 +0300] "GET / HTTP/1.0" 200 20170 "-" "Pingdom.com_bot_version_1.4_(http://www.pingdom.com/)"
85.17.156.11 - - [18/Jun/2015:09:06:16 +0300] "GET / HTTP/1.0" 200 20170 "-" "Pingdom.com_bot_version_1.4_(http://www.pingdom.com/)"
157.55.39.37 - - [18/Jun/2015:09:07:10 +0300] "GET /slovar-terminov/slovar-ocenschika-nedvizhimost-i-ipoteka-2/B/balloon-loan-sharovoy-kredit-397.html HTTP/1.0" 200 17598 "-" "Mozilla/5.0 (compatible; bingbot/2.0; +http://www.bing.com/bingbot.htm)"
188.138.124.110 - - [18/Jun/2015:09:11:16 +0300] "GET / HTTP/1.0" 200 20170 "-" "Pingdom.com_bot_version_1.4_(http://www.pingdom.com/)"
5.255.253.202 - - [18/Jun/2015:09:11:20 +0300] "GET /slovar-terminov/slovar-ocenschika-korabli-i-suda-7/%d0%91/baller-rulya-3381.html HTTP/1.0" 200 16009 "-" "Mozilla/5.0 (compatible; YandexBot/3.0; +http://yandex.com/bots)"
176.113.247.176 - - [18/Jun/2015:09:15:06 +0300] "GET /rus-2658-iii.html HTTP/1.0" 200 122715 "-" "Mozilla/5.0 (Windows NT 6.3; WOW64) AppleWebKit/537.36 (KHTML, like Gecko) Chrome/43.0.2357.124 Safari/537.36"
176.113.247.176 - - [18/Jun/2015:09:15:20 +0300] "GET /cache/assets/15e1e423d7a27a0d8ee8e70b064c44eb.css HTTP/1.0" 200 44011 "http://citiex.com.ua/rus-2658-iii.html" "Mozilla/5.0 (Windows NT 6.3; WOW64) AppleWebKit/537.36 (KHTML, like Gecko) Chrome/43.0.2357.124 Safari/537.36"
176.113.247.176 - - [18/Jun/2015:09:15:20 +0300] "GET /templates/gk_aumi/lib/scripts/menu.php?style=suckerfish&width=1&height=1&opacity=1&animation=1&speed=250 HTTP/1.0" 200 253 "http://citiex.com.ua/rus-2658-iii.html" "Mozilla/5.0 (Windows NT 6.3; WOW64) AppleWebKit/537.36 (KHTML, like Gecko) Chrome/43.0.2357.124 Safari/537.36"
72.46.130.42 - - [18/Jun/2015:09:16:17 +0300] "GET / HTTP/1.0" 200 20170 "-" "Pingdom.com_bot_version_1.4_(http://www.pingdom.com/)"
178.255.153.2 - - [18/Jun/2015:09:21:16 +0300] "GET / HTTP/1.0" 200 20170 "-" "Pingdom.com_bot_version_1.4_(http://www.pingdom.com/)"
108.62.115.226 - - [18/Jun/2015:09:26:16 +0300] "GET / HTTP/1.0" 200 20170 "-" "Pingdom.com_bot_version_1.4_(http://www.pingdom.com/)"
66.249.78.242 - - [18/Jun/2015:09:26:19 +0300] "GET /category/1.html?format=feed&lang=ru&type=rss HTTP/1.0" 200 17850 "-" "Mozilla/5.0 (compatible; Googlebot/2.1; +http://www.google.com/bot.html)"
184.75.209.18 - - [18/Jun/2015:09:31:16 +0300] "GET / HTTP/1.0" 200 20170 "-" "Pingdom.com_bot_version_1.4_(http://www.pingdom.com/)"
157.55.39.127 - - [18/Jun/2015:09:32:24 +0300] "GET /unikombank.html HTTP/1.0" 200 27607 "-" "Mozilla/5.0 (compatible; bingbot/2.0; +http://www.bing.com/bingbot.htm)"
207.46.13.135 - - [18/Jun/2015:09:32:42 +0300] "GET /rus-2171-xii.html HTTP/1.0" 200 86042 "-" "Mozilla/5.0 (compatible; bingbot/2.0; +http://www.bing.com/bingbot.htm)"
199.87.228.66 - - [18/Jun/2015:09:36:16 +0300] "GET / HTTP/1.0" 200 20170 "-" "Pingdom.com_bot_version_1.4_(http://www.pingdom.com/)"
94.247.174.83 - - [18/Jun/2015:09:41:16 +0300] "GET / HTTP/1.0" 200 20170 "-" "Pingdom.com_bot_version_1.4_(http://www.pingdom.com/)"
82.207.1.20 - - [18/Jun/2015:09:44:50 +0300] "GET /ocenka-sudov-i-korabley.html HTTP/1.0" 200 29796 "http://yandex.ua/clck/jsredir?from=yandex.ua%3Bsearch%2F%3Bweb%3B%3B&text=&etext=723.GYZvXtNJk12aZwgWf85slojlV9UKhdWxPyvx7s_Z0MUKMKUUHtM6lJ4mrB74CAgxyXr_aMKY3DCwzuTEjka2bVmF3TdW6yLPIfGnMsIXH8I_Nn5T6Bb4_SsUH1XHBrJb.556d7f5549f2b1b3c35f626aa461c08e3894e289&uuid=&state=PEtFfuTeVD5kpHnK9lio9Y1w3Nt2jODPxQ_SNO3S-XHz72ZsV-dx8w&data=UlNrNmk5WktYejR0eWJFYk1LdmtxZ0IwM0xtOGFxVG5XOFNaM2VaM051ZWl6cnRNdm1WNElsZFVNUkoxQU9OalFqNlZLVjgxRFlKVUQzbzRUZHZZSkttbGxwSXc0bjZYQjVLaUVIQXFLU2lVbGpsakdEVHQ4ZjM0U2J1TWE2aEE4TlFwWEZCSEd3Zw&b64e=2&sign=eb8d12a855a871d67ed00b8b5eb7b913&keyno=0&cst=AiuY0DBWFJ7IXge4WdYJQRJlt-zx8hWFyea58N4qVK6FkKJn0Or3YvzVlRJ357JBdzfpSa4ZJJuM4t5WNPqZbhIrRyY__oXEqxij_3kEWSoB0chqycywA1bh3sU_dRsGcySkm5h9y8GHDAsK5qsVmBbeBR-CIdIUDlXohk47Xs68P-pExwdynhEQvTtESfUi&ref=cM777e4sMODZ_bseNIiUXLLP1hUpxJxqtk1QDZbF_WydKNPAeZa_LCC3Vmv383wIOub_E-WSDdAO1bFie9SCiDYsWczXGS96ZezG2G_w_uDZBNQDPt7ONHqr5iTIRIOegfGbd4w6JGfrHDxRSvRMIkUOHCbEgjSkUSAX66uCgTMvN2PQtvSkKXc278tYdnfDXFcgMchaKNGWNHgf040wRulwwuMbuv62Mj5LeOySKQYKyGg8WX9ATWg0ZYhT9TNWgU7ymlEXG9DJgYLxp9z0cecd5SpNS3qU-topvaeARU0dqHjWeIUMkQ&l10n=ru&cts=1434609888809&mc=0" "Mozilla/4.0 (compatible; MSIE 8.0; Windows NT 5.1; Trident/4.0; .NET CLR 2.0.50727; .NET CLR 3.0.4506.2152; .NET CLR 3.5.30729)"
82.207.1.20 - - [18/Jun/2015:09:44:52 +0300] "GET /cache/assets/15e1e423d7a27a0d8ee8e70b064c44eb.css HTTP/1.0" 200 44011 "http://citiex.com.ua/ocenka-sudov-i-korabley.html" "Mozilla/4.0 (compatible; MSIE 8.0; Windows NT 5.1; Trident/4.0; .NET CLR 2.0.50727; .NET CLR 3.0.4506.2152; .NET CLR 3.5.30729)"
82.207.1.20 - - [18/Jun/2015:09:44:52 +0300] "GET /plugins/content/attachments_refresh.js HTTP/1.0" 200 1560 "http://citiex.com.ua/ocenka-sudov-i-korabley.html" "Mozilla/4.0 (compatible; MSIE 8.0; Windows NT 5.1; Trident/4.0; .NET CLR 2.0.50727; .NET CLR 3.0.4506.2152; .NET CLR 3.5.30729)"
82.207.1.20 - - [18/Jun/2015:09:44:52 +0300] "GET /media/system/js/modal.js HTTP/1.0" 200 10588 "http://citiex.com.ua/ocenka-sudov-i-korabley.html" "Mozilla/4.0 (compatible; MSIE 8.0; Windows NT 5.1; Trident/4.0; .NET CLR 2.0.50727; .NET CLR 3.0.4506.2152; .NET CLR 3.5.30729)"
82.207.1.20 - - [18/Jun/2015:09:44:52 +0300] "GET /media/system/js/mootools.js HTTP/1.0" 200 74434 "http://citiex.com.ua/ocenka-sudov-i-korabley.html" "Mozilla/4.0 (compatible; MSIE 8.0; Windows NT 5.1; Trident/4.0; .NET CLR 2.0.50727; .NET CLR 3.0.4506.2152; .NET CLR 3.5.30729)"
82.207.1.20 - - [18/Jun/2015:09:44:52 +0300] "GET /templates/gk_aumi/lib/scripts/template_scripts.js HTTP/1.0" 200 2281 "http://citiex.com.ua/ocenka-sudov-i-korabley.html" "Mozilla/4.0 (compatible; MSIE 8.0; Windows NT 5.1; Trident/4.0; .NET CLR 2.0.50727; .NET CLR 3.0.4506.2152; .NET CLR 3.5.30729)"
82.207.1.20 - - [18/Jun/2015:09:44:52 +0300] "GET /media/system/js/caption.js HTTP/1.0" 200 1963 "http://citiex.com.ua/ocenka-sudov-i-korabley.html" "Mozilla/4.0 (compatible; MSIE 8.0; Windows NT 5.1; Trident/4.0; .NET CLR 2.0.50727; .NET CLR 3.0.4506.2152; .NET CLR 3.5.30729)"
82.207.1.20 - - [18/Jun/2015:09:44:52 +0300] "GET /templates/gk_aumi/lib/scripts/hltable.js HTTP/1.0" 200 3646 "http://citiex.com.ua/ocenka-sudov-i-korabley.html" "Mozilla/4.0 (compatible; MSIE 8.0; Windows NT 5.1; Trident/4.0; .NET CLR 2.0.50727; .NET CLR 3.0.4506.2152; .NET CLR 3.5.30729)"
82.207.1.20 - - [18/Jun/2015:09:44:52 +0300] "GET /templates/gk_aumi/lib/scripts/menu.php?style=suckerfish&width=1&height=1&opacity=1&animation=1&speed=250 HTTP/1.0" 200 253 "http://citiex.com.ua/ocenka-sudov-i-korabley.html" "Mozilla/4.0 (compatible; MSIE 8.0; Windows NT 5.1; Trident/4.0; .NET CLR 2.0.50727; .NET CLR 3.0.4506.2152; .NET CLR 3.5.30729)"
82.207.1.20 - - [18/Jun/2015:09:44:53 +0300] "GET /templates/gk_aumi/images/logo.png HTTP/1.0" 200 6149 "http://citiex.com.ua/ocenka-sudov-i-korabley.html" "Mozilla/4.0 (compatible; MSIE 8.0; Windows NT 5.1; Trident/4.0; .NET CLR 2.0.50727; .NET CLR 3.0.4506.2152; .NET CLR 3.5.30729)"
82.207.1.20 - - [18/Jun/2015:09:44:53 +0300] "GET /templates/gk_aumi/images/menu_li.png HTTP/1.0" 200 181 "http://citiex.com.ua/ocenka-sudov-i-korabley.html" "Mozilla/4.0 (compatible; MSIE 8.0; Windows NT 5.1; Trident/4.0; .NET CLR 2.0.50727; .NET CLR 3.0.4506.2152; .NET CLR 3.5.30729)"
82.207.1.20 - - [18/Jun/2015:09:44:53 +0300] "GET /templates/gk_aumi/images/bg_top.png HTTP/1.0" 200 321 "http://citiex.com.ua/ocenka-sudov-i-korabley.html" "Mozilla/4.0 (compatible; MSIE 8.0; Windows NT 5.1; Trident/4.0; .NET CLR 2.0.50727; .NET CLR 3.0.4506.2152; .NET CLR 3.5.30729)"
82.207.1.20 - - [18/Jun/2015:09:44:53 +0300] "GET /templates/gk_aumi/images/bullet.png HTTP/1.0" 200 2887 "http://citiex.com.ua/ocenka-sudov-i-korabley.html" "Mozilla/4.0 (compatible; MSIE 8.0; Windows NT 5.1; Trident/4.0; .NET CLR 2.0.50727; .NET CLR 3.0.4506.2152; .NET CLR 3.5.30729)"
82.207.1.20 - - [18/Jun/2015:09:44:53 +0300] "GET /templates/gk_aumi/images/module_default/mod_trb.png HTTP/1.0" 200 468 "http://citiex.com.ua/ocenka-sudov-i-korabley.html" "Mozilla/4.0 (compatible; MSIE 8.0; Windows NT 5.1; Trident/4.0; .NET CLR 2.0.50727; .NET CLR 3.0.4506.2152; .NET CLR 3.5.30729)"
82.207.1.20 - - [18/Jun/2015:09:44:53 +0300] "GET /templates/gk_aumi/images/bg_content_top.png HTTP/1.0" 200 133 "http://citiex.com.ua/ocenka-sudov-i-korabley.html" "Mozilla/4.0 (compatible; MSIE 8.0; Windows NT 5.1; Trident/4.0; .NET CLR 2.0.50727; .NET CLR 3.0.4506.2152; .NET CLR 3.5.30729)"
82.207.1.20 - - [18/Jun/2015:09:44:53 +0300] "GET /templates/gk_aumi/images/bg_content_middle.png HTTP/1.0" 200 89 "http://citiex.com.ua/ocenka-sudov-i-korabley.html" "Mozilla/4.0 (compatible; MSIE 8.0; Windows NT 5.1; Trident/4.0; .NET CLR 2.0.50727; .NET CLR 3.0.4506.2152; .NET CLR 3.5.30729)"
82.207.1.20 - - [18/Jun/2015:09:44:53 +0300] "GET /templates/gk_aumi/images/module_default/mod_tlb.png HTTP/1.0" 200 231 "http://citiex.com.ua/ocenka-sudov-i-korabley.html" "Mozilla/4.0 (compatible; MSIE 8.0; Windows NT 5.1; Trident/4.0; .NET CLR 2.0.50727; .NET CLR 3.0.4506.2152; .NET CLR 3.5.30729)"
82.207.1.20 - - [18/Jun/2015:09:44:53 +0300] "GET /templates/gk_aumi/images/bg_footer.png HTTP/1.0" 200 325 "http://citiex.com.ua/ocenka-sudov-i-korabley.html" "Mozilla/4.0 (compatible; MSIE 8.0; Windows NT 5.1; Trident/4.0; .NET CLR 2.0.50727; .NET CLR 3.0.4506.2152; .NET CLR 3.5.30729)"
82.207.1.20 - - [18/Jun/2015:09:44:53 +0300] "GET /components/com_sh404sef/images/external-black.png HTTP/1.0" 200 3621 "http://citiex.com.ua/ocenka-sudov-i-korabley.html" "Mozilla/4.0 (compatible; MSIE 8.0; Windows NT 5.1; Trident/4.0; .NET CLR 2.0.50727; .NET CLR 3.0.4506.2152; .NET CLR 3.5.30729)"
82.207.1.20 - - [18/Jun/2015:09:44:54 +0300] "GET /templates/gk_aumi/favicon.ico HTTP/1.0" 200 1406 "-" "Mozilla/4.0 (compatible; MSIE 8.0; Windows NT 5.1; Trident/4.0; .NET CLR 2.0.50727; .NET CLR 3.0.4506.2152; .NET CLR 3.5.30729)"
82.207.1.20 - - [18/Jun/2015:09:46:06 +0300] "GET /templates/gk_aumi/images/menu_bullet.png HTTP/1.0" 200 104 "http://citiex.com.ua/ocenka-sudov-i-korabley.html" "Mozilla/4.0 (compatible; MSIE 8.0; Windows NT 5.1; Trident/4.0; .NET CLR 2.0.50727; .NET CLR 3.0.4506.2152; .NET CLR 3.5.30729)"
204.152.200.42 - - [18/Jun/2015:09:46:16 +0300] "GET / HTTP/1.0" 200 20170 "-" "Pingdom.com_bot_version_1.4_(http://www.pingdom.com/)"
82.207.1.20 - - [18/Jun/2015:09:46:26 +0300] "GET /kontaktnaya-informatsiya.html HTTP/1.0" 200 30558 "http://citiex.com.ua/ocenka-sudov-i-korabley.html" "Mozilla/4.0 (compatible; MSIE 8.0; Windows NT 5.1; Trident/4.0; .NET CLR 2.0.50727; .NET CLR 3.0.4506.2152; .NET CLR 3.5.30729)"
82.207.1.20 - - [18/Jun/2015:09:46:27 +0300] "GET /media/system/js/calendar.js HTTP/1.0" 200 34315 "http://citiex.com.ua/kontaktnaya-informatsiya.html" "Mozilla/4.0 (compatible; MSIE 8.0; Windows NT 5.1; Trident/4.0; .NET CLR 2.0.50727; .NET CLR 3.0.4506.2152; .NET CLR 3.5.30729)"
82.207.1.20 - - [18/Jun/2015:09:46:28 +0300] "GET /includes/js/joomla.javascript.js HTTP/1.0" 200 15405 "http://citiex.com.ua/kontaktnaya-informatsiya.html" "Mozilla/4.0 (compatible; MSIE 8.0; Windows NT 5.1; Trident/4.0; .NET CLR 2.0.50727; .NET CLR 3.0.4506.2152; .NET CLR 3.5.30729)"
82.207.1.20 - - [18/Jun/2015:09:46:28 +0300] "GET /cache/assets/71870965b5d545c66f17b30a1df34f9d.css HTTP/1.0" 200 54542 "http://citiex.com.ua/kontaktnaya-informatsiya.html" "Mozilla/4.0 (compatible; MSIE 8.0; Windows NT 5.1; Trident/4.0; .NET CLR 2.0.50727; .NET CLR 3.0.4506.2152; .NET CLR 3.5.30729)"
82.207.1.20 - - [18/Jun/2015:09:46:28 +0300] "GET /media/system/js/calendar-setup.js HTTP/1.0" 200 4919 "http://citiex.com.ua/kontaktnaya-informatsiya.html" "Mozilla/4.0 (compatible; MSIE 8.0; Windows NT 5.1; Trident/4.0; .NET CLR 2.0.50727; .NET CLR 3.0.4506.2152; .NET CLR 3.5.30729)"
82.207.1.20 - - [18/Jun/2015:09:46:28 +0300] "GET /templates/gk_aumi/lib/scripts/menu.php?style=suckerfish&width=1&height=1&opacity=1&animation=1&speed=250 HTTP/1.0" 200 253 "http://citiex.com.ua/kontaktnaya-informatsiya.html" "Mozilla/4.0 (compatible; MSIE 8.0; Windows NT 5.1; Trident/4.0; .NET CLR 2.0.50727; .NET CLR 3.0.4506.2152; .NET CLR 3.5.30729)"
82.207.1.20 - - [18/Jun/2015:09:46:28 +0300] "GET /templates/gk_aumi/images/pdf_button.png HTTP/1.0" 200 126 "http://citiex.com.ua/kontaktnaya-informatsiya.html" "Mozilla/4.0 (compatible; MSIE 8.0; Windows NT 5.1; Trident/4.0; .NET CLR 2.0.50727; .NET CLR 3.0.4506.2152; .NET CLR 3.5.30729)"
82.207.1.20 - - [18/Jun/2015:09:46:28 +0300] "GET /templates/gk_aumi/images/emailButton.png HTTP/1.0" 200 119 "http://citiex.com.ua/kontaktnaya-informatsiya.html" "Mozilla/4.0 (compatible; MSIE 8.0; Windows NT 5.1; Trident/4.0; .NET CLR 2.0.50727; .NET CLR 3.0.4506.2152; .NET CLR 3.5.30729)"
82.207.1.20 - - [18/Jun/2015:09:46:28 +0300] "GET /templates/gk_aumi/images/printButton.png HTTP/1.0" 200 132 "http://citiex.com.ua/kontaktnaya-informatsiya.html" "Mozilla/4.0 (compatible; MSIE 8.0; Windows NT 5.1; Trident/4.0; .NET CLR 2.0.50727; .NET CLR 3.0.4506.2152; .NET CLR 3.5.30729)"
82.207.1.20 - - [18/Jun/2015:09:46:29 +0300] "GET /index.php?option=com_aicontactsafe&sTask=message&task=message&pf=3&r_id=336984030&next_use_ajax=1&format=raw&lang=ru&Itemid=50 HTTP/1.0" 200 7389 "http://citiex.com.ua/kontaktnaya-informatsiya.html" "Mozilla/4.0 (compatible; MSIE 8.0; Windows NT 5.1; Trident/4.0; .NET CLR 2.0.50727; .NET CLR 3.0.4506.2152; .NET CLR 3.5.30729)"
82.207.1.20 - - [18/Jun/2015:09:46:29 +0300] "GET /index.php?option=com_aicontactsafe&sTask=captcha&task=captcha&pf=3&r_id=336984030&lang=ru&format=raw&set_rand=5959938144 HTTP/1.0" 301 - "http://citiex.com.ua/kontaktnaya-informatsiya.html" "Mozilla/4.0 (compatible; MSIE 8.0; Windows NT 5.1; Trident/4.0; .NET CLR 2.0.50727; .NET CLR 3.0.4506.2152; .NET CLR 3.5.30729)"
82.207.1.20 - - [18/Jun/2015:09:46:29 +0300] "GET /contact.html?format=raw&r_id=336984030&sTask=captcha&set_rand=5959938144&task=captcha HTTP/1.0" 200 2983 "http://citiex.com.ua/kontaktnaya-informatsiya.html" "Mozilla/4.0 (compatible; MSIE 8.0; Windows NT 5.1; Trident/4.0; .NET CLR 2.0.50727; .NET CLR 3.0.4506.2152; .NET CLR 3.5.30729)"
5.255.253.203 - - [18/Jun/2015:09:48:26 +0300] "GET /ocenka-sudov-i-korabley.html HTTP/1.0" 200 29796 "-" "Mozilla/5.0 (compatible; YandexBot/3.0; +http://yandex.com/bots)"
85.17.156.11 - - [18/Jun/2015:09:51:16 +0300] "GET / HTTP/1.0" 200 20170 "-" "Pingdom.com_bot_version_1.4_(http://www.pingdom.com/)"
188.138.124.110 - - [18/Jun/2015:09:56:16 +0300] "GET / HTTP/1.0" 200 20170 "-" "Pingdom.com_bot_version_1.4_(http://www.pingdom.com/)"
157.55.39.37 - - [18/Jun/2015:10:00:52 +0300] "GET /kreditnye-i-strahovye-brokery-ukrainy.html HTTP/1.0" 200 20860 "-" "Mozilla/5.0 (compatible; bingbot/2.0; +http://www.bing.com/bingbot.htm)"
72.46.130.42 - - [18/Jun/2015:10:01:16 +0300] "GET / HTTP/1.0" 200 20170 "-" "Pingdom.com_bot_version_1.4_(http://www.pingdom.com/)"
178.255.153.2 - - [18/Jun/2015:10:06:16 +0300] "GET / HTTP/1.0" 200 20170 "-" "Pingdom.com_bot_version_1.4_(http://www.pingdom.com/)"
95.133.85.107 - - [18/Jun/2015:10:11:15 +0300] "GET /indeks-cen-stroitelno-montajnyh-rabot-ukrainy.html HTTP/1.0" 200 53249 "http://yandex.ua/clck/jsredir?from=yandex.ua%3Byandsearch%3Bweb%3B%3B&text=&etext=723.wspYx6P3CMxPEWziCuMHfRp-Xp6pUkTFv5upnlnVLDXixBaUp4z1o_a9nmx3_qO6boVRfixZrxLpQ91ycqSEhN2S9NNQA7NlWF5cLufUEPc.59e3fc58f0996cc92d1da2dbb5b4919645a63afe&uuid=&state=PEtFfuTeVD5kpHnK9lio9XPOnieP7YQBovzVqj9ang0YEepmskggOQ&data=UlNrNmk5WktYejR0eWJFYk1LdmtxZ0IwM0xtOGFxVG5XOFNaM2VaM051Y0EyZW1SWUwydXp3UmViblEyN0h1cUNCeWhlLVhXZUMtWWhiTFVjUWdtZjZQWF8zTEhxNVVxaXhGVVN1MHlMaVZpTlV2YXcxVS1hSEpUVlBjS290REdPY0RobENOdHAwa2lCWHV5MkF2OTdJNUNmbnl2SXJuNDFjOV9BajZDSkNR&b64e=2&sign=638000389f84925dfa3d982952a2f29e&keyno=0&cst=AiuY0DBWFJ7IXge4WdYJQRJlt-zx8hWFZDqXzCmMyy42vIECbJz4PNpyJWvsMGoxk7NjY6CUmXBuVPc07p3saw-Kg3LcBjCEHwAiRtXVyENkHTTDCJIcueKDtvfNg5_MRNn45A1XjuQIKnTDffhbTKnJctgPuHvyRqxPSBfriEbQdER8FRN3vS7akZs8v6SNrR2qjIt9xnhvyW3IZFKX_HgXtvblUz3b&ref=cM777e4sMODZ_bseNIiUXGHUFc96C3BG6VGzdhdkS2YZtIry6h8blU0nfhMvj_ok-oN4yhv-qATRsr3AKnkqSUQFgyX6JqH_BgAIY12IikY4ZF7RHW7kKId501U0lVjbqpBTSbpZaSfzN7F-9MU_GFEwkVoHdFyagZc_wIlgBhp70bZ4MWFih_IGy4myzPmr3oTun7LJzyneTFjdCy4O1M7oeg0y59BwxBnO6_7McFbmwNNz23BVvE-RAlv6LdkRVQAfTd7ZQLi9nGgAh_Ovfw0-i80ijVZK7RC8J6481JxtVQK__qjyIHeHYAYLi22UNcpyKASyLnTH7XsWkwjYrg&l10n=ru&cts=1434611494344&mc=4.926001163289878" "Mozilla/5.0 (Windows NT 5.1) AppleWebKit/537.36 (KHTML, like Gecko) Chrome/43.0.2357.81 Safari/537.36 OPR/30.0.1835.59"
95.133.85.107 - - [18/Jun/2015:10:11:17 +0300] "GET /cache/assets/15e1e423d7a27a0d8ee8e70b064c44eb.css HTTP/1.0" 200 44011 "http://citiex.com.ua/indeks-cen-stroitelno-montajnyh-rabot-ukrainy.html" "Mozilla/5.0 (Windows NT 5.1) AppleWebKit/537.36 (KHTML, like Gecko) Chrome/43.0.2357.81 Safari/537.36 OPR/30.0.1835.59"
95.133.85.107 - - [18/Jun/2015:10:11:17 +0300] "GET /templates/gk_aumi/images/printButton.png HTTP/1.0" 200 132 "http://citiex.com.ua/indeks-cen-stroitelno-montajnyh-rabot-ukrainy.html" "Mozilla/5.0 (Windows NT 5.1) AppleWebKit/537.36 (KHTML, like Gecko) Chrome/43.0.2357.81 Safari/537.36 OPR/30.0.1835.59"
108.62.115.226 - - [18/Jun/2015:10:11:16 +0300] "GET / HTTP/1.0" 200 20170 "-" "Pingdom.com_bot_version_1.4_(http://www.pingdom.com/)"
95.133.85.107 - - [18/Jun/2015:10:11:17 +0300] "GET /templates/gk_aumi/lib/scripts/menu.php?style=suckerfish&width=1&height=1&opacity=1&animation=1&speed=250 HTTP/1.0" 200 253 "http://citiex.com.ua/indeks-cen-stroitelno-montajnyh-rabot-ukrainy.html" "Mozilla/5.0 (Windows NT 5.1) AppleWebKit/537.36 (KHTML, like Gecko) Chrome/43.0.2357.81 Safari/537.36 OPR/30.0.1835.59"
95.133.85.107 - - [18/Jun/2015:10:12:12 +0300] "GET /indeks-cen-stroitelno-montajnyh-rabot-ukrainy.html HTTP/1.0" 200 53249 "http://yandex.ua/clck/jsredir?from=yandex.ua%3Byandsearch%3Bweb%3B%3B&text=&etext=723.wspYx6P3CMxPEWziCuMHfRp-Xp6pUkTFv5upnlnVLDXixBaUp4z1o_a9nmx3_qO6boVRfixZrxLpQ91ycqSEhN2S9NNQA7NlWF5cLufUEPc.59e3fc58f0996cc92d1da2dbb5b4919645a63afe&uuid=&state=PEtFfuTeVD5kpHnK9lio9XPOnieP7YQBovzVqj9ang0YEepmskggOQ&data=UlNrNmk5WktYejR0eWJFYk1LdmtxZ0IwM0xtOGFxVG5XOFNaM2VaM051Y0EyZW1SWUwydXp3UmViblEyN0h1cUNCeWhlLVhXZUMtWWhiTFVjUWdtZjZQWF8zTEhxNVVxaXhGVVN1MHlMaVZpTlV2YXcxVS1hSEpUVlBjS290REdPY0RobENOdHAwa2lCWHV5MkF2OTdJNUNmbnl2SXJuNDFjOV9BajZDSkNR&b64e=2&sign=638000389f84925dfa3d982952a2f29e&keyno=0&cst=AiuY0DBWFJ7IXge4WdYJQRJlt-zx8hWFZDqXzCmMyy42vIECbJz4PNpyJWvsMGoxk7NjY6CUmXBuVPc07p3saw-Kg3LcBjCEHwAiRtXVyENkHTTDCJIcueKDtvfNg5_MRNn45A1XjuQIKnTDffhbTKnJctgPuHvyRqxPSBfriEbQdER8FRN3vS7akZs8v6SNrR2qjIt9xnhvyW3IZFKX_HgXtvblUz3b&ref=cM777e4sMODZ_bseNIiUXGHUFc96C3BG6VGzdhdkS2YZtIry6h8blU0nfhMvj_ok-oN4yhv-qATRsr3AKnkqSUQFgyX6JqH_BgAIY12IikY4ZF7RHW7kKId501U0lVjbqpBTSbpZaSfzN7F-9MU_GFEwkVoHdFyagZc_wIlgBhp70bZ4MWFih_IGy4myzPmr3oTun7LJzyneTFjdCy4O1M7oeg0y59BwxBnO6_7McFbmwNNz23BVvE-RAlv6LdkRVQAfTd7ZQLi9nGgAh_Ovfw0-i80ijVZK7RC8J6481JxtVQK__qjyIHeHYAYLi22UNcpyKASyLnTH7XsWkwjYrg&l10n=ru&cts=1434611551761&mc=4.892521593075883" "Mozilla/5.0 (Windows NT 5.1) AppleWebKit/537.36 (KHTML, like Gecko) Chrome/43.0.2357.81 Safari/537.36 OPR/30.0.1835.59"
95.133.85.107 - - [18/Jun/2015:10:12:14 +0300] "GET /cache/assets/15e1e423d7a27a0d8ee8e70b064c44eb.css HTTP/1.0" 200 44011 "http://citiex.com.ua/indeks-cen-stroitelno-montajnyh-rabot-ukrainy.html" "Mozilla/5.0 (Windows NT 5.1) AppleWebKit/537.36 (KHTML, like Gecko) Chrome/43.0.2357.81 Safari/537.36 OPR/30.0.1835.59"
95.133.85.107 - - [18/Jun/2015:10:12:14 +0300] "GET /templates/gk_aumi/lib/scripts/menu.php?style=suckerfish&width=1&height=1&opacity=1&animation=1&speed=250 HTTP/1.0" 200 253 "http://citiex.com.ua/indeks-cen-stroitelno-montajnyh-rabot-ukrainy.html" "Mozilla/5.0 (Windows NT 5.1) AppleWebKit/537.36 (KHTML, like Gecko) Chrome/43.0.2357.81 Safari/537.36 OPR/30.0.1835.59"
5.255.253.203 - - [18/Jun/2015:10:14:41 +0300] "GET /indeks-cen-stroitelno-montajnyh-rabot-ukrainy.html HTTP/1.0" 200 53249 "-" "Mozilla/5.0 (compatible; YandexBot/3.0; +http://yandex.com/bots)"
184.75.209.18 - - [18/Jun/2015:10:16:16 +0300] "GET / HTTP/1.0" 200 20170 "-" "Pingdom.com_bot_version_1.4_(http://www.pingdom.com/)"
95.133.85.107 - - [18/Jun/2015:10:17:38 +0300] "GET /indeks-cen-stroitelno-montajnyh-rabot-ukrainy.html HTTP/1.0" 200 53249 "http://yandex.ua/clck/jsredir?from=yandex.ua%3Byandsearch%3Bweb%3B%3B&text=&etext=723.MnL4Scrh0U-xibH2-VLj-myOnWf28fvs42ncAh8SNPH8hEzJPS2Q-L68x94wZqX-zlcOSn1eXsL5V-aXEorIFeLReQHN5anxEhU9z0hQjxZuvldMt1QZtM4Zee-IH8K4aGPNaYfeq4lDYrkQFmkTZmjqoOol-g7haCQGdOvbgng.9e274dc6613e939593cf5eb4353786e57c61c5f0&uuid=&state=PEtFfuTeVD5kpHnK9lio9XPOnieP7YQBovzVqj9ang0YEepmskggOQ&data=UlNrNmk5WktYejR0eWJFYk1LdmtxZ0IwM0xtOGFxVG5XOFNaM2VaM051Y0EyZW1SWUwydXp3UmViblEyN0h1cUNCeWhlLVhXZUMtWWhiTFVjUWdtZjZQWF8zTEhxNVVxaXhGVVN1MHlMaVZpTlV2YXcxVS1hRFRyZDd6b0lpNk9RZnRyeEd3R0VFazhMYVVTMVg0am41YW83OU1EVTZ0ei1BRkszLXo4aFNB&b64e=2&sign=679cf22d9f27e7a43d3fcabe8a6f2ff6&keyno=0&cst=AiuY0DBWFJ7IXge4WdYJQRJlt-zx8hWFZDqXzCmMyy42vIECbJz4PNpyJWvsMGoxk7NjY6CUmXBl85zdXHN6s0ix6U8VuB-rSKIs7TJsxVWjEfv2J4SaO3BROhKbD9GDGFTVwKAacwsIEMFYFD9v3jE8Sm8zhulxWS9SJ5Y_YmplWDqP0HcRFVNiMca7BsRbnCim-B4jgyzY8nuuUXeBZA&ref=cM777e4sMODZ_bseNIiUXGHUFc96C3BG6VGzdhdkS2bviodTblThIKePO6y4dgI8Wd6fqCdm4XBm2JQU3ysYAVDBj099ytd69-vwPgH06nx2Cf9IXme7Jp9jjMBAdHsxTnedegEQTWxOkRDW8lKWilPlUuo9j3l5R5kfAVFALDQYvvw6GCGu37BZCcObp1WB-urNqk_grnWEmGgMMBRrhrfd8vGma6-5Ay9qF1VDNF5SKy9jULwu6rw5mkFZg7KhszXHOV7hY1JZild9CFRH2Xk5gjP7DWvjck7v1wZWrG2xxDySG07s_V0d8eIllphBrikHiyL-LoLK3Nskq1ZZVo_S1ZFlJTAWCNDvKYqGaHS6TtckWPUQe5HobED6y9S_WbNXwywOKvKxRv00bdV6YU3aymQnNBczTuzGwFb9SYA82K9EDRB1X2vQtO8TfoF6-UzaqId6wnLfcuVGMcWuhvs1VZGYz3_28r8Snq0SHBQ7Go6jZLSlbA&l10n=ru&cts=1434611880188&mc=3.4548223999466066" "Mozilla/5.0 (Windows NT 5.1) AppleWebKit/537.36 (KHTML, like Gecko) Chrome/43.0.2357.81 Safari/537.36 OPR/30.0.1835.59"
95.133.85.107 - - [18/Jun/2015:10:17:40 +0300] "GET /cache/assets/15e1e423d7a27a0d8ee8e70b064c44eb.css HTTP/1.0" 200 44011 "http://citiex.com.ua/indeks-cen-stroitelno-montajnyh-rabot-ukrainy.html" "Mozilla/5.0 (Windows NT 5.1) AppleWebKit/537.36 (KHTML, like Gecko) Chrome/43.0.2357.81 Safari/537.36 OPR/30.0.1835.59"
95.133.85.107 - - [18/Jun/2015:10:17:40 +0300] "GET /templates/gk_aumi/lib/scripts/menu.php?style=suckerfish&width=1&height=1&opacity=1&animation=1&speed=250 HTTP/1.0" 200 253 "http://citiex.com.ua/indeks-cen-stroitelno-montajnyh-rabot-ukrainy.html" "Mozilla/5.0 (Windows NT 5.1) AppleWebKit/537.36 (KHTML, like Gecko) Chrome/43.0.2357.81 Safari/537.36 OPR/30.0.1835.59"
95.133.85.107 - - [18/Jun/2015:10:17:43 +0300] "GET /templates/gk_aumi/images/menu_bullet.png HTTP/1.0" 200 104 "http://citiex.com.ua/cache/assets/15e1e423d7a27a0d8ee8e70b064c44eb.css" "Mozilla/5.0 (Windows NT 5.1) AppleWebKit/537.36 (KHTML, like Gecko) Chrome/43.0.2357.81 Safari/537.36 OPR/30.0.1835.59"
199.87.228.66 - - [18/Jun/2015:10:21:16 +0300] "GET / HTTP/1.0" 200 20170 "-" "Pingdom.com_bot_version_1.4_(http://www.pingdom.com/)"
157.55.39.185 - - [18/Jun/2015:10:21:33 +0300] "GET /robots.txt HTTP/1.0" 200 304 "-" "Mozilla/5.0 (compatible; bingbot/2.0; +http://www.bing.com/bingbot.htm)"
157.55.39.186 - - [18/Jun/2015:10:21:39 +0300] "GET /rus-4038-xii.html HTTP/1.0" 200 60062 "-" "Mozilla/5.0 (iPhone; CPU iPhone OS 7_0 like Mac OS X) AppleWebKit/537.51.1 (KHTML, like Gecko) Version/7.0 Mobile/11A465 Safari/9537.53 (compatible; bingbot/2.0; http://www.bing.com/bingbot.htm)"
94.247.174.83 - - [18/Jun/2015:10:26:16 +0300] "GET / HTTP/1.0" 200 20170 "-" "Pingdom.com_bot_version_1.4_(http://www.pingdom.com/)"
204.152.200.42 - - [18/Jun/2015:10:31:16 +0300] "GET / HTTP/1.0" 200 20170 "-" "Pingdom.com_bot_version_1.4_(http://www.pingdom.com/)"
